[INFO] fetching crate hephaestus-cuda 0.20.1...
[INFO] testing hephaestus-cuda-0.20.1 against 1.100.0-beta.1+cargoflags=--release for beta-release-1.100-2
[INFO] extracting crate hephaestus-cuda 0.20.1 into /workspace/builds/worker-0-tc2/source
[INFO] started tweaking crates.io crate hephaestus-cuda 0.20.1
[INFO] removed 0 missing examples
[INFO] removed 0 missing tests
[INFO] finished tweaking crates.io crate hephaestus-cuda 0.20.1
[INFO] tweaked toml for crates.io crate hephaestus-cuda 0.20.1 written to /workspace/builds/worker-0-tc2/source/Cargo.toml
[INFO] validating manifest of crates.io crate hephaestus-cuda 0.20.1 on toolchain 1.100.0-beta.1
[INFO] running `Command { std: CARGO_HOME="/workspace/cargo-home" RUSTUP_HOME="/workspace/rustup-home" "/workspace/cargo-home/bin/cargo" "+1.100.0-beta.1" "metadata" "--manifest-path" "Cargo.toml" "--no-deps", kill_on_drop: false }`
[INFO] crate crates.io crate hephaestus-cuda 0.20.1 already has a lockfile, it will not be regenerated
[INFO] running `Command { std: CARGO_HOME="/workspace/cargo-home" RUSTUP_HOME="/workspace/rustup-home" "/workspace/cargo-home/bin/cargo" "+1.100.0-beta.1" "fetch" "--manifest-path" "Cargo.toml", kill_on_drop: false }`
[INFO] running `Command { std: "docker" "create" "-v" "/var/lib/crater-agent-workspace/builds/worker-0-tc2/source:/opt/rustwide/workdir:ro,Z" "-v" "/var/lib/crater-agent-workspace/builds/worker-0-tc2/target:/opt/rustwide/target:rw,Z" "-v" "/var/lib/crater-agent-workspace/cargo-home:/opt/rustwide/cargo-home:ro,Z" "-v" "/var/lib/crater-agent-workspace/rustup-home:/opt/rustwide/rustup-home:ro,Z" "-m" "1610612736" "--network" "none" "ghcr.io/rust-lang/crates-build-env/linux@sha256:77db811e55d90add9212f6832c23229e3de5f1c1f9905e8cb07319ea15df73ac" "sleep" "infinity", kill_on_drop: false }`
[INFO] [stdout] 6eb5defd0f825fd5fd1f4c574253adeacff97830bb86c962252d82c11f653494
[INFO] running `Command { std: "docker" "start" "6eb5defd0f825fd5fd1f4c574253adeacff97830bb86c962252d82c11f653494", kill_on_drop: false }`
[INFO] running `Command { std: "docker" "inspect" "6eb5defd0f825fd5fd1f4c574253adeacff97830bb86c962252d82c11f653494", kill_on_drop: false }`
[INFO] running `Command { std: "docker" "exec" "-e" "SOURCE_DIR=/opt/rustwide/workdir" "-e" "CARGO_HOME=/opt/rustwide/cargo-home" "-e" "RUSTUP_HOME=/opt/rustwide/rustup-home" "-e" "CARGO_TARGET_DIR=/opt/rustwide/target" "-w" "/opt/rustwide/workdir" "--user" "0:0" "6eb5defd0f825fd5fd1f4c574253adeacff97830bb86c962252d82c11f653494" "/opt/rustwide/cargo-home/bin/cargo" "+1.100.0-beta.1" "metadata" "--no-deps" "--format-version=1", kill_on_drop: false }`
[INFO] running `Command { std: "docker" "inspect" "6eb5defd0f825fd5fd1f4c574253adeacff97830bb86c962252d82c11f653494", kill_on_drop: false }`
[INFO] running `Command { std: "docker" "exec" "-e" "SOURCE_DIR=/opt/rustwide/workdir" "-e" "CARGO_HOME=/opt/rustwide/cargo-home" "-e" "RUSTUP_HOME=/opt/rustwide/rustup-home" "-e" "CARGO_TARGET_DIR=/opt/rustwide/target" "-e" "CARGO_INCREMENTAL=0" "-e" "RUST_BACKTRACE=full" "-e" "RUSTFLAGS=--cap-lints=warn" "-e" "RUSTDOCFLAGS=--cap-lints=warn" "-w" "/opt/rustwide/workdir" "--user" "0:0" "6eb5defd0f825fd5fd1f4c574253adeacff97830bb86c962252d82c11f653494" "/opt/rustwide/cargo-home/bin/cargo" "+1.100.0-beta.1" "build" "--frozen" "--message-format=json" "--release", kill_on_drop: false }`
[INFO] [stderr]    Compiling unicode-ident v1.0.26
[INFO] [stderr]    Compiling simdutf8 v0.1.5
[INFO] [stderr]    Compiling libc v0.2.190
[INFO] [stderr]    Compiling libm v0.2.16
[INFO] [stderr]    Compiling melinoe v0.10.0
[INFO] [stderr]    Compiling mnemosyne-build-util v0.2.1
[INFO] [stderr]    Compiling mnemosyne-memory-core v0.3.0
[INFO] [stderr]    Compiling themis-topology v0.11.1
[INFO] [stderr]    Compiling proc-macro2 v1.0.107
[INFO] [stderr]    Compiling object v0.37.3
[INFO] [stderr]    Compiling gimli v0.32.3
[INFO] [stderr]    Compiling memchr v2.8.3
[INFO] [stderr]    Compiling cfg-if v1.0.5
[INFO] [stderr]    Compiling miniz_oxide v0.8.9
[INFO] [stderr]    Compiling mnemosyne-backend v0.6.0
[INFO] [stderr]    Compiling mnemosyne-prof v0.2.1
[INFO] [stderr]    Compiling quote v1.0.47
[INFO] [stderr]    Compiling rustc-demangle v0.1.28
[INFO] [stderr]    Compiling syn v3.0.6
[INFO] [stderr]    Compiling syn v2.0.119
[INFO] [stderr]    Compiling mnemosyne-local v0.6.0
[INFO] [stderr]    Compiling serde_core v1.0.229
[INFO] [stderr]    Compiling thiserror v2.0.21
[INFO] [stderr]    Compiling serde v1.0.229
[INFO] [stderr]    Compiling typenum v1.20.1
[INFO] [stderr]    Compiling tracing v0.1.44
[INFO] [stderr]    Compiling moirai-utils v0.7.2
[INFO] [stderr]    Compiling libloading v0.8.9
[INFO] [stderr]    Compiling smallvec v1.16.2
[INFO] [stderr]    Compiling addr2line v0.25.1
[INFO] [stderr]    Compiling munge_macro v0.4.7
[INFO] [stderr]    Compiling eunomia-derive v0.9.1
[INFO] [stderr]    Compiling hermes-simd-macros v0.8.1
[INFO] [stderr]    Compiling ptr_meta_derive v0.3.2
[INFO] [stderr]    Compiling bytecheck_derive v0.8.3
[INFO] [stderr]    Compiling rkyv_derive v0.8.18
[INFO] [stderr]    Compiling bytemuck_derive v1.12.1
[INFO] [stderr]    Compiling ptr_meta v0.3.2
[INFO] [stderr]    Compiling rancor v0.1.3
[INFO] [stderr]    Compiling munge v0.4.7
[INFO] [stderr]    Compiling serde_derive v1.0.229
[INFO] [stderr]    Compiling thiserror-impl v2.0.21
[INFO] [stderr]    Compiling bytecheck v0.8.3
[INFO] [stderr]    Compiling rend v0.5.4
[INFO] [stderr]    Compiling bytemuck v1.25.2
[INFO] [stderr]    Compiling backtrace v0.3.76
[INFO] [stderr]    Compiling rkyv v0.8.18
[INFO] [stderr]    Compiling eunomia v0.9.1
[INFO] [stderr]    Compiling mnemosyne-arena v0.6.0
[INFO] [stderr]    Compiling aequitas v0.2.2
[INFO] [stderr]    Compiling mnemosyne-decay v0.3.2
[INFO] [stderr]    Compiling mnemosyne-heap v0.6.0
[INFO] [stderr]    Compiling mnemosyne-memory v0.9.0
[INFO] [stderr]    Compiling hermes-simd-core v0.8.1
[INFO] [stderr]    Compiling leto v0.45.1
[INFO] [stderr]    Compiling moirai-core v0.7.2
[INFO] [stderr]    Compiling moirai-sync v0.7.2
[INFO] [stderr]    Compiling hephaestus-core v0.20.1
[INFO] [stderr]    Compiling hermes-simd-intrinsics v0.8.1
[INFO] [stderr]    Compiling hermes-simd-types v0.8.1
[INFO] [stderr]    Compiling hermes-simd v0.8.1
[INFO] [stderr]    Compiling leto-ops v0.45.1
[INFO] [stderr]    Compiling hephaestus-cuda v0.20.1 (/opt/rustwide/workdir)
[INFO] [stderr]     Finished `release` profile [optimized] target(s) in 1m 51s
[INFO] running `Command { std: "docker" "inspect" "6eb5defd0f825fd5fd1f4c574253adeacff97830bb86c962252d82c11f653494", kill_on_drop: false }`
[INFO] running `Command { std: "docker" "exec" "-e" "SOURCE_DIR=/opt/rustwide/workdir" "-e" "CARGO_HOME=/opt/rustwide/cargo-home" "-e" "RUSTUP_HOME=/opt/rustwide/rustup-home" "-e" "CARGO_TARGET_DIR=/opt/rustwide/target" "-e" "CARGO_INCREMENTAL=0" "-e" "RUST_BACKTRACE=full" "-e" "RUSTFLAGS=--cap-lints=warn" "-e" "RUSTDOCFLAGS=--cap-lints=warn" "-w" "/opt/rustwide/workdir" "--user" "0:0" "6eb5defd0f825fd5fd1f4c574253adeacff97830bb86c962252d82c11f653494" "/opt/rustwide/cargo-home/bin/cargo" "+1.100.0-beta.1" "test" "--frozen" "--no-run" "--message-format=json" "--release", kill_on_drop: false }`
[INFO] [stderr]    Compiling lazy_static v1.5.1
[INFO] [stderr]    Compiling thread_local v1.1.10
[INFO] [stderr]    Compiling hephaestus-core v0.20.1
[INFO] [stderr]    Compiling sharded-slab v0.1.7
[INFO] [stderr]    Compiling tracing-subscriber v0.3.23
[INFO] [stderr]    Compiling hephaestus-cuda v0.20.1 (/opt/rustwide/workdir)
[INFO] [stdout] error[E0432]: unresolved import `hephaestus_conformance`
[INFO] [stdout]   --> tests/staggered3d.rs:12:5
[INFO] [stdout]    |
[INFO] [stdout] 12 | use hephaestus_conformance::assert_staggered_3d_contract;
[INFO] [stdout]    |     ^^^^^^^^^^^^^^^^^^^^^^ use of unresolved module or unlinked crate `hephaestus_conformance`
[INFO] [stdout]    |
[INFO] [stdout] help: there is a crate or module with a similar name
[INFO] [stdout]    |
[INFO] [stdout] 12 - use hephaestus_conformance::assert_staggered_3d_contract;
[INFO] [stdout] 12 + use hephaestus_core::assert_staggered_3d_contract;
[INFO] [stdout]    |
[INFO] [stdout] 
[INFO] [stdout] 
[INFO] [stdout] error[E0432]: unresolved import `hephaestus_conformance`
[INFO] [stdout]  --> tests/decomposition_contracts.rs:9:5
[INFO] [stdout]   |
[INFO] [stdout] 9 | use hephaestus_conformance::assert_decomposition_contract;
[INFO] [stdout]   |     ^^^^^^^^^^^^^^^^^^^^^^ use of unresolved module or unlinked crate `hephaestus_conformance`
[INFO] [stdout]   |
[INFO] [stdout] help: there is a crate or module with a similar name
[INFO] [stdout]   |
[INFO] [stdout] 9 - use hephaestus_conformance::assert_decomposition_contract;
[INFO] [stdout] 9 + use hephaestus_core::assert_decomposition_contract;
[INFO] [stdout]   |
[INFO] [stdout] 
[INFO] [stdout] 
[INFO] [stdout] For more information about this error, try `rustc --explain E0432`.
[INFO] [stdout] 
[INFO] [stdout] error[E0432]: unresolved import `hephaestus_conformance`
[INFO] [stdout]  --> tests/attention_contracts.rs:5:5
[INFO] [stdout]   |
[INFO] [stdout] 5 | use hephaestus_conformance::assert_attention_contract;
[INFO] [stdout]   |     ^^^^^^^^^^^^^^^^^^^^^^ use of unresolved module or unlinked crate `hephaestus_conformance`
[INFO] [stdout]   |
[INFO] [stdout] help: there is a crate or module with a similar name
[INFO] [stdout]   |
[INFO] [stdout] 5 - use hephaestus_conformance::assert_attention_contract;
[INFO] [stdout] 5 + use hephaestus_core::assert_attention_contract;
[INFO] [stdout]   |
[INFO] [stdout] 
[INFO] [stdout] 
[INFO] [stdout] For more information about this error, try `rustc --explain E0432`.
[INFO] [stdout] 
[INFO] [stderr] error: could not compile `hephaestus-cuda` (test "decomposition_contracts") due to 1 previous error
[INFO] [stderr] warning: build failed, waiting for other jobs to finish...
[INFO] [stderr] error: could not compile `hephaestus-cuda` (test "staggered3d") due to 1 previous error
[INFO] [stdout] error[E0432]: unresolved import `hephaestus_conformance`
[INFO] [stdout]  --> tests/transfer_contracts.rs:4:5
[INFO] [stdout]   |
[INFO] [stdout] 4 | use hephaestus_conformance::assert_transfer_contract;
[INFO] [stdout]   |     ^^^^^^^^^^^^^^^^^^^^^^ use of unresolved module or unlinked crate `hephaestus_conformance`
[INFO] [stdout]   |
[INFO] [stdout] help: there is a crate or module with a similar name
[INFO] [stdout]   |
[INFO] [stdout] 4 - use hephaestus_conformance::assert_transfer_contract;
[INFO] [stdout] 4 + use hephaestus_core::assert_transfer_contract;
[INFO] [stdout]   |
[INFO] [stdout] 
[INFO] [stdout] 
[INFO] [stdout] For more information about this error, try `rustc --explain E0432`.
[INFO] [stdout] 
[INFO] [stderr] error: could not compile `hephaestus-cuda` (test "attention_contracts") due to 1 previous error
[INFO] [stdout] For more information about this error, try `rustc --explain E0432`.
[INFO] [stdout] 
[INFO] [stderr] error: could not compile `hephaestus-cuda` (test "transfer_contracts") due to 1 previous error
[INFO] [stdout] error[E0433]: cannot find module or crate `hephaestus_conformance` in this scope
[INFO] [stdout]   --> tests/contract/cholesky.rs:13:5
[INFO] [stdout]    |
[INFO] [stdout] 13 |     hephaestus_conformance::assert_blocked_cholesky_contract(&dev, BLOCK_SIZE);
[INFO] [stdout]    |     ^^^^^^^^^^^^^^^^^^^^^^ use of unresolved module or unlinked crate `hephaestus_conformance`
[INFO] [stdout]    |
[INFO] [stdout] help: there is a crate or module with a similar name
[INFO] [stdout]    |
[INFO] [stdout] 13 -     hephaestus_conformance::assert_blocked_cholesky_contract(&dev, BLOCK_SIZE);
[INFO] [stdout] 13 +     hephaestus_core::assert_blocked_cholesky_contract(&dev, BLOCK_SIZE);
[INFO] [stdout]    |
[INFO] [stdout] 
[INFO] [stdout] 
[INFO] [stdout] error[E0433]: cannot find module or crate `hephaestus_conformance` in this scope
[INFO] [stdout]   --> tests/contract/lu.rs:15:5
[INFO] [stdout]    |
[INFO] [stdout] 15 |     hephaestus_conformance::assert_blocked_lu_contract(&dev, BLOCK_SIZE);
[INFO] [stdout]    |     ^^^^^^^^^^^^^^^^^^^^^^ use of unresolved module or unlinked crate `hephaestus_conformance`
[INFO] [stdout]    |
[INFO] [stdout] help: there is a crate or module with a similar name
[INFO] [stdout]    |
[INFO] [stdout] 15 -     hephaestus_conformance::assert_blocked_lu_contract(&dev, BLOCK_SIZE);
[INFO] [stdout] 15 +     hephaestus_core::assert_blocked_lu_contract(&dev, BLOCK_SIZE);
[INFO] [stdout]    |
[INFO] [stdout] 
[INFO] [stdout] 
[INFO] [stdout] error[E0433]: cannot find module or crate `hephaestus_conformance` in this scope
[INFO] [stdout]   --> tests/contract/qr.rs:13:5
[INFO] [stdout]    |
[INFO] [stdout] 13 |     hephaestus_conformance::assert_blocked_qr_contract(&dev, BLOCK_SIZE);
[INFO] [stdout]    |     ^^^^^^^^^^^^^^^^^^^^^^ use of unresolved module or unlinked crate `hephaestus_conformance`
[INFO] [stdout]    |
[INFO] [stdout] help: there is a crate or module with a similar name
[INFO] [stdout]    |
[INFO] [stdout] 13 -     hephaestus_conformance::assert_blocked_qr_contract(&dev, BLOCK_SIZE);
[INFO] [stdout] 13 +     hephaestus_core::assert_blocked_qr_contract(&dev, BLOCK_SIZE);
[INFO] [stdout]    |
[INFO] [stdout] 
[INFO] [stdout] 
[INFO] [stdout] For more information about this error, try `rustc --explain E0433`.
[INFO] [stdout] 
[INFO] [stderr] error: could not compile `hephaestus-cuda` (test "contract") due to 3 previous errors
[INFO] running `Command { std: "docker" "inspect" "6eb5defd0f825fd5fd1f4c574253adeacff97830bb86c962252d82c11f653494", kill_on_drop: false }`
[INFO] running `Command { std: "docker" "rm" "-f" "6eb5defd0f825fd5fd1f4c574253adeacff97830bb86c962252d82c11f653494", kill_on_drop: false }`
[INFO] [stdout] 6eb5defd0f825fd5fd1f4c574253adeacff97830bb86c962252d82c11f653494
