[INFO] fetching crate helm-schema 0.0.7...
[INFO] testing helm-schema-0.0.7 against 1.100.0-beta.1+cargoflags=--release for beta-release-1.100-2
[INFO] extracting crate helm-schema 0.0.7 into /workspace/builds/worker-7-tc2/source
[INFO] started tweaking crates.io crate helm-schema 0.0.7
[INFO] removed 0 missing examples
[INFO] removed 0 missing tests
[INFO] finished tweaking crates.io crate helm-schema 0.0.7
[INFO] tweaked toml for crates.io crate helm-schema 0.0.7 written to /workspace/builds/worker-7-tc2/source/Cargo.toml
[INFO] validating manifest of crates.io crate helm-schema 0.0.7 on toolchain 1.100.0-beta.1
[INFO] running `Command { std: CARGO_HOME="/workspace/cargo-home" RUSTUP_HOME="/workspace/rustup-home" "/workspace/cargo-home/bin/cargo" "+1.100.0-beta.1" "metadata" "--manifest-path" "Cargo.toml" "--no-deps", kill_on_drop: false }`
[INFO] crate crates.io crate helm-schema 0.0.7 already has a lockfile, it will not be regenerated
[INFO] running `Command { std: CARGO_HOME="/workspace/cargo-home" RUSTUP_HOME="/workspace/rustup-home" "/workspace/cargo-home/bin/cargo" "+1.100.0-beta.1" "fetch" "--manifest-path" "Cargo.toml", kill_on_drop: false }`
[INFO] [stderr] warning: `package.homepage` is redundant with `package.repository`
[INFO] [stderr]    --> Cargo.toml:143:12
[INFO] [stderr]     |
[INFO] [stderr] 143 | homepage = "https://github.com/romnn/helm-schema"
[INFO] [stderr]     |            ^^^^^^^^^^^^^^^^^^^^^^^^^^^^^^^^^^^^^^
[INFO] [stderr] ...
[INFO] [stderr] 147 | repository = "https://github.com/romnn/helm-schema"
[INFO] [stderr]     |              --------------------------------------
[INFO] [stderr]     |
[INFO] [stderr]     = note: `cargo::redundant_homepage` is set to `warn` by default
[INFO] [stderr] help: consider removing `package.homepage`
[INFO] [stderr] warning: `helm-schema` (manifest) generated 1 warning
[INFO] running `Command { std: "docker" "create" "-v" "/var/lib/crater-agent-workspace/builds/worker-7-tc2/source:/opt/rustwide/workdir:ro,Z" "-v" "/var/lib/crater-agent-workspace/builds/worker-7-tc2/target:/opt/rustwide/target:rw,Z" "-v" "/var/lib/crater-agent-workspace/cargo-home:/opt/rustwide/cargo-home:ro,Z" "-v" "/var/lib/crater-agent-workspace/rustup-home:/opt/rustwide/rustup-home:ro,Z" "-m" "1610612736" "--network" "none" "ghcr.io/rust-lang/crates-build-env/linux@sha256:77db811e55d90add9212f6832c23229e3de5f1c1f9905e8cb07319ea15df73ac" "sleep" "infinity", kill_on_drop: false }`
[INFO] [stdout] cabb0d74e92ee11a2026647ebf43e809ead40894854025ace57dc5dcf5ee698e
[INFO] running `Command { std: "docker" "start" "cabb0d74e92ee11a2026647ebf43e809ead40894854025ace57dc5dcf5ee698e", kill_on_drop: false }`
[INFO] running `Command { std: "docker" "inspect" "cabb0d74e92ee11a2026647ebf43e809ead40894854025ace57dc5dcf5ee698e", kill_on_drop: false }`
[INFO] running `Command { std: "docker" "exec" "-e" "SOURCE_DIR=/opt/rustwide/workdir" "-e" "CARGO_HOME=/opt/rustwide/cargo-home" "-e" "RUSTUP_HOME=/opt/rustwide/rustup-home" "-e" "CARGO_TARGET_DIR=/opt/rustwide/target" "-w" "/opt/rustwide/workdir" "--user" "0:0" "cabb0d74e92ee11a2026647ebf43e809ead40894854025ace57dc5dcf5ee698e" "/opt/rustwide/cargo-home/bin/cargo" "+1.100.0-beta.1" "metadata" "--no-deps" "--format-version=1", kill_on_drop: false }`
[INFO] running `Command { std: "docker" "inspect" "cabb0d74e92ee11a2026647ebf43e809ead40894854025ace57dc5dcf5ee698e", kill_on_drop: false }`
[INFO] running `Command { std: "docker" "exec" "-e" "SOURCE_DIR=/opt/rustwide/workdir" "-e" "CARGO_HOME=/opt/rustwide/cargo-home" "-e" "RUSTUP_HOME=/opt/rustwide/rustup-home" "-e" "CARGO_TARGET_DIR=/opt/rustwide/target" "-e" "CARGO_INCREMENTAL=0" "-e" "RUST_BACKTRACE=full" "-e" "RUSTFLAGS=--cap-lints=warn" "-e" "RUSTDOCFLAGS=--cap-lints=warn" "-w" "/opt/rustwide/workdir" "--user" "0:0" "cabb0d74e92ee11a2026647ebf43e809ead40894854025ace57dc5dcf5ee698e" "/opt/rustwide/cargo-home/bin/cargo" "+1.100.0-beta.1" "build" "--frozen" "--message-format=json" "--release", kill_on_drop: false }`
[INFO] [stderr] warning: `package.homepage` is redundant with `package.repository`
[INFO] [stderr]    --> Cargo.toml:143:12
[INFO] [stderr]     |
[INFO] [stderr] 143 | homepage = "https://github.com/romnn/helm-schema"
[INFO] [stderr]     |            ^^^^^^^^^^^^^^^^^^^^^^^^^^^^^^^^^^^^^^
[INFO] [stderr] ...
[INFO] [stderr] 147 | repository = "https://github.com/romnn/helm-schema"
[INFO] [stderr]     |              --------------------------------------
[INFO] [stderr]     |
[INFO] [stderr]     = note: `cargo::redundant_homepage` is set to `warn` by default
[INFO] [stderr] help: consider removing `package.homepage`
[INFO] [stderr] warning: `helm-schema` (manifest) generated 1 warning
[INFO] [stderr]    Compiling syn v3.0.4
[INFO] [stderr]    Compiling tree-sitter-language v0.1.8
[INFO] [stderr]    Compiling smallvec v1.15.2
[INFO] [stderr]    Compiling regex-automata v0.4.18
[INFO] [stderr]    Compiling serde_core v1.0.229
[INFO] [stderr]    Compiling serde_json v1.0.151
[INFO] [stderr]    Compiling ring v0.17.14
[INFO] [stderr]    Compiling indexmap v2.14.1
[INFO] [stderr]    Compiling tracing v0.1.44
[INFO] [stderr]    Compiling helm-schema-json-schema-walk v0.0.7
[INFO] [stderr]    Compiling num-bigint v0.4.8
[INFO] [stderr]    Compiling getrandom v0.2.17
[INFO] [stderr]    Compiling helm-schema-template-grammar v0.0.7
[INFO] [stderr]    Compiling crc32fast v1.5.1
[INFO] [stderr]    Compiling getrandom v0.3.4
[INFO] [stderr]    Compiling rustls v0.23.43
[INFO] [stderr]    Compiling rustix v1.1.4
[INFO] [stderr]    Compiling parking_lot_core v0.9.12
[INFO] [stderr]    Compiling digest v0.11.3
[INFO] [stderr]    Compiling ureq-proto v0.6.1
[INFO] [stderr]    Compiling nom v7.1.3
[INFO] [stderr]    Compiling sha2 v0.11.0
[INFO] [stderr]    Compiling parking_lot v0.12.5
[INFO] [stderr]    Compiling flate2 v1.1.10
[INFO] [stderr]    Compiling filetime v0.2.29
[INFO] [stderr]    Compiling jsonschema-regex v0.47.0
[INFO] [stderr]    Compiling linked-hash-map v0.5.6
[INFO] [stderr]    Compiling yaml-rust v0.4.5
[INFO] [stderr]    Compiling vfs v0.13.0
[INFO] [stderr]    Compiling helm-schema-json-schema-minify v0.0.7
[INFO] [stderr]    Compiling num-rational v0.4.2
[INFO] [stderr]    Compiling num v0.4.3
[INFO] [stderr]    Compiling fraction v0.15.4
[INFO] [stderr]    Compiling serde_derive v1.0.229
[INFO] [stderr]    Compiling zerovec-derive v0.11.6
[INFO] [stderr]    Compiling displaydoc v0.2.7
[INFO] [stderr]    Compiling ref-cast-impl v1.0.27
[INFO] [stderr]    Compiling thiserror-impl v2.0.20
[INFO] [stderr]    Compiling xattr v1.6.1
[INFO] [stderr]    Compiling ref-cast v1.0.27
[INFO] [stderr]    Compiling tar v0.4.46
[INFO] [stderr]    Compiling zerotrie v0.2.5
[INFO] [stderr]    Compiling zerovec v0.11.8
[INFO] [stderr]    Compiling thiserror v2.0.20
[INFO] [stderr]    Compiling regex v1.13.1
[INFO] [stderr]    Compiling fancy-regex v0.18.0
[INFO] [stderr]    Compiling tinystr v0.8.4
[INFO] [stderr]    Compiling potential_utf v0.1.6
[INFO] [stderr]    Compiling icu_collections v2.3.0
[INFO] [stderr]    Compiling icu_locale_core v2.3.0
[INFO] [stderr]    Compiling tree-sitter v0.26.13
[INFO] [stderr]    Compiling icu_provider v2.3.1
[INFO] [stderr]    Compiling serde v1.0.229
[INFO] [stderr]    Compiling icu_properties v2.3.0
[INFO] [stderr]    Compiling icu_normalizer v2.3.0
[INFO] [stderr]    Compiling serde_yaml v0.9.34+deprecated
[INFO] [stderr]    Compiling helm-schema-core v0.0.7
[INFO] [stderr]    Compiling ahash v0.8.12
[INFO] [stderr]    Compiling fluent-uri v0.4.1
[INFO] [stderr]    Compiling email_address v0.2.9
[INFO] [stderr]    Compiling idna_adapter v1.2.2
[INFO] [stderr]    Compiling idna v1.1.0
[INFO] [stderr]    Compiling url v2.5.8
[INFO] [stderr]    Compiling referencing v0.47.0
[INFO] [stderr]    Compiling jsonschema v0.47.0
[INFO] [stderr]    Compiling helm-schema-gen v0.0.7
[INFO] [stderr]    Compiling rustls-webpki v0.103.15
[INFO] [stderr]    Compiling helm-schema-syntax v0.0.7
[INFO] [stderr]    Compiling helm-schema-ast v0.0.7
[INFO] [stderr]    Compiling helm-schema-ir v0.0.7
[INFO] [stderr]    Compiling ureq v3.4.0
[INFO] [stderr]    Compiling helm-schema-k8s v0.0.7
[INFO] [stderr]    Compiling helm-schema v0.0.7 (/opt/rustwide/workdir)
[INFO] [stderr]     Finished `release` profile [optimized] target(s) in 3m 24s
[INFO] running `Command { std: "docker" "inspect" "cabb0d74e92ee11a2026647ebf43e809ead40894854025ace57dc5dcf5ee698e", kill_on_drop: false }`
[INFO] running `Command { std: "docker" "exec" "-e" "SOURCE_DIR=/opt/rustwide/workdir" "-e" "CARGO_HOME=/opt/rustwide/cargo-home" "-e" "RUSTUP_HOME=/opt/rustwide/rustup-home" "-e" "CARGO_TARGET_DIR=/opt/rustwide/target" "-e" "CARGO_INCREMENTAL=0" "-e" "RUST_BACKTRACE=full" "-e" "RUSTFLAGS=--cap-lints=warn" "-e" "RUSTDOCFLAGS=--cap-lints=warn" "-w" "/opt/rustwide/workdir" "--user" "0:0" "cabb0d74e92ee11a2026647ebf43e809ead40894854025ace57dc5dcf5ee698e" "/opt/rustwide/cargo-home/bin/cargo" "+1.100.0-beta.1" "test" "--frozen" "--no-run" "--message-format=json" "--release", kill_on_drop: false }`
[INFO] [stderr] warning: `package.homepage` is redundant with `package.repository`
[INFO] [stderr]    --> Cargo.toml:143:12
[INFO] [stderr]     |
[INFO] [stderr] 143 | homepage = "https://github.com/romnn/helm-schema"
[INFO] [stderr]     |            ^^^^^^^^^^^^^^^^^^^^^^^^^^^^^^^^^^^^^^
[INFO] [stderr] ...
[INFO] [stderr] 147 | repository = "https://github.com/romnn/helm-schema"
[INFO] [stderr]     |              --------------------------------------
[INFO] [stderr]     |
[INFO] [stderr]     = note: `cargo::redundant_homepage` is set to `warn` by default
[INFO] [stderr] help: consider removing `package.homepage`
[INFO] [stderr] warning: `helm-schema` (manifest) generated 1 warning
[INFO] [stderr]    Compiling tracing-subscriber v0.3.23
[INFO] [stderr]    Compiling helm-schema-syntax v0.0.7
[INFO] [stderr]    Compiling eyre v0.6.14
[INFO] [stderr]    Compiling color-spantrace v0.3.0
[INFO] [stderr]    Compiling xattr v1.6.1
[INFO] [stderr]    Compiling owo-colors v4.4.0
[INFO] [stderr]    Compiling indenter v0.3.4
[INFO] [stderr]    Compiling unicode-segmentation v1.13.3
[INFO] [stderr]    Compiling helm-schema-k8s v0.0.7
[INFO] [stderr]    Compiling helm-schema-json-schema-minify v0.0.7
[INFO] [stderr]    Compiling getrandom v0.4.3
[INFO] [stderr]    Compiling backtrace v0.3.76
[INFO] [stderr]    Compiling console v0.16.4
[INFO] [stderr]    Compiling helm-schema-gen v0.0.7
[INFO] [stderr]    Compiling indoc v2.0.7
[INFO] [stderr]    Compiling tar v0.4.46
[INFO] [stderr]    Compiling tempfile v3.27.0
[INFO] [stderr]    Compiling similar v3.2.0
[INFO] [stderr]    Compiling helm-schema-ast v0.0.7
[INFO] [stderr]    Compiling tracing-error v0.2.1
[INFO] [stderr]    Compiling helm-schema-ir v0.0.7
[INFO] [stderr]    Compiling color-eyre v0.6.5
[INFO] [stderr]    Compiling similar-asserts v2.0.0
[INFO] [stderr]    Compiling helm-schema v0.0.7 (/opt/rustwide/workdir)
[INFO] [stdout] error[E0433]: cannot find module or crate `test_util` in this scope
[INFO] [stdout]   --> tests/schema_emission_profile_live.rs:10:5
[INFO] [stdout]    |
[INFO] [stdout] 10 | use test_util::prelude::sim_assert_eq;
[INFO] [stdout]    |     ^^^^^^^^^ use of unresolved module or unlinked crate `test_util`
[INFO] [stdout]    |
[INFO] [stdout]    = help: if you wanted to use a crate named `test_util`, use `cargo add test_util` to add it to your `Cargo.toml`
[INFO] [stdout] 
[INFO] [stdout] 
[INFO] [stdout] error[E0433]: cannot find module or crate `test_util` in this scope
[INFO] [stdout]   --> tests/crlf_line_endings.rs:14:5
[INFO] [stdout]    |
[INFO] [stdout] 14 | use test_util::prelude::sim_assert_eq;
[INFO] [stdout]    |     ^^^^^^^^^ use of unresolved module or unlinked crate `test_util`
[INFO] [stdout]    |
[INFO] [stdout]    = help: if you wanted to use a crate named `test_util`, use `cargo add test_util` to add it to your `Cargo.toml`
[INFO] [stdout] 
[INFO] [stdout] 
[INFO] [stdout] error[E0433]: cannot find module or crate `test_util` in this scope
[INFO] [stdout]   --> tests/unspaced_pipe_regression.rs:16:5
[INFO] [stdout]    |
[INFO] [stdout] 16 | use test_util::prelude::sim_assert_eq;
[INFO] [stdout]    |     ^^^^^^^^^ use of unresolved module or unlinked crate `test_util`
[INFO] [stdout]    |
[INFO] [stdout]    = help: if you wanted to use a crate named `test_util`, use `cargo add test_util` to add it to your `Cargo.toml`
[INFO] [stdout] 
[INFO] [stdout] 
[INFO] [stdout] error[E0433]: cannot find module or crate `test_util` in this scope
[INFO] [stdout]   --> tests/final_output_policy.rs:13:5
[INFO] [stdout]    |
[INFO] [stdout] 13 | use test_util::prelude::sim_assert_eq;
[INFO] [stdout]    |     ^^^^^^^^^ use of unresolved module or unlinked crate `test_util`
[INFO] [stdout]    |
[INFO] [stdout]    = help: if you wanted to use a crate named `test_util`, use `cargo add test_util` to add it to your `Cargo.toml`
[INFO] [stdout] 
[INFO] [stdout] 
[INFO] [stdout] error[E0433]: cannot find module or crate `test_util` in this scope
[INFO] [stdout]   --> tests/public_surface.rs:17:5
[INFO] [stdout]    |
[INFO] [stdout] 17 | use test_util::prelude::sim_assert_eq;
[INFO] [stdout]    |     ^^^^^^^^^ use of unresolved module or unlinked crate `test_util`
[INFO] [stdout]    |
[INFO] [stdout]    = help: if you wanted to use a crate named `test_util`, use `cargo add test_util` to add it to your `Cargo.toml`
[INFO] [stdout] 
[INFO] [stdout] 
[INFO] [stdout] error[E0433]: cannot find module or crate `test_util` in this scope
[INFO] [stdout]  --> tests/schema_emission_profiles.rs:6:5
[INFO] [stdout]   |
[INFO] [stdout] 6 | use test_util::prelude::sim_assert_eq;
[INFO] [stdout]   |     ^^^^^^^^^ use of unresolved module or unlinked crate `test_util`
[INFO] [stdout]   |
[INFO] [stdout]   = help: if you wanted to use a crate named `test_util`, use `cargo add test_util` to add it to your `Cargo.toml`
[INFO] [stdout] 
[INFO] [stdout] 
[INFO] [stdout] error[E0433]: cannot find module or crate `test_util` in this scope
[INFO] [stdout]   --> tests/crlf_line_endings.rs:64:9
[INFO] [stdout]    |
[INFO] [stdout] 64 |         test_util::write(
[INFO] [stdout]    |         ^^^^^^^^^ use of unresolved module or unlinked crate `test_util`
[INFO] [stdout]    |
[INFO] [stdout]    = help: if you wanted to use a crate named `test_util`, use `cargo add test_util` to add it to your `Cargo.toml`
[INFO] [stdout] 
[INFO] [stdout] 
[INFO] [stdout] error[E0433]: cannot find module or crate `test_util` in this scope
[INFO] [stdout]   --> tests/crlf_line_endings.rs:83:40
[INFO] [stdout]    |
[INFO] [stdout] 83 |             k8s_schema_cache_dir: Some(test_util::cold_provider_cache_root("k8s")),
[INFO] [stdout]    |                                        ^^^^^^^^^ use of unresolved module or unlinked crate `test_util`
[INFO] [stdout]    |
[INFO] [stdout]    = help: if you wanted to use a crate named `test_util`, use `cargo add test_util` to add it to your `Cargo.toml`
[INFO] [stdout] 
[INFO] [stdout] 
[INFO] [stdout] error[E0433]: cannot find module or crate `test_util` in this scope
[INFO] [stdout]   --> tests/crlf_line_endings.rs:84:41
[INFO] [stdout]    |
[INFO] [stdout] 84 |             crd_catalog_cache_dir: Some(test_util::cold_provider_cache_root("crd")),
[INFO] [stdout]    |                                         ^^^^^^^^^ use of unresolved module or unlinked crate `test_util`
[INFO] [stdout]    |
[INFO] [stdout]    = help: if you wanted to use a crate named `test_util`, use `cargo add test_util` to add it to your `Cargo.toml`
[INFO] [stdout] 
[INFO] [stdout] 
[INFO] [stdout] For more information about this error, try `rustc --explain E0433`.
[INFO] [stdout] 
[INFO] [stderr] error: could not compile `helm-schema` (test "crlf_line_endings") due to 4 previous errors
[INFO] [stdout] error[E0433]: cannot find module or crate `test_util` in this scope
[INFO] [stdout]   --> tests/unspaced_pipe_regression.rs:79:17
[INFO] [stdout]    |
[INFO] [stdout] 79 |                 test_util::workspace_testdata()
[INFO] [stdout]    |                 ^^^^^^^^^ use of unresolved module or unlinked crate `test_util`
[INFO] [stdout]    |
[INFO] [stdout]    = help: if you wanted to use a crate named `test_util`, use `cargo add test_util` to add it to your `Cargo.toml`
[INFO] [stdout] 
[INFO] [stdout] 
[INFO] [stderr] warning: build failed, waiting for other jobs to finish...
[INFO] [stdout] error[E0433]: cannot find module or crate `test_util` in this scope
[INFO] [stdout]   --> tests/unspaced_pipe_regression.rs:84:17
[INFO] [stdout]    |
[INFO] [stdout] 84 |                 test_util::workspace_testdata().join("provider-bundle/crds-catalog-cache"),
[INFO] [stdout]    |                 ^^^^^^^^^ use of unresolved module or unlinked crate `test_util`
[INFO] [stdout]    |
[INFO] [stdout]    = help: if you wanted to use a crate named `test_util`, use `cargo add test_util` to add it to your `Cargo.toml`
[INFO] [stdout] 
[INFO] [stdout] 
[INFO] [stdout] error[E0433]: cannot find module or crate `test_util` in this scope
[INFO] [stdout]   --> tests/unspaced_pipe_regression.rs:88:17
[INFO] [stdout]    |
[INFO] [stdout] 88 |                 test_util::workspace_testdata().join("provider-bundle/crds-catalog-cache"),
[INFO] [stdout]    |                 ^^^^^^^^^ use of unresolved module or unlinked crate `test_util`
[INFO] [stdout]    |
[INFO] [stdout]    = help: if you wanted to use a crate named `test_util`, use `cargo add test_util` to add it to your `Cargo.toml`
[INFO] [stdout] 
[INFO] [stdout] 
[INFO] [stdout] error[E0433]: cannot find module or crate `test_util` in this scope
[INFO] [stdout]    --> tests/unspaced_pipe_regression.rs:110:18
[INFO] [stdout]     |
[INFO] [stdout] 110 |     let _guard = test_util::builder().with_tracing(false).build()?;
[INFO] [stdout]     |                  ^^^^^^^^^ use of unresolved module or unlinked crate `test_util`
[INFO] [stdout]     |
[INFO] [stdout]     = help: if you wanted to use a crate named `test_util`, use `cargo add test_util` to add it to your `Cargo.toml`
[INFO] [stdout] 
[INFO] [stdout] 
[INFO] [stdout] error[E0433]: cannot find module or crate `test_util` in this scope
[INFO] [stdout]    --> tests/unspaced_pipe_regression.rs:121:18
[INFO] [stdout]     |
[INFO] [stdout] 121 |     let _guard = test_util::builder().with_tracing(false).build()?;
[INFO] [stdout]     |                  ^^^^^^^^^ use of unresolved module or unlinked crate `test_util`
[INFO] [stdout]     |
[INFO] [stdout]     = help: if you wanted to use a crate named `test_util`, use `cargo add test_util` to add it to your `Cargo.toml`
[INFO] [stdout] 
[INFO] [stdout] 
[INFO] [stdout] For more information about this error, try `rustc --explain E0433`.
[INFO] [stdout] 
[INFO] [stdout] error[E0433]: cannot find module or crate `test_util` in this scope
[INFO] [stdout]    --> tests/schema_emission_profile_live.rs:124:17
[INFO] [stdout]     |
[INFO] [stdout] 124 |     let chart = test_util::workspace_testdata().join("charts/schema-emission-controls");
[INFO] [stdout]     |                 ^^^^^^^^^ use of unresolved module or unlinked crate `test_util`
[INFO] [stdout]     |
[INFO] [stdout]     = help: if you wanted to use a crate named `test_util`, use `cargo add test_util` to add it to your `Cargo.toml`
[INFO] [stdout] 
[INFO] [stdout] 
[INFO] [stderr] error: could not compile `helm-schema` (test "unspaced_pipe_regression") due to 6 previous errors
[INFO] [stdout] error[E0433]: cannot find module or crate `test_util` in this scope
[INFO] [stdout]    --> tests/schema_emission_profile_live.rs:166:17
[INFO] [stdout]     |
[INFO] [stdout] 166 |     let chart = test_util::workspace_testdata().join("charts/schema-emission-unconditional-fail");
[INFO] [stdout]     |                 ^^^^^^^^^ use of unresolved module or unlinked crate `test_util`
[INFO] [stdout]     |
[INFO] [stdout]     = help: if you wanted to use a crate named `test_util`, use `cargo add test_util` to add it to your `Cargo.toml`
[INFO] [stdout] 
[INFO] [stdout] 
[INFO] [stdout] error[E0433]: cannot find module or crate `test_util` in this scope
[INFO] [stdout]    --> tests/schema_emission_profile_live.rs:190:17
[INFO] [stdout]     |
[INFO] [stdout] 190 |     let chart = test_util::workspace_testdata().join("charts/structural-helper-widening");
[INFO] [stdout]     |                 ^^^^^^^^^ use of unresolved module or unlinked crate `test_util`
[INFO] [stdout]     |
[INFO] [stdout]     = help: if you wanted to use a crate named `test_util`, use `cargo add test_util` to add it to your `Cargo.toml`
[INFO] [stdout] 
[INFO] [stdout] 
[INFO] [stdout] error[E0433]: cannot find module or crate `test_util` in this scope
[INFO] [stdout]    --> tests/schema_emission_profile_live.rs:686:17
[INFO] [stdout]     |
[INFO] [stdout] 686 |     let chart = test_util::workspace_testdata().join("charts/oauth2-proxy");
[INFO] [stdout]     |                 ^^^^^^^^^ use of unresolved module or unlinked crate `test_util`
[INFO] [stdout]     |
[INFO] [stdout]     = help: if you wanted to use a crate named `test_util`, use `cargo add test_util` to add it to your `Cargo.toml`
[INFO] [stdout] 
[INFO] [stdout] 
[INFO] [stdout] error[E0433]: cannot find module or crate `test_util` in this scope
[INFO] [stdout]    --> tests/schema_emission_profile_live.rs:790:17
[INFO] [stdout]     |
[INFO] [stdout] 790 |     let chart = test_util::workspace_testdata().join("charts/schema-emission-kind-range");
[INFO] [stdout]     |                 ^^^^^^^^^ use of unresolved module or unlinked crate `test_util`
[INFO] [stdout]     |
[INFO] [stdout]     = help: if you wanted to use a crate named `test_util`, use `cargo add test_util` to add it to your `Cargo.toml`
[INFO] [stdout] 
[INFO] [stdout] 
[INFO] [stdout] error[E0433]: cannot find module or crate `test_util` in this scope
[INFO] [stdout]    --> tests/schema_emission_profile_live.rs:834:18
[INFO] [stdout]     |
[INFO] [stdout] 834 |     let charts = test_util::workspace_testdata().join("charts");
[INFO] [stdout]     |                  ^^^^^^^^^ use of unresolved module or unlinked crate `test_util`
[INFO] [stdout]     |
[INFO] [stdout]     = help: if you wanted to use a crate named `test_util`, use `cargo add test_util` to add it to your `Cargo.toml`
[INFO] [stdout] 
[INFO] [stdout] 
[INFO] [stdout] error[E0433]: cannot find module or crate `test_util` in this scope
[INFO] [stdout]  --> src/analysis/tests/local_crd_projection.rs:5:5
[INFO] [stdout]   |
[INFO] [stdout] 5 | use test_util::prelude::sim_assert_eq;
[INFO] [stdout]   |     ^^^^^^^^^ use of unresolved module or unlinked crate `test_util`
[INFO] [stdout]   |
[INFO] [stdout]   = help: if you wanted to use a crate named `test_util`, use `cargo add test_util` to add it to your `Cargo.toml`
[INFO] [stdout] 
[INFO] [stdout] 
[INFO] [stdout] error[E0433]: cannot find module or crate `test_util` in this scope
[INFO] [stdout]  --> src/chart/tests/file_roles.rs:4:5
[INFO] [stdout]   |
[INFO] [stdout] 4 | use test_util::prelude::sim_assert_eq;
[INFO] [stdout]   |     ^^^^^^^^^ use of unresolved module or unlinked crate `test_util`
[INFO] [stdout]   |
[INFO] [stdout]   = help: if you wanted to use a crate named `test_util`, use `cargo add test_util` to add it to your `Cargo.toml`
[INFO] [stdout] 
[INFO] [stdout] 
[INFO] [stdout] error[E0433]: cannot find module or crate `test_util` in this scope
[INFO] [stdout]  --> src/chart/tests/values.rs:7:5
[INFO] [stdout]   |
[INFO] [stdout] 7 | use test_util::prelude::sim_assert_eq;
[INFO] [stdout]   |     ^^^^^^^^^ use of unresolved module or unlinked crate `test_util`
[INFO] [stdout]   |
[INFO] [stdout]   = help: if you wanted to use a crate named `test_util`, use `cargo add test_util` to add it to your `Cargo.toml`
[INFO] [stdout] 
[INFO] [stdout] 
[INFO] [stdout] error[E0433]: cannot find module or crate `test_util` in this scope
[INFO] [stdout]  --> src/tests/flatten.rs:2:5
[INFO] [stdout]   |
[INFO] [stdout] 2 | use test_util::prelude::sim_assert_eq;
[INFO] [stdout]   |     ^^^^^^^^^ use of unresolved module or unlinked crate `test_util`
[INFO] [stdout]   |
[INFO] [stdout]   = help: if you wanted to use a crate named `test_util`, use `cargo add test_util` to add it to your `Cargo.toml`
[INFO] [stdout] 
[INFO] [stdout] 
[INFO] [stdout] error[E0433]: cannot find module or crate `test_util` in this scope
[INFO] [stdout]  --> src/output_pipeline/tests/annotation.rs:3:5
[INFO] [stdout]   |
[INFO] [stdout] 3 | use test_util::prelude::sim_assert_eq;
[INFO] [stdout]   |     ^^^^^^^^^ use of unresolved module or unlinked crate `test_util`
[INFO] [stdout]   |
[INFO] [stdout]   = help: if you wanted to use a crate named `test_util`, use `cargo add test_util` to add it to your `Cargo.toml`
[INFO] [stdout] 
[INFO] [stdout] 
[INFO] [stdout] error[E0433]: cannot find module or crate `test_util` in this scope
[INFO] [stdout]  --> src/output_pipeline/tests/descriptions.rs:2:5
[INFO] [stdout]   |
[INFO] [stdout] 2 | use test_util::prelude::sim_assert_eq;
[INFO] [stdout]   |     ^^^^^^^^^ use of unresolved module or unlinked crate `test_util`
[INFO] [stdout]   |
[INFO] [stdout]   = help: if you wanted to use a crate named `test_util`, use `cargo add test_util` to add it to your `Cargo.toml`
[INFO] [stdout] 
[INFO] [stdout] 
[INFO] [stdout] error[E0433]: cannot find module or crate `test_util` in this scope
[INFO] [stdout]  --> src/output_pipeline/tests/format.rs:4:5
[INFO] [stdout]   |
[INFO] [stdout] 4 | use test_util::prelude::sim_assert_eq;
[INFO] [stdout]   |     ^^^^^^^^^ use of unresolved module or unlinked crate `test_util`
[INFO] [stdout]   |
[INFO] [stdout]   = help: if you wanted to use a crate named `test_util`, use `cargo add test_util` to add it to your `Cargo.toml`
[INFO] [stdout] 
[INFO] [stdout] 
[INFO] [stdout] error[E0433]: cannot find module or crate `test_util` in this scope
[INFO] [stdout]  --> src/output_pipeline/tests/options.rs:2:5
[INFO] [stdout]   |
[INFO] [stdout] 2 | use test_util::prelude::sim_assert_eq;
[INFO] [stdout]   |     ^^^^^^^^^ use of unresolved module or unlinked crate `test_util`
[INFO] [stdout]   |
[INFO] [stdout]   = help: if you wanted to use a crate named `test_util`, use `cargo add test_util` to add it to your `Cargo.toml`
[INFO] [stdout] 
[INFO] [stdout] 
[INFO] [stdout] error[E0433]: cannot find module or crate `test_util` in this scope
[INFO] [stdout]  --> src/output_pipeline/tests/overrides.rs:4:5
[INFO] [stdout]   |
[INFO] [stdout] 4 | use test_util::prelude::sim_assert_eq;
[INFO] [stdout]   |     ^^^^^^^^^ use of unresolved module or unlinked crate `test_util`
[INFO] [stdout]   |
[INFO] [stdout]   = help: if you wanted to use a crate named `test_util`, use `cargo add test_util` to add it to your `Cargo.toml`
[INFO] [stdout] 
[INFO] [stdout] 
[INFO] [stdout] error[E0433]: cannot find module or crate `test_util` in this scope
[INFO] [stdout]  --> src/output_pipeline/tests/reachability.rs:3:5
[INFO] [stdout]   |
[INFO] [stdout] 3 | use test_util::prelude::sim_assert_eq;
[INFO] [stdout]   |     ^^^^^^^^^ use of unresolved module or unlinked crate `test_util`
[INFO] [stdout]   |
[INFO] [stdout]   = help: if you wanted to use a crate named `test_util`, use `cargo add test_util` to add it to your `Cargo.toml`
[INFO] [stdout] 
[INFO] [stdout] 
[INFO] [stdout] error[E0433]: cannot find module or crate `test_util` in this scope
[INFO] [stdout]  --> src/output_pipeline/tests/transforms.rs:3:5
[INFO] [stdout]   |
[INFO] [stdout] 3 | use test_util::prelude::sim_assert_eq;
[INFO] [stdout]   |     ^^^^^^^^^ use of unresolved module or unlinked crate `test_util`
[INFO] [stdout]   |
[INFO] [stdout]   = help: if you wanted to use a crate named `test_util`, use `cargo add test_util` to add it to your `Cargo.toml`
[INFO] [stdout] 
[INFO] [stdout] 
[INFO] [stdout] error[E0433]: cannot find module or crate `test_util` in this scope
[INFO] [stdout]  --> src/tests/schema_override.rs:2:5
[INFO] [stdout]   |
[INFO] [stdout] 2 | use test_util::prelude::sim_assert_eq;
[INFO] [stdout]   |     ^^^^^^^^^ use of unresolved module or unlinked crate `test_util`
[INFO] [stdout]   |
[INFO] [stdout]   = help: if you wanted to use a crate named `test_util`, use `cargo add test_util` to add it to your `Cargo.toml`
[INFO] [stdout] 
[INFO] [stdout] 
[INFO] [stdout] error[E0433]: cannot find module or crate `test_util` in this scope
[INFO] [stdout]  --> src/tests/values_roots.rs:3:5
[INFO] [stdout]   |
[INFO] [stdout] 3 | use test_util::prelude::sim_assert_eq;
[INFO] [stdout]   |     ^^^^^^^^^ use of unresolved module or unlinked crate `test_util`
[INFO] [stdout]   |
[INFO] [stdout]   = help: if you wanted to use a crate named `test_util`, use `cargo add test_util` to add it to your `Cargo.toml`
[INFO] [stdout] 
[INFO] [stdout] 
[INFO] [stdout] error[E0433]: cannot find module or crate `test_util` in this scope
[INFO] [stdout]   --> src/tests/analysis.rs:10:5
[INFO] [stdout]    |
[INFO] [stdout] 10 | use test_util::prelude::sim_assert_eq;
[INFO] [stdout]    |     ^^^^^^^^^ use of unresolved module or unlinked crate `test_util`
[INFO] [stdout]    |
[INFO] [stdout]    = help: if you wanted to use a crate named `test_util`, use `cargo add test_util` to add it to your `Cargo.toml`
[INFO] [stdout] 
[INFO] [stdout] 
[INFO] [stdout] error[E0433]: cannot find module or crate `test_util` in this scope
[INFO] [stdout]  --> src/tests/chart.rs:9:5
[INFO] [stdout]   |
[INFO] [stdout] 9 | use test_util::prelude::sim_assert_eq;
[INFO] [stdout]   |     ^^^^^^^^^ use of unresolved module or unlinked crate `test_util`
[INFO] [stdout]   |
[INFO] [stdout]   = help: if you wanted to use a crate named `test_util`, use `cargo add test_util` to add it to your `Cargo.toml`
[INFO] [stdout] 
[INFO] [stdout] 
[INFO] [stdout] error[E0433]: cannot find module or crate `test_util` in this scope
[INFO] [stdout]   --> tests/final_output_policy.rs:20:18
[INFO] [stdout]    |
[INFO] [stdout] 20 |     let _guard = test_util::builder().with_tracing(false).build()?;
[INFO] [stdout]    |                  ^^^^^^^^^ use of unresolved module or unlinked crate `test_util`
[INFO] [stdout]    |
[INFO] [stdout]    = help: if you wanted to use a crate named `test_util`, use `cargo add test_util` to add it to your `Cargo.toml`
[INFO] [stdout] 
[INFO] [stdout] 
[INFO] [stdout] error[E0433]: cannot find module or crate `test_util` in this scope
[INFO] [stdout]   --> tests/final_output_policy.rs:40:18
[INFO] [stdout]    |
[INFO] [stdout] 40 |     let _guard = test_util::builder().with_tracing(false).build()?;
[INFO] [stdout]    |                  ^^^^^^^^^ use of unresolved module or unlinked crate `test_util`
[INFO] [stdout]    |
[INFO] [stdout]    = help: if you wanted to use a crate named `test_util`, use `cargo add test_util` to add it to your `Cargo.toml`
[INFO] [stdout] 
[INFO] [stdout] 
[INFO] [stdout] error[E0433]: cannot find module or crate `test_util` in this scope
[INFO] [stdout]   --> tests/final_output_policy.rs:72:18
[INFO] [stdout]    |
[INFO] [stdout] 72 |     let _guard = test_util::builder().with_tracing(false).build()?;
[INFO] [stdout]    |                  ^^^^^^^^^ use of unresolved module or unlinked crate `test_util`
[INFO] [stdout]    |
[INFO] [stdout]    = help: if you wanted to use a crate named `test_util`, use `cargo add test_util` to add it to your `Cargo.toml`
[INFO] [stdout] 
[INFO] [stdout] 
[INFO] [stdout] error[E0433]: cannot find module or crate `test_util` in this scope
[INFO] [stdout]   --> tests/final_output_policy.rs:92:18
[INFO] [stdout]    |
[INFO] [stdout] 92 |     let _guard = test_util::builder().with_tracing(false).build()?;
[INFO] [stdout]    |                  ^^^^^^^^^ use of unresolved module or unlinked crate `test_util`
[INFO] [stdout]    |
[INFO] [stdout]    = help: if you wanted to use a crate named `test_util`, use `cargo add test_util` to add it to your `Cargo.toml`
[INFO] [stdout] 
[INFO] [stdout] 
[INFO] [stdout] error[E0433]: cannot find module or crate `test_util` in this scope
[INFO] [stdout]    --> tests/final_output_policy.rs:152:21
[INFO] [stdout]     |
[INFO] [stdout] 152 |     let chart_dir = test_util::workspace_testdata().join("charts").join(CHART);
[INFO] [stdout]     |                     ^^^^^^^^^ use of unresolved module or unlinked crate `test_util`
[INFO] [stdout]     |
[INFO] [stdout]     = help: if you wanted to use a crate named `test_util`, use `cargo add test_util` to add it to your `Cargo.toml`
[INFO] [stdout] 
[INFO] [stdout] 
[INFO] [stdout] error[E0433]: cannot find module or crate `test_util` in this scope
[INFO] [stdout]    --> tests/final_output_policy.rs:172:17
[INFO] [stdout]     |
[INFO] [stdout] 172 |                 test_util::workspace_testdata()
[INFO] [stdout]     |                 ^^^^^^^^^ use of unresolved module or unlinked crate `test_util`
[INFO] [stdout]     |
[INFO] [stdout]     = help: if you wanted to use a crate named `test_util`, use `cargo add test_util` to add it to your `Cargo.toml`
[INFO] [stdout] 
[INFO] [stdout] 
[INFO] [stdout] error[E0433]: cannot find module or crate `test_util` in this scope
[INFO] [stdout]    --> tests/final_output_policy.rs:177:17
[INFO] [stdout]     |
[INFO] [stdout] 177 |                 test_util::workspace_testdata().join("provider-bundle/crds-catalog-cache"),
[INFO] [stdout]     |                 ^^^^^^^^^ use of unresolved module or unlinked crate `test_util`
[INFO] [stdout]     |
[INFO] [stdout]     = help: if you wanted to use a crate named `test_util`, use `cargo add test_util` to add it to your `Cargo.toml`
[INFO] [stdout] 
[INFO] [stdout] 
[INFO] [stdout] error[E0433]: cannot find module or crate `test_util` in this scope
[INFO] [stdout]    --> tests/final_output_policy.rs:181:17
[INFO] [stdout]     |
[INFO] [stdout] 181 |                 test_util::workspace_testdata().join("provider-bundle/crds-catalog-cache"),
[INFO] [stdout]     |                 ^^^^^^^^^ use of unresolved module or unlinked crate `test_util`
[INFO] [stdout]     |
[INFO] [stdout]     = help: if you wanted to use a crate named `test_util`, use `cargo add test_util` to add it to your `Cargo.toml`
[INFO] [stdout] 
[INFO] [stdout] 
[INFO] [stdout] error[E0433]: cannot find module or crate `test_util` in this scope
[INFO] [stdout]    --> tests/final_output_policy.rs:189:24
[INFO] [stdout]     |
[INFO] [stdout] 189 |     let fixture_path = test_util::workspace_testdata()
[INFO] [stdout]     |                        ^^^^^^^^^ use of unresolved module or unlinked crate `test_util`
[INFO] [stdout]     |
[INFO] [stdout]     = help: if you wanted to use a crate named `test_util`, use `cargo add test_util` to add it to your `Cargo.toml`
[INFO] [stdout] 
[INFO] [stdout] 
[INFO] [stdout] For more information about this error, try `rustc --explain E0433`.
[INFO] [stdout] 
[INFO] [stdout] For more information about this error, try `rustc --explain E0433`.
[INFO] [stdout] 
[INFO] [stderr] error: could not compile `helm-schema` (test "final_output_policy") due to 10 previous errors
[INFO] [stderr] error: could not compile `helm-schema` (test "schema_emission_profile_live") due to 7 previous errors
[INFO] [stdout] error[E0433]: cannot find module or crate `test_util` in this scope
[INFO] [stdout]    --> tests/common/emission_profile_harness.rs:293:16
[INFO] [stdout]     |
[INFO] [stdout] 293 |     let path = test_util::workspace_testdata()
[INFO] [stdout]     |                ^^^^^^^^^ use of unresolved module or unlinked crate `test_util`
[INFO] [stdout]     |
[INFO] [stdout]     = help: if you wanted to use a crate named `test_util`, use `cargo add test_util` to add it to your `Cargo.toml`
[INFO] [stdout] 
[INFO] [stdout] 
[INFO] [stdout] error[E0433]: cannot find module or crate `test_util` in this scope
[INFO] [stdout]    --> tests/common/emission_profile_harness.rs:975:17
[INFO] [stdout]     |
[INFO] [stdout] 975 |                 test_util::workspace_testdata()
[INFO] [stdout]     |                 ^^^^^^^^^ use of unresolved module or unlinked crate `test_util`
[INFO] [stdout]     |
[INFO] [stdout]     = help: if you wanted to use a crate named `test_util`, use `cargo add test_util` to add it to your `Cargo.toml`
[INFO] [stdout] 
[INFO] [stdout] 
[INFO] [stdout] error[E0433]: cannot find module or crate `test_util` in this scope
[INFO] [stdout]    --> tests/common/emission_profile_harness.rs:980:17
[INFO] [stdout]     |
[INFO] [stdout] 980 |                 test_util::workspace_testdata().join("provider-bundle/crds-catalog-cache"),
[INFO] [stdout]     |                 ^^^^^^^^^ use of unresolved module or unlinked crate `test_util`
[INFO] [stdout]     |
[INFO] [stdout]     = help: if you wanted to use a crate named `test_util`, use `cargo add test_util` to add it to your `Cargo.toml`
[INFO] [stdout] 
[INFO] [stdout] 
[INFO] [stdout] error[E0433]: cannot find module or crate `test_util` in this scope
[INFO] [stdout]    --> tests/common/emission_profile_harness.rs:984:17
[INFO] [stdout]     |
[INFO] [stdout] 984 |                 test_util::workspace_testdata().join("provider-bundle/crds-catalog-cache"),
[INFO] [stdout]     |                 ^^^^^^^^^ use of unresolved module or unlinked crate `test_util`
[INFO] [stdout]     |
[INFO] [stdout]     = help: if you wanted to use a crate named `test_util`, use `cargo add test_util` to add it to your `Cargo.toml`
[INFO] [stdout] 
[INFO] [stdout] 
[INFO] [stdout] error[E0433]: cannot find module or crate `test_util` in this scope
[INFO] [stdout]    --> tests/common/emission_profile_harness.rs:992:5
[INFO] [stdout]     |
[INFO] [stdout] 992 |     test_util::workspace_testdata()
[INFO] [stdout]     |     ^^^^^^^^^ use of unresolved module or unlinked crate `test_util`
[INFO] [stdout]     |
[INFO] [stdout]     = help: if you wanted to use a crate named `test_util`, use `cargo add test_util` to add it to your `Cargo.toml`
[INFO] [stdout] 
[INFO] [stdout] 
[INFO] [stdout] error[E0433]: cannot find module or crate `test_util` in this scope
[INFO] [stdout]    --> tests/schema_emission_profiles.rs:216:18
[INFO] [stdout]     |
[INFO] [stdout] 216 |     let _guard = test_util::builder().with_tracing(false).build()?;
[INFO] [stdout]     |                  ^^^^^^^^^ use of unresolved module or unlinked crate `test_util`
[INFO] [stdout]     |
[INFO] [stdout]     = help: if you wanted to use a crate named `test_util`, use `cargo add test_util` to add it to your `Cargo.toml`
[INFO] [stdout] 
[INFO] [stdout] 
[INFO] [stdout] error[E0433]: cannot find module or crate `test_util` in this scope
[INFO] [stdout]    --> tests/schema_emission_profiles.rs:226:28
[INFO] [stdout]     |
[INFO] [stdout] 226 |         let fixture_path = test_util::workspace_testdata()
[INFO] [stdout]     |                            ^^^^^^^^^ use of unresolved module or unlinked crate `test_util`
[INFO] [stdout]     |
[INFO] [stdout]     = help: if you wanted to use a crate named `test_util`, use `cargo add test_util` to add it to your `Cargo.toml`
[INFO] [stdout] 
[INFO] [stdout] 
[INFO] [stdout] error[E0433]: cannot find module or crate `test_util` in this scope
[INFO] [stdout]    --> tests/schema_emission_profiles.rs:255:18
[INFO] [stdout]     |
[INFO] [stdout] 255 |     let _guard = test_util::builder().with_tracing(false).build()?;
[INFO] [stdout]     |                  ^^^^^^^^^ use of unresolved module or unlinked crate `test_util`
[INFO] [stdout]     |
[INFO] [stdout]     = help: if you wanted to use a crate named `test_util`, use `cargo add test_util` to add it to your `Cargo.toml`
[INFO] [stdout] 
[INFO] [stdout] 
[INFO] [stdout] error[E0433]: cannot find module or crate `test_util` in this scope
[INFO] [stdout]    --> tests/schema_emission_profiles.rs:312:18
[INFO] [stdout]     |
[INFO] [stdout] 312 |     let _guard = test_util::builder().with_tracing(false).build()?;
[INFO] [stdout]     |                  ^^^^^^^^^ use of unresolved module or unlinked crate `test_util`
[INFO] [stdout]     |
[INFO] [stdout]     = help: if you wanted to use a crate named `test_util`, use `cargo add test_util` to add it to your `Cargo.toml`
[INFO] [stdout] 
[INFO] [stdout] 
[INFO] [stdout] error[E0433]: cannot find module or crate `test_util` in this scope
[INFO] [stdout]    --> tests/schema_emission_profiles.rs:355:18
[INFO] [stdout]     |
[INFO] [stdout] 355 |     let _guard = test_util::builder().with_tracing(false).build()?;
[INFO] [stdout]     |                  ^^^^^^^^^ use of unresolved module or unlinked crate `test_util`
[INFO] [stdout]     |
[INFO] [stdout]     = help: if you wanted to use a crate named `test_util`, use `cargo add test_util` to add it to your `Cargo.toml`
[INFO] [stdout] 
[INFO] [stdout] 
[INFO] [stdout] error[E0433]: cannot find module or crate `test_util` in this scope
[INFO] [stdout]    --> tests/schema_emission_profiles.rs:577:18
[INFO] [stdout]     |
[INFO] [stdout] 577 |     let _guard = test_util::builder().with_tracing(false).build()?;
[INFO] [stdout]     |                  ^^^^^^^^^ use of unresolved module or unlinked crate `test_util`
[INFO] [stdout]     |
[INFO] [stdout]     = help: if you wanted to use a crate named `test_util`, use `cargo add test_util` to add it to your `Cargo.toml`
[INFO] [stdout] 
[INFO] [stdout] 
[INFO] [stdout] error[E0433]: cannot find module or crate `test_util` in this scope
[INFO] [stdout]    --> tests/schema_emission_profiles.rs:594:18
[INFO] [stdout]     |
[INFO] [stdout] 594 |     let _guard = test_util::builder().with_tracing(false).build()?;
[INFO] [stdout]     |                  ^^^^^^^^^ use of unresolved module or unlinked crate `test_util`
[INFO] [stdout]     |
[INFO] [stdout]     = help: if you wanted to use a crate named `test_util`, use `cargo add test_util` to add it to your `Cargo.toml`
[INFO] [stdout] 
[INFO] [stdout] 
[INFO] [stdout] error[E0433]: cannot find module or crate `test_util` in this scope
[INFO] [stdout]    --> tests/schema_emission_profiles.rs:827:18
[INFO] [stdout]     |
[INFO] [stdout] 827 |     let _guard = test_util::builder().with_tracing(false).build()?;
[INFO] [stdout]     |                  ^^^^^^^^^ use of unresolved module or unlinked crate `test_util`
[INFO] [stdout]     |
[INFO] [stdout]     = help: if you wanted to use a crate named `test_util`, use `cargo add test_util` to add it to your `Cargo.toml`
[INFO] [stdout] 
[INFO] [stdout] 
[INFO] [stdout] error[E0433]: cannot find module or crate `test_util` in this scope
[INFO] [stdout]    --> tests/schema_emission_profiles.rs:902:18
[INFO] [stdout]     |
[INFO] [stdout] 902 |     let _guard = test_util::builder().with_tracing(false).build()?;
[INFO] [stdout]     |                  ^^^^^^^^^ use of unresolved module or unlinked crate `test_util`
[INFO] [stdout]     |
[INFO] [stdout]     = help: if you wanted to use a crate named `test_util`, use `cargo add test_util` to add it to your `Cargo.toml`
[INFO] [stdout] 
[INFO] [stdout] 
[INFO] [stdout] error[E0433]: cannot find module or crate `test_util` in this scope
[INFO] [stdout]    --> tests/schema_emission_profiles.rs:961:18
[INFO] [stdout]     |
[INFO] [stdout] 961 |     let _guard = test_util::builder().with_tracing(false).build()?;
[INFO] [stdout]     |                  ^^^^^^^^^ use of unresolved module or unlinked crate `test_util`
[INFO] [stdout]     |
[INFO] [stdout]     = help: if you wanted to use a crate named `test_util`, use `cargo add test_util` to add it to your `Cargo.toml`
[INFO] [stdout] 
[INFO] [stdout] 
[INFO] [stdout] error[E0433]: cannot find module or crate `test_util` in this scope
[INFO] [stdout]    --> tests/schema_emission_profiles.rs:975:18
[INFO] [stdout]     |
[INFO] [stdout] 975 |     let _guard = test_util::builder().with_tracing(false).build()?;
[INFO] [stdout]     |                  ^^^^^^^^^ use of unresolved module or unlinked crate `test_util`
[INFO] [stdout]     |
[INFO] [stdout]     = help: if you wanted to use a crate named `test_util`, use `cargo add test_util` to add it to your `Cargo.toml`
[INFO] [stdout] 
[INFO] [stdout] 
[INFO] [stdout] error[E0433]: cannot find module or crate `test_util` in this scope
[INFO] [stdout]     --> tests/schema_emission_profiles.rs:1006:18
[INFO] [stdout]      |
[INFO] [stdout] 1006 |     let _guard = test_util::builder().with_tracing(false).build()?;
[INFO] [stdout]      |                  ^^^^^^^^^ use of unresolved module or unlinked crate `test_util`
[INFO] [stdout]      |
[INFO] [stdout]      = help: if you wanted to use a crate named `test_util`, use `cargo add test_util` to add it to your `Cargo.toml`
[INFO] [stdout] 
[INFO] [stdout] 
[INFO] [stdout] error[E0433]: cannot find module or crate `test_util` in this scope
[INFO] [stdout]     --> tests/schema_emission_profiles.rs:1020:18
[INFO] [stdout]      |
[INFO] [stdout] 1020 |     let _guard = test_util::builder().with_tracing(false).build()?;
[INFO] [stdout]      |                  ^^^^^^^^^ use of unresolved module or unlinked crate `test_util`
[INFO] [stdout]      |
[INFO] [stdout]      = help: if you wanted to use a crate named `test_util`, use `cargo add test_util` to add it to your `Cargo.toml`
[INFO] [stdout] 
[INFO] [stdout] 
[INFO] [stdout] error[E0433]: cannot find module or crate `test_util` in this scope
[INFO] [stdout]     --> tests/schema_emission_profiles.rs:1067:18
[INFO] [stdout]      |
[INFO] [stdout] 1067 |     let _guard = test_util::builder().with_tracing(false).build()?;
[INFO] [stdout]      |                  ^^^^^^^^^ use of unresolved module or unlinked crate `test_util`
[INFO] [stdout]      |
[INFO] [stdout]      = help: if you wanted to use a crate named `test_util`, use `cargo add test_util` to add it to your `Cargo.toml`
[INFO] [stdout] 
[INFO] [stdout] 
[INFO] [stdout] error[E0433]: cannot find module or crate `test_util` in this scope
[INFO] [stdout]     --> tests/schema_emission_profiles.rs:1081:18
[INFO] [stdout]      |
[INFO] [stdout] 1081 |     let _guard = test_util::builder().with_tracing(false).build()?;
[INFO] [stdout]      |                  ^^^^^^^^^ use of unresolved module or unlinked crate `test_util`
[INFO] [stdout]      |
[INFO] [stdout]      = help: if you wanted to use a crate named `test_util`, use `cargo add test_util` to add it to your `Cargo.toml`
[INFO] [stdout] 
[INFO] [stdout] 
[INFO] [stdout] error[E0433]: cannot find module or crate `test_util` in this scope
[INFO] [stdout]     --> tests/schema_emission_profiles.rs:1129:18
[INFO] [stdout]      |
[INFO] [stdout] 1129 |     let _guard = test_util::builder().with_tracing(false).build()?;
[INFO] [stdout]      |                  ^^^^^^^^^ use of unresolved module or unlinked crate `test_util`
[INFO] [stdout]      |
[INFO] [stdout]      = help: if you wanted to use a crate named `test_util`, use `cargo add test_util` to add it to your `Cargo.toml`
[INFO] [stdout] 
[INFO] [stdout] 
[INFO] [stdout] error[E0433]: cannot find module or crate `test_util` in this scope
[INFO] [stdout]     --> tests/schema_emission_profiles.rs:1195:18
[INFO] [stdout]      |
[INFO] [stdout] 1195 |     let _guard = test_util::builder().with_tracing(false).build()?;
[INFO] [stdout]      |                  ^^^^^^^^^ use of unresolved module or unlinked crate `test_util`
[INFO] [stdout]      |
[INFO] [stdout]      = help: if you wanted to use a crate named `test_util`, use `cargo add test_util` to add it to your `Cargo.toml`
[INFO] [stdout] 
[INFO] [stdout] 
[INFO] [stdout] error[E0433]: cannot find module or crate `test_util` in this scope
[INFO] [stdout]     --> tests/schema_emission_profiles.rs:1270:23
[INFO] [stdout]      |
[INFO] [stdout] 1270 |     let fixture_dir = test_util::workspace_testdata().join("chart-corpus-schemas");
[INFO] [stdout]      |                       ^^^^^^^^^ use of unresolved module or unlinked crate `test_util`
[INFO] [stdout]      |
[INFO] [stdout]      = help: if you wanted to use a crate named `test_util`, use `cargo add test_util` to add it to your `Cargo.toml`
[INFO] [stdout] 
[INFO] [stdout] 
[INFO] [stdout] error[E0433]: cannot find module or crate `test_util` in this scope
[INFO] [stdout]     --> tests/schema_emission_profiles.rs:1307:28
[INFO] [stdout]      |
[INFO] [stdout] 1307 |     let lean_fixture_dir = test_util::workspace_testdata().join("emission-profile-schemas/lean");
[INFO] [stdout]      |                            ^^^^^^^^^ use of unresolved module or unlinked crate `test_util`
[INFO] [stdout]      |
[INFO] [stdout]      = help: if you wanted to use a crate named `test_util`, use `cargo add test_util` to add it to your `Cargo.toml`
[INFO] [stdout] 
[INFO] [stdout] 
[INFO] [stdout] error[E0433]: cannot find module or crate `test_util` in this scope
[INFO] [stdout]     --> tests/schema_emission_profiles.rs:1439:24
[INFO] [stdout]      |
[INFO] [stdout] 1439 |     let scratch_root = test_util::workspace_root().join("target/round74-helm-adjudication");
[INFO] [stdout]      |                        ^^^^^^^^^ use of unresolved module or unlinked crate `test_util`
[INFO] [stdout]      |
[INFO] [stdout]      = help: if you wanted to use a crate named `test_util`, use `cargo add test_util` to add it to your `Cargo.toml`
[INFO] [stdout] 
[INFO] [stdout] 
[INFO] [stdout] error[E0433]: cannot find module or crate `test_util` in this scope
[INFO] [stdout]     --> tests/schema_emission_profiles.rs:1449:22
[INFO] [stdout]      |
[INFO] [stdout] 1449 |     let chart_path = test_util::workspace_testdata().join("charts").join(chart);
[INFO] [stdout]      |                      ^^^^^^^^^ use of unresolved module or unlinked crate `test_util`
[INFO] [stdout]      |
[INFO] [stdout]      = help: if you wanted to use a crate named `test_util`, use `cargo add test_util` to add it to your `Cargo.toml`
[INFO] [stdout] 
[INFO] [stdout] 
[INFO] [stdout] error[E0433]: cannot find module or crate `test_util` in this scope
[INFO] [stdout]     --> tests/schema_emission_profiles.rs:1480:18
[INFO] [stdout]      |
[INFO] [stdout] 1480 |     let _guard = test_util::builder().with_tracing(false).build()?;
[INFO] [stdout]      |                  ^^^^^^^^^ use of unresolved module or unlinked crate `test_util`
[INFO] [stdout]      |
[INFO] [stdout]      = help: if you wanted to use a crate named `test_util`, use `cargo add test_util` to add it to your `Cargo.toml`
[INFO] [stdout] 
[INFO] [stdout] 
[INFO] [stdout] error[E0433]: cannot find module or crate `test_util` in this scope
[INFO] [stdout]     --> tests/schema_emission_profiles.rs:1565:22
[INFO] [stdout]      |
[INFO] [stdout] 1565 |     let chart_path = test_util::workspace_testdata().join("charts").join(chart);
[INFO] [stdout]      |                      ^^^^^^^^^ use of unresolved module or unlinked crate `test_util`
[INFO] [stdout]      |
[INFO] [stdout]      = help: if you wanted to use a crate named `test_util`, use `cargo add test_util` to add it to your `Cargo.toml`
[INFO] [stdout] 
[INFO] [stdout] 
[INFO] [stdout] For more information about this error, try `rustc --explain E0433`.
[INFO] [stdout] 
[INFO] [stderr] error: could not compile `helm-schema` (test "schema_emission_profiles") due to 29 previous errors
[INFO] [stdout] error[E0433]: cannot find module or crate `test_util` in this scope
[INFO] [stdout]   --> tests/public_surface.rs:75:5
[INFO] [stdout]    |
[INFO] [stdout] 75 |     test_util::write(
[INFO] [stdout]    |     ^^^^^^^^^ use of unresolved module or unlinked crate `test_util`
[INFO] [stdout]    |
[INFO] [stdout]    = help: if you wanted to use a crate named `test_util`, use `cargo add test_util` to add it to your `Cargo.toml`
[INFO] [stdout] 
[INFO] [stdout] 
[INFO] [stdout] error[E0433]: cannot find module or crate `test_util` in this scope
[INFO] [stdout]   --> tests/public_surface.rs:83:5
[INFO] [stdout]    |
[INFO] [stdout] 83 |     test_util::write(
[INFO] [stdout]    |     ^^^^^^^^^ use of unresolved module or unlinked crate `test_util`
[INFO] [stdout]    |
[INFO] [stdout]    = help: if you wanted to use a crate named `test_util`, use `cargo add test_util` to add it to your `Cargo.toml`
[INFO] [stdout] 
[INFO] [stdout] 
[INFO] [stdout] error[E0433]: cannot find module or crate `test_util` in this scope
[INFO] [stdout]   --> tests/public_surface.rs:90:5
[INFO] [stdout]    |
[INFO] [stdout] 90 |     test_util::write(
[INFO] [stdout]    |     ^^^^^^^^^ use of unresolved module or unlinked crate `test_util`
[INFO] [stdout]    |
[INFO] [stdout]    = help: if you wanted to use a crate named `test_util`, use `cargo add test_util` to add it to your `Cargo.toml`
[INFO] [stdout] 
[INFO] [stdout] 
[INFO] [stdout] error[E0433]: cannot find module or crate `test_util` in this scope
[INFO] [stdout]    --> tests/public_surface.rs:123:40
[INFO] [stdout]     |
[INFO] [stdout] 123 |             k8s_schema_cache_dir: Some(test_util::cold_provider_cache_root("k8s")),
[INFO] [stdout]     |                                        ^^^^^^^^^ use of unresolved module or unlinked crate `test_util`
[INFO] [stdout]     |
[INFO] [stdout]     = help: if you wanted to use a crate named `test_util`, use `cargo add test_util` to add it to your `Cargo.toml`
[INFO] [stdout] 
[INFO] [stdout] 
[INFO] [stdout] error[E0433]: cannot find module or crate `test_util` in this scope
[INFO] [stdout]    --> tests/public_surface.rs:124:41
[INFO] [stdout]     |
[INFO] [stdout] 124 |             crd_catalog_cache_dir: Some(test_util::cold_provider_cache_root("crd")),
[INFO] [stdout]     |                                         ^^^^^^^^^ use of unresolved module or unlinked crate `test_util`
[INFO] [stdout]     |
[INFO] [stdout]     = help: if you wanted to use a crate named `test_util`, use `cargo add test_util` to add it to your `Cargo.toml`
[INFO] [stdout] 
[INFO] [stdout] 
[INFO] [stdout] error[E0433]: cannot find module or crate `test_util` in this scope
[INFO] [stdout]    --> tests/public_surface.rs:164:5
[INFO] [stdout]     |
[INFO] [stdout] 164 |     test_util::write(
[INFO] [stdout]     |     ^^^^^^^^^ use of unresolved module or unlinked crate `test_util`
[INFO] [stdout]     |
[INFO] [stdout]     = help: if you wanted to use a crate named `test_util`, use `cargo add test_util` to add it to your `Cargo.toml`
[INFO] [stdout] 
[INFO] [stdout] 
[INFO] [stdout] error[E0433]: cannot find module or crate `test_util` in this scope
[INFO] [stdout]    --> tests/public_surface.rs:172:5
[INFO] [stdout]     |
[INFO] [stdout] 172 |     test_util::write(
[INFO] [stdout]     |     ^^^^^^^^^ use of unresolved module or unlinked crate `test_util`
[INFO] [stdout]     |
[INFO] [stdout]     = help: if you wanted to use a crate named `test_util`, use `cargo add test_util` to add it to your `Cargo.toml`
[INFO] [stdout] 
[INFO] [stdout] 
[INFO] [stdout] error[E0433]: cannot find module or crate `test_util` in this scope
[INFO] [stdout]    --> tests/public_surface.rs:179:5
[INFO] [stdout]     |
[INFO] [stdout] 179 |     test_util::write(
[INFO] [stdout]     |     ^^^^^^^^^ use of unresolved module or unlinked crate `test_util`
[INFO] [stdout]     |
[INFO] [stdout]     = help: if you wanted to use a crate named `test_util`, use `cargo add test_util` to add it to your `Cargo.toml`
[INFO] [stdout] 
[INFO] [stdout] 
[INFO] [stdout] error[E0433]: cannot find module or crate `test_util` in this scope
[INFO] [stdout]    --> tests/public_surface.rs:202:40
[INFO] [stdout]     |
[INFO] [stdout] 202 |             k8s_schema_cache_dir: Some(test_util::cold_provider_cache_root("k8s")),
[INFO] [stdout]     |                                        ^^^^^^^^^ use of unresolved module or unlinked crate `test_util`
[INFO] [stdout]     |
[INFO] [stdout]     = help: if you wanted to use a crate named `test_util`, use `cargo add test_util` to add it to your `Cargo.toml`
[INFO] [stdout] 
[INFO] [stdout] 
[INFO] [stdout] error[E0433]: cannot find module or crate `test_util` in this scope
[INFO] [stdout]    --> tests/public_surface.rs:203:41
[INFO] [stdout]     |
[INFO] [stdout] 203 |             crd_catalog_cache_dir: Some(test_util::cold_provider_cache_root("crd")),
[INFO] [stdout]     |                                         ^^^^^^^^^ use of unresolved module or unlinked crate `test_util`
[INFO] [stdout]     |
[INFO] [stdout]     = help: if you wanted to use a crate named `test_util`, use `cargo add test_util` to add it to your `Cargo.toml`
[INFO] [stdout] 
[INFO] [stdout] 
[INFO] [stdout] error[E0433]: cannot find module or crate `test_util` in this scope
[INFO] [stdout]    --> tests/public_surface.rs:268:5
[INFO] [stdout]     |
[INFO] [stdout] 268 |     test_util::write(
[INFO] [stdout]     |     ^^^^^^^^^ use of unresolved module or unlinked crate `test_util`
[INFO] [stdout]     |
[INFO] [stdout]     = help: if you wanted to use a crate named `test_util`, use `cargo add test_util` to add it to your `Cargo.toml`
[INFO] [stdout] 
[INFO] [stdout] 
[INFO] [stdout] error[E0433]: cannot find module or crate `test_util` in this scope
[INFO] [stdout]    --> tests/public_surface.rs:276:5
[INFO] [stdout]     |
[INFO] [stdout] 276 |     test_util::write(&chart_dir.join("values.yaml")?, "replicas: 1\n")?;
[INFO] [stdout]     |     ^^^^^^^^^ use of unresolved module or unlinked crate `test_util`
[INFO] [stdout]     |
[INFO] [stdout]     = help: if you wanted to use a crate named `test_util`, use `cargo add test_util` to add it to your `Cargo.toml`
[INFO] [stdout] 
[INFO] [stdout] 
[INFO] [stdout] error[E0433]: cannot find module or crate `test_util` in this scope
[INFO] [stdout]    --> tests/public_surface.rs:277:5
[INFO] [stdout]     |
[INFO] [stdout] 277 |     test_util::write(
[INFO] [stdout]     |     ^^^^^^^^^ use of unresolved module or unlinked crate `test_util`
[INFO] [stdout]     |
[INFO] [stdout]     = help: if you wanted to use a crate named `test_util`, use `cargo add test_util` to add it to your `Cargo.toml`
[INFO] [stdout] 
[INFO] [stdout] 
[INFO] [stdout] error[E0433]: cannot find module or crate `test_util` in this scope
[INFO] [stdout]    --> tests/public_surface.rs:299:40
[INFO] [stdout]     |
[INFO] [stdout] 299 |             k8s_schema_cache_dir: Some(test_util::cold_provider_cache_root("k8s")),
[INFO] [stdout]     |                                        ^^^^^^^^^ use of unresolved module or unlinked crate `test_util`
[INFO] [stdout]     |
[INFO] [stdout]     = help: if you wanted to use a crate named `test_util`, use `cargo add test_util` to add it to your `Cargo.toml`
[INFO] [stdout] 
[INFO] [stdout] 
[INFO] [stdout] error[E0433]: cannot find module or crate `test_util` in this scope
[INFO] [stdout]    --> tests/public_surface.rs:300:41
[INFO] [stdout]     |
[INFO] [stdout] 300 |             crd_catalog_cache_dir: Some(test_util::cold_provider_cache_root("crd")),
[INFO] [stdout]     |                                         ^^^^^^^^^ use of unresolved module or unlinked crate `test_util`
[INFO] [stdout]     |
[INFO] [stdout]     = help: if you wanted to use a crate named `test_util`, use `cargo add test_util` to add it to your `Cargo.toml`
[INFO] [stdout] 
[INFO] [stdout] 
[INFO] [stdout] error[E0433]: cannot find module or crate `test_util` in this scope
[INFO] [stdout]    --> tests/public_surface.rs:358:5
[INFO] [stdout]     |
[INFO] [stdout] 358 |     test_util::write(
[INFO] [stdout]     |     ^^^^^^^^^ use of unresolved module or unlinked crate `test_util`
[INFO] [stdout]     |
[INFO] [stdout]     = help: if you wanted to use a crate named `test_util`, use `cargo add test_util` to add it to your `Cargo.toml`
[INFO] [stdout] 
[INFO] [stdout] 
[INFO] [stdout] error[E0433]: cannot find module or crate `test_util` in this scope
[INFO] [stdout]    --> tests/public_surface.rs:366:5
[INFO] [stdout]     |
[INFO] [stdout] 366 |     test_util::write(
[INFO] [stdout]     |     ^^^^^^^^^ use of unresolved module or unlinked crate `test_util`
[INFO] [stdout]     |
[INFO] [stdout]     = help: if you wanted to use a crate named `test_util`, use `cargo add test_util` to add it to your `Cargo.toml`
[INFO] [stdout] 
[INFO] [stdout] 
[INFO] [stdout] error[E0433]: cannot find module or crate `test_util` in this scope
[INFO] [stdout]    --> tests/public_surface.rs:375:5
[INFO] [stdout]     |
[INFO] [stdout] 375 |     test_util::write(
[INFO] [stdout]     |     ^^^^^^^^^ use of unresolved module or unlinked crate `test_util`
[INFO] [stdout]     |
[INFO] [stdout]     = help: if you wanted to use a crate named `test_util`, use `cargo add test_util` to add it to your `Cargo.toml`
[INFO] [stdout] 
[INFO] [stdout] 
[INFO] [stdout] error[E0433]: cannot find module or crate `test_util` in this scope
[INFO] [stdout]    --> tests/public_surface.rs:411:40
[INFO] [stdout]     |
[INFO] [stdout] 411 |             k8s_schema_cache_dir: Some(test_util::cold_provider_cache_root("k8s")),
[INFO] [stdout]     |                                        ^^^^^^^^^ use of unresolved module or unlinked crate `test_util`
[INFO] [stdout]     |
[INFO] [stdout]     = help: if you wanted to use a crate named `test_util`, use `cargo add test_util` to add it to your `Cargo.toml`
[INFO] [stdout] 
[INFO] [stdout] 
[INFO] [stdout] error[E0433]: cannot find module or crate `test_util` in this scope
[INFO] [stdout]    --> tests/public_surface.rs:412:41
[INFO] [stdout]     |
[INFO] [stdout] 412 |             crd_catalog_cache_dir: Some(test_util::cold_provider_cache_root("crd")),
[INFO] [stdout]     |                                         ^^^^^^^^^ use of unresolved module or unlinked crate `test_util`
[INFO] [stdout]     |
[INFO] [stdout]     = help: if you wanted to use a crate named `test_util`, use `cargo add test_util` to add it to your `Cargo.toml`
[INFO] [stdout] 
[INFO] [stdout] 
[INFO] [stdout] error[E0433]: cannot find module or crate `test_util` in this scope
[INFO] [stdout]    --> tests/public_surface.rs:476:5
[INFO] [stdout]     |
[INFO] [stdout] 476 |     test_util::write(
[INFO] [stdout]     |     ^^^^^^^^^ use of unresolved module or unlinked crate `test_util`
[INFO] [stdout]     |
[INFO] [stdout]     = help: if you wanted to use a crate named `test_util`, use `cargo add test_util` to add it to your `Cargo.toml`
[INFO] [stdout] 
[INFO] [stdout] 
[INFO] [stdout] error[E0433]: cannot find module or crate `test_util` in this scope
[INFO] [stdout]    --> tests/public_surface.rs:484:5
[INFO] [stdout]     |
[INFO] [stdout] 484 |     test_util::write(
[INFO] [stdout]     |     ^^^^^^^^^ use of unresolved module or unlinked crate `test_util`
[INFO] [stdout]     |
[INFO] [stdout]     = help: if you wanted to use a crate named `test_util`, use `cargo add test_util` to add it to your `Cargo.toml`
[INFO] [stdout] 
[INFO] [stdout] 
[INFO] [stdout] error[E0433]: cannot find module or crate `test_util` in this scope
[INFO] [stdout]    --> tests/public_surface.rs:492:5
[INFO] [stdout]     |
[INFO] [stdout] 492 |     test_util::write(
[INFO] [stdout]     |     ^^^^^^^^^ use of unresolved module or unlinked crate `test_util`
[INFO] [stdout]     |
[INFO] [stdout]     = help: if you wanted to use a crate named `test_util`, use `cargo add test_util` to add it to your `Cargo.toml`
[INFO] [stdout] 
[INFO] [stdout] 
[INFO] [stdout] error[E0433]: cannot find module or crate `test_util` in this scope
[INFO] [stdout]    --> tests/public_surface.rs:504:5
[INFO] [stdout]     |
[INFO] [stdout] 504 |     test_util::write(
[INFO] [stdout]     |     ^^^^^^^^^ use of unresolved module or unlinked crate `test_util`
[INFO] [stdout]     |
[INFO] [stdout]     = help: if you wanted to use a crate named `test_util`, use `cargo add test_util` to add it to your `Cargo.toml`
[INFO] [stdout] 
[INFO] [stdout] 
[INFO] [stdout] error[E0433]: cannot find module or crate `test_util` in this scope
[INFO] [stdout]    --> tests/public_surface.rs:527:40
[INFO] [stdout]     |
[INFO] [stdout] 527 |             k8s_schema_cache_dir: Some(test_util::cold_provider_cache_root("k8s")),
[INFO] [stdout]     |                                        ^^^^^^^^^ use of unresolved module or unlinked crate `test_util`
[INFO] [stdout]     |
[INFO] [stdout]     = help: if you wanted to use a crate named `test_util`, use `cargo add test_util` to add it to your `Cargo.toml`
[INFO] [stdout] 
[INFO] [stdout] 
[INFO] [stdout] error[E0433]: cannot find module or crate `test_util` in this scope
[INFO] [stdout]    --> tests/public_surface.rs:528:41
[INFO] [stdout]     |
[INFO] [stdout] 528 |             crd_catalog_cache_dir: Some(test_util::cold_provider_cache_root("crd")),
[INFO] [stdout]     |                                         ^^^^^^^^^ use of unresolved module or unlinked crate `test_util`
[INFO] [stdout]     |
[INFO] [stdout]     = help: if you wanted to use a crate named `test_util`, use `cargo add test_util` to add it to your `Cargo.toml`
[INFO] [stdout] 
[INFO] [stdout] 
[INFO] [stdout] error[E0433]: cannot find module or crate `test_util` in this scope
[INFO] [stdout]    --> tests/public_surface.rs:547:5
[INFO] [stdout]     |
[INFO] [stdout] 547 |     test_util::write(
[INFO] [stdout]     |     ^^^^^^^^^ use of unresolved module or unlinked crate `test_util`
[INFO] [stdout]     |
[INFO] [stdout]     = help: if you wanted to use a crate named `test_util`, use `cargo add test_util` to add it to your `Cargo.toml`
[INFO] [stdout] 
[INFO] [stdout] 
[INFO] [stdout] error[E0433]: cannot find module or crate `test_util` in this scope
[INFO] [stdout]    --> tests/public_surface.rs:555:5
[INFO] [stdout]     |
[INFO] [stdout] 555 |     test_util::write(&chart_dir.join("values.yaml")?, "replicas: 1\n")?;
[INFO] [stdout]     |     ^^^^^^^^^ use of unresolved module or unlinked crate `test_util`
[INFO] [stdout]     |
[INFO] [stdout]     = help: if you wanted to use a crate named `test_util`, use `cargo add test_util` to add it to your `Cargo.toml`
[INFO] [stdout] 
[INFO] [stdout] 
[INFO] [stdout] error[E0433]: cannot find module or crate `test_util` in this scope
[INFO] [stdout]    --> tests/public_surface.rs:556:5
[INFO] [stdout]     |
[INFO] [stdout] 556 |     test_util::write(
[INFO] [stdout]     |     ^^^^^^^^^ use of unresolved module or unlinked crate `test_util`
[INFO] [stdout]     |
[INFO] [stdout]     = help: if you wanted to use a crate named `test_util`, use `cargo add test_util` to add it to your `Cargo.toml`
[INFO] [stdout] 
[INFO] [stdout] 
[INFO] [stdout] error[E0433]: cannot find module or crate `test_util` in this scope
[INFO] [stdout]    --> tests/public_surface.rs:578:40
[INFO] [stdout]     |
[INFO] [stdout] 578 |             k8s_schema_cache_dir: Some(test_util::cold_provider_cache_root("k8s")),
[INFO] [stdout]     |                                        ^^^^^^^^^ use of unresolved module or unlinked crate `test_util`
[INFO] [stdout]     |
[INFO] [stdout]     = help: if you wanted to use a crate named `test_util`, use `cargo add test_util` to add it to your `Cargo.toml`
[INFO] [stdout] 
[INFO] [stdout] 
[INFO] [stdout] error[E0433]: cannot find module or crate `test_util` in this scope
[INFO] [stdout]    --> tests/public_surface.rs:579:41
[INFO] [stdout]     |
[INFO] [stdout] 579 |             crd_catalog_cache_dir: Some(test_util::cold_provider_cache_root("crd")),
[INFO] [stdout]     |                                         ^^^^^^^^^ use of unresolved module or unlinked crate `test_util`
[INFO] [stdout]     |
[INFO] [stdout]     = help: if you wanted to use a crate named `test_util`, use `cargo add test_util` to add it to your `Cargo.toml`
[INFO] [stdout] 
[INFO] [stdout] 
[INFO] [stdout] error[E0433]: cannot find module or crate `test_util` in this scope
[INFO] [stdout]    --> tests/public_surface.rs:602:5
[INFO] [stdout]     |
[INFO] [stdout] 602 |     test_util::write(
[INFO] [stdout]     |     ^^^^^^^^^ use of unresolved module or unlinked crate `test_util`
[INFO] [stdout]     |
[INFO] [stdout]     = help: if you wanted to use a crate named `test_util`, use `cargo add test_util` to add it to your `Cargo.toml`
[INFO] [stdout] 
[INFO] [stdout] 
[INFO] [stdout] error[E0433]: cannot find module or crate `test_util` in this scope
[INFO] [stdout]    --> tests/public_surface.rs:610:5
[INFO] [stdout]     |
[INFO] [stdout] 610 |     test_util::write(
[INFO] [stdout]     |     ^^^^^^^^^ use of unresolved module or unlinked crate `test_util`
[INFO] [stdout]     |
[INFO] [stdout]     = help: if you wanted to use a crate named `test_util`, use `cargo add test_util` to add it to your `Cargo.toml`
[INFO] [stdout] 
[INFO] [stdout] 
[INFO] [stdout] error[E0433]: cannot find module or crate `test_util` in this scope
[INFO] [stdout]    --> tests/public_surface.rs:618:5
[INFO] [stdout]     |
[INFO] [stdout] 618 |     test_util::write(
[INFO] [stdout]     |     ^^^^^^^^^ use of unresolved module or unlinked crate `test_util`
[INFO] [stdout]     |
[INFO] [stdout]     = help: if you wanted to use a crate named `test_util`, use `cargo add test_util` to add it to your `Cargo.toml`
[INFO] [stdout] 
[INFO] [stdout] 
[INFO] [stdout] error[E0433]: cannot find module or crate `test_util` in this scope
[INFO] [stdout]    --> tests/public_surface.rs:631:5
[INFO] [stdout]     |
[INFO] [stdout] 631 |     test_util::write(
[INFO] [stdout]     |     ^^^^^^^^^ use of unresolved module or unlinked crate `test_util`
[INFO] [stdout]     |
[INFO] [stdout]     = help: if you wanted to use a crate named `test_util`, use `cargo add test_util` to add it to your `Cargo.toml`
[INFO] [stdout] 
[INFO] [stdout] 
[INFO] [stdout] error[E0433]: cannot find module or crate `test_util` in this scope
[INFO] [stdout]    --> tests/public_surface.rs:655:40
[INFO] [stdout]     |
[INFO] [stdout] 655 |             k8s_schema_cache_dir: Some(test_util::cold_provider_cache_root("k8s")),
[INFO] [stdout]     |                                        ^^^^^^^^^ use of unresolved module or unlinked crate `test_util`
[INFO] [stdout]     |
[INFO] [stdout]     = help: if you wanted to use a crate named `test_util`, use `cargo add test_util` to add it to your `Cargo.toml`
[INFO] [stdout] 
[INFO] [stdout] 
[INFO] [stdout] error[E0433]: cannot find module or crate `test_util` in this scope
[INFO] [stdout]    --> tests/public_surface.rs:656:41
[INFO] [stdout]     |
[INFO] [stdout] 656 |             crd_catalog_cache_dir: Some(test_util::cold_provider_cache_root("crd")),
[INFO] [stdout]     |                                         ^^^^^^^^^ use of unresolved module or unlinked crate `test_util`
[INFO] [stdout]     |
[INFO] [stdout]     = help: if you wanted to use a crate named `test_util`, use `cargo add test_util` to add it to your `Cargo.toml`
[INFO] [stdout] 
[INFO] [stdout] 
[INFO] [stdout] error[E0433]: cannot find module or crate `test_util` in this scope
[INFO] [stdout]    --> tests/public_surface.rs:748:5
[INFO] [stdout]     |
[INFO] [stdout] 748 |     test_util::write(
[INFO] [stdout]     |     ^^^^^^^^^ use of unresolved module or unlinked crate `test_util`
[INFO] [stdout]     |
[INFO] [stdout]     = help: if you wanted to use a crate named `test_util`, use `cargo add test_util` to add it to your `Cargo.toml`
[INFO] [stdout] 
[INFO] [stdout] 
[INFO] [stdout] error[E0433]: cannot find module or crate `test_util` in this scope
[INFO] [stdout]    --> tests/public_surface.rs:756:5
[INFO] [stdout]     |
[INFO] [stdout] 756 |     test_util::write(
[INFO] [stdout]     |     ^^^^^^^^^ use of unresolved module or unlinked crate `test_util`
[INFO] [stdout]     |
[INFO] [stdout]     = help: if you wanted to use a crate named `test_util`, use `cargo add test_util` to add it to your `Cargo.toml`
[INFO] [stdout] 
[INFO] [stdout] 
[INFO] [stdout] error[E0433]: cannot find module or crate `test_util` in this scope
[INFO] [stdout]    --> tests/public_surface.rs:763:5
[INFO] [stdout]     |
[INFO] [stdout] 763 |     test_util::write(
[INFO] [stdout]     |     ^^^^^^^^^ use of unresolved module or unlinked crate `test_util`
[INFO] [stdout]     |
[INFO] [stdout]     = help: if you wanted to use a crate named `test_util`, use `cargo add test_util` to add it to your `Cargo.toml`
[INFO] [stdout] 
[INFO] [stdout] 
[INFO] [stdout] error[E0433]: cannot find module or crate `test_util` in this scope
[INFO] [stdout]    --> tests/public_surface.rs:785:40
[INFO] [stdout]     |
[INFO] [stdout] 785 |             k8s_schema_cache_dir: Some(test_util::cold_provider_cache_root("k8s")),
[INFO] [stdout]     |                                        ^^^^^^^^^ use of unresolved module or unlinked crate `test_util`
[INFO] [stdout]     |
[INFO] [stdout]     = help: if you wanted to use a crate named `test_util`, use `cargo add test_util` to add it to your `Cargo.toml`
[INFO] [stdout] 
[INFO] [stdout] 
[INFO] [stdout] error[E0433]: cannot find module or crate `test_util` in this scope
[INFO] [stdout]    --> tests/public_surface.rs:786:41
[INFO] [stdout]     |
[INFO] [stdout] 786 |             crd_catalog_cache_dir: Some(test_util::cold_provider_cache_root("crd")),
[INFO] [stdout]     |                                         ^^^^^^^^^ use of unresolved module or unlinked crate `test_util`
[INFO] [stdout]     |
[INFO] [stdout]     = help: if you wanted to use a crate named `test_util`, use `cargo add test_util` to add it to your `Cargo.toml`
[INFO] [stdout] 
[INFO] [stdout] 
[INFO] [stdout] error[E0433]: cannot find module or crate `test_util` in this scope
[INFO] [stdout]    --> tests/public_surface.rs:824:5
[INFO] [stdout]     |
[INFO] [stdout] 824 |     test_util::write(
[INFO] [stdout]     |     ^^^^^^^^^ use of unresolved module or unlinked crate `test_util`
[INFO] [stdout]     |
[INFO] [stdout]     = help: if you wanted to use a crate named `test_util`, use `cargo add test_util` to add it to your `Cargo.toml`
[INFO] [stdout] 
[INFO] [stdout] 
[INFO] [stdout] error[E0433]: cannot find module or crate `test_util` in this scope
[INFO] [stdout]    --> tests/public_surface.rs:839:5
[INFO] [stdout]     |
[INFO] [stdout] 839 |     test_util::write(&chart_dir.join("values.yaml")?, "{}\n")?;
[INFO] [stdout]     |     ^^^^^^^^^ use of unresolved module or unlinked crate `test_util`
[INFO] [stdout]     |
[INFO] [stdout]     = help: if you wanted to use a crate named `test_util`, use `cargo add test_util` to add it to your `Cargo.toml`
[INFO] [stdout] 
[INFO] [stdout] 
[INFO] [stdout] error[E0433]: cannot find module or crate `test_util` in this scope
[INFO] [stdout]    --> tests/public_surface.rs:840:5
[INFO] [stdout]     |
[INFO] [stdout] 840 |     test_util::write(
[INFO] [stdout]     |     ^^^^^^^^^ use of unresolved module or unlinked crate `test_util`
[INFO] [stdout]     |
[INFO] [stdout]     = help: if you wanted to use a crate named `test_util`, use `cargo add test_util` to add it to your `Cargo.toml`
[INFO] [stdout] 
[INFO] [stdout] 
[INFO] [stdout] error[E0433]: cannot find module or crate `test_util` in this scope
[INFO] [stdout]    --> tests/public_surface.rs:848:5
[INFO] [stdout]     |
[INFO] [stdout] 848 |     test_util::write(
[INFO] [stdout]     |     ^^^^^^^^^ use of unresolved module or unlinked crate `test_util`
[INFO] [stdout]     |
[INFO] [stdout]     = help: if you wanted to use a crate named `test_util`, use `cargo add test_util` to add it to your `Cargo.toml`
[INFO] [stdout] 
[INFO] [stdout] 
[INFO] [stdout] error[E0433]: cannot find module or crate `test_util` in this scope
[INFO] [stdout]    --> tests/public_surface.rs:852:5
[INFO] [stdout]     |
[INFO] [stdout] 852 |     test_util::write(
[INFO] [stdout]     |     ^^^^^^^^^ use of unresolved module or unlinked crate `test_util`
[INFO] [stdout]     |
[INFO] [stdout]     = help: if you wanted to use a crate named `test_util`, use `cargo add test_util` to add it to your `Cargo.toml`
[INFO] [stdout] 
[INFO] [stdout] 
[INFO] [stdout] error[E0433]: cannot find module or crate `test_util` in this scope
[INFO] [stdout]    --> tests/public_surface.rs:874:40
[INFO] [stdout]     |
[INFO] [stdout] 874 |             k8s_schema_cache_dir: Some(test_util::cold_provider_cache_root("k8s")),
[INFO] [stdout]     |                                        ^^^^^^^^^ use of unresolved module or unlinked crate `test_util`
[INFO] [stdout]     |
[INFO] [stdout]     = help: if you wanted to use a crate named `test_util`, use `cargo add test_util` to add it to your `Cargo.toml`
[INFO] [stdout] 
[INFO] [stdout] 
[INFO] [stdout] error[E0433]: cannot find module or crate `test_util` in this scope
[INFO] [stdout]    --> tests/public_surface.rs:875:41
[INFO] [stdout]     |
[INFO] [stdout] 875 |             crd_catalog_cache_dir: Some(test_util::cold_provider_cache_root("crd")),
[INFO] [stdout]     |                                         ^^^^^^^^^ use of unresolved module or unlinked crate `test_util`
[INFO] [stdout]     |
[INFO] [stdout]     = help: if you wanted to use a crate named `test_util`, use `cargo add test_util` to add it to your `Cargo.toml`
[INFO] [stdout] 
[INFO] [stdout] 
[INFO] [stdout] error[E0433]: cannot find module or crate `test_util` in this scope
[INFO] [stdout]    --> tests/public_surface.rs:946:5
[INFO] [stdout]     |
[INFO] [stdout] 946 |     test_util::write(
[INFO] [stdout]     |     ^^^^^^^^^ use of unresolved module or unlinked crate `test_util`
[INFO] [stdout]     |
[INFO] [stdout]     = help: if you wanted to use a crate named `test_util`, use `cargo add test_util` to add it to your `Cargo.toml`
[INFO] [stdout] 
[INFO] [stdout] 
[INFO] [stdout] error[E0433]: cannot find module or crate `test_util` in this scope
[INFO] [stdout]    --> tests/public_surface.rs:954:5
[INFO] [stdout]     |
[INFO] [stdout] 954 |     test_util::write(
[INFO] [stdout]     |     ^^^^^^^^^ use of unresolved module or unlinked crate `test_util`
[INFO] [stdout]     |
[INFO] [stdout]     = help: if you wanted to use a crate named `test_util`, use `cargo add test_util` to add it to your `Cargo.toml`
[INFO] [stdout] 
[INFO] [stdout] 
[INFO] [stdout] error[E0433]: cannot find module or crate `test_util` in this scope
[INFO] [stdout]    --> tests/public_surface.rs:961:5
[INFO] [stdout]     |
[INFO] [stdout] 961 |     test_util::write(
[INFO] [stdout]     |     ^^^^^^^^^ use of unresolved module or unlinked crate `test_util`
[INFO] [stdout]     |
[INFO] [stdout]     = help: if you wanted to use a crate named `test_util`, use `cargo add test_util` to add it to your `Cargo.toml`
[INFO] [stdout] 
[INFO] [stdout] 
[INFO] [stdout] error[E0433]: cannot find module or crate `test_util` in this scope
[INFO] [stdout]    --> tests/public_surface.rs:973:5
[INFO] [stdout]     |
[INFO] [stdout] 973 |     test_util::write(
[INFO] [stdout]     |     ^^^^^^^^^ use of unresolved module or unlinked crate `test_util`
[INFO] [stdout]     |
[INFO] [stdout]     = help: if you wanted to use a crate named `test_util`, use `cargo add test_util` to add it to your `Cargo.toml`
[INFO] [stdout] 
[INFO] [stdout] 
[INFO] [stdout] error[E0433]: cannot find module or crate `test_util` in this scope
[INFO] [stdout]     --> tests/public_surface.rs:1023:5
[INFO] [stdout]      |
[INFO] [stdout] 1023 |     test_util::write(
[INFO] [stdout]      |     ^^^^^^^^^ use of unresolved module or unlinked crate `test_util`
[INFO] [stdout]      |
[INFO] [stdout]      = help: if you wanted to use a crate named `test_util`, use `cargo add test_util` to add it to your `Cargo.toml`
[INFO] [stdout] 
[INFO] [stdout] 
[INFO] [stdout] error[E0433]: cannot find module or crate `test_util` in this scope
[INFO] [stdout]     --> tests/public_surface.rs:1031:5
[INFO] [stdout]      |
[INFO] [stdout] 1031 |     test_util::write(&chart_dir.join("values.yaml")?, "message: hello\n")?;
[INFO] [stdout]      |     ^^^^^^^^^ use of unresolved module or unlinked crate `test_util`
[INFO] [stdout]      |
[INFO] [stdout]      = help: if you wanted to use a crate named `test_util`, use `cargo add test_util` to add it to your `Cargo.toml`
[INFO] [stdout] 
[INFO] [stdout] 
[INFO] [stdout] error[E0433]: cannot find module or crate `test_util` in this scope
[INFO] [stdout]     --> tests/public_surface.rs:1032:5
[INFO] [stdout]      |
[INFO] [stdout] 1032 |     test_util::write(
[INFO] [stdout]      |     ^^^^^^^^^ use of unresolved module or unlinked crate `test_util`
[INFO] [stdout]      |
[INFO] [stdout]      = help: if you wanted to use a crate named `test_util`, use `cargo add test_util` to add it to your `Cargo.toml`
[INFO] [stdout] 
[INFO] [stdout] 
[INFO] [stdout] error[E0433]: cannot find module or crate `test_util` in this scope
[INFO] [stdout]     --> tests/public_surface.rs:1040:5
[INFO] [stdout]      |
[INFO] [stdout] 1040 |     test_util::write(
[INFO] [stdout]      |     ^^^^^^^^^ use of unresolved module or unlinked crate `test_util`
[INFO] [stdout]      |
[INFO] [stdout]      = help: if you wanted to use a crate named `test_util`, use `cargo add test_util` to add it to your `Cargo.toml`
[INFO] [stdout] 
[INFO] [stdout] 
[INFO] [stdout] error[E0433]: cannot find module or crate `test_util` in this scope
[INFO] [stdout]     --> tests/public_surface.rs:1062:40
[INFO] [stdout]      |
[INFO] [stdout] 1062 |             k8s_schema_cache_dir: Some(test_util::cold_provider_cache_root("k8s")),
[INFO] [stdout]      |                                        ^^^^^^^^^ use of unresolved module or unlinked crate `test_util`
[INFO] [stdout]      |
[INFO] [stdout]      = help: if you wanted to use a crate named `test_util`, use `cargo add test_util` to add it to your `Cargo.toml`
[INFO] [stdout] 
[INFO] [stdout] 
[INFO] [stdout] error[E0433]: cannot find module or crate `test_util` in this scope
[INFO] [stdout]     --> tests/public_surface.rs:1063:41
[INFO] [stdout]      |
[INFO] [stdout] 1063 |             crd_catalog_cache_dir: Some(test_util::cold_provider_cache_root("crd")),
[INFO] [stdout]      |                                         ^^^^^^^^^ use of unresolved module or unlinked crate `test_util`
[INFO] [stdout]      |
[INFO] [stdout]      = help: if you wanted to use a crate named `test_util`, use `cargo add test_util` to add it to your `Cargo.toml`
[INFO] [stdout] 
[INFO] [stdout] 
[INFO] [stdout] error[E0433]: cannot find module or crate `test_util` in this scope
[INFO] [stdout]     --> tests/public_surface.rs:1090:5
[INFO] [stdout]      |
[INFO] [stdout] 1090 |     test_util::write(
[INFO] [stdout]      |     ^^^^^^^^^ use of unresolved module or unlinked crate `test_util`
[INFO] [stdout]      |
[INFO] [stdout]      = help: if you wanted to use a crate named `test_util`, use `cargo add test_util` to add it to your `Cargo.toml`
[INFO] [stdout] 
[INFO] [stdout] 
[INFO] [stdout] error[E0433]: cannot find module or crate `test_util` in this scope
[INFO] [stdout]     --> tests/public_surface.rs:1105:5
[INFO] [stdout]      |
[INFO] [stdout] 1105 |     test_util::write(&chart_dir.join("values.yaml")?, "{}\n")?;
[INFO] [stdout]      |     ^^^^^^^^^ use of unresolved module or unlinked crate `test_util`
[INFO] [stdout]      |
[INFO] [stdout]      = help: if you wanted to use a crate named `test_util`, use `cargo add test_util` to add it to your `Cargo.toml`
[INFO] [stdout] 
[INFO] [stdout] 
[INFO] [stdout] error[E0433]: cannot find module or crate `test_util` in this scope
[INFO] [stdout]     --> tests/public_surface.rs:1106:5
[INFO] [stdout]      |
[INFO] [stdout] 1106 |     test_util::write(
[INFO] [stdout]      |     ^^^^^^^^^ use of unresolved module or unlinked crate `test_util`
[INFO] [stdout]      |
[INFO] [stdout]      = help: if you wanted to use a crate named `test_util`, use `cargo add test_util` to add it to your `Cargo.toml`
[INFO] [stdout] 
[INFO] [stdout] 
[INFO] [stdout] error[E0433]: cannot find module or crate `test_util` in this scope
[INFO] [stdout]     --> tests/public_surface.rs:1114:5
[INFO] [stdout]      |
[INFO] [stdout] 1114 |     test_util::write(&chart_dir.join("charts/child/values.yaml")?, "{}\n")?;
[INFO] [stdout]      |     ^^^^^^^^^ use of unresolved module or unlinked crate `test_util`
[INFO] [stdout]      |
[INFO] [stdout]      = help: if you wanted to use a crate named `test_util`, use `cargo add test_util` to add it to your `Cargo.toml`
[INFO] [stdout] 
[INFO] [stdout] 
[INFO] [stdout] error[E0433]: cannot find module or crate `test_util` in this scope
[INFO] [stdout]     --> tests/public_surface.rs:1115:5
[INFO] [stdout]      |
[INFO] [stdout] 1115 |     test_util::write(
[INFO] [stdout]      |     ^^^^^^^^^ use of unresolved module or unlinked crate `test_util`
[INFO] [stdout]      |
[INFO] [stdout]      = help: if you wanted to use a crate named `test_util`, use `cargo add test_util` to add it to your `Cargo.toml`
[INFO] [stdout] 
[INFO] [stdout] 
[INFO] [stdout] error[E0433]: cannot find module or crate `test_util` in this scope
[INFO] [stdout]     --> tests/public_surface.rs:1135:40
[INFO] [stdout]      |
[INFO] [stdout] 1135 |             k8s_schema_cache_dir: Some(test_util::cold_provider_cache_root("k8s")),
[INFO] [stdout]      |                                        ^^^^^^^^^ use of unresolved module or unlinked crate `test_util`
[INFO] [stdout]      |
[INFO] [stdout]      = help: if you wanted to use a crate named `test_util`, use `cargo add test_util` to add it to your `Cargo.toml`
[INFO] [stdout] 
[INFO] [stdout] 
[INFO] [stdout] error[E0433]: cannot find module or crate `test_util` in this scope
[INFO] [stdout]     --> tests/public_surface.rs:1136:41
[INFO] [stdout]      |
[INFO] [stdout] 1136 |             crd_catalog_cache_dir: Some(test_util::cold_provider_cache_root("crd")),
[INFO] [stdout]      |                                         ^^^^^^^^^ use of unresolved module or unlinked crate `test_util`
[INFO] [stdout]      |
[INFO] [stdout]      = help: if you wanted to use a crate named `test_util`, use `cargo add test_util` to add it to your `Cargo.toml`
[INFO] [stdout] 
[INFO] [stdout] 
[INFO] [stdout] error[E0433]: cannot find module or crate `test_util` in this scope
[INFO] [stdout]     --> tests/public_surface.rs:1191:5
[INFO] [stdout]      |
[INFO] [stdout] 1191 |     test_util::write(
[INFO] [stdout]      |     ^^^^^^^^^ use of unresolved module or unlinked crate `test_util`
[INFO] [stdout]      |
[INFO] [stdout]      = help: if you wanted to use a crate named `test_util`, use `cargo add test_util` to add it to your `Cargo.toml`
[INFO] [stdout] 
[INFO] [stdout] 
[INFO] [stdout] error[E0433]: cannot find module or crate `test_util` in this scope
[INFO] [stdout]     --> tests/public_surface.rs:1199:5
[INFO] [stdout]      |
[INFO] [stdout] 1199 |     test_util::write(&chart_dir.join("values.yaml")?, "mode: unsafe\n")?;
[INFO] [stdout]      |     ^^^^^^^^^ use of unresolved module or unlinked crate `test_util`
[INFO] [stdout]      |
[INFO] [stdout]      = help: if you wanted to use a crate named `test_util`, use `cargo add test_util` to add it to your `Cargo.toml`
[INFO] [stdout] 
[INFO] [stdout] 
[INFO] [stdout] error[E0433]: cannot find module or crate `test_util` in this scope
[INFO] [stdout]     --> tests/public_surface.rs:1200:5
[INFO] [stdout]      |
[INFO] [stdout] 1200 |     test_util::write(
[INFO] [stdout]      |     ^^^^^^^^^ use of unresolved module or unlinked crate `test_util`
[INFO] [stdout]      |
[INFO] [stdout]      = help: if you wanted to use a crate named `test_util`, use `cargo add test_util` to add it to your `Cargo.toml`
[INFO] [stdout] 
[INFO] [stdout] 
[INFO] [stdout] error[E0433]: cannot find module or crate `test_util` in this scope
[INFO] [stdout]     --> tests/public_surface.rs:1213:5
[INFO] [stdout]      |
[INFO] [stdout] 1213 |     test_util::write(
[INFO] [stdout]      |     ^^^^^^^^^ use of unresolved module or unlinked crate `test_util`
[INFO] [stdout]      |
[INFO] [stdout]      = help: if you wanted to use a crate named `test_util`, use `cargo add test_util` to add it to your `Cargo.toml`
[INFO] [stdout] 
[INFO] [stdout] 
[INFO] [stdout] error[E0433]: cannot find module or crate `test_util` in this scope
[INFO] [stdout]     --> tests/public_surface.rs:1235:40
[INFO] [stdout]      |
[INFO] [stdout] 1235 |             k8s_schema_cache_dir: Some(test_util::cold_provider_cache_root("k8s")),
[INFO] [stdout]      |                                        ^^^^^^^^^ use of unresolved module or unlinked crate `test_util`
[INFO] [stdout]      |
[INFO] [stdout]      = help: if you wanted to use a crate named `test_util`, use `cargo add test_util` to add it to your `Cargo.toml`
[INFO] [stdout] 
[INFO] [stdout] 
[INFO] [stdout] error[E0433]: cannot find module or crate `test_util` in this scope
[INFO] [stdout]     --> tests/public_surface.rs:1236:41
[INFO] [stdout]      |
[INFO] [stdout] 1236 |             crd_catalog_cache_dir: Some(test_util::cold_provider_cache_root("crd")),
[INFO] [stdout]      |                                         ^^^^^^^^^ use of unresolved module or unlinked crate `test_util`
[INFO] [stdout]      |
[INFO] [stdout]      = help: if you wanted to use a crate named `test_util`, use `cargo add test_util` to add it to your `Cargo.toml`
[INFO] [stdout] 
[INFO] [stdout] 
[INFO] [stdout] For more information about this error, try `rustc --explain E0433`.
[INFO] [stdout] 
[INFO] [stderr] error: could not compile `helm-schema` (test "public_surface") due to 73 previous errors
[INFO] [stdout] warning: unused import: `serde_json::json`
[INFO] [stdout]  --> src/analysis/tests/local_crd_projection.rs:4:5
[INFO] [stdout]   |
[INFO] [stdout] 4 | use serde_json::json;
[INFO] [stdout]   |     ^^^^^^^^^^^^^^^^
[INFO] [stdout]   |
[INFO] [stdout]   = note: `#[warn(unused_imports)]` (part of `#[warn(unused)]`) on by default
[INFO] [stdout] 
[INFO] [stdout] 
[INFO] [stdout] warning: unused import: `serde_json::json`
[INFO] [stdout]  --> src/tests/flatten.rs:5:5
[INFO] [stdout]   |
[INFO] [stdout] 5 | use serde_json::json;
[INFO] [stdout]   |     ^^^^^^^^^^^^^^^^
[INFO] [stdout] 
[INFO] [stdout] 
[INFO] [stdout] warning: unused import: `serde_json::Value`
[INFO] [stdout]  --> src/output_pipeline/tests/descriptions.rs:1:5
[INFO] [stdout]   |
[INFO] [stdout] 1 | use serde_json::Value;
[INFO] [stdout]   |     ^^^^^^^^^^^^^^^^^
[INFO] [stdout] 
[INFO] [stdout] 
[INFO] [stdout] warning: unused import: `super::ReferencePolicy`
[INFO] [stdout]  --> src/output_pipeline/tests/options.rs:1:5
[INFO] [stdout]   |
[INFO] [stdout] 1 | use super::ReferencePolicy;
[INFO] [stdout]   |     ^^^^^^^^^^^^^^^^^^^^^^
[INFO] [stdout] 
[INFO] [stdout] 
[INFO] [stdout] warning: unused import: `serde_json::Value`
[INFO] [stdout]  --> src/output_pipeline/tests/transforms.rs:2:5
[INFO] [stdout]   |
[INFO] [stdout] 2 | use serde_json::Value;
[INFO] [stdout]   |     ^^^^^^^^^^^^^^^^^
[INFO] [stdout] 
[INFO] [stdout] 
[INFO] [stdout] warning: unused import: `ValueKind`
[INFO] [stdout]  --> src/tests/analysis.rs:4:42
[INFO] [stdout]   |
[INFO] [stdout] 4 | use helm_schema_ir::{Guard, ResourceRef, ValueKind, YamlPath};
[INFO] [stdout]   |                                          ^^^^^^^^^
[INFO] [stdout] 
[INFO] [stdout] 
[INFO] [stdout] warning: unused import: `Diagnostic`
[INFO] [stdout]  --> src/tests/analysis.rs:5:52
[INFO] [stdout]   |
[INFO] [stdout] 5 | use helm_schema_k8s::{ChartLocalCrdSchemaProvider, Diagnostic, DiagnosticSink, K8sSchemaProvider};
[INFO] [stdout]   |                                                    ^^^^^^^^^^
[INFO] [stdout] 
[INFO] [stdout] 
[INFO] [stdout] error[E0433]: cannot find module or crate `test_util` in this scope
[INFO] [stdout]   --> src/chart/tests/file_roles.rs:25:5
[INFO] [stdout]    |
[INFO] [stdout] 25 |     test_util::write(
[INFO] [stdout]    |     ^^^^^^^^^ use of unresolved module or unlinked crate `test_util`
[INFO] [stdout]    |
[INFO] [stdout]    = help: if you wanted to use a crate named `test_util`, use `cargo add test_util` to add it to your `Cargo.toml`
[INFO] [stdout] 
[INFO] [stdout] 
[INFO] [stdout] error[E0433]: cannot find module or crate `test_util` in this scope
[INFO] [stdout]   --> src/chart/tests/file_roles.rs:29:5
[INFO] [stdout]    |
[INFO] [stdout] 29 |     test_util::write(
[INFO] [stdout]    |     ^^^^^^^^^ use of unresolved module or unlinked crate `test_util`
[INFO] [stdout]    |
[INFO] [stdout]    = help: if you wanted to use a crate named `test_util`, use `cargo add test_util` to add it to your `Cargo.toml`
[INFO] [stdout] 
[INFO] [stdout] 
[INFO] [stdout] error[E0433]: cannot find module or crate `test_util` in this scope
[INFO] [stdout]   --> src/chart/tests/file_roles.rs:33:5
[INFO] [stdout]    |
[INFO] [stdout] 33 |     test_util::write(
[INFO] [stdout]    |     ^^^^^^^^^ use of unresolved module or unlinked crate `test_util`
[INFO] [stdout]    |
[INFO] [stdout]    = help: if you wanted to use a crate named `test_util`, use `cargo add test_util` to add it to your `Cargo.toml`
[INFO] [stdout] 
[INFO] [stdout] 
[INFO] [stdout] error[E0433]: cannot find module or crate `test_util` in this scope
[INFO] [stdout]   --> src/chart/tests/file_roles.rs:37:5
[INFO] [stdout]    |
[INFO] [stdout] 37 |     test_util::write(
[INFO] [stdout]    |     ^^^^^^^^^ use of unresolved module or unlinked crate `test_util`
[INFO] [stdout]    |
[INFO] [stdout]    = help: if you wanted to use a crate named `test_util`, use `cargo add test_util` to add it to your `Cargo.toml`
[INFO] [stdout] 
[INFO] [stdout] 
[INFO] [stdout] error[E0433]: cannot find module or crate `test_util` in this scope
[INFO] [stdout]   --> src/chart/tests/file_roles.rs:41:5
[INFO] [stdout]    |
[INFO] [stdout] 41 |     test_util::write(&chart_dir.join("files/config.yaml")?, "answer: 42\n")?;
[INFO] [stdout]    |     ^^^^^^^^^ use of unresolved module or unlinked crate `test_util`
[INFO] [stdout]    |
[INFO] [stdout]    = help: if you wanted to use a crate named `test_util`, use `cargo add test_util` to add it to your `Cargo.toml`
[INFO] [stdout] 
[INFO] [stdout] 
[INFO] [stdout] error[E0433]: cannot find module or crate `test_util` in this scope
[INFO] [stdout]   --> src/chart/tests/file_roles.rs:42:5
[INFO] [stdout]    |
[INFO] [stdout] 42 |     test_util::write(
[INFO] [stdout]    |     ^^^^^^^^^ use of unresolved module or unlinked crate `test_util`
[INFO] [stdout]    |
[INFO] [stdout]    = help: if you wanted to use a crate named `test_util`, use `cargo add test_util` to add it to your `Cargo.toml`
[INFO] [stdout] 
[INFO] [stdout] 
[INFO] [stdout] error[E0433]: cannot find module or crate `test_util` in this scope
[INFO] [stdout]   --> src/chart/tests/file_roles.rs:46:5
[INFO] [stdout]    |
[INFO] [stdout] 46 |     test_util::write(
[INFO] [stdout]    |     ^^^^^^^^^ use of unresolved module or unlinked crate `test_util`
[INFO] [stdout]    |
[INFO] [stdout]    = help: if you wanted to use a crate named `test_util`, use `cargo add test_util` to add it to your `Cargo.toml`
[INFO] [stdout] 
[INFO] [stdout] 
[INFO] [stdout] error[E0433]: cannot find module or crate `test_util` in this scope
[INFO] [stdout]   --> src/chart/tests/file_roles.rs:50:5
[INFO] [stdout]    |
[INFO] [stdout] 50 |     test_util::write(&chart_dir.join("charts/child/config/child.json")?, "{}\n")?;
[INFO] [stdout]    |     ^^^^^^^^^ use of unresolved module or unlinked crate `test_util`
[INFO] [stdout]    |
[INFO] [stdout]    = help: if you wanted to use a crate named `test_util`, use `cargo add test_util` to add it to your `Cargo.toml`
[INFO] [stdout] 
[INFO] [stdout] 
[INFO] [stdout] error[E0433]: cannot find module or crate `test_util` in this scope
[INFO] [stdout]   --> src/chart/tests/values.rs:26:5
[INFO] [stdout]    |
[INFO] [stdout] 26 |     test_util::write(
[INFO] [stdout]    |     ^^^^^^^^^ use of unresolved module or unlinked crate `test_util`
[INFO] [stdout]    |
[INFO] [stdout]    = help: if you wanted to use a crate named `test_util`, use `cargo add test_util` to add it to your `Cargo.toml`
[INFO] [stdout] 
[INFO] [stdout] 
[INFO] [stdout] error[E0433]: cannot find module or crate `test_util` in this scope
[INFO] [stdout]   --> src/chart/tests/values.rs:34:5
[INFO] [stdout]    |
[INFO] [stdout] 34 |     test_util::write(
[INFO] [stdout]    |     ^^^^^^^^^ use of unresolved module or unlinked crate `test_util`
[INFO] [stdout]    |
[INFO] [stdout]    = help: if you wanted to use a crate named `test_util`, use `cargo add test_util` to add it to your `Cargo.toml`
[INFO] [stdout] 
[INFO] [stdout] 
[INFO] [stdout] error[E0433]: cannot find module or crate `test_util` in this scope
[INFO] [stdout]   --> src/chart/tests/values.rs:41:5
[INFO] [stdout]    |
[INFO] [stdout] 41 |     test_util::write(
[INFO] [stdout]    |     ^^^^^^^^^ use of unresolved module or unlinked crate `test_util`
[INFO] [stdout]    |
[INFO] [stdout]    = help: if you wanted to use a crate named `test_util`, use `cargo add test_util` to add it to your `Cargo.toml`
[INFO] [stdout] 
[INFO] [stdout] 
[INFO] [stdout] error[E0433]: cannot find module or crate `test_util` in this scope
[INFO] [stdout]   --> src/chart/tests/values.rs:49:5
[INFO] [stdout]    |
[INFO] [stdout] 49 |     test_util::write(
[INFO] [stdout]    |     ^^^^^^^^^ use of unresolved module or unlinked crate `test_util`
[INFO] [stdout]    |
[INFO] [stdout]    = help: if you wanted to use a crate named `test_util`, use `cargo add test_util` to add it to your `Cargo.toml`
[INFO] [stdout] 
[INFO] [stdout] 
[INFO] [stdout] error[E0433]: cannot find module or crate `test_util` in this scope
[INFO] [stdout]   --> src/chart/tests/values.rs:76:5
[INFO] [stdout]    |
[INFO] [stdout] 76 |     test_util::write(
[INFO] [stdout]    |     ^^^^^^^^^ use of unresolved module or unlinked crate `test_util`
[INFO] [stdout]    |
[INFO] [stdout]    = help: if you wanted to use a crate named `test_util`, use `cargo add test_util` to add it to your `Cargo.toml`
[INFO] [stdout] 
[INFO] [stdout] 
[INFO] [stdout] error[E0433]: cannot find module or crate `test_util` in this scope
[INFO] [stdout]   --> src/chart/tests/values.rs:84:5
[INFO] [stdout]    |
[INFO] [stdout] 84 |     test_util::write(&chart_dir.join("values.yaml")?, "{}\n")?;
[INFO] [stdout]    |     ^^^^^^^^^ use of unresolved module or unlinked crate `test_util`
[INFO] [stdout]    |
[INFO] [stdout]    = help: if you wanted to use a crate named `test_util`, use `cargo add test_util` to add it to your `Cargo.toml`
[INFO] [stdout] 
[INFO] [stdout] 
[INFO] [stdout] error[E0433]: cannot find module or crate `test_util` in this scope
[INFO] [stdout]   --> src/chart/tests/values.rs:85:5
[INFO] [stdout]    |
[INFO] [stdout] 85 |     test_util::write(
[INFO] [stdout]    |     ^^^^^^^^^ use of unresolved module or unlinked crate `test_util`
[INFO] [stdout]    |
[INFO] [stdout]    = help: if you wanted to use a crate named `test_util`, use `cargo add test_util` to add it to your `Cargo.toml`
[INFO] [stdout] 
[INFO] [stdout] 
[INFO] [stdout] error[E0433]: cannot find module or crate `test_util` in this scope
[INFO] [stdout]   --> src/chart/tests/values.rs:93:5
[INFO] [stdout]    |
[INFO] [stdout] 93 |     test_util::write(
[INFO] [stdout]    |     ^^^^^^^^^ use of unresolved module or unlinked crate `test_util`
[INFO] [stdout]    |
[INFO] [stdout]    = help: if you wanted to use a crate named `test_util`, use `cargo add test_util` to add it to your `Cargo.toml`
[INFO] [stdout] 
[INFO] [stdout] 
[INFO] [stdout] error[E0433]: cannot find module or crate `test_util` in this scope
[INFO] [stdout]    --> src/chart/tests/values.rs:118:5
[INFO] [stdout]     |
[INFO] [stdout] 118 |     test_util::write(
[INFO] [stdout]     |     ^^^^^^^^^ use of unresolved module or unlinked crate `test_util`
[INFO] [stdout]     |
[INFO] [stdout]     = help: if you wanted to use a crate named `test_util`, use `cargo add test_util` to add it to your `Cargo.toml`
[INFO] [stdout] 
[INFO] [stdout] 
[INFO] [stdout] error[E0433]: cannot find module or crate `test_util` in this scope
[INFO] [stdout]    --> src/chart/tests/values.rs:126:5
[INFO] [stdout]     |
[INFO] [stdout] 126 |     test_util::write(&chart_dir.join("values.yaml")?, "global: disabled\n")?;
[INFO] [stdout]     |     ^^^^^^^^^ use of unresolved module or unlinked crate `test_util`
[INFO] [stdout]     |
[INFO] [stdout]     = help: if you wanted to use a crate named `test_util`, use `cargo add test_util` to add it to your `Cargo.toml`
[INFO] [stdout] 
[INFO] [stdout] 
[INFO] [stdout] error[E0433]: cannot find module or crate `test_util` in this scope
[INFO] [stdout]    --> src/chart/tests/values.rs:127:5
[INFO] [stdout]     |
[INFO] [stdout] 127 |     test_util::write(
[INFO] [stdout]     |     ^^^^^^^^^ use of unresolved module or unlinked crate `test_util`
[INFO] [stdout]     |
[INFO] [stdout]     = help: if you wanted to use a crate named `test_util`, use `cargo add test_util` to add it to your `Cargo.toml`
[INFO] [stdout] 
[INFO] [stdout] 
[INFO] [stdout] error[E0433]: cannot find module or crate `test_util` in this scope
[INFO] [stdout]    --> src/chart/tests/values.rs:135:5
[INFO] [stdout]     |
[INFO] [stdout] 135 |     test_util::write(
[INFO] [stdout]     |     ^^^^^^^^^ use of unresolved module or unlinked crate `test_util`
[INFO] [stdout]     |
[INFO] [stdout]     = help: if you wanted to use a crate named `test_util`, use `cargo add test_util` to add it to your `Cargo.toml`
[INFO] [stdout] 
[INFO] [stdout] 
[INFO] [stdout] error[E0433]: cannot find module or crate `test_util` in this scope
[INFO] [stdout]    --> src/chart/tests/values.rs:160:5
[INFO] [stdout]     |
[INFO] [stdout] 160 |     test_util::write(
[INFO] [stdout]     |     ^^^^^^^^^ use of unresolved module or unlinked crate `test_util`
[INFO] [stdout]     |
[INFO] [stdout]     = help: if you wanted to use a crate named `test_util`, use `cargo add test_util` to add it to your `Cargo.toml`
[INFO] [stdout] 
[INFO] [stdout] 
[INFO] [stdout] error[E0433]: cannot find module or crate `test_util` in this scope
[INFO] [stdout]    --> src/chart/tests/values.rs:168:5
[INFO] [stdout]     |
[INFO] [stdout] 168 |     test_util::write(
[INFO] [stdout]     |     ^^^^^^^^^ use of unresolved module or unlinked crate `test_util`
[INFO] [stdout]     |
[INFO] [stdout]     = help: if you wanted to use a crate named `test_util`, use `cargo add test_util` to add it to your `Cargo.toml`
[INFO] [stdout] 
[INFO] [stdout] 
[INFO] [stdout] error[E0433]: cannot find module or crate `test_util` in this scope
[INFO] [stdout]    --> src/chart/tests/values.rs:177:5
[INFO] [stdout]     |
[INFO] [stdout] 177 |     test_util::write(
[INFO] [stdout]     |     ^^^^^^^^^ use of unresolved module or unlinked crate `test_util`
[INFO] [stdout]     |
[INFO] [stdout]     = help: if you wanted to use a crate named `test_util`, use `cargo add test_util` to add it to your `Cargo.toml`
[INFO] [stdout] 
[INFO] [stdout] 
[INFO] [stdout] error[E0433]: cannot find module or crate `test_util` in this scope
[INFO] [stdout]    --> src/chart/tests/values.rs:185:5
[INFO] [stdout]     |
[INFO] [stdout] 185 |     test_util::write(
[INFO] [stdout]     |     ^^^^^^^^^ use of unresolved module or unlinked crate `test_util`
[INFO] [stdout]     |
[INFO] [stdout]     = help: if you wanted to use a crate named `test_util`, use `cargo add test_util` to add it to your `Cargo.toml`
[INFO] [stdout] 
[INFO] [stdout] 
[INFO] [stdout] error[E0433]: cannot find module or crate `test_util` in this scope
[INFO] [stdout]    --> src/chart/tests/values.rs:206:5
[INFO] [stdout]     |
[INFO] [stdout] 206 |     test_util::write(
[INFO] [stdout]     |     ^^^^^^^^^ use of unresolved module or unlinked crate `test_util`
[INFO] [stdout]     |
[INFO] [stdout]     = help: if you wanted to use a crate named `test_util`, use `cargo add test_util` to add it to your `Cargo.toml`
[INFO] [stdout] 
[INFO] [stdout] 
[INFO] [stdout] error[E0433]: cannot find module or crate `test_util` in this scope
[INFO] [stdout]    --> src/chart/tests/values.rs:214:5
[INFO] [stdout]     |
[INFO] [stdout] 214 |     test_util::write(
[INFO] [stdout]     |     ^^^^^^^^^ use of unresolved module or unlinked crate `test_util`
[INFO] [stdout]     |
[INFO] [stdout]     = help: if you wanted to use a crate named `test_util`, use `cargo add test_util` to add it to your `Cargo.toml`
[INFO] [stdout] 
[INFO] [stdout] 
[INFO] [stdout] error[E0433]: cannot find module or crate `test_util` in this scope
[INFO] [stdout]    --> src/chart/tests/values.rs:221:5
[INFO] [stdout]     |
[INFO] [stdout] 221 |     test_util::write(
[INFO] [stdout]     |     ^^^^^^^^^ use of unresolved module or unlinked crate `test_util`
[INFO] [stdout]     |
[INFO] [stdout]     = help: if you wanted to use a crate named `test_util`, use `cargo add test_util` to add it to your `Cargo.toml`
[INFO] [stdout] 
[INFO] [stdout] 
[INFO] [stdout] error[E0433]: cannot find module or crate `test_util` in this scope
[INFO] [stdout]    --> src/chart/tests/values.rs:229:5
[INFO] [stdout]     |
[INFO] [stdout] 229 |     test_util::write(
[INFO] [stdout]     |     ^^^^^^^^^ use of unresolved module or unlinked crate `test_util`
[INFO] [stdout]     |
[INFO] [stdout]     = help: if you wanted to use a crate named `test_util`, use `cargo add test_util` to add it to your `Cargo.toml`
[INFO] [stdout] 
[INFO] [stdout] 
[INFO] [stdout] error[E0433]: cannot find module or crate `test_util` in this scope
[INFO] [stdout]    --> src/chart/tests/values.rs:239:5
[INFO] [stdout]     |
[INFO] [stdout] 239 |     test_util::write(
[INFO] [stdout]     |     ^^^^^^^^^ use of unresolved module or unlinked crate `test_util`
[INFO] [stdout]     |
[INFO] [stdout]     = help: if you wanted to use a crate named `test_util`, use `cargo add test_util` to add it to your `Cargo.toml`
[INFO] [stdout] 
[INFO] [stdout] 
[INFO] [stdout] error[E0433]: cannot find module or crate `test_util` in this scope
[INFO] [stdout]    --> src/chart/tests/values.rs:247:5
[INFO] [stdout]     |
[INFO] [stdout] 247 |     test_util::write(
[INFO] [stdout]     |     ^^^^^^^^^ use of unresolved module or unlinked crate `test_util`
[INFO] [stdout]     |
[INFO] [stdout]     = help: if you wanted to use a crate named `test_util`, use `cargo add test_util` to add it to your `Cargo.toml`
[INFO] [stdout] 
[INFO] [stdout] 
[INFO] [stdout] error[E0433]: cannot find module or crate `test_util` in this scope
[INFO] [stdout]   --> src/tests/analysis.rs:69:21
[INFO] [stdout]    |
[INFO] [stdout] 69 |     let chart_dir = test_util::workspace_testdata()
[INFO] [stdout]    |                     ^^^^^^^^^ use of unresolved module or unlinked crate `test_util`
[INFO] [stdout]    |
[INFO] [stdout]    = help: if you wanted to use a crate named `test_util`, use `cargo add test_util` to add it to your `Cargo.toml`
[INFO] [stdout] 
[INFO] [stdout] 
[INFO] [stdout] error[E0433]: cannot find module or crate `test_util` in this scope
[INFO] [stdout]    --> src/tests/analysis.rs:123:21
[INFO] [stdout]     |
[INFO] [stdout] 123 |     let chart_dir = test_util::workspace_testdata().join("charts").join("loki");
[INFO] [stdout]     |                     ^^^^^^^^^ use of unresolved module or unlinked crate `test_util`
[INFO] [stdout]     |
[INFO] [stdout]     = help: if you wanted to use a crate named `test_util`, use `cargo add test_util` to add it to your `Cargo.toml`
[INFO] [stdout] 
[INFO] [stdout] 
[INFO] [stdout] error[E0433]: cannot find module or crate `test_util` in this scope
[INFO] [stdout]    --> src/tests/analysis.rs:156:5
[INFO] [stdout]     |
[INFO] [stdout] 156 |     test_util::write(
[INFO] [stdout]     |     ^^^^^^^^^ use of unresolved module or unlinked crate `test_util`
[INFO] [stdout]     |
[INFO] [stdout]     = help: if you wanted to use a crate named `test_util`, use `cargo add test_util` to add it to your `Cargo.toml`
[INFO] [stdout] 
[INFO] [stdout] 
[INFO] [stdout] error[E0433]: cannot find module or crate `test_util` in this scope
[INFO] [stdout]    --> src/tests/analysis.rs:168:5
[INFO] [stdout]     |
[INFO] [stdout] 168 |     test_util::write(&chart_dir.join("values.yaml")?, "{}\n")?;
[INFO] [stdout]     |     ^^^^^^^^^ use of unresolved module or unlinked crate `test_util`
[INFO] [stdout]     |
[INFO] [stdout]     = help: if you wanted to use a crate named `test_util`, use `cargo add test_util` to add it to your `Cargo.toml`
[INFO] [stdout] 
[INFO] [stdout] 
[INFO] [stdout] error[E0433]: cannot find module or crate `test_util` in this scope
[INFO] [stdout]    --> src/tests/analysis.rs:169:5
[INFO] [stdout]     |
[INFO] [stdout] 169 |     test_util::write(
[INFO] [stdout]     |     ^^^^^^^^^ use of unresolved module or unlinked crate `test_util`
[INFO] [stdout]     |
[INFO] [stdout]     = help: if you wanted to use a crate named `test_util`, use `cargo add test_util` to add it to your `Cargo.toml`
[INFO] [stdout] 
[INFO] [stdout] 
[INFO] [stdout] error[E0433]: cannot find module or crate `test_util` in this scope
[INFO] [stdout]    --> src/tests/analysis.rs:177:5
[INFO] [stdout]     |
[INFO] [stdout] 177 |     test_util::write(
[INFO] [stdout]     |     ^^^^^^^^^ use of unresolved module or unlinked crate `test_util`
[INFO] [stdout]     |
[INFO] [stdout]     = help: if you wanted to use a crate named `test_util`, use `cargo add test_util` to add it to your `Cargo.toml`
[INFO] [stdout] 
[INFO] [stdout] 
[INFO] [stdout] error[E0433]: cannot find module or crate `test_util` in this scope
[INFO] [stdout]    --> src/tests/analysis.rs:185:5
[INFO] [stdout]     |
[INFO] [stdout] 185 |     test_util::write(
[INFO] [stdout]     |     ^^^^^^^^^ use of unresolved module or unlinked crate `test_util`
[INFO] [stdout]     |
[INFO] [stdout]     = help: if you wanted to use a crate named `test_util`, use `cargo add test_util` to add it to your `Cargo.toml`
[INFO] [stdout] 
[INFO] [stdout] 
[INFO] [stdout] error[E0433]: cannot find module or crate `test_util` in this scope
[INFO] [stdout]    --> src/tests/analysis.rs:193:5
[INFO] [stdout]     |
[INFO] [stdout] 193 |     test_util::write(
[INFO] [stdout]     |     ^^^^^^^^^ use of unresolved module or unlinked crate `test_util`
[INFO] [stdout]     |
[INFO] [stdout]     = help: if you wanted to use a crate named `test_util`, use `cargo add test_util` to add it to your `Cargo.toml`
[INFO] [stdout] 
[INFO] [stdout] 
[INFO] [stdout] error[E0433]: cannot find module or crate `test_util` in this scope
[INFO] [stdout]    --> src/tests/analysis.rs:230:21
[INFO] [stdout]     |
[INFO] [stdout] 230 |     let chart_dir = test_util::workspace_testdata()
[INFO] [stdout]     |                     ^^^^^^^^^ use of unresolved module or unlinked crate `test_util`
[INFO] [stdout]     |
[INFO] [stdout]     = help: if you wanted to use a crate named `test_util`, use `cargo add test_util` to add it to your `Cargo.toml`
[INFO] [stdout] 
[INFO] [stdout] 
[INFO] [stdout] error[E0433]: cannot find module or crate `test_util` in this scope
[INFO] [stdout]    --> src/tests/analysis.rs:293:21
[INFO] [stdout]     |
[INFO] [stdout] 293 |     let chart_dir = test_util::workspace_testdata()
[INFO] [stdout]     |                     ^^^^^^^^^ use of unresolved module or unlinked crate `test_util`
[INFO] [stdout]     |
[INFO] [stdout]     = help: if you wanted to use a crate named `test_util`, use `cargo add test_util` to add it to your `Cargo.toml`
[INFO] [stdout] 
[INFO] [stdout] 
[INFO] [stdout] error[E0433]: cannot find module or crate `test_util` in this scope
[INFO] [stdout]    --> src/tests/analysis.rs:349:25
[INFO] [stdout]     |
[INFO] [stdout] 349 |         let chart_dir = test_util::workspace_testdata()
[INFO] [stdout]     |                         ^^^^^^^^^ use of unresolved module or unlinked crate `test_util`
[INFO] [stdout]     |
[INFO] [stdout]     = help: if you wanted to use a crate named `test_util`, use `cargo add test_util` to add it to your `Cargo.toml`
[INFO] [stdout] 
[INFO] [stdout] 
[INFO] [stdout] error[E0433]: cannot find module or crate `test_util` in this scope
[INFO] [stdout]    --> src/tests/analysis.rs:403:21
[INFO] [stdout]     |
[INFO] [stdout] 403 |     let chart_dir = test_util::workspace_testdata()
[INFO] [stdout]     |                     ^^^^^^^^^ use of unresolved module or unlinked crate `test_util`
[INFO] [stdout]     |
[INFO] [stdout]     = help: if you wanted to use a crate named `test_util`, use `cargo add test_util` to add it to your `Cargo.toml`
[INFO] [stdout] 
[INFO] [stdout] 
[INFO] [stdout] error[E0433]: cannot find module or crate `test_util` in this scope
[INFO] [stdout]    --> src/tests/analysis.rs:452:21
[INFO] [stdout]     |
[INFO] [stdout] 452 |     let chart_dir = test_util::workspace_testdata()
[INFO] [stdout]     |                     ^^^^^^^^^ use of unresolved module or unlinked crate `test_util`
[INFO] [stdout]     |
[INFO] [stdout]     = help: if you wanted to use a crate named `test_util`, use `cargo add test_util` to add it to your `Cargo.toml`
[INFO] [stdout] 
[INFO] [stdout] 
[INFO] [stdout] error[E0433]: cannot find module or crate `test_util` in this scope
[INFO] [stdout]    --> src/tests/analysis.rs:484:21
[INFO] [stdout]     |
[INFO] [stdout] 484 |     let chart_dir = test_util::workspace_testdata()
[INFO] [stdout]     |                     ^^^^^^^^^ use of unresolved module or unlinked crate `test_util`
[INFO] [stdout]     |
[INFO] [stdout]     = help: if you wanted to use a crate named `test_util`, use `cargo add test_util` to add it to your `Cargo.toml`
[INFO] [stdout] 
[INFO] [stdout] 
[INFO] [stdout] error[E0433]: cannot find module or crate `test_util` in this scope
[INFO] [stdout]    --> src/tests/analysis.rs:523:21
[INFO] [stdout]     |
[INFO] [stdout] 523 |     let chart_dir = test_util::workspace_testdata()
[INFO] [stdout]     |                     ^^^^^^^^^ use of unresolved module or unlinked crate `test_util`
[INFO] [stdout]     |
[INFO] [stdout]     = help: if you wanted to use a crate named `test_util`, use `cargo add test_util` to add it to your `Cargo.toml`
[INFO] [stdout] 
[INFO] [stdout] 
[INFO] [stdout] error[E0433]: cannot find module or crate `test_util` in this scope
[INFO] [stdout]    --> src/tests/analysis.rs:634:21
[INFO] [stdout]     |
[INFO] [stdout] 634 |     let chart_dir = test_util::workspace_testdata()
[INFO] [stdout]     |                     ^^^^^^^^^ use of unresolved module or unlinked crate `test_util`
[INFO] [stdout]     |
[INFO] [stdout]     = help: if you wanted to use a crate named `test_util`, use `cargo add test_util` to add it to your `Cargo.toml`
[INFO] [stdout] 
[INFO] [stdout] 
[INFO] [stdout] error[E0433]: cannot find module or crate `test_util` in this scope
[INFO] [stdout]    --> src/tests/analysis.rs:731:21
[INFO] [stdout]     |
[INFO] [stdout] 731 |     let chart_dir = test_util::workspace_testdata()
[INFO] [stdout]     |                     ^^^^^^^^^ use of unresolved module or unlinked crate `test_util`
[INFO] [stdout]     |
[INFO] [stdout]     = help: if you wanted to use a crate named `test_util`, use `cargo add test_util` to add it to your `Cargo.toml`
[INFO] [stdout] 
[INFO] [stdout] 
[INFO] [stdout] error[E0433]: cannot find module or crate `test_util` in this scope
[INFO] [stdout]    --> src/tests/analysis.rs:765:21
[INFO] [stdout]     |
[INFO] [stdout] 765 |     let chart_dir = test_util::workspace_testdata()
[INFO] [stdout]     |                     ^^^^^^^^^ use of unresolved module or unlinked crate `test_util`
[INFO] [stdout]     |
[INFO] [stdout]     = help: if you wanted to use a crate named `test_util`, use `cargo add test_util` to add it to your `Cargo.toml`
[INFO] [stdout] 
[INFO] [stdout] 
[INFO] [stdout] error[E0433]: cannot find module or crate `test_util` in this scope
[INFO] [stdout]    --> src/tests/analysis.rs:796:21
[INFO] [stdout]     |
[INFO] [stdout] 796 |     let chart_dir = test_util::workspace_testdata()
[INFO] [stdout]     |                     ^^^^^^^^^ use of unresolved module or unlinked crate `test_util`
[INFO] [stdout]     |
[INFO] [stdout]     = help: if you wanted to use a crate named `test_util`, use `cargo add test_util` to add it to your `Cargo.toml`
[INFO] [stdout] 
[INFO] [stdout] 
[INFO] [stdout] error[E0433]: cannot find module or crate `test_util` in this scope
[INFO] [stdout]    --> src/tests/analysis.rs:868:21
[INFO] [stdout]     |
[INFO] [stdout] 868 |     let chart_dir = test_util::workspace_testdata()
[INFO] [stdout]     |                     ^^^^^^^^^ use of unresolved module or unlinked crate `test_util`
[INFO] [stdout]     |
[INFO] [stdout]     = help: if you wanted to use a crate named `test_util`, use `cargo add test_util` to add it to your `Cargo.toml`
[INFO] [stdout] 
[INFO] [stdout] 
[INFO] [stdout] error[E0433]: cannot find module or crate `test_util` in this scope
[INFO] [stdout]    --> src/tests/analysis.rs:923:21
[INFO] [stdout]     |
[INFO] [stdout] 923 |     let chart_dir = test_util::workspace_testdata()
[INFO] [stdout]     |                     ^^^^^^^^^ use of unresolved module or unlinked crate `test_util`
[INFO] [stdout]     |
[INFO] [stdout]     = help: if you wanted to use a crate named `test_util`, use `cargo add test_util` to add it to your `Cargo.toml`
[INFO] [stdout] 
[INFO] [stdout] 
[INFO] [stdout] error[E0433]: cannot find module or crate `test_util` in this scope
[INFO] [stdout]    --> src/tests/analysis.rs:969:5
[INFO] [stdout]     |
[INFO] [stdout] 969 |     test_util::write(
[INFO] [stdout]     |     ^^^^^^^^^ use of unresolved module or unlinked crate `test_util`
[INFO] [stdout]     |
[INFO] [stdout]     = help: if you wanted to use a crate named `test_util`, use `cargo add test_util` to add it to your `Cargo.toml`
[INFO] [stdout] 
[INFO] [stdout] 
[INFO] [stdout] error[E0433]: cannot find module or crate `test_util` in this scope
[INFO] [stdout]    --> src/tests/analysis.rs:984:5
[INFO] [stdout]     |
[INFO] [stdout] 984 |     test_util::write(&chart_dir.join("values.yaml")?, "app: {}\n")?;
[INFO] [stdout]     |     ^^^^^^^^^ use of unresolved module or unlinked crate `test_util`
[INFO] [stdout]     |
[INFO] [stdout]     = help: if you wanted to use a crate named `test_util`, use `cargo add test_util` to add it to your `Cargo.toml`
[INFO] [stdout] 
[INFO] [stdout] 
[INFO] [stdout] error[E0433]: cannot find module or crate `test_util` in this scope
[INFO] [stdout]    --> src/tests/analysis.rs:986:5
[INFO] [stdout]     |
[INFO] [stdout] 986 |     test_util::write(
[INFO] [stdout]     |     ^^^^^^^^^ use of unresolved module or unlinked crate `test_util`
[INFO] [stdout]     |
[INFO] [stdout]     = help: if you wanted to use a crate named `test_util`, use `cargo add test_util` to add it to your `Cargo.toml`
[INFO] [stdout] 
[INFO] [stdout] 
[INFO] [stdout] error[E0433]: cannot find module or crate `test_util` in this scope
[INFO] [stdout]    --> src/tests/analysis.rs:995:5
[INFO] [stdout]     |
[INFO] [stdout] 995 |     test_util::write(
[INFO] [stdout]     |     ^^^^^^^^^ use of unresolved module or unlinked crate `test_util`
[INFO] [stdout]     |
[INFO] [stdout]     = help: if you wanted to use a crate named `test_util`, use `cargo add test_util` to add it to your `Cargo.toml`
[INFO] [stdout] 
[INFO] [stdout] 
[INFO] [stdout] error[E0433]: cannot find module or crate `test_util` in this scope
[INFO] [stdout]     --> src/tests/analysis.rs:1004:5
[INFO] [stdout]      |
[INFO] [stdout] 1004 |     test_util::write(
[INFO] [stdout]      |     ^^^^^^^^^ use of unresolved module or unlinked crate `test_util`
[INFO] [stdout]      |
[INFO] [stdout]      = help: if you wanted to use a crate named `test_util`, use `cargo add test_util` to add it to your `Cargo.toml`
[INFO] [stdout] 
[INFO] [stdout] 
[INFO] [stdout] error[E0433]: cannot find module or crate `test_util` in this scope
[INFO] [stdout]     --> src/tests/analysis.rs:1013:5
[INFO] [stdout]      |
[INFO] [stdout] 1013 |     test_util::write(
[INFO] [stdout]      |     ^^^^^^^^^ use of unresolved module or unlinked crate `test_util`
[INFO] [stdout]      |
[INFO] [stdout]      = help: if you wanted to use a crate named `test_util`, use `cargo add test_util` to add it to your `Cargo.toml`
[INFO] [stdout] 
[INFO] [stdout] 
[INFO] [stdout] error[E0433]: cannot find module or crate `test_util` in this scope
[INFO] [stdout]     --> src/tests/analysis.rs:1022:5
[INFO] [stdout]      |
[INFO] [stdout] 1022 |     test_util::write(
[INFO] [stdout]      |     ^^^^^^^^^ use of unresolved module or unlinked crate `test_util`
[INFO] [stdout]      |
[INFO] [stdout]      = help: if you wanted to use a crate named `test_util`, use `cargo add test_util` to add it to your `Cargo.toml`
[INFO] [stdout] 
[INFO] [stdout] 
[INFO] [stdout] error[E0433]: cannot find module or crate `test_util` in this scope
[INFO] [stdout]     --> src/tests/analysis.rs:1030:5
[INFO] [stdout]      |
[INFO] [stdout] 1030 |     test_util::write(
[INFO] [stdout]      |     ^^^^^^^^^ use of unresolved module or unlinked crate `test_util`
[INFO] [stdout]      |
[INFO] [stdout]      = help: if you wanted to use a crate named `test_util`, use `cargo add test_util` to add it to your `Cargo.toml`
[INFO] [stdout] 
[INFO] [stdout] 
[INFO] [stdout] error[E0433]: cannot find module or crate `test_util` in this scope
[INFO] [stdout]     --> src/tests/analysis.rs:1034:5
[INFO] [stdout]      |
[INFO] [stdout] 1034 |     test_util::write(
[INFO] [stdout]      |     ^^^^^^^^^ use of unresolved module or unlinked crate `test_util`
[INFO] [stdout]      |
[INFO] [stdout]      = help: if you wanted to use a crate named `test_util`, use `cargo add test_util` to add it to your `Cargo.toml`
[INFO] [stdout] 
[INFO] [stdout] 
[INFO] [stdout] error[E0433]: cannot find module or crate `test_util` in this scope
[INFO] [stdout]     --> src/tests/analysis.rs:1079:21
[INFO] [stdout]      |
[INFO] [stdout] 1079 |     let chart_dir = test_util::workspace_testdata()
[INFO] [stdout]      |                     ^^^^^^^^^ use of unresolved module or unlinked crate `test_util`
[INFO] [stdout]      |
[INFO] [stdout]      = help: if you wanted to use a crate named `test_util`, use `cargo add test_util` to add it to your `Cargo.toml`
[INFO] [stdout] 
[INFO] [stdout] 
[INFO] [stdout] error[E0433]: cannot find module or crate `test_util` in this scope
[INFO] [stdout]     --> src/tests/analysis.rs:1117:21
[INFO] [stdout]      |
[INFO] [stdout] 1117 |     let chart_dir = test_util::workspace_testdata()
[INFO] [stdout]      |                     ^^^^^^^^^ use of unresolved module or unlinked crate `test_util`
[INFO] [stdout]      |
[INFO] [stdout]      = help: if you wanted to use a crate named `test_util`, use `cargo add test_util` to add it to your `Cargo.toml`
[INFO] [stdout] 
[INFO] [stdout] 
[INFO] [stdout] error[E0433]: cannot find module or crate `test_util` in this scope
[INFO] [stdout]     --> src/tests/analysis.rs:1164:40
[INFO] [stdout]      |
[INFO] [stdout] 1164 |             k8s_schema_cache_dir: Some(test_util::cold_provider_cache_root("k8s")),
[INFO] [stdout]      |                                        ^^^^^^^^^ use of unresolved module or unlinked crate `test_util`
[INFO] [stdout]      |
[INFO] [stdout]      = help: if you wanted to use a crate named `test_util`, use `cargo add test_util` to add it to your `Cargo.toml`
[INFO] [stdout] 
[INFO] [stdout] 
[INFO] [stdout] error[E0433]: cannot find module or crate `test_util` in this scope
[INFO] [stdout]     --> src/tests/analysis.rs:1166:41
[INFO] [stdout]      |
[INFO] [stdout] 1166 |             crd_catalog_cache_dir: Some(test_util::cold_provider_cache_root("crd")),
[INFO] [stdout]      |                                         ^^^^^^^^^ use of unresolved module or unlinked crate `test_util`
[INFO] [stdout]      |
[INFO] [stdout]      = help: if you wanted to use a crate named `test_util`, use `cargo add test_util` to add it to your `Cargo.toml`
[INFO] [stdout] 
[INFO] [stdout] 
[INFO] [stdout] error[E0433]: cannot find module or crate `test_util` in this scope
[INFO] [stdout]     --> src/tests/analysis.rs:1168:36
[INFO] [stdout]      |
[INFO] [stdout] 1168 |             crd_override_dir: Some(test_util::cold_provider_cache_root("crd-override")),
[INFO] [stdout]      |                                    ^^^^^^^^^ use of unresolved module or unlinked crate `test_util`
[INFO] [stdout]      |
[INFO] [stdout]      = help: if you wanted to use a crate named `test_util`, use `cargo add test_util` to add it to your `Cargo.toml`
[INFO] [stdout] 
[INFO] [stdout] 
[INFO] [stdout] error[E0433]: cannot find module or crate `test_util` in this scope
[INFO] [stdout]     --> src/tests/analysis.rs:1197:5
[INFO] [stdout]      |
[INFO] [stdout] 1197 |     test_util::write(
[INFO] [stdout]      |     ^^^^^^^^^ use of unresolved module or unlinked crate `test_util`
[INFO] [stdout]      |
[INFO] [stdout]      = help: if you wanted to use a crate named `test_util`, use `cargo add test_util` to add it to your `Cargo.toml`
[INFO] [stdout] 
[INFO] [stdout] 
[INFO] [stdout] error[E0433]: cannot find module or crate `test_util` in this scope
[INFO] [stdout]     --> src/tests/analysis.rs:1212:5
[INFO] [stdout]      |
[INFO] [stdout] 1212 |     test_util::write(&chart_dir.join("values.yaml")?, "{}\n")?;
[INFO] [stdout]      |     ^^^^^^^^^ use of unresolved module or unlinked crate `test_util`
[INFO] [stdout]      |
[INFO] [stdout]      = help: if you wanted to use a crate named `test_util`, use `cargo add test_util` to add it to your `Cargo.toml`
[INFO] [stdout] 
[INFO] [stdout] 
[INFO] [stdout] error[E0433]: cannot find module or crate `test_util` in this scope
[INFO] [stdout]     --> src/tests/analysis.rs:1213:5
[INFO] [stdout]      |
[INFO] [stdout] 1213 |     test_util::write(
[INFO] [stdout]      |     ^^^^^^^^^ use of unresolved module or unlinked crate `test_util`
[INFO] [stdout]      |
[INFO] [stdout]      = help: if you wanted to use a crate named `test_util`, use `cargo add test_util` to add it to your `Cargo.toml`
[INFO] [stdout] 
[INFO] [stdout] 
[INFO] [stdout] error[E0433]: cannot find module or crate `test_util` in this scope
[INFO] [stdout]     --> src/tests/analysis.rs:1221:5
[INFO] [stdout]      |
[INFO] [stdout] 1221 |     test_util::write(
[INFO] [stdout]      |     ^^^^^^^^^ use of unresolved module or unlinked crate `test_util`
[INFO] [stdout]      |
[INFO] [stdout]      = help: if you wanted to use a crate named `test_util`, use `cargo add test_util` to add it to your `Cargo.toml`
[INFO] [stdout] 
[INFO] [stdout] 
[INFO] [stdout] error[E0433]: cannot find module or crate `test_util` in this scope
[INFO] [stdout]     --> src/tests/analysis.rs:1225:5
[INFO] [stdout]      |
[INFO] [stdout] 1225 |     test_util::write(
[INFO] [stdout]      |     ^^^^^^^^^ use of unresolved module or unlinked crate `test_util`
[INFO] [stdout]      |
[INFO] [stdout]      = help: if you wanted to use a crate named `test_util`, use `cargo add test_util` to add it to your `Cargo.toml`
[INFO] [stdout] 
[INFO] [stdout] 
[INFO] [stdout] error[E0433]: cannot find module or crate `test_util` in this scope
[INFO] [stdout]     --> src/tests/analysis.rs:1339:5
[INFO] [stdout]      |
[INFO] [stdout] 1339 |     test_util::write(
[INFO] [stdout]      |     ^^^^^^^^^ use of unresolved module or unlinked crate `test_util`
[INFO] [stdout]      |
[INFO] [stdout]      = help: if you wanted to use a crate named `test_util`, use `cargo add test_util` to add it to your `Cargo.toml`
[INFO] [stdout] 
[INFO] [stdout] 
[INFO] [stdout] error[E0433]: cannot find module or crate `test_util` in this scope
[INFO] [stdout]     --> src/tests/analysis.rs:1351:5
[INFO] [stdout]      |
[INFO] [stdout] 1351 |     test_util::write(&chart_dir.join("values.yaml")?, "{}\n")?;
[INFO] [stdout]      |     ^^^^^^^^^ use of unresolved module or unlinked crate `test_util`
[INFO] [stdout]      |
[INFO] [stdout]      = help: if you wanted to use a crate named `test_util`, use `cargo add test_util` to add it to your `Cargo.toml`
[INFO] [stdout] 
[INFO] [stdout] 
[INFO] [stdout] error[E0433]: cannot find module or crate `test_util` in this scope
[INFO] [stdout]     --> src/tests/analysis.rs:1352:5
[INFO] [stdout]      |
[INFO] [stdout] 1352 |     test_util::write(
[INFO] [stdout]      |     ^^^^^^^^^ use of unresolved module or unlinked crate `test_util`
[INFO] [stdout]      |
[INFO] [stdout]      = help: if you wanted to use a crate named `test_util`, use `cargo add test_util` to add it to your `Cargo.toml`
[INFO] [stdout] 
[INFO] [stdout] 
[INFO] [stdout] error[E0433]: cannot find module or crate `test_util` in this scope
[INFO] [stdout]     --> src/tests/analysis.rs:1364:5
[INFO] [stdout]      |
[INFO] [stdout] 1364 |     test_util::write(&chart_dir.join("charts/mid/values.yaml")?, "{}\n")?;
[INFO] [stdout]      |     ^^^^^^^^^ use of unresolved module or unlinked crate `test_util`
[INFO] [stdout]      |
[INFO] [stdout]      = help: if you wanted to use a crate named `test_util`, use `cargo add test_util` to add it to your `Cargo.toml`
[INFO] [stdout] 
[INFO] [stdout] 
[INFO] [stdout] error[E0433]: cannot find module or crate `test_util` in this scope
[INFO] [stdout]     --> src/tests/analysis.rs:1365:5
[INFO] [stdout]      |
[INFO] [stdout] 1365 |     test_util::write(
[INFO] [stdout]      |     ^^^^^^^^^ use of unresolved module or unlinked crate `test_util`
[INFO] [stdout]      |
[INFO] [stdout]      = help: if you wanted to use a crate named `test_util`, use `cargo add test_util` to add it to your `Cargo.toml`
[INFO] [stdout] 
[INFO] [stdout] 
[INFO] [stdout] error[E0433]: cannot find module or crate `test_util` in this scope
[INFO] [stdout]     --> src/tests/analysis.rs:1373:5
[INFO] [stdout]      |
[INFO] [stdout] 1373 |     test_util::write(
[INFO] [stdout]      |     ^^^^^^^^^ use of unresolved module or unlinked crate `test_util`
[INFO] [stdout]      |
[INFO] [stdout]      = help: if you wanted to use a crate named `test_util`, use `cargo add test_util` to add it to your `Cargo.toml`
[INFO] [stdout] 
[INFO] [stdout] 
[INFO] [stdout] error[E0433]: cannot find module or crate `test_util` in this scope
[INFO] [stdout]     --> src/tests/analysis.rs:1377:5
[INFO] [stdout]      |
[INFO] [stdout] 1377 |     test_util::write(
[INFO] [stdout]      |     ^^^^^^^^^ use of unresolved module or unlinked crate `test_util`
[INFO] [stdout]      |
[INFO] [stdout]      = help: if you wanted to use a crate named `test_util`, use `cargo add test_util` to add it to your `Cargo.toml`
[INFO] [stdout] 
[INFO] [stdout] 
[INFO] [stdout] error[E0433]: cannot find module or crate `test_util` in this scope
[INFO] [stdout]     --> src/tests/analysis.rs:1442:5
[INFO] [stdout]      |
[INFO] [stdout] 1442 |     test_util::write(
[INFO] [stdout]      |     ^^^^^^^^^ use of unresolved module or unlinked crate `test_util`
[INFO] [stdout]      |
[INFO] [stdout]      = help: if you wanted to use a crate named `test_util`, use `cargo add test_util` to add it to your `Cargo.toml`
[INFO] [stdout] 
[INFO] [stdout] 
[INFO] [stdout] error[E0433]: cannot find module or crate `test_util` in this scope
[INFO] [stdout]     --> src/tests/analysis.rs:1454:5
[INFO] [stdout]      |
[INFO] [stdout] 1454 |     test_util::write(
[INFO] [stdout]      |     ^^^^^^^^^ use of unresolved module or unlinked crate `test_util`
[INFO] [stdout]      |
[INFO] [stdout]      = help: if you wanted to use a crate named `test_util`, use `cargo add test_util` to add it to your `Cargo.toml`
[INFO] [stdout] 
[INFO] [stdout] 
[INFO] [stdout] error[E0433]: cannot find module or crate `test_util` in this scope
[INFO] [stdout]     --> src/tests/analysis.rs:1466:5
[INFO] [stdout]      |
[INFO] [stdout] 1466 |     test_util::write(
[INFO] [stdout]      |     ^^^^^^^^^ use of unresolved module or unlinked crate `test_util`
[INFO] [stdout]      |
[INFO] [stdout]      = help: if you wanted to use a crate named `test_util`, use `cargo add test_util` to add it to your `Cargo.toml`
[INFO] [stdout] 
[INFO] [stdout] 
[INFO] [stdout] error[E0433]: cannot find module or crate `test_util` in this scope
[INFO] [stdout]     --> src/tests/analysis.rs:1474:5
[INFO] [stdout]      |
[INFO] [stdout] 1474 |     test_util::write(
[INFO] [stdout]      |     ^^^^^^^^^ use of unresolved module or unlinked crate `test_util`
[INFO] [stdout]      |
[INFO] [stdout]      = help: if you wanted to use a crate named `test_util`, use `cargo add test_util` to add it to your `Cargo.toml`
[INFO] [stdout] 
[INFO] [stdout] 
[INFO] [stdout] error[E0433]: cannot find module or crate `test_util` in this scope
[INFO] [stdout]     --> src/tests/analysis.rs:1485:5
[INFO] [stdout]      |
[INFO] [stdout] 1485 |     test_util::write(
[INFO] [stdout]      |     ^^^^^^^^^ use of unresolved module or unlinked crate `test_util`
[INFO] [stdout]      |
[INFO] [stdout]      = help: if you wanted to use a crate named `test_util`, use `cargo add test_util` to add it to your `Cargo.toml`
[INFO] [stdout] 
[INFO] [stdout] 
[INFO] [stdout] error[E0433]: cannot find module or crate `test_util` in this scope
[INFO] [stdout]     --> src/tests/analysis.rs:1499:5
[INFO] [stdout]      |
[INFO] [stdout] 1499 |     test_util::write(
[INFO] [stdout]      |     ^^^^^^^^^ use of unresolved module or unlinked crate `test_util`
[INFO] [stdout]      |
[INFO] [stdout]      = help: if you wanted to use a crate named `test_util`, use `cargo add test_util` to add it to your `Cargo.toml`
[INFO] [stdout] 
[INFO] [stdout] 
[INFO] [stdout] error[E0433]: cannot find module or crate `test_util` in this scope
[INFO] [stdout]     --> src/tests/analysis.rs:1640:5
[INFO] [stdout]      |
[INFO] [stdout] 1640 |     test_util::write(
[INFO] [stdout]      |     ^^^^^^^^^ use of unresolved module or unlinked crate `test_util`
[INFO] [stdout]      |
[INFO] [stdout]      = help: if you wanted to use a crate named `test_util`, use `cargo add test_util` to add it to your `Cargo.toml`
[INFO] [stdout] 
[INFO] [stdout] 
[INFO] [stdout] error[E0433]: cannot find module or crate `test_util` in this scope
[INFO] [stdout]     --> src/tests/analysis.rs:1651:5
[INFO] [stdout]      |
[INFO] [stdout] 1651 |     test_util::write(
[INFO] [stdout]      |     ^^^^^^^^^ use of unresolved module or unlinked crate `test_util`
[INFO] [stdout]      |
[INFO] [stdout]      = help: if you wanted to use a crate named `test_util`, use `cargo add test_util` to add it to your `Cargo.toml`
[INFO] [stdout] 
[INFO] [stdout] 
[INFO] [stdout] error[E0433]: cannot find module or crate `test_util` in this scope
[INFO] [stdout]     --> src/tests/analysis.rs:1658:5
[INFO] [stdout]      |
[INFO] [stdout] 1658 |     test_util::write(
[INFO] [stdout]      |     ^^^^^^^^^ use of unresolved module or unlinked crate `test_util`
[INFO] [stdout]      |
[INFO] [stdout]      = help: if you wanted to use a crate named `test_util`, use `cargo add test_util` to add it to your `Cargo.toml`
[INFO] [stdout] 
[INFO] [stdout] 
[INFO] [stdout] error[E0433]: cannot find module or crate `test_util` in this scope
[INFO] [stdout]     --> src/tests/analysis.rs:1669:5
[INFO] [stdout]      |
[INFO] [stdout] 1669 |     test_util::write(
[INFO] [stdout]      |     ^^^^^^^^^ use of unresolved module or unlinked crate `test_util`
[INFO] [stdout]      |
[INFO] [stdout]      = help: if you wanted to use a crate named `test_util`, use `cargo add test_util` to add it to your `Cargo.toml`
[INFO] [stdout] 
[INFO] [stdout] 
[INFO] [stdout] error[E0433]: cannot find module or crate `test_util` in this scope
[INFO] [stdout]     --> src/tests/analysis.rs:1676:5
[INFO] [stdout]      |
[INFO] [stdout] 1676 |     test_util::write(
[INFO] [stdout]      |     ^^^^^^^^^ use of unresolved module or unlinked crate `test_util`
[INFO] [stdout]      |
[INFO] [stdout]      = help: if you wanted to use a crate named `test_util`, use `cargo add test_util` to add it to your `Cargo.toml`
[INFO] [stdout] 
[INFO] [stdout] 
[INFO] [stdout] error[E0433]: cannot find module or crate `test_util` in this scope
[INFO] [stdout]     --> src/tests/analysis.rs:1684:5
[INFO] [stdout]      |
[INFO] [stdout] 1684 |     test_util::write(
[INFO] [stdout]      |     ^^^^^^^^^ use of unresolved module or unlinked crate `test_util`
[INFO] [stdout]      |
[INFO] [stdout]      = help: if you wanted to use a crate named `test_util`, use `cargo add test_util` to add it to your `Cargo.toml`
[INFO] [stdout] 
[INFO] [stdout] 
[INFO] [stdout] error[E0433]: cannot find module or crate `test_util` in this scope
[INFO] [stdout]     --> src/tests/analysis.rs:1691:5
[INFO] [stdout]      |
[INFO] [stdout] 1691 |     test_util::write(
[INFO] [stdout]      |     ^^^^^^^^^ use of unresolved module or unlinked crate `test_util`
[INFO] [stdout]      |
[INFO] [stdout]      = help: if you wanted to use a crate named `test_util`, use `cargo add test_util` to add it to your `Cargo.toml`
[INFO] [stdout] 
[INFO] [stdout] 
[INFO] [stdout] error[E0433]: cannot find module or crate `test_util` in this scope
[INFO] [stdout]     --> src/tests/analysis.rs:1739:5
[INFO] [stdout]      |
[INFO] [stdout] 1739 |     test_util::write(
[INFO] [stdout]      |     ^^^^^^^^^ use of unresolved module or unlinked crate `test_util`
[INFO] [stdout]      |
[INFO] [stdout]      = help: if you wanted to use a crate named `test_util`, use `cargo add test_util` to add it to your `Cargo.toml`
[INFO] [stdout] 
[INFO] [stdout] 
[INFO] [stdout] error[E0433]: cannot find module or crate `test_util` in this scope
[INFO] [stdout]     --> src/tests/analysis.rs:1747:5
[INFO] [stdout]      |
[INFO] [stdout] 1747 |     test_util::write(
[INFO] [stdout]      |     ^^^^^^^^^ use of unresolved module or unlinked crate `test_util`
[INFO] [stdout]      |
[INFO] [stdout]      = help: if you wanted to use a crate named `test_util`, use `cargo add test_util` to add it to your `Cargo.toml`
[INFO] [stdout] 
[INFO] [stdout] 
[INFO] [stdout] error[E0433]: cannot find module or crate `test_util` in this scope
[INFO] [stdout]     --> src/tests/analysis.rs:1754:5
[INFO] [stdout]      |
[INFO] [stdout] 1754 |     test_util::write(
[INFO] [stdout]      |     ^^^^^^^^^ use of unresolved module or unlinked crate `test_util`
[INFO] [stdout]      |
[INFO] [stdout]      = help: if you wanted to use a crate named `test_util`, use `cargo add test_util` to add it to your `Cargo.toml`
[INFO] [stdout] 
[INFO] [stdout] 
[INFO] [stdout] error[E0433]: cannot find module or crate `test_util` in this scope
[INFO] [stdout]     --> src/tests/analysis.rs:1782:5
[INFO] [stdout]      |
[INFO] [stdout] 1782 |     test_util::write(
[INFO] [stdout]      |     ^^^^^^^^^ use of unresolved module or unlinked crate `test_util`
[INFO] [stdout]      |
[INFO] [stdout]      = help: if you wanted to use a crate named `test_util`, use `cargo add test_util` to add it to your `Cargo.toml`
[INFO] [stdout] 
[INFO] [stdout] 
[INFO] [stdout] error[E0433]: cannot find module or crate `test_util` in this scope
[INFO] [stdout]     --> src/tests/analysis.rs:1825:5
[INFO] [stdout]      |
[INFO] [stdout] 1825 |     test_util::write(
[INFO] [stdout]      |     ^^^^^^^^^ use of unresolved module or unlinked crate `test_util`
[INFO] [stdout]      |
[INFO] [stdout]      = help: if you wanted to use a crate named `test_util`, use `cargo add test_util` to add it to your `Cargo.toml`
[INFO] [stdout] 
[INFO] [stdout] 
[INFO] [stdout] error[E0433]: cannot find module or crate `test_util` in this scope
[INFO] [stdout]     --> src/tests/analysis.rs:1833:5
[INFO] [stdout]      |
[INFO] [stdout] 1833 |     test_util::write(
[INFO] [stdout]      |     ^^^^^^^^^ use of unresolved module or unlinked crate `test_util`
[INFO] [stdout]      |
[INFO] [stdout]      = help: if you wanted to use a crate named `test_util`, use `cargo add test_util` to add it to your `Cargo.toml`
[INFO] [stdout] 
[INFO] [stdout] 
[INFO] [stdout] error[E0433]: cannot find module or crate `test_util` in this scope
[INFO] [stdout]     --> src/tests/analysis.rs:1840:5
[INFO] [stdout]      |
[INFO] [stdout] 1840 |     test_util::write(
[INFO] [stdout]      |     ^^^^^^^^^ use of unresolved module or unlinked crate `test_util`
[INFO] [stdout]      |
[INFO] [stdout]      = help: if you wanted to use a crate named `test_util`, use `cargo add test_util` to add it to your `Cargo.toml`
[INFO] [stdout] 
[INFO] [stdout] 
[INFO] [stdout] error[E0433]: cannot find module or crate `test_util` in this scope
[INFO] [stdout]     --> src/tests/analysis.rs:1868:5
[INFO] [stdout]      |
[INFO] [stdout] 1868 |     test_util::write(
[INFO] [stdout]      |     ^^^^^^^^^ use of unresolved module or unlinked crate `test_util`
[INFO] [stdout]      |
[INFO] [stdout]      = help: if you wanted to use a crate named `test_util`, use `cargo add test_util` to add it to your `Cargo.toml`
[INFO] [stdout] 
[INFO] [stdout] 
[INFO] [stdout] error[E0433]: cannot find module or crate `test_util` in this scope
[INFO] [stdout]     --> src/tests/analysis.rs:1916:5
[INFO] [stdout]      |
[INFO] [stdout] 1916 |     test_util::write(
[INFO] [stdout]      |     ^^^^^^^^^ use of unresolved module or unlinked crate `test_util`
[INFO] [stdout]      |
[INFO] [stdout]      = help: if you wanted to use a crate named `test_util`, use `cargo add test_util` to add it to your `Cargo.toml`
[INFO] [stdout] 
[INFO] [stdout] 
[INFO] [stdout] error[E0433]: cannot find module or crate `test_util` in this scope
[INFO] [stdout]     --> src/tests/analysis.rs:1928:5
[INFO] [stdout]      |
[INFO] [stdout] 1928 |     test_util::write(
[INFO] [stdout]      |     ^^^^^^^^^ use of unresolved module or unlinked crate `test_util`
[INFO] [stdout]      |
[INFO] [stdout]      = help: if you wanted to use a crate named `test_util`, use `cargo add test_util` to add it to your `Cargo.toml`
[INFO] [stdout] 
[INFO] [stdout] 
[INFO] [stdout] error[E0433]: cannot find module or crate `test_util` in this scope
[INFO] [stdout]     --> src/tests/analysis.rs:1935:5
[INFO] [stdout]      |
[INFO] [stdout] 1935 |     test_util::write(
[INFO] [stdout]      |     ^^^^^^^^^ use of unresolved module or unlinked crate `test_util`
[INFO] [stdout]      |
[INFO] [stdout]      = help: if you wanted to use a crate named `test_util`, use `cargo add test_util` to add it to your `Cargo.toml`
[INFO] [stdout] 
[INFO] [stdout] 
[INFO] [stdout] error[E0433]: cannot find module or crate `test_util` in this scope
[INFO] [stdout]     --> src/tests/analysis.rs:1943:5
[INFO] [stdout]      |
[INFO] [stdout] 1943 |     test_util::write(
[INFO] [stdout]      |     ^^^^^^^^^ use of unresolved module or unlinked crate `test_util`
[INFO] [stdout]      |
[INFO] [stdout]      = help: if you wanted to use a crate named `test_util`, use `cargo add test_util` to add it to your `Cargo.toml`
[INFO] [stdout] 
[INFO] [stdout] 
[INFO] [stdout] error[E0433]: cannot find module or crate `test_util` in this scope
[INFO] [stdout]     --> src/tests/analysis.rs:1952:5
[INFO] [stdout]      |
[INFO] [stdout] 1952 |     test_util::write(
[INFO] [stdout]      |     ^^^^^^^^^ use of unresolved module or unlinked crate `test_util`
[INFO] [stdout]      |
[INFO] [stdout]      = help: if you wanted to use a crate named `test_util`, use `cargo add test_util` to add it to your `Cargo.toml`
[INFO] [stdout] 
[INFO] [stdout] 
[INFO] [stdout] error[E0433]: cannot find module or crate `test_util` in this scope
[INFO] [stdout]     --> src/tests/analysis.rs:1974:5
[INFO] [stdout]      |
[INFO] [stdout] 1974 |     test_util::write(
[INFO] [stdout]      |     ^^^^^^^^^ use of unresolved module or unlinked crate `test_util`
[INFO] [stdout]      |
[INFO] [stdout]      = help: if you wanted to use a crate named `test_util`, use `cargo add test_util` to add it to your `Cargo.toml`
[INFO] [stdout] 
[INFO] [stdout] 
[INFO] [stdout] error[E0433]: cannot find module or crate `test_util` in this scope
[INFO] [stdout]     --> src/tests/analysis.rs:2021:5
[INFO] [stdout]      |
[INFO] [stdout] 2021 |     test_util::write(
[INFO] [stdout]      |     ^^^^^^^^^ use of unresolved module or unlinked crate `test_util`
[INFO] [stdout]      |
[INFO] [stdout]      = help: if you wanted to use a crate named `test_util`, use `cargo add test_util` to add it to your `Cargo.toml`
[INFO] [stdout] 
[INFO] [stdout] 
[INFO] [stdout] error[E0433]: cannot find module or crate `test_util` in this scope
[INFO] [stdout]     --> src/tests/analysis.rs:2029:5
[INFO] [stdout]      |
[INFO] [stdout] 2029 |     test_util::write(
[INFO] [stdout]      |     ^^^^^^^^^ use of unresolved module or unlinked crate `test_util`
[INFO] [stdout]      |
[INFO] [stdout]      = help: if you wanted to use a crate named `test_util`, use `cargo add test_util` to add it to your `Cargo.toml`
[INFO] [stdout] 
[INFO] [stdout] 
[INFO] [stdout] error[E0433]: cannot find module or crate `test_util` in this scope
[INFO] [stdout]     --> src/tests/analysis.rs:2035:5
[INFO] [stdout]      |
[INFO] [stdout] 2035 |     test_util::write(
[INFO] [stdout]      |     ^^^^^^^^^ use of unresolved module or unlinked crate `test_util`
[INFO] [stdout]      |
[INFO] [stdout]      = help: if you wanted to use a crate named `test_util`, use `cargo add test_util` to add it to your `Cargo.toml`
[INFO] [stdout] 
[INFO] [stdout] 
[INFO] [stdout] error[E0433]: cannot find module or crate `test_util` in this scope
[INFO] [stdout]   --> src/tests/chart.rs:14:5
[INFO] [stdout]    |
[INFO] [stdout] 14 |     test_util::write(
[INFO] [stdout]    |     ^^^^^^^^^ use of unresolved module or unlinked crate `test_util`
[INFO] [stdout]    |
[INFO] [stdout]    = help: if you wanted to use a crate named `test_util`, use `cargo add test_util` to add it to your `Cargo.toml`
[INFO] [stdout] 
[INFO] [stdout] 
[INFO] [stdout] error[E0433]: cannot find module or crate `test_util` in this scope
[INFO] [stdout]   --> src/tests/chart.rs:22:5
[INFO] [stdout]    |
[INFO] [stdout] 22 |     test_util::write(
[INFO] [stdout]    |     ^^^^^^^^^ use of unresolved module or unlinked crate `test_util`
[INFO] [stdout]    |
[INFO] [stdout]    = help: if you wanted to use a crate named `test_util`, use `cargo add test_util` to add it to your `Cargo.toml`
[INFO] [stdout] 
[INFO] [stdout] 
[INFO] [stdout] error[E0433]: cannot find module or crate `test_util` in this scope
[INFO] [stdout]   --> src/tests/chart.rs:35:5
[INFO] [stdout]    |
[INFO] [stdout] 35 |     test_util::write(
[INFO] [stdout]    |     ^^^^^^^^^ use of unresolved module or unlinked crate `test_util`
[INFO] [stdout]    |
[INFO] [stdout]    = help: if you wanted to use a crate named `test_util`, use `cargo add test_util` to add it to your `Cargo.toml`
[INFO] [stdout] 
[INFO] [stdout] 
[INFO] [stdout] error[E0433]: cannot find module or crate `test_util` in this scope
[INFO] [stdout]   --> src/tests/chart.rs:43:5
[INFO] [stdout]    |
[INFO] [stdout] 43 |     test_util::write(
[INFO] [stdout]    |     ^^^^^^^^^ use of unresolved module or unlinked crate `test_util`
[INFO] [stdout]    |
[INFO] [stdout]    = help: if you wanted to use a crate named `test_util`, use `cargo add test_util` to add it to your `Cargo.toml`
[INFO] [stdout] 
[INFO] [stdout] 
[INFO] [stdout] error[E0433]: cannot find module or crate `test_util` in this scope
[INFO] [stdout]   --> src/tests/chart.rs:85:5
[INFO] [stdout]    |
[INFO] [stdout] 85 |     test_util::write(
[INFO] [stdout]    |     ^^^^^^^^^ use of unresolved module or unlinked crate `test_util`
[INFO] [stdout]    |
[INFO] [stdout]    = help: if you wanted to use a crate named `test_util`, use `cargo add test_util` to add it to your `Cargo.toml`
[INFO] [stdout] 
[INFO] [stdout] 
[INFO] [stdout] error[E0433]: cannot find module or crate `test_util` in this scope
[INFO] [stdout]   --> src/tests/chart.rs:97:5
[INFO] [stdout]    |
[INFO] [stdout] 97 |     test_util::write(&chart_dir.join("values.yaml")?, source)?;
[INFO] [stdout]    |     ^^^^^^^^^ use of unresolved module or unlinked crate `test_util`
[INFO] [stdout]    |
[INFO] [stdout]    = help: if you wanted to use a crate named `test_util`, use `cargo add test_util` to add it to your `Cargo.toml`
[INFO] [stdout] 
[INFO] [stdout] 
[INFO] [stdout] error[E0433]: cannot find module or crate `test_util` in this scope
[INFO] [stdout]    --> src/tests/chart.rs:117:5
[INFO] [stdout]     |
[INFO] [stdout] 117 |     test_util::write(
[INFO] [stdout]     |     ^^^^^^^^^ use of unresolved module or unlinked crate `test_util`
[INFO] [stdout]     |
[INFO] [stdout]     = help: if you wanted to use a crate named `test_util`, use `cargo add test_util` to add it to your `Cargo.toml`
[INFO] [stdout] 
[INFO] [stdout] 
[INFO] [stdout] error[E0433]: cannot find module or crate `test_util` in this scope
[INFO] [stdout]    --> src/tests/chart.rs:125:5
[INFO] [stdout]     |
[INFO] [stdout] 125 |     test_util::write(&chart_dir.join("values.yaml")?, "yes: rejected\n")?;
[INFO] [stdout]     |     ^^^^^^^^^ use of unresolved module or unlinked crate `test_util`
[INFO] [stdout]     |
[INFO] [stdout]     = help: if you wanted to use a crate named `test_util`, use `cargo add test_util` to add it to your `Cargo.toml`
[INFO] [stdout] 
[INFO] [stdout] 
[INFO] [stdout] error[E0433]: cannot find module or crate `test_util` in this scope
[INFO] [stdout]    --> src/tests/chart.rs:126:5
[INFO] [stdout]     |
[INFO] [stdout] 126 |     test_util::write(
[INFO] [stdout]     |     ^^^^^^^^^ use of unresolved module or unlinked crate `test_util`
[INFO] [stdout]     |
[INFO] [stdout]     = help: if you wanted to use a crate named `test_util`, use `cargo add test_util` to add it to your `Cargo.toml`
[INFO] [stdout] 
[INFO] [stdout] 
[INFO] [stdout] error[E0433]: cannot find module or crate `test_util` in this scope
[INFO] [stdout]    --> src/tests/chart.rs:163:5
[INFO] [stdout]     |
[INFO] [stdout] 163 |     test_util::write(
[INFO] [stdout]     |     ^^^^^^^^^ use of unresolved module or unlinked crate `test_util`
[INFO] [stdout]     |
[INFO] [stdout]     = help: if you wanted to use a crate named `test_util`, use `cargo add test_util` to add it to your `Cargo.toml`
[INFO] [stdout] 
[INFO] [stdout] 
[INFO] [stdout] error[E0433]: cannot find module or crate `test_util` in this scope
[INFO] [stdout]    --> src/tests/chart.rs:218:5
[INFO] [stdout]     |
[INFO] [stdout] 218 |     test_util::write(
[INFO] [stdout]     |     ^^^^^^^^^ use of unresolved module or unlinked crate `test_util`
[INFO] [stdout]     |
[INFO] [stdout]     = help: if you wanted to use a crate named `test_util`, use `cargo add test_util` to add it to your `Cargo.toml`
[INFO] [stdout] 
[INFO] [stdout] 
[INFO] [stdout] error[E0433]: cannot find module or crate `test_util` in this scope
[INFO] [stdout]    --> src/tests/chart.rs:233:5
[INFO] [stdout]     |
[INFO] [stdout] 233 |     test_util::write(
[INFO] [stdout]     |     ^^^^^^^^^ use of unresolved module or unlinked crate `test_util`
[INFO] [stdout]     |
[INFO] [stdout]     = help: if you wanted to use a crate named `test_util`, use `cargo add test_util` to add it to your `Cargo.toml`
[INFO] [stdout] 
[INFO] [stdout] 
[INFO] [stdout] error[E0433]: cannot find module or crate `test_util` in this scope
[INFO] [stdout]    --> src/tests/chart.rs:247:5
[INFO] [stdout]     |
[INFO] [stdout] 247 |     test_util::write(
[INFO] [stdout]     |     ^^^^^^^^^ use of unresolved module or unlinked crate `test_util`
[INFO] [stdout]     |
[INFO] [stdout]     = help: if you wanted to use a crate named `test_util`, use `cargo add test_util` to add it to your `Cargo.toml`
[INFO] [stdout] 
[INFO] [stdout] 
[INFO] [stdout] error[E0433]: cannot find module or crate `test_util` in this scope
[INFO] [stdout]    --> src/tests/chart.rs:297:5
[INFO] [stdout]     |
[INFO] [stdout] 297 |     test_util::write(
[INFO] [stdout]     |     ^^^^^^^^^ use of unresolved module or unlinked crate `test_util`
[INFO] [stdout]     |
[INFO] [stdout]     = help: if you wanted to use a crate named `test_util`, use `cargo add test_util` to add it to your `Cargo.toml`
[INFO] [stdout] 
[INFO] [stdout] 
[INFO] [stdout] error[E0433]: cannot find module or crate `test_util` in this scope
[INFO] [stdout]    --> src/tests/chart.rs:305:5
[INFO] [stdout]     |
[INFO] [stdout] 305 |     test_util::write(
[INFO] [stdout]     |     ^^^^^^^^^ use of unresolved module or unlinked crate `test_util`
[INFO] [stdout]     |
[INFO] [stdout]     = help: if you wanted to use a crate named `test_util`, use `cargo add test_util` to add it to your `Cargo.toml`
[INFO] [stdout] 
[INFO] [stdout] 
[INFO] [stdout] error[E0433]: cannot find module or crate `test_util` in this scope
[INFO] [stdout]    --> src/tests/chart.rs:315:5
[INFO] [stdout]     |
[INFO] [stdout] 315 |     test_util::write(
[INFO] [stdout]     |     ^^^^^^^^^ use of unresolved module or unlinked crate `test_util`
[INFO] [stdout]     |
[INFO] [stdout]     = help: if you wanted to use a crate named `test_util`, use `cargo add test_util` to add it to your `Cargo.toml`
[INFO] [stdout] 
[INFO] [stdout] 
[INFO] [stdout] error[E0433]: cannot find module or crate `test_util` in this scope
[INFO] [stdout]    --> src/tests/chart.rs:341:5
[INFO] [stdout]     |
[INFO] [stdout] 341 |     test_util::write(
[INFO] [stdout]     |     ^^^^^^^^^ use of unresolved module or unlinked crate `test_util`
[INFO] [stdout]     |
[INFO] [stdout]     = help: if you wanted to use a crate named `test_util`, use `cargo add test_util` to add it to your `Cargo.toml`
[INFO] [stdout] 
[INFO] [stdout] 
[INFO] [stdout] error[E0433]: cannot find module or crate `test_util` in this scope
[INFO] [stdout]    --> src/tests/chart.rs:395:5
[INFO] [stdout]     |
[INFO] [stdout] 395 |     test_util::write(
[INFO] [stdout]     |     ^^^^^^^^^ use of unresolved module or unlinked crate `test_util`
[INFO] [stdout]     |
[INFO] [stdout]     = help: if you wanted to use a crate named `test_util`, use `cargo add test_util` to add it to your `Cargo.toml`
[INFO] [stdout] 
[INFO] [stdout] 
[INFO] [stdout] error[E0433]: cannot find module or crate `test_util` in this scope
[INFO] [stdout]    --> src/tests/chart.rs:412:5
[INFO] [stdout]     |
[INFO] [stdout] 412 |     test_util::write(
[INFO] [stdout]     |     ^^^^^^^^^ use of unresolved module or unlinked crate `test_util`
[INFO] [stdout]     |
[INFO] [stdout]     = help: if you wanted to use a crate named `test_util`, use `cargo add test_util` to add it to your `Cargo.toml`
[INFO] [stdout] 
[INFO] [stdout] 
[INFO] [stdout] error[E0433]: cannot find module or crate `test_util` in this scope
[INFO] [stdout]    --> src/tests/chart.rs:451:5
[INFO] [stdout]     |
[INFO] [stdout] 451 |     test_util::write(
[INFO] [stdout]     |     ^^^^^^^^^ use of unresolved module or unlinked crate `test_util`
[INFO] [stdout]     |
[INFO] [stdout]     = help: if you wanted to use a crate named `test_util`, use `cargo add test_util` to add it to your `Cargo.toml`
[INFO] [stdout] 
[INFO] [stdout] 
[INFO] [stdout] error[E0433]: cannot find module or crate `test_util` in this scope
[INFO] [stdout]    --> src/tests/chart.rs:459:5
[INFO] [stdout]     |
[INFO] [stdout] 459 |     test_util::write(
[INFO] [stdout]     |     ^^^^^^^^^ use of unresolved module or unlinked crate `test_util`
[INFO] [stdout]     |
[INFO] [stdout]     = help: if you wanted to use a crate named `test_util`, use `cargo add test_util` to add it to your `Cargo.toml`
[INFO] [stdout] 
[INFO] [stdout] 
[INFO] [stdout] error[E0433]: cannot find module or crate `test_util` in this scope
[INFO] [stdout]    --> src/tests/chart.rs:471:5
[INFO] [stdout]     |
[INFO] [stdout] 471 |     test_util::write(
[INFO] [stdout]     |     ^^^^^^^^^ use of unresolved module or unlinked crate `test_util`
[INFO] [stdout]     |
[INFO] [stdout]     = help: if you wanted to use a crate named `test_util`, use `cargo add test_util` to add it to your `Cargo.toml`
[INFO] [stdout] 
[INFO] [stdout] 
[INFO] [stdout] error[E0433]: cannot find module or crate `test_util` in this scope
[INFO] [stdout]    --> src/tests/chart.rs:498:5
[INFO] [stdout]     |
[INFO] [stdout] 498 |     test_util::write(
[INFO] [stdout]     |     ^^^^^^^^^ use of unresolved module or unlinked crate `test_util`
[INFO] [stdout]     |
[INFO] [stdout]     = help: if you wanted to use a crate named `test_util`, use `cargo add test_util` to add it to your `Cargo.toml`
[INFO] [stdout] 
[INFO] [stdout] 
[INFO] [stdout] error[E0433]: cannot find module or crate `test_util` in this scope
[INFO] [stdout]    --> src/tests/chart.rs:509:5
[INFO] [stdout]     |
[INFO] [stdout] 509 |     test_util::write(
[INFO] [stdout]     |     ^^^^^^^^^ use of unresolved module or unlinked crate `test_util`
[INFO] [stdout]     |
[INFO] [stdout]     = help: if you wanted to use a crate named `test_util`, use `cargo add test_util` to add it to your `Cargo.toml`
[INFO] [stdout] 
[INFO] [stdout] 
[INFO] [stdout] error[E0433]: cannot find module or crate `test_util` in this scope
[INFO] [stdout]    --> src/tests/chart.rs:524:5
[INFO] [stdout]     |
[INFO] [stdout] 524 |     test_util::write(
[INFO] [stdout]     |     ^^^^^^^^^ use of unresolved module or unlinked crate `test_util`
[INFO] [stdout]     |
[INFO] [stdout]     = help: if you wanted to use a crate named `test_util`, use `cargo add test_util` to add it to your `Cargo.toml`
[INFO] [stdout] 
[INFO] [stdout] 
[INFO] [stdout] error[E0433]: cannot find module or crate `test_util` in this scope
[INFO] [stdout]    --> src/tests/chart.rs:552:5
[INFO] [stdout]     |
[INFO] [stdout] 552 |     test_util::write(
[INFO] [stdout]     |     ^^^^^^^^^ use of unresolved module or unlinked crate `test_util`
[INFO] [stdout]     |
[INFO] [stdout]     = help: if you wanted to use a crate named `test_util`, use `cargo add test_util` to add it to your `Cargo.toml`
[INFO] [stdout] 
[INFO] [stdout] 
[INFO] [stdout] error[E0433]: cannot find module or crate `test_util` in this scope
[INFO] [stdout]    --> src/tests/chart.rs:584:5
[INFO] [stdout]     |
[INFO] [stdout] 584 |     test_util::write(
[INFO] [stdout]     |     ^^^^^^^^^ use of unresolved module or unlinked crate `test_util`
[INFO] [stdout]     |
[INFO] [stdout]     = help: if you wanted to use a crate named `test_util`, use `cargo add test_util` to add it to your `Cargo.toml`
[INFO] [stdout] 
[INFO] [stdout] 
[INFO] [stdout] error[E0433]: cannot find module or crate `test_util` in this scope
[INFO] [stdout]    --> src/tests/chart.rs:600:9
[INFO] [stdout]     |
[INFO] [stdout] 600 |         test_util::write(
[INFO] [stdout]     |         ^^^^^^^^^ use of unresolved module or unlinked crate `test_util`
[INFO] [stdout]     |
[INFO] [stdout]     = help: if you wanted to use a crate named `test_util`, use `cargo add test_util` to add it to your `Cargo.toml`
[INFO] [stdout] 
[INFO] [stdout] 
[INFO] [stdout] error[E0433]: cannot find module or crate `test_util` in this scope
[INFO] [stdout]    --> src/tests/chart.rs:639:5
[INFO] [stdout]     |
[INFO] [stdout] 639 |     test_util::write(
[INFO] [stdout]     |     ^^^^^^^^^ use of unresolved module or unlinked crate `test_util`
[INFO] [stdout]     |
[INFO] [stdout]     = help: if you wanted to use a crate named `test_util`, use `cargo add test_util` to add it to your `Cargo.toml`
[INFO] [stdout] 
[INFO] [stdout] 
[INFO] [stdout] error[E0433]: cannot find module or crate `test_util` in this scope
[INFO] [stdout]    --> src/tests/chart.rs:713:5
[INFO] [stdout]     |
[INFO] [stdout] 713 |     test_util::write(
[INFO] [stdout]     |     ^^^^^^^^^ use of unresolved module or unlinked crate `test_util`
[INFO] [stdout]     |
[INFO] [stdout]     = help: if you wanted to use a crate named `test_util`, use `cargo add test_util` to add it to your `Cargo.toml`
[INFO] [stdout] 
[INFO] [stdout] 
[INFO] [stdout] error[E0433]: cannot find module or crate `test_util` in this scope
[INFO] [stdout]    --> src/tests/chart.rs:784:5
[INFO] [stdout]     |
[INFO] [stdout] 784 |     test_util::write(
[INFO] [stdout]     |     ^^^^^^^^^ use of unresolved module or unlinked crate `test_util`
[INFO] [stdout]     |
[INFO] [stdout]     = help: if you wanted to use a crate named `test_util`, use `cargo add test_util` to add it to your `Cargo.toml`
[INFO] [stdout] 
[INFO] [stdout] 
[INFO] [stdout] For more information about this error, try `rustc --explain E0433`.
[INFO] [stdout] 
[INFO] [stderr] error: could not compile `helm-schema` (lib test) due to 153 previous errors; 7 warnings emitted
[INFO] running `Command { std: "docker" "inspect" "cabb0d74e92ee11a2026647ebf43e809ead40894854025ace57dc5dcf5ee698e", kill_on_drop: false }`
[INFO] running `Command { std: "docker" "rm" "-f" "cabb0d74e92ee11a2026647ebf43e809ead40894854025ace57dc5dcf5ee698e", kill_on_drop: false }`
[INFO] [stdout] cabb0d74e92ee11a2026647ebf43e809ead40894854025ace57dc5dcf5ee698e
