[INFO] fetching crate helm-schema-syntax 0.0.7...
[INFO] testing helm-schema-syntax-0.0.7 against 1.99.0-beta.8+cargoflags=--release for beta-release-1.100-2
[INFO] extracting crate helm-schema-syntax 0.0.7 into /workspace/builds/worker-5-tc1/source
[INFO] started tweaking crates.io crate helm-schema-syntax 0.0.7
[INFO] removed 0 missing tests
[INFO] finished tweaking crates.io crate helm-schema-syntax 0.0.7
[INFO] tweaked toml for crates.io crate helm-schema-syntax 0.0.7 written to /workspace/builds/worker-5-tc1/source/Cargo.toml
[INFO] validating manifest of crates.io crate helm-schema-syntax 0.0.7 on toolchain 1.99.0-beta.8
[INFO] running `Command { std: CARGO_HOME="/workspace/cargo-home" RUSTUP_HOME="/workspace/rustup-home" "/workspace/cargo-home/bin/cargo" "+1.99.0-beta.8" "metadata" "--manifest-path" "Cargo.toml" "--no-deps", kill_on_drop: false }`
[INFO] crate crates.io crate helm-schema-syntax 0.0.7 already has a lockfile, it will not be regenerated
[INFO] running `Command { std: CARGO_HOME="/workspace/cargo-home" RUSTUP_HOME="/workspace/rustup-home" "/workspace/cargo-home/bin/cargo" "+1.99.0-beta.8" "fetch" "--manifest-path" "Cargo.toml", kill_on_drop: false }`
[INFO] [stderr]     Updating crates.io index
[INFO] [stderr]  Downloading crates ...
[INFO] [stderr]   Downloaded color-spantrace v0.3.0
[INFO] [stderr]   Downloaded similar-asserts v2.0.0
[INFO] [stderr]   Downloaded tree-sitter v0.26.13
[INFO] [stderr]   Downloaded helm-schema-template-grammar v0.0.7
[INFO] [stderr]   Downloaded similar v3.2.0
[INFO] running `Command { std: "docker" "create" "-v" "/var/lib/crater-agent-workspace/builds/worker-5-tc1/source:/opt/rustwide/workdir:ro,Z" "-v" "/var/lib/crater-agent-workspace/builds/worker-5-tc1/target:/opt/rustwide/target:rw,Z" "-v" "/var/lib/crater-agent-workspace/cargo-home:/opt/rustwide/cargo-home:ro,Z" "-v" "/var/lib/crater-agent-workspace/rustup-home:/opt/rustwide/rustup-home:ro,Z" "-m" "1610612736" "--network" "none" "ghcr.io/rust-lang/crates-build-env/linux@sha256:77db811e55d90add9212f6832c23229e3de5f1c1f9905e8cb07319ea15df73ac" "sleep" "infinity", kill_on_drop: false }`
[INFO] [stdout] e4b0a525918cee8649bac3f163db34d4c7e4d802a55e30c0daf5d374c01a34ad
[INFO] running `Command { std: "docker" "start" "e4b0a525918cee8649bac3f163db34d4c7e4d802a55e30c0daf5d374c01a34ad", kill_on_drop: false }`
[INFO] running `Command { std: "docker" "inspect" "e4b0a525918cee8649bac3f163db34d4c7e4d802a55e30c0daf5d374c01a34ad", kill_on_drop: false }`
[INFO] running `Command { std: "docker" "exec" "-e" "SOURCE_DIR=/opt/rustwide/workdir" "-e" "CARGO_HOME=/opt/rustwide/cargo-home" "-e" "RUSTUP_HOME=/opt/rustwide/rustup-home" "-e" "CARGO_TARGET_DIR=/opt/rustwide/target" "-w" "/opt/rustwide/workdir" "--user" "0:0" "e4b0a525918cee8649bac3f163db34d4c7e4d802a55e30c0daf5d374c01a34ad" "/opt/rustwide/cargo-home/bin/cargo" "+1.99.0-beta.8" "metadata" "--no-deps" "--format-version=1", kill_on_drop: false }`
[INFO] running `Command { std: "docker" "inspect" "e4b0a525918cee8649bac3f163db34d4c7e4d802a55e30c0daf5d374c01a34ad", kill_on_drop: false }`
[INFO] running `Command { std: "docker" "exec" "-e" "SOURCE_DIR=/opt/rustwide/workdir" "-e" "CARGO_HOME=/opt/rustwide/cargo-home" "-e" "RUSTUP_HOME=/opt/rustwide/rustup-home" "-e" "CARGO_TARGET_DIR=/opt/rustwide/target" "-e" "CARGO_INCREMENTAL=0" "-e" "RUST_BACKTRACE=full" "-e" "RUSTFLAGS=--cap-lints=warn" "-e" "RUSTDOCFLAGS=--cap-lints=warn" "-w" "/opt/rustwide/workdir" "--user" "0:0" "e4b0a525918cee8649bac3f163db34d4c7e4d802a55e30c0daf5d374c01a34ad" "/opt/rustwide/cargo-home/bin/cargo" "+1.99.0-beta.8" "build" "--frozen" "--message-format=json" "--release", kill_on_drop: false }`
[INFO] [stderr]    Compiling find-msvc-tools v0.1.11
[INFO] [stderr]    Compiling tree-sitter-language v0.1.8
[INFO] [stderr]    Compiling serde_json v1.0.151
[INFO] [stderr]    Compiling regex-syntax v0.8.11
[INFO] [stderr]    Compiling indexmap v2.14.1
[INFO] [stderr]    Compiling syn v2.0.119
[INFO] [stderr]    Compiling cc v1.4.4
[INFO] [stderr]    Compiling serde_yaml v0.9.34+deprecated
[INFO] [stderr]    Compiling helm-schema-template-grammar v0.0.7
[INFO] [stderr]    Compiling tree-sitter v0.26.13
[INFO] [stderr]    Compiling regex-automata v0.4.18
[INFO] [stderr]    Compiling tracing-attributes v0.1.31
[INFO] [stderr]    Compiling tracing v0.1.44
[INFO] [stderr]    Compiling regex v1.13.1
[INFO] [stderr]    Compiling helm-schema-syntax v0.0.7 (/opt/rustwide/workdir)
[INFO] [stderr]     Finished `release` profile [optimized] target(s) in 31.31s
[INFO] running `Command { std: "docker" "inspect" "e4b0a525918cee8649bac3f163db34d4c7e4d802a55e30c0daf5d374c01a34ad", kill_on_drop: false }`
[INFO] running `Command { std: "docker" "exec" "-e" "SOURCE_DIR=/opt/rustwide/workdir" "-e" "CARGO_HOME=/opt/rustwide/cargo-home" "-e" "RUSTUP_HOME=/opt/rustwide/rustup-home" "-e" "CARGO_TARGET_DIR=/opt/rustwide/target" "-e" "CARGO_INCREMENTAL=0" "-e" "RUST_BACKTRACE=full" "-e" "RUSTFLAGS=--cap-lints=warn" "-e" "RUSTDOCFLAGS=--cap-lints=warn" "-w" "/opt/rustwide/workdir" "--user" "0:0" "e4b0a525918cee8649bac3f163db34d4c7e4d802a55e30c0daf5d374c01a34ad" "/opt/rustwide/cargo-home/bin/cargo" "+1.99.0-beta.8" "test" "--frozen" "--no-run" "--message-format=json" "--release", kill_on_drop: false }`
[INFO] [stderr]    Compiling tracing-subscriber v0.3.23
[INFO] [stderr]    Compiling color-spantrace v0.3.0
[INFO] [stderr]    Compiling tracing v0.1.44
[INFO] [stderr]    Compiling object v0.37.3
[INFO] [stderr]    Compiling addr2line v0.25.1
[INFO] [stderr]    Compiling unicode-segmentation v1.13.3
[INFO] [stderr]    Compiling owo-colors v4.4.0
[INFO] [stderr]    Compiling console v0.16.4
[INFO] [stderr]    Compiling helm-schema-syntax v0.0.7 (/opt/rustwide/workdir)
[INFO] [stderr]    Compiling similar v3.2.0
[INFO] [stderr]    Compiling tracing-error v0.2.1
[INFO] [stderr]    Compiling similar-asserts v2.0.0
[INFO] [stderr]    Compiling backtrace v0.3.76
[INFO] [stderr]    Compiling color-eyre v0.6.5
[INFO] [stdout] error[E0433]: cannot find module or crate `test_util` in this scope
[INFO] [stdout]  --> tests/golden.rs:9:5
[INFO] [stdout]   |
[INFO] [stdout] 9 | use test_util::prelude::sim_assert_eq;
[INFO] [stdout]   |     ^^^^^^^^^ use of unresolved module or unlinked crate `test_util`
[INFO] [stdout]   |
[INFO] [stdout]   = help: if you wanted to use a crate named `test_util`, use `cargo add test_util` to add it to your `Cargo.toml`
[INFO] [stdout] 
[INFO] [stdout] 
[INFO] [stdout] error[E0433]: cannot find module or crate `test_util` in this scope
[INFO] [stdout]  --> tests/corpus.rs:9:5
[INFO] [stdout]   |
[INFO] [stdout] 9 | use test_util::prelude::sim_assert_eq;
[INFO] [stdout]   |     ^^^^^^^^^ use of unresolved module or unlinked crate `test_util`
[INFO] [stdout]   |
[INFO] [stdout]   = help: if you wanted to use a crate named `test_util`, use `cargo add test_util` to add it to your `Cargo.toml`
[INFO] [stdout] 
[INFO] [stdout] 
[INFO] [stdout] error[E0433]: cannot find module or crate `test_util` in this scope
[INFO] [stdout]  --> src/tests/yaml_scan.rs:2:5
[INFO] [stdout]   |
[INFO] [stdout] 2 | use test_util::prelude::sim_assert_eq;
[INFO] [stdout]   |     ^^^^^^^^^ use of unresolved module or unlinked crate `test_util`
[INFO] [stdout]   |
[INFO] [stdout]   = help: if you wanted to use a crate named `test_util`, use `cargo add test_util` to add it to your `Cargo.toml`
[INFO] [stdout] 
[INFO] [stdout] 
[INFO] [stdout] error[E0433]: cannot find module or crate `test_util` in this scope
[INFO] [stdout]  --> tests/literal.rs:7:5
[INFO] [stdout]   |
[INFO] [stdout] 7 | use test_util::prelude::sim_assert_eq;
[INFO] [stdout]   |     ^^^^^^^^^ use of unresolved module or unlinked crate `test_util`
[INFO] [stdout]   |
[INFO] [stdout]   = help: if you wanted to use a crate named `test_util`, use `cargo add test_util` to add it to your `Cargo.toml`
[INFO] [stdout] 
[INFO] [stdout] 
[INFO] [stdout] warning: unused import: `serde_json::json`
[INFO] [stdout]  --> tests/literal.rs:6:5
[INFO] [stdout]   |
[INFO] [stdout] 6 | use serde_json::json;
[INFO] [stdout]   |     ^^^^^^^^^^^^^^^^
[INFO] [stdout]   |
[INFO] [stdout]   = note: `#[warn(unused_imports)]` (part of `#[warn(unused)]`) on by default
[INFO] [stdout] 
[INFO] [stdout] 
[INFO] [stdout] warning: unused imports: `first_mapping_colon_offset` and `parse_yaml_key`
[INFO] [stdout]  --> src/tests/yaml_scan.rs:1:13
[INFO] [stdout]   |
[INFO] [stdout] 1 | use super::{first_mapping_colon_offset, parse_yaml_key};
[INFO] [stdout]   |             ^^^^^^^^^^^^^^^^^^^^^^^^^^  ^^^^^^^^^^^^^^
[INFO] [stdout]   |
[INFO] [stdout]   = note: `#[warn(unused_imports)]` (part of `#[warn(unused)]`) on by default
[INFO] [stdout] 
[INFO] [stdout] 
[INFO] [stdout] For more information about this error, try `rustc --explain E0433`.
[INFO] [stdout] 
[INFO] [stderr] error: could not compile `helm-schema-syntax` (test "literal") due to 1 previous error; 1 warning emitted
[INFO] [stderr] warning: build failed, waiting for other jobs to finish...
[INFO] [stdout] For more information about this error, try `rustc --explain E0433`.
[INFO] [stdout] 
[INFO] [stderr] error: could not compile `helm-schema-syntax` (test "golden") due to 1 previous error
[INFO] [stdout] For more information about this error, try `rustc --explain E0433`.
[INFO] [stdout] 
[INFO] [stderr] error: could not compile `helm-schema-syntax` (test "corpus") due to 1 previous error
[INFO] [stdout] For more information about this error, try `rustc --explain E0433`.
[INFO] [stdout] 
[INFO] [stderr] error: could not compile `helm-schema-syntax` (lib test) due to 1 previous error; 1 warning emitted
[INFO] running `Command { std: "docker" "inspect" "e4b0a525918cee8649bac3f163db34d4c7e4d802a55e30c0daf5d374c01a34ad", kill_on_drop: false }`
[INFO] running `Command { std: "docker" "rm" "-f" "e4b0a525918cee8649bac3f163db34d4c7e4d802a55e30c0daf5d374c01a34ad", kill_on_drop: false }`
[INFO] [stdout] e4b0a525918cee8649bac3f163db34d4c7e4d802a55e30c0daf5d374c01a34ad
