[INFO] fetching crate headgate 0.1.10...
[INFO] testing headgate-0.1.10 against 1.99.0-beta.8+cargoflags=--release for beta-release-1.100-2
[INFO] extracting crate headgate 0.1.10 into /workspace/builds/worker-1-tc1/source
[INFO] started tweaking crates.io crate headgate 0.1.10
[INFO] removed 0 missing examples
[INFO] removed 0 missing tests
[INFO] finished tweaking crates.io crate headgate 0.1.10
[INFO] tweaked toml for crates.io crate headgate 0.1.10 written to /workspace/builds/worker-1-tc1/source/Cargo.toml
[INFO] validating manifest of crates.io crate headgate 0.1.10 on toolchain 1.99.0-beta.8
[INFO] running `Command { std: CARGO_HOME="/workspace/cargo-home" RUSTUP_HOME="/workspace/rustup-home" "/workspace/cargo-home/bin/cargo" "+1.99.0-beta.8" "metadata" "--manifest-path" "Cargo.toml" "--no-deps", kill_on_drop: false }`
[INFO] crate crates.io crate headgate 0.1.10 already has a lockfile, it will not be regenerated
[INFO] running `Command { std: CARGO_HOME="/workspace/cargo-home" RUSTUP_HOME="/workspace/rustup-home" "/workspace/cargo-home/bin/cargo" "+1.99.0-beta.8" "fetch" "--manifest-path" "Cargo.toml", kill_on_drop: false }`
[INFO] [stderr]     Updating crates.io index
[INFO] [stderr]  Downloading crates ...
[INFO] [stderr]   Downloaded headgate-shared v0.1.10
[INFO] [stderr]   Downloaded headgate-macros v0.1.10
[INFO] [stderr]   Downloaded headgate-core v0.1.10
[INFO] [stderr]   Downloaded cron v0.15.0
[INFO] running `Command { std: "docker" "create" "-v" "/var/lib/crater-agent-workspace/builds/worker-1-tc1/source:/opt/rustwide/workdir:ro,Z" "-v" "/var/lib/crater-agent-workspace/builds/worker-1-tc1/target:/opt/rustwide/target:rw,Z" "-v" "/var/lib/crater-agent-workspace/cargo-home:/opt/rustwide/cargo-home:ro,Z" "-v" "/var/lib/crater-agent-workspace/rustup-home:/opt/rustwide/rustup-home:ro,Z" "-m" "1610612736" "--network" "none" "ghcr.io/rust-lang/crates-build-env/linux@sha256:77db811e55d90add9212f6832c23229e3de5f1c1f9905e8cb07319ea15df73ac" "sleep" "infinity", kill_on_drop: false }`
[INFO] [stdout] 3cc2709c5e93ec25b0167c800e59fcff2e7756d097d027259f0a5dda4a760c69
[INFO] running `Command { std: "docker" "start" "3cc2709c5e93ec25b0167c800e59fcff2e7756d097d027259f0a5dda4a760c69", kill_on_drop: false }`
[INFO] running `Command { std: "docker" "inspect" "3cc2709c5e93ec25b0167c800e59fcff2e7756d097d027259f0a5dda4a760c69", kill_on_drop: false }`
[INFO] running `Command { std: "docker" "exec" "-e" "SOURCE_DIR=/opt/rustwide/workdir" "-e" "CARGO_HOME=/opt/rustwide/cargo-home" "-e" "RUSTUP_HOME=/opt/rustwide/rustup-home" "-e" "CARGO_TARGET_DIR=/opt/rustwide/target" "-w" "/opt/rustwide/workdir" "--user" "0:0" "3cc2709c5e93ec25b0167c800e59fcff2e7756d097d027259f0a5dda4a760c69" "/opt/rustwide/cargo-home/bin/cargo" "+1.99.0-beta.8" "metadata" "--no-deps" "--format-version=1", kill_on_drop: false }`
[INFO] running `Command { std: "docker" "inspect" "3cc2709c5e93ec25b0167c800e59fcff2e7756d097d027259f0a5dda4a760c69", kill_on_drop: false }`
[INFO] running `Command { std: "docker" "exec" "-e" "SOURCE_DIR=/opt/rustwide/workdir" "-e" "CARGO_HOME=/opt/rustwide/cargo-home" "-e" "RUSTUP_HOME=/opt/rustwide/rustup-home" "-e" "CARGO_TARGET_DIR=/opt/rustwide/target" "-e" "CARGO_INCREMENTAL=0" "-e" "RUST_BACKTRACE=full" "-e" "RUSTFLAGS=--cap-lints=warn" "-e" "RUSTDOCFLAGS=--cap-lints=warn" "-w" "/opt/rustwide/workdir" "--user" "0:0" "3cc2709c5e93ec25b0167c800e59fcff2e7756d097d027259f0a5dda4a760c69" "/opt/rustwide/cargo-home/bin/cargo" "+1.99.0-beta.8" "build" "--frozen" "--message-format=json" "--release", kill_on_drop: false }`
[INFO] [stderr]    Compiling chrono-tz v0.10.4
[INFO] [stderr]    Compiling phf_shared v0.12.1
[INFO] [stderr]    Compiling syn v3.0.4
[INFO] [stderr]    Compiling syn v2.0.119
[INFO] [stderr]    Compiling winnow v0.6.26
[INFO] [stderr]    Compiling futures-util v0.3.34
[INFO] [stderr]    Compiling chrono v0.4.45
[INFO] [stderr]    Compiling headgate-shared v0.1.10
[INFO] [stderr]    Compiling phf v0.12.1
[INFO] [stderr]    Compiling cron v0.15.0
[INFO] [stderr]    Compiling tokio-macros v2.7.2
[INFO] [stderr]    Compiling async-trait v0.1.92
[INFO] [stderr]    Compiling serde_derive v1.0.229
[INFO] [stderr]    Compiling tokio v1.53.1
[INFO] [stderr]    Compiling headgate-core v0.1.10
[INFO] [stderr]    Compiling tracing-attributes v0.1.31
[INFO] [stderr]    Compiling headgate-macros v0.1.10
[INFO] [stderr]    Compiling serde v1.0.229
[INFO] [stderr]    Compiling tracing v0.1.44
[INFO] [stderr]    Compiling headgate v0.1.10 (/opt/rustwide/workdir)
[INFO] [stderr]     Finished `release` profile [optimized] target(s) in 29.23s
[INFO] running `Command { std: "docker" "inspect" "3cc2709c5e93ec25b0167c800e59fcff2e7756d097d027259f0a5dda4a760c69", kill_on_drop: false }`
[INFO] running `Command { std: "docker" "exec" "-e" "SOURCE_DIR=/opt/rustwide/workdir" "-e" "CARGO_HOME=/opt/rustwide/cargo-home" "-e" "RUSTUP_HOME=/opt/rustwide/rustup-home" "-e" "CARGO_TARGET_DIR=/opt/rustwide/target" "-e" "CARGO_INCREMENTAL=0" "-e" "RUST_BACKTRACE=full" "-e" "RUSTFLAGS=--cap-lints=warn" "-e" "RUSTDOCFLAGS=--cap-lints=warn" "-w" "/opt/rustwide/workdir" "--user" "0:0" "3cc2709c5e93ec25b0167c800e59fcff2e7756d097d027259f0a5dda4a760c69" "/opt/rustwide/cargo-home/bin/cargo" "+1.99.0-beta.8" "test" "--frozen" "--no-run" "--message-format=json" "--release", kill_on_drop: false }`
[INFO] [stderr]    Compiling tokio v1.53.1
[INFO] [stderr]    Compiling headgate v0.1.10 (/opt/rustwide/workdir)
[INFO] [stdout] error[E0432]: unresolved import `headgate_testkit`
[INFO] [stdout]    --> src/client.rs:662:9
[INFO] [stdout]     |
[INFO] [stdout] 662 |     use headgate_testkit::MemStore;
[INFO] [stdout]     |         ^^^^^^^^^^^^^^^^ use of unresolved module or unlinked crate `headgate_testkit`
[INFO] [stdout]     |
[INFO] [stdout]     = help: if you wanted to use a crate named `headgate_testkit`, use `cargo add headgate_testkit` to add it to your `Cargo.toml`
[INFO] [stdout] 
[INFO] [stdout] 
[INFO] [stdout] error[E0432]: unresolved import `headgate_testkit`
[INFO] [stdout]  --> tests/plugin.rs:7:5
[INFO] [stdout]   |
[INFO] [stdout] 7 | use headgate_testkit::MemStore;
[INFO] [stdout]   |     ^^^^^^^^^^^^^^^^ use of unresolved module or unlinked crate `headgate_testkit`
[INFO] [stdout]   |
[INFO] [stdout]   = help: if you wanted to use a crate named `headgate_testkit`, use `cargo add headgate_testkit` to add it to your `Cargo.toml`
[INFO] [stdout] 
[INFO] [stdout] 
[INFO] [stdout] error[E0432]: unresolved import `headgate_testkit`
[INFO] [stdout]  --> tests/job_outputs.rs:8:5
[INFO] [stdout]   |
[INFO] [stdout] 8 | use headgate_testkit::MemStore;
[INFO] [stdout]   |     ^^^^^^^^^^^^^^^^ use of unresolved module or unlinked crate `headgate_testkit`
[INFO] [stdout]   |
[INFO] [stdout]   = help: if you wanted to use a crate named `headgate_testkit`, use `cargo add headgate_testkit` to add it to your `Cargo.toml`
[INFO] [stdout] 
[INFO] [stdout] 
[INFO] [stdout] error[E0432]: unresolved import `headgate_testkit`
[INFO] [stdout]  --> tests/enqueue_authorization.rs:7:5
[INFO] [stdout]   |
[INFO] [stdout] 7 | use headgate_testkit::MemStore;
[INFO] [stdout]   |     ^^^^^^^^^^^^^^^^ use of unresolved module or unlinked crate `headgate_testkit`
[INFO] [stdout]   |
[INFO] [stdout]   = help: if you wanted to use a crate named `headgate_testkit`, use `cargo add headgate_testkit` to add it to your `Cargo.toml`
[INFO] [stdout] 
[INFO] [stdout] 
[INFO] [stdout] For more information about this error, try `rustc --explain E0432`.
[INFO] [stdout] 
[INFO] [stdout] error: couldn't read `tests/../../../conformance/cron_ticks.json`: No such file or directory (os error 2)
[INFO] [stdout]   --> tests/cron_vectors.rs:16:23
[INFO] [stdout]    |
[INFO] [stdout] 16 | const VECTORS: &str = include_str!("../../../conformance/cron_ticks.json");
[INFO] [stdout]    |                       ^^^^^^^^^^^^^^^^^^^^^^^^^^^^^^^^^^^^^^^^^^^^^^^^^^^^
[INFO] [stdout] 
[INFO] [stdout] 
[INFO] [stderr] error: could not compile `headgate` (test "job_outputs") due to 1 previous error
[INFO] [stderr] warning: build failed, waiting for other jobs to finish...
[INFO] [stdout] error[E0432]: unresolved import `headgate_testkit`
[INFO] [stdout]  --> tests/job_progress.rs:8:5
[INFO] [stdout]   |
[INFO] [stdout] 8 | use headgate_testkit::MemStore;
[INFO] [stdout]   |     ^^^^^^^^^^^^^^^^ use of unresolved module or unlinked crate `headgate_testkit`
[INFO] [stdout]   |
[INFO] [stdout]   = help: if you wanted to use a crate named `headgate_testkit`, use `cargo add headgate_testkit` to add it to your `Cargo.toml`
[INFO] [stdout] 
[INFO] [stdout] 
[INFO] [stdout] error[E0432]: unresolved import `headgate_testkit`
[INFO] [stdout]  --> tests/batch_handler.rs:7:5
[INFO] [stdout]   |
[INFO] [stdout] 7 | use headgate_testkit::MemStore;
[INFO] [stdout]   |     ^^^^^^^^^^^^^^^^ use of unresolved module or unlinked crate `headgate_testkit`
[INFO] [stdout]   |
[INFO] [stdout]   = help: if you wanted to use a crate named `headgate_testkit`, use `cargo add headgate_testkit` to add it to your `Cargo.toml`
[INFO] [stdout] 
[INFO] [stdout] 
[INFO] [stdout] For more information about this error, try `rustc --explain E0432`.
[INFO] [stdout] 
[INFO] [stdout] For more information about this error, try `rustc --explain E0432`.
[INFO] [stdout] 
[INFO] [stdout] For more information about this error, try `rustc --explain E0432`.
[INFO] [stdout] 
[INFO] [stderr] error: could not compile `headgate` (test "job_progress") due to 1 previous error
[INFO] [stderr] error: could not compile `headgate` (test "plugin") due to 1 previous error
[INFO] [stderr] error: could not compile `headgate` (test "enqueue_authorization") due to 1 previous error
[INFO] [stdout] error[E0432]: unresolved import `headgate_testkit`
[INFO] [stdout]  --> tests/death_handler.rs:7:5
[INFO] [stdout]   |
[INFO] [stdout] 7 | use headgate_testkit::MemStore;
[INFO] [stdout]   |     ^^^^^^^^^^^^^^^^ use of unresolved module or unlinked crate `headgate_testkit`
[INFO] [stdout]   |
[INFO] [stdout]   = help: if you wanted to use a crate named `headgate_testkit`, use `cargo add headgate_testkit` to add it to your `Cargo.toml`
[INFO] [stdout] 
[INFO] [stdout] 
[INFO] [stdout] error[E0432]: unresolved import `headgate_testkit`
[INFO] [stdout]  --> tests/log.rs:5:5
[INFO] [stdout]   |
[INFO] [stdout] 5 | use headgate_testkit::MemStore;
[INFO] [stdout]   |     ^^^^^^^^^^^^^^^^ use of unresolved module or unlinked crate `headgate_testkit`
[INFO] [stdout]   |
[INFO] [stdout]   = help: if you wanted to use a crate named `headgate_testkit`, use `cargo add headgate_testkit` to add it to your `Cargo.toml`
[INFO] [stdout] 
[INFO] [stdout] 
[INFO] [stdout] error[E0432]: unresolved import `headgate_testkit`
[INFO] [stdout]  --> tests/enqueue_middleware.rs:8:5
[INFO] [stdout]   |
[INFO] [stdout] 8 | use headgate_testkit::MemStore;
[INFO] [stdout]   |     ^^^^^^^^^^^^^^^^ use of unresolved module or unlinked crate `headgate_testkit`
[INFO] [stdout]   |
[INFO] [stdout]   = help: if you wanted to use a crate named `headgate_testkit`, use `cargo add headgate_testkit` to add it to your `Cargo.toml`
[INFO] [stdout] 
[INFO] [stdout] 
[INFO] [stdout] error[E0432]: unresolved import `headgate_postgres`
[INFO] [stdout]   --> tests/runtime.rs:10:5
[INFO] [stdout]    |
[INFO] [stdout] 10 | use headgate_postgres::{PgStore, PgStoreOptions};
[INFO] [stdout]    |     ^^^^^^^^^^^^^^^^^ use of unresolved module or unlinked crate `headgate_postgres`
[INFO] [stdout]    |
[INFO] [stdout] help: there is a crate or module with a similar name
[INFO] [stdout]    |
[INFO] [stdout] 10 - use headgate_postgres::{PgStore, PgStoreOptions};
[INFO] [stdout] 10 + use headgate_core::{PgStore, PgStoreOptions};
[INFO] [stdout]    |
[INFO] [stdout] 
[INFO] [stdout] 
[INFO] [stdout] error[E0432]: unresolved import `headgate_testkit`
[INFO] [stdout]     --> tests/runtime.rs:1527:9
[INFO] [stdout]      |
[INFO] [stdout] 1527 |     use headgate_testkit::{Enqueued, assert_enqueued, find_enqueued};
[INFO] [stdout]      |         ^^^^^^^^^^^^^^^^ use of unresolved module or unlinked crate `headgate_testkit`
[INFO] [stdout]      |
[INFO] [stdout]      = help: if you wanted to use a crate named `headgate_testkit`, use `cargo add headgate_testkit` to add it to your `Cargo.toml`
[INFO] [stdout] 
[INFO] [stdout] 
[INFO] [stdout] For more information about this error, try `rustc --explain E0432`.
[INFO] [stdout] 
[INFO] [stderr] error: could not compile `headgate` (test "cron_vectors") due to 1 previous error
[INFO] [stderr] error: could not compile `headgate` (test "log") due to 1 previous error
[INFO] [stdout] For more information about this error, try `rustc --explain E0432`.
[INFO] [stdout] 
[INFO] [stdout] error[E0432]: unresolved import `headgate_postgres`
[INFO] [stdout]  --> tests/insert_hooks.rs:8:5
[INFO] [stdout]   |
[INFO] [stdout] 8 | use headgate_postgres::PgStore;
[INFO] [stdout]   |     ^^^^^^^^^^^^^^^^^ use of unresolved module or unlinked crate `headgate_postgres`
[INFO] [stdout]   |
[INFO] [stdout] help: there is a crate or module with a similar name
[INFO] [stdout]   |
[INFO] [stdout] 8 - use headgate_postgres::PgStore;
[INFO] [stdout] 8 + use headgate_core::PgStore;
[INFO] [stdout]   |
[INFO] [stdout] 
[INFO] [stdout] 
[INFO] [stdout] error[E0432]: unresolved import `headgate_testkit`
[INFO] [stdout]  --> tests/insert_hooks.rs:9:5
[INFO] [stdout]   |
[INFO] [stdout] 9 | use headgate_testkit::MemStore;
[INFO] [stdout]   |     ^^^^^^^^^^^^^^^^ use of unresolved module or unlinked crate `headgate_testkit`
[INFO] [stdout]   |
[INFO] [stdout]   = help: if you wanted to use a crate named `headgate_testkit`, use `cargo add headgate_testkit` to add it to your `Cargo.toml`
[INFO] [stdout] 
[INFO] [stdout] 
[INFO] [stdout] error[E0432]: unresolved import `headgate_postgres`
[INFO] [stdout]   --> tests/signals.rs:11:5
[INFO] [stdout]    |
[INFO] [stdout] 11 | use headgate_postgres::{PgStore, PgStoreOptions};
[INFO] [stdout]    |     ^^^^^^^^^^^^^^^^^ use of unresolved module or unlinked crate `headgate_postgres`
[INFO] [stdout]    |
[INFO] [stdout] help: there is a crate or module with a similar name
[INFO] [stdout]    |
[INFO] [stdout] 11 - use headgate_postgres::{PgStore, PgStoreOptions};
[INFO] [stdout] 11 + use headgate_core::{PgStore, PgStoreOptions};
[INFO] [stdout]    |
[INFO] [stdout] 
[INFO] [stdout] 
[INFO] [stderr] error: could not compile `headgate` (test "batch_handler") due to 1 previous error
[INFO] [stdout] error[E0432]: unresolved import `headgate_testkit`
[INFO] [stdout]  --> tests/tracked_tasks.rs:9:5
[INFO] [stdout]   |
[INFO] [stdout] 9 | use headgate_testkit::MemStore;
[INFO] [stdout]   |     ^^^^^^^^^^^^^^^^ use of unresolved module or unlinked crate `headgate_testkit`
[INFO] [stdout]   |
[INFO] [stdout]   = help: if you wanted to use a crate named `headgate_testkit`, use `cargo add headgate_testkit` to add it to your `Cargo.toml`
[INFO] [stdout] 
[INFO] [stdout] 
[INFO] [stdout] For more information about this error, try `rustc --explain E0432`.
[INFO] [stdout] 
[INFO] [stdout] error[E0432]: unresolved import `headgate_postgres`
[INFO] [stdout]  --> tests/scheduler.rs:8:5
[INFO] [stdout]   |
[INFO] [stdout] 8 | use headgate_postgres::PgStore;
[INFO] [stdout]   |     ^^^^^^^^^^^^^^^^^ use of unresolved module or unlinked crate `headgate_postgres`
[INFO] [stdout]   |
[INFO] [stdout] help: there is a crate or module with a similar name
[INFO] [stdout]   |
[INFO] [stdout] 8 - use headgate_postgres::PgStore;
[INFO] [stdout] 8 + use headgate_core::PgStore;
[INFO] [stdout]   |
[INFO] [stdout] 
[INFO] [stdout] 
[INFO] [stdout] error[E0432]: unresolved import `headgate_testkit`
[INFO] [stdout]   --> tests/client_from_context.rs:10:5
[INFO] [stdout]    |
[INFO] [stdout] 10 | use headgate_testkit::MemStore;
[INFO] [stdout]    |     ^^^^^^^^^^^^^^^^ use of unresolved module or unlinked crate `headgate_testkit`
[INFO] [stdout]    |
[INFO] [stdout]    = help: if you wanted to use a crate named `headgate_testkit`, use `cargo add headgate_testkit` to add it to your `Cargo.toml`
[INFO] [stdout] 
[INFO] [stdout] 
[INFO] [stderr] error: could not compile `headgate` (test "death_handler") due to 1 previous error
[INFO] [stdout] For more information about this error, try `rustc --explain E0432`.
[INFO] [stdout] 
[INFO] [stderr] error: could not compile `headgate` (test "insert_hooks") due to 2 previous errors
[INFO] [stdout] For more information about this error, try `rustc --explain E0432`.
[INFO] [stdout] 
[INFO] [stderr] error: could not compile `headgate` (test "enqueue_middleware") due to 1 previous error
[INFO] [stdout] For more information about this error, try `rustc --explain E0432`.
[INFO] [stdout] 
[INFO] [stderr] error: could not compile `headgate` (test "client_from_context") due to 1 previous error
[INFO] [stdout] error[E0308]: mismatched types
[INFO] [stdout]    --> tests/scheduler.rs:468:33
[INFO] [stdout]     |
[INFO] [stdout] 468 |                 &[&schedule_id, &1_i64],
[INFO] [stdout]     |                                 ^^^^^^ expected `&&str`, found `&i64`
[INFO] [stdout]     |
[INFO] [stdout]     = note: expected reference `&&str`
[INFO] [stdout]                found reference `&i64`
[INFO] [stdout] 
[INFO] [stdout] 
[INFO] [stdout] error[E0433]: cannot find module or crate `headgate_postgres` in this scope
[INFO] [stdout]    --> tests/runtime.rs:508:41
[INFO] [stdout]     |
[INFO] [stdout] 508 |                         .downcast_mut::<headgate_postgres::PgTx>()
[INFO] [stdout]     |                                         ^^^^^^^^^^^^^^^^^ use of unresolved module or unlinked crate `headgate_postgres`
[INFO] [stdout]     |
[INFO] [stdout] help: there is a crate or module with a similar name
[INFO] [stdout]     |
[INFO] [stdout] 508 -                         .downcast_mut::<headgate_postgres::PgTx>()
[INFO] [stdout] 508 +                         .downcast_mut::<headgate_core::PgTx>()
[INFO] [stdout]     |
[INFO] [stdout] 
[INFO] [stdout] 
[INFO] [stdout] error[E0433]: cannot find module or crate `headgate_postgres` in this scope
[INFO] [stdout]    --> tests/runtime.rs:597:45
[INFO] [stdout]     |
[INFO] [stdout] 597 | ...                   .downcast_mut::<headgate_postgres::PgTx>()
[INFO] [stdout]     |                                       ^^^^^^^^^^^^^^^^^ use of unresolved module or unlinked crate `headgate_postgres`
[INFO] [stdout]     |
[INFO] [stdout] help: there is a crate or module with a similar name
[INFO] [stdout]     |
[INFO] [stdout] 597 -                             .downcast_mut::<headgate_postgres::PgTx>()
[INFO] [stdout] 597 +                             .downcast_mut::<headgate_core::PgTx>()
[INFO] [stdout]     |
[INFO] [stdout] 
[INFO] [stdout] 
[INFO] [stdout] error[E0433]: cannot find module or crate `headgate_postgres` in this scope
[INFO] [stdout]    --> tests/runtime.rs:826:49
[INFO] [stdout]     |
[INFO] [stdout] 826 | ...                   .downcast_mut::<headgate_postgres::PgTx>()
[INFO] [stdout]     |                                       ^^^^^^^^^^^^^^^^^ use of unresolved module or unlinked crate `headgate_postgres`
[INFO] [stdout]     |
[INFO] [stdout] help: there is a crate or module with a similar name
[INFO] [stdout]     |
[INFO] [stdout] 826 -                                 .downcast_mut::<headgate_postgres::PgTx>()
[INFO] [stdout] 826 +                                 .downcast_mut::<headgate_core::PgTx>()
[INFO] [stdout]     |
[INFO] [stdout] 
[INFO] [stdout] 
[INFO] [stdout] error[E0433]: cannot find module or crate `headgate_testkit` in this scope
[INFO] [stdout]     --> tests/runtime.rs:1519:6
[INFO] [stdout]      |
[INFO] [stdout] 1519 | impl headgate_testkit::EnqueuedJobs for LiveJobs {
[INFO] [stdout]      |      ^^^^^^^^^^^^^^^^ use of unresolved module or unlinked crate `headgate_testkit`
[INFO] [stdout]      |
[INFO] [stdout]      = help: if you wanted to use a crate named `headgate_testkit`, use `cargo add headgate_testkit` to add it to your `Cargo.toml`
[INFO] [stdout] 
[INFO] [stdout] 
[INFO] [stdout] Some errors have detailed explanations: E0432, E0433.
[INFO] [stdout] 
[INFO] [stdout] For more information about an error, try `rustc --explain E0432`.
[INFO] [stdout] 
[INFO] [stdout] Some errors have detailed explanations: E0308, E0432.
[INFO] [stdout] 
[INFO] [stdout] For more information about an error, try `rustc --explain E0308`.
[INFO] [stdout] 
[INFO] [stderr] error: could not compile `headgate` (test "runtime") due to 6 previous errors
[INFO] [stderr] error: could not compile `headgate` (test "scheduler") due to 2 previous errors
[INFO] [stdout] For more information about this error, try `rustc --explain E0432`.
[INFO] [stdout] 
[INFO] [stderr] error: could not compile `headgate` (lib test) due to 1 previous error
[INFO] [stdout] For more information about this error, try `rustc --explain E0432`.
[INFO] [stdout] 
[INFO] [stdout] For more information about this error, try `rustc --explain E0432`.
[INFO] [stdout] 
[INFO] [stderr] error: could not compile `headgate` (test "tracked_tasks") due to 1 previous error
[INFO] [stderr] error: could not compile `headgate` (test "signals") due to 1 previous error
[INFO] running `Command { std: "docker" "inspect" "3cc2709c5e93ec25b0167c800e59fcff2e7756d097d027259f0a5dda4a760c69", kill_on_drop: false }`
[INFO] running `Command { std: "docker" "rm" "-f" "3cc2709c5e93ec25b0167c800e59fcff2e7756d097d027259f0a5dda4a760c69", kill_on_drop: false }`
[INFO] [stdout] 3cc2709c5e93ec25b0167c800e59fcff2e7756d097d027259f0a5dda4a760c69
