[INFO] fetching crate hdp 0.9.0...
[INFO] testing hdp-0.9.0 against 1.99.0-beta.8+cargoflags=--release for beta-release-1.100-2
[INFO] extracting crate hdp 0.9.0 into /workspace/builds/worker-0-tc1/source
[INFO] started tweaking crates.io crate hdp 0.9.0
[INFO] finished tweaking crates.io crate hdp 0.9.0
[INFO] tweaked toml for crates.io crate hdp 0.9.0 written to /workspace/builds/worker-0-tc1/source/Cargo.toml
[INFO] validating manifest of crates.io crate hdp 0.9.0 on toolchain 1.99.0-beta.8
[INFO] running `Command { std: CARGO_HOME="/workspace/cargo-home" RUSTUP_HOME="/workspace/rustup-home" "/workspace/cargo-home/bin/cargo" "+1.99.0-beta.8" "metadata" "--manifest-path" "Cargo.toml" "--no-deps", kill_on_drop: false }`
[INFO] running `Command { std: CARGO_HOME="/workspace/cargo-home" RUSTUP_HOME="/workspace/rustup-home" "/workspace/cargo-home/bin/cargo" "+1.99.0-beta.8" "generate-lockfile" "--manifest-path" "Cargo.toml", kill_on_drop: false }`
[INFO] [stderr]     Updating crates.io index
[INFO] [stderr]      Locking 645 packages to highest compatible versions
[INFO] [stderr]       Adding alloy v0.4.2 (available: v2.5.0)
[INFO] [stderr]       Adding criterion v0.4.0 (available: v0.8.2)
[INFO] [stderr]       Adding generic-array v0.14.7 (available: v0.14.9)
[INFO] [stderr]       Adding good_lp v1.15.2 (available: v1.15.3)
[INFO] [stderr]       Adding itertools v0.10.5 (available: v0.15.0)
[INFO] [stderr]       Adding proc-macro-error-attr3 v3.0.1 (available: v3.1.1)
[INFO] [stderr]       Adding proc-macro-error3 v3.0.1 (available: v3.1.1)
[INFO] [stderr]       Adding psm v0.1.24 (available: v0.1.32)
[INFO] [stderr]       Adding reqwest v0.11.27 (available: v0.13.5)
[INFO] [stderr]       Adding serde_with v2.3.3 (available: v3.24.0)
[INFO] [stderr]       Adding starknet v0.11.0 (available: v0.17.0)
[INFO] [stderr]       Adding starknet-crypto v0.7.4 (available: v0.8.1)
[INFO] [stderr]       Adding starknet-types-core v0.1.9 (available: v1.0.0)
[INFO] [stderr]       Adding thiserror v1.0.69 (available: v2.0.21)
[INFO] running `Command { std: CARGO_HOME="/workspace/cargo-home" RUSTUP_HOME="/workspace/rustup-home" "/workspace/cargo-home/bin/cargo" "+1.99.0-beta.8" "fetch" "--manifest-path" "Cargo.toml", kill_on_drop: false }`
[INFO] [stderr]     Blocking waiting for file lock on package cache
[INFO] [stderr]  Downloading crates ...
[INFO] [stderr]   Downloaded starknet-crypto v0.7.4
[INFO] [stderr]   Downloaded size-of v0.1.5
[INFO] [stderr]   Downloaded starknet-curve v0.5.1
[INFO] [stderr]   Downloaded starknet-signers v0.9.0
[INFO] [stderr]   Downloaded starknet v0.11.0
[INFO] [stderr]   Downloaded starknet-types-core v0.1.9
[INFO] [stderr]   Downloaded starknet-providers v0.11.0
[INFO] [stderr]   Downloaded lambdaworks-math v0.10.0
[INFO] [stderr]   Downloaded starknet-core v0.11.1
[INFO] [stderr]   Downloaded serde_json_pythonic v0.1.2
[INFO] [stderr]   Downloaded lambdaworks-crypto v0.10.0
[INFO] [stderr]   Downloaded starknet-macros v0.2.5
[INFO] [stderr]   Downloaded starknet-types-core v0.2.4
[INFO] [stderr]   Downloaded starknet-core v0.16.0
[INFO] [stderr]   Downloaded starknet-crypto v0.8.1
[INFO] [stderr]   Downloaded starknet-core-derive v0.1.0
[INFO] [stderr]   Downloaded starknet-curve v0.6.0
[INFO] [stderr]   Downloaded lambdaworks-crypto v0.13.0
[INFO] [stderr]   Downloaded schemars_derive v1.2.3
[INFO] [stderr]   Downloaded lambdaworks-math v0.13.0
[INFO] [stderr]   Downloaded sn-merkle-trie v0.1.0
[INFO] [stderr]   Downloaded starknet-contract v0.10.0
[INFO] [stderr]   Downloaded starknet-accounts v0.10.0
[INFO] [stderr]   Downloaded sn-trie-proofs v0.1.1
[INFO] [stderr]   Downloaded eth-trie-proofs v0.1.2
[INFO] [stderr]   Downloaded starknet-types-rpc v0.7.1
[INFO] [stderr]   Downloaded keccak-hash v0.10.0
[INFO] [stderr]   Downloaded eth_trie v0.4.0
[INFO] [stderr]   Downloaded alloy v0.4.2
[INFO] [stderr]   Downloaded alloy-transport-ws v0.4.2
[INFO] [stderr]   Downloaded alloy-transport v0.4.2
[INFO] [stderr]   Downloaded alloy-sol-macro v0.8.26
[INFO] [stderr]   Downloaded alloy-sol-types v0.8.26
[INFO] [stderr]   Downloaded alloy-json-rpc v0.4.2
[INFO] [stderr]   Downloaded syn-solidity v0.8.26
[INFO] [stderr]   Downloaded alloy-sol-macro-input v0.8.26
[INFO] [stderr]   Downloaded alloy-pubsub v0.4.2
[INFO] [stderr]   Downloaded alloy-json-abi v0.8.26
[INFO] [stderr]   Downloaded alloy-sol-macro-expander v0.8.26
[INFO] [stderr]   Downloaded alloy-transport-ipc v0.4.2
[INFO] [stderr]   Downloaded alloy-sol-type-parser v0.8.26
[INFO] [stderr]   Downloaded interprocess v2.4.6
[INFO] [stderr]   Downloaded alloy-transport-http v0.4.2
[INFO] [stderr]   Downloaded alloy-signer v0.4.2
[INFO] [stderr]   Downloaded alloy-network v0.4.2
[INFO] [stderr]   Downloaded alloy-serde v0.4.2
[INFO] [stderr]   Downloaded alloy-signer-local v0.4.2
[INFO] [stderr]   Downloaded alloy-rpc-types-eth v0.4.2
[INFO] [stderr]   Downloaded alloy-network-primitives v0.4.2
[INFO] [stderr]   Downloaded alloy-eip7702 v0.1.1
[INFO] [stderr]   Downloaded alloy-eip2930 v0.1.0
[INFO] [stderr]   Downloaded alloy-rpc-types v0.4.2
[INFO] [stderr]   Downloaded alloy-rpc-types-engine v0.4.2
[INFO] [stderr]   Downloaded alloy-rpc-client v0.4.2
[INFO] [stderr]   Downloaded alloy-consensus v0.4.2
[INFO] [stderr]   Downloaded alloy-provider v0.4.2
[INFO] [stderr]   Downloaded alloy-core v0.8.26
[INFO] [stderr]   Downloaded alloy-contract v0.4.2
[INFO] [stderr]   Downloaded alloy-eips v0.4.2
[INFO] [stderr]   Downloaded alloy-dyn-abi v0.8.26
[INFO] [stderr]   Downloaded cairo-lang-starknet-classes v2.21.0
[INFO] [stderr]   Downloaded alloy-genesis v0.4.2
[INFO] [stderr]   Downloaded vector-map v1.1.0
[INFO] [stderr]   Downloaded thin-vec v0.2.21
[INFO] [stderr]   Downloaded cairo-lang-utils v2.21.0
[INFO] [stderr]   Downloaded salsa-macros v0.28.5
[INFO] [stderr]   Downloaded salsa-macro-rules v0.28.5
[INFO] [stderr]   Downloaded cairo-lang-sierra-type-size v2.21.0
[INFO] [stderr]   Downloaded lalrpop-util v0.23.1
[INFO] [stderr]   Downloaded intrusive-collections v0.10.3
[INFO] [stderr]   Downloaded cairo-lang-eq-solver v2.21.0
[INFO] [stderr]   Downloaded cairo-lang-sierra v2.21.0
[INFO] [stderr]   Downloaded const-fnv1a-hash v1.1.0
[INFO] [stderr]   Downloaded cairo-lang-sierra-gas v2.21.0
[INFO] [stderr]   Downloaded cairo-lang-sierra-ap-change v2.21.0
[INFO] [stderr]   Downloaded proc-macro-error-attr3 v3.0.1
[INFO] [stderr]   Downloaded cairo-lang-casm v2.21.0
[INFO] [stderr]   Downloaded alloy-merkle-tree v0.7.4
[INFO] [stderr]   Downloaded bitcoin-internals v0.7.0
[INFO] [stderr]   Downloaded alloy-sol-macro-input v1.7.3
[INFO] [stderr]   Downloaded alloy-sol-type-parser v1.7.3
[INFO] [stderr]   Downloaded salsa v0.28.5
[INFO] [stderr]   Downloaded good_lp v1.15.2
[INFO] [stderr]   Downloaded microlp v0.4.0
[INFO] [stderr]   Downloaded hex-conservative v1.3.0
[INFO] [stderr]   Downloaded fixed-cache v0.1.10
[INFO] [stderr]   Downloaded alloy-sol-macro v1.7.3
[INFO] [stderr]   Downloaded bitcoin-consensus-encoding v1.3.0
[INFO] [stderr]   Downloaded proc-macro-error3 v3.0.1
[INFO] [stderr]   Downloaded alloy-json-abi v1.7.3
[INFO] [stderr]   Downloaded syn-solidity v1.7.3
[INFO] [stderr]   Downloaded alloy-sol-macro-expander v1.7.3
[INFO] [stderr]   Downloaded alloy-sol-types v1.7.3
[INFO] [stderr]   Downloaded lalrpop v0.23.1
[INFO] [stderr]   Downloaded cairo-lang-sierra-to-casm v2.21.0
[INFO] [stderr]   Downloaded secp256k1 v0.31.1
[INFO] [stderr]   Downloaded alloy-dyn-abi v1.7.3
[INFO] [stderr]   Downloaded sprs v0.11.6
[INFO] [stderr]   Downloaded alloy-primitives v1.7.3
[INFO] [stderr]   Downloaded secp256k1-sys v0.11.0
[INFO] running `Command { std: "docker" "create" "-v" "/var/lib/crater-agent-workspace/builds/worker-0-tc1/source:/opt/rustwide/workdir:ro,Z" "-v" "/var/lib/crater-agent-workspace/builds/worker-0-tc1/target:/opt/rustwide/target:rw,Z" "-v" "/var/lib/crater-agent-workspace/cargo-home:/opt/rustwide/cargo-home:ro,Z" "-v" "/var/lib/crater-agent-workspace/rustup-home:/opt/rustwide/rustup-home:ro,Z" "-m" "1610612736" "--network" "none" "ghcr.io/rust-lang/crates-build-env/linux@sha256:77db811e55d90add9212f6832c23229e3de5f1c1f9905e8cb07319ea15df73ac" "sleep" "infinity", kill_on_drop: false }`
[INFO] [stdout] 5ff7ec487834a5ca4d0226b8564529ff1d3dd365852b52bd9b63ed487ba5c714
[INFO] running `Command { std: "docker" "start" "5ff7ec487834a5ca4d0226b8564529ff1d3dd365852b52bd9b63ed487ba5c714", kill_on_drop: false }`
[INFO] running `Command { std: "docker" "inspect" "5ff7ec487834a5ca4d0226b8564529ff1d3dd365852b52bd9b63ed487ba5c714", kill_on_drop: false }`
[INFO] running `Command { std: "docker" "exec" "-e" "SOURCE_DIR=/opt/rustwide/workdir" "-e" "CARGO_HOME=/opt/rustwide/cargo-home" "-e" "RUSTUP_HOME=/opt/rustwide/rustup-home" "-e" "CARGO_TARGET_DIR=/opt/rustwide/target" "-w" "/opt/rustwide/workdir" "--user" "0:0" "5ff7ec487834a5ca4d0226b8564529ff1d3dd365852b52bd9b63ed487ba5c714" "/opt/rustwide/cargo-home/bin/cargo" "+1.99.0-beta.8" "metadata" "--no-deps" "--format-version=1", kill_on_drop: false }`
[INFO] running `Command { std: "docker" "inspect" "5ff7ec487834a5ca4d0226b8564529ff1d3dd365852b52bd9b63ed487ba5c714", kill_on_drop: false }`
[INFO] running `Command { std: "docker" "exec" "-e" "SOURCE_DIR=/opt/rustwide/workdir" "-e" "CARGO_HOME=/opt/rustwide/cargo-home" "-e" "RUSTUP_HOME=/opt/rustwide/rustup-home" "-e" "CARGO_TARGET_DIR=/opt/rustwide/target" "-e" "CARGO_INCREMENTAL=0" "-e" "RUST_BACKTRACE=full" "-e" "RUSTFLAGS=--cap-lints=warn" "-e" "RUSTDOCFLAGS=--cap-lints=warn" "-w" "/opt/rustwide/workdir" "--user" "0:0" "5ff7ec487834a5ca4d0226b8564529ff1d3dd365852b52bd9b63ed487ba5c714" "/opt/rustwide/cargo-home/bin/cargo" "+1.99.0-beta.8" "build" "--frozen" "--message-format=json" "--release", kill_on_drop: false }`
[INFO] [stderr]    Compiling serde_core v1.0.229
[INFO] [stderr]    Compiling libc v0.2.191
[INFO] [stderr]    Compiling serde_json v1.0.154
[INFO] [stderr]    Compiling crunchy v0.2.4
[INFO] [stderr]    Compiling ruint-macro v1.2.1
[INFO] [stderr]    Compiling syn v2.0.119
[INFO] [stderr]    Compiling convert_case v0.10.0
[INFO] [stderr]    Compiling tiny-keccak v2.0.2
[INFO] [stderr]    Compiling indexmap v2.14.2
[INFO] [stderr]    Compiling typenum v1.20.1
[INFO] [stderr]    Compiling tokio-macros v2.7.2
[INFO] [stderr]    Compiling serde v1.0.229
[INFO] [stderr]    Compiling foldhash v0.1.5
[INFO] [stderr]    Compiling const-hex v1.19.3
[INFO] [stderr]    Compiling futures-macro v0.3.34
[INFO] [stderr]    Compiling ruint v1.20.1
[INFO] [stderr]    Compiling winnow v0.7.15
[INFO] [stderr]    Compiling proc-macro-error-attr2 v2.0.0
[INFO] [stderr]    Compiling blst v0.3.17
[INFO] [stderr]    Compiling crc32fast v1.5.2
[INFO] [stderr]    Compiling regex-automata v0.4.18
[INFO] [stderr]    Compiling digest v0.11.3
[INFO] [stderr]    Compiling c-kzg v1.0.3
[INFO] [stderr]    Compiling bytes v1.12.1
[INFO] [stderr]    Compiling keccak v0.2.2
[INFO] [stderr]    Compiling lambdaworks-math v0.10.0
[INFO] [stderr]    Compiling rustc-hex v2.1.0
[INFO] [stderr]    Compiling num-traits v0.2.19
[INFO] [stderr]    Compiling futures-utils-wasm v0.1.0
[INFO] [stderr]    Compiling size-of v0.1.5
[INFO] [stderr]    Compiling portable-atomic v1.15.0
[INFO] [stderr]    Compiling futures-util v0.3.34
[INFO] [stdout] error[E0570]: "aapcs" is not a supported ABI for the current target
[INFO] [stdout]    --> /opt/rustwide/cargo-home/registry/src/index.crates.io-1949cf8c6b5b557f/size-of-0.1.5/src/macros.rs:66:56
[INFO] [stdout]     |
[INFO] [stdout]  66 |               impl<$($ty,)* U> $crate::SizeOf for extern $cconv fn($($ty),*) -> U {
[INFO] [stdout]     |                                                          ^^^^^^
[INFO] [stdout]     |
[INFO] [stdout]    ::: /opt/rustwide/cargo-home/registry/src/index.crates.io-1949cf8c6b5b557f/size-of-0.1.5/src/core_impls.rs:294:1
[INFO] [stdout]     |
[INFO] [stdout] 294 | / impl_function_ptrs! {
[INFO] [stdout] 295 | |     "C",
[INFO] [stdout] 296 | |     "Rust",
[INFO] [stdout] 297 | |     "aapcs",
[INFO] [stdout] ...   |
[INFO] [stdout] 303 | |     "fastcall",
[INFO] [stdout] 304 | | }
[INFO] [stdout]     | |_- in this macro invocation
[INFO] [stdout]     |
[INFO] [stdout]     = note: this error originates in the macro `impl_function_ptrs` (in Nightly builds, run with -Z macro-backtrace for more info)
[INFO] [stdout] 
[INFO] [stdout] 
[INFO] [stdout] error[E0570]: "stdcall" is not a supported ABI for the current target
[INFO] [stdout]    --> /opt/rustwide/cargo-home/registry/src/index.crates.io-1949cf8c6b5b557f/size-of-0.1.5/src/macros.rs:66:56
[INFO] [stdout]     |
[INFO] [stdout]  66 |               impl<$($ty,)* U> $crate::SizeOf for extern $cconv fn($($ty),*) -> U {
[INFO] [stdout]     |                                                          ^^^^^^
[INFO] [stdout]     |
[INFO] [stdout]    ::: /opt/rustwide/cargo-home/registry/src/index.crates.io-1949cf8c6b5b557f/size-of-0.1.5/src/core_impls.rs:294:1
[INFO] [stdout]     |
[INFO] [stdout] 294 | / impl_function_ptrs! {
[INFO] [stdout] 295 | |     "C",
[INFO] [stdout] 296 | |     "Rust",
[INFO] [stdout] 297 | |     "aapcs",
[INFO] [stdout] ...   |
[INFO] [stdout] 303 | |     "fastcall",
[INFO] [stdout] 304 | | }
[INFO] [stdout]     | |_- in this macro invocation
[INFO] [stdout]     |
[INFO] [stdout]     = help: if you need `extern "stdcall"` on win32 and `extern "C"` everywhere else, use `extern "system"`
[INFO] [stdout]     = note: this error originates in the macro `impl_function_ptrs` (in Nightly builds, run with -Z macro-backtrace for more info)
[INFO] [stdout] 
[INFO] [stdout] 
[INFO] [stdout] error[E0570]: "fastcall" is not a supported ABI for the current target
[INFO] [stdout]    --> /opt/rustwide/cargo-home/registry/src/index.crates.io-1949cf8c6b5b557f/size-of-0.1.5/src/macros.rs:66:56
[INFO] [stdout]     |
[INFO] [stdout]  66 |               impl<$($ty,)* U> $crate::SizeOf for extern $cconv fn($($ty),*) -> U {
[INFO] [stdout]     |                                                          ^^^^^^
[INFO] [stdout]     |
[INFO] [stdout]    ::: /opt/rustwide/cargo-home/registry/src/index.crates.io-1949cf8c6b5b557f/size-of-0.1.5/src/core_impls.rs:294:1
[INFO] [stdout]     |
[INFO] [stdout] 294 | / impl_function_ptrs! {
[INFO] [stdout] 295 | |     "C",
[INFO] [stdout] 296 | |     "Rust",
[INFO] [stdout] 297 | |     "aapcs",
[INFO] [stdout] ...   |
[INFO] [stdout] 303 | |     "fastcall",
[INFO] [stdout] 304 | | }
[INFO] [stdout]     | |_- in this macro invocation
[INFO] [stdout]     |
[INFO] [stdout]     = note: this error originates in the macro `impl_function_ptrs` (in Nightly builds, run with -Z macro-backtrace for more info)
[INFO] [stdout] 
[INFO] [stdout] 
[INFO] [stderr]    Compiling typeid v1.0.3
[INFO] [stderr]    Compiling serde_json_pythonic v0.1.2
[INFO] [stderr]    Compiling generic-array v0.14.7
[INFO] [stdout] For more information about this error, try `rustc --explain E0570`.
[INFO] [stdout] 
[INFO] [stderr] error: could not compile `size-of` (lib) due to 3 previous errors
[INFO] [stderr] warning: build failed, waiting for other jobs to finish...
[INFO] running `Command { std: "docker" "inspect" "5ff7ec487834a5ca4d0226b8564529ff1d3dd365852b52bd9b63ed487ba5c714", kill_on_drop: false }`
[INFO] running `Command { std: "docker" "rm" "-f" "5ff7ec487834a5ca4d0226b8564529ff1d3dd365852b52bd9b63ed487ba5c714", kill_on_drop: false }`
[INFO] [stdout] 5ff7ec487834a5ca4d0226b8564529ff1d3dd365852b52bd9b63ed487ba5c714
