[INFO] fetching crate hdf5-dst 0.2.1...
[INFO] testing hdf5-dst-0.2.1 against 1.99.0-beta.8+cargoflags=--release for beta-release-1.100-2
[INFO] extracting crate hdf5-dst 0.2.1 into /workspace/builds/worker-6-tc1/source
[INFO] started tweaking crates.io crate hdf5-dst 0.2.1
[INFO] finished tweaking crates.io crate hdf5-dst 0.2.1
[INFO] tweaked toml for crates.io crate hdf5-dst 0.2.1 written to /workspace/builds/worker-6-tc1/source/Cargo.toml
[INFO] validating manifest of crates.io crate hdf5-dst 0.2.1 on toolchain 1.99.0-beta.8
[INFO] running `Command { std: CARGO_HOME="/workspace/cargo-home" RUSTUP_HOME="/workspace/rustup-home" "/workspace/cargo-home/bin/cargo" "+1.99.0-beta.8" "metadata" "--manifest-path" "Cargo.toml" "--no-deps", kill_on_drop: false }`
[INFO] crate crates.io crate hdf5-dst 0.2.1 already has a lockfile, it will not be regenerated
[INFO] running `Command { std: CARGO_HOME="/workspace/cargo-home" RUSTUP_HOME="/workspace/rustup-home" "/workspace/cargo-home/bin/cargo" "+1.99.0-beta.8" "fetch" "--manifest-path" "Cargo.toml", kill_on_drop: false }`
[INFO] [stderr]     Blocking waiting for file lock on package cache
[INFO] [stderr]     Updating crates.io index
[INFO] [stderr]     Blocking waiting for file lock on package cache
[INFO] [stderr]  Downloading crates ...
[INFO] [stderr]   Downloaded windows-targets v0.52.6
[INFO] [stderr]   Downloaded tempfile v3.14.0
[INFO] [stderr]   Downloaded cfg-if v1.0.0
[INFO] [stderr]   Downloaded equivalent v1.0.1
[INFO] [stderr]   Downloaded rawpointer v0.2.1
[INFO] [stderr]   Downloaded errno v0.3.10
[INFO] [stderr]   Downloaded dst-container-derive v0.1.1
[INFO] [stderr]   Downloaded windows-targets v0.48.5
[INFO] [stderr]   Downloaded lazy_static v1.5.0
[INFO] [stderr]   Downloaded scopeguard v1.2.0
[INFO] [stderr]   Downloaded hdf5-metno-derive v0.9.2
[INFO] [stderr]   Downloaded hdf5-dst-derive v0.1.1
[INFO] [stderr]   Downloaded fastrand v2.3.0
[INFO] [stderr]   Downloaded dst-container v0.1.2
[INFO] [stderr]   Downloaded proc-macro-crate v3.2.0
[INFO] [stderr]   Downloaded parking_lot_core v0.9.10
[INFO] [stderr]   Downloaded autocfg v1.4.0
[INFO] [stderr]   Downloaded quote v1.0.37
[INFO] [stderr]   Downloaded winreg v0.52.0
[INFO] [stderr]   Downloaded num-complex v0.4.6
[INFO] [stderr]   Downloaded proc-macro-error-attr2 v2.0.0
[INFO] [stderr]   Downloaded toml_datetime v0.6.8
[INFO] [stderr]   Downloaded unicode-ident v1.0.14
[INFO] [stderr]   Downloaded smallvec v1.13.2
[INFO] [stderr]   Downloaded redox_syscall v0.5.8
[INFO] [stderr]   Downloaded paste v1.0.15
[INFO] [stderr]   Downloaded num-integer v0.1.46
[INFO] [stderr]   Downloaded proc-macro-error2 v2.0.1
[INFO] [stderr]   Downloaded parking_lot v0.12.3
[INFO] [stderr]   Downloaded libloading v0.8.6
[INFO] [stderr]   Downloaded portable-atomic-util v0.2.4
[INFO] [stderr]   Downloaded bitflags v2.6.0
[INFO] [stderr]   Downloaded once_cell v1.20.2
[INFO] [stderr]   Downloaded hdf5-metno-sys v0.10.0
[INFO] [stderr]   Downloaded pkg-config v0.3.31
[INFO] [stderr]   Downloaded lock_api v0.4.12
[INFO] [stderr]   Downloaded hdf5-metno-types v0.10.0
[INFO] [stderr]   Downloaded ascii v1.1.0
[INFO] [stderr]   Downloaded serde_derive v1.0.216
[INFO] [stderr]   Downloaded num-traits v0.2.19
[INFO] [stderr]   Downloaded matrixmultiply v0.3.9
[INFO] [stderr]   Downloaded serde v1.0.216
[INFO] [stderr]   Downloaded indexmap v2.7.0
[INFO] [stderr]   Downloaded proc-macro2 v1.0.92
[INFO] [stderr]   Downloaded memchr v2.7.4
[INFO] [stderr]   Downloaded toml_edit v0.22.22
[INFO] [stderr]   Downloaded hashbrown v0.15.2
[INFO] [stderr]   Downloaded hdf5-metno v0.9.3
[INFO] [stderr]   Downloaded aho-corasick v1.1.3
[INFO] [stderr]   Downloaded winnow v0.6.20
[INFO] [stderr]   Downloaded portable-atomic v1.10.0
[INFO] [stderr]   Downloaded regex v1.11.1
[INFO] [stderr]   Downloaded windows_x86_64_gnullvm v0.52.6
[INFO] [stderr]   Downloaded syn v2.0.90
[INFO] [stderr]   Downloaded ndarray v0.16.1
[INFO] [stderr]   Downloaded regex-syntax v0.8.5
[INFO] [stderr]   Downloaded windows_aarch64_gnullvm v0.48.5
[INFO] [stderr]   Downloaded rustix v0.38.42
[INFO] [stderr]   Downloaded windows_x86_64_gnullvm v0.48.5
[INFO] [stderr]   Downloaded windows_aarch64_gnullvm v0.52.6
[INFO] [stderr]   Downloaded windows_i686_gnullvm v0.52.6
[INFO] [stderr]   Downloaded regex-automata v0.4.9
[INFO] [stderr]   Downloaded libc v0.2.168
[INFO] [stderr]   Downloaded windows_x86_64_msvc v0.52.6
[INFO] [stderr]   Downloaded windows_x86_64_msvc v0.48.5
[INFO] [stderr]   Downloaded windows_x86_64_gnu v0.48.5
[INFO] [stderr]   Downloaded windows_aarch64_msvc v0.52.6
[INFO] [stderr]   Downloaded windows_i686_gnu v0.48.5
[INFO] [stderr]   Downloaded windows_aarch64_msvc v0.48.5
[INFO] [stderr]   Downloaded windows_x86_64_gnu v0.52.6
[INFO] [stderr]   Downloaded windows_i686_msvc v0.48.5
[INFO] [stderr]   Downloaded windows_i686_gnu v0.52.6
[INFO] [stderr]   Downloaded windows_i686_msvc v0.52.6
[INFO] [stderr]   Downloaded linux-raw-sys v0.4.14
[INFO] [stderr]   Downloaded windows-sys v0.59.0
[INFO] [stderr]   Downloaded windows-sys v0.48.0
[INFO] running `Command { std: "docker" "create" "-v" "/var/lib/crater-agent-workspace/builds/worker-6-tc1/source:/opt/rustwide/workdir:ro,Z" "-v" "/var/lib/crater-agent-workspace/builds/worker-6-tc1/target:/opt/rustwide/target:rw,Z" "-v" "/var/lib/crater-agent-workspace/cargo-home:/opt/rustwide/cargo-home:ro,Z" "-v" "/var/lib/crater-agent-workspace/rustup-home:/opt/rustwide/rustup-home:ro,Z" "-m" "1610612736" "--network" "none" "ghcr.io/rust-lang/crates-build-env/linux@sha256:77db811e55d90add9212f6832c23229e3de5f1c1f9905e8cb07319ea15df73ac" "sleep" "infinity", kill_on_drop: false }`
[INFO] [stdout] bb6b4db306277dc3dd0df9aec30c30d5b3be6c7e345cc6907f436384f67bf24a
[INFO] running `Command { std: "docker" "start" "bb6b4db306277dc3dd0df9aec30c30d5b3be6c7e345cc6907f436384f67bf24a", kill_on_drop: false }`
[INFO] running `Command { std: "docker" "inspect" "bb6b4db306277dc3dd0df9aec30c30d5b3be6c7e345cc6907f436384f67bf24a", kill_on_drop: false }`
[INFO] running `Command { std: "docker" "exec" "-e" "SOURCE_DIR=/opt/rustwide/workdir" "-e" "CARGO_HOME=/opt/rustwide/cargo-home" "-e" "RUSTUP_HOME=/opt/rustwide/rustup-home" "-e" "CARGO_TARGET_DIR=/opt/rustwide/target" "-w" "/opt/rustwide/workdir" "--user" "0:0" "bb6b4db306277dc3dd0df9aec30c30d5b3be6c7e345cc6907f436384f67bf24a" "/opt/rustwide/cargo-home/bin/cargo" "+1.99.0-beta.8" "metadata" "--no-deps" "--format-version=1", kill_on_drop: false }`
[INFO] running `Command { std: "docker" "inspect" "bb6b4db306277dc3dd0df9aec30c30d5b3be6c7e345cc6907f436384f67bf24a", kill_on_drop: false }`
[INFO] running `Command { std: "docker" "exec" "-e" "SOURCE_DIR=/opt/rustwide/workdir" "-e" "CARGO_HOME=/opt/rustwide/cargo-home" "-e" "RUSTUP_HOME=/opt/rustwide/rustup-home" "-e" "CARGO_TARGET_DIR=/opt/rustwide/target" "-e" "CARGO_INCREMENTAL=0" "-e" "RUST_BACKTRACE=full" "-e" "RUSTFLAGS=--cap-lints=warn" "-e" "RUSTDOCFLAGS=--cap-lints=warn" "-w" "/opt/rustwide/workdir" "--user" "0:0" "bb6b4db306277dc3dd0df9aec30c30d5b3be6c7e345cc6907f436384f67bf24a" "/opt/rustwide/cargo-home/bin/cargo" "+1.99.0-beta.8" "build" "--frozen" "--message-format=json" "--release", kill_on_drop: false }`
[INFO] [stderr]    Compiling autocfg v1.4.0
[INFO] [stderr]    Compiling proc-macro2 v1.0.92
[INFO] [stderr]    Compiling unicode-ident v1.0.14
[INFO] [stderr]    Compiling memchr v2.7.4
[INFO] [stderr]    Compiling regex-syntax v0.8.5
[INFO] [stderr]    Compiling hashbrown v0.15.2
[INFO] [stderr]    Compiling equivalent v1.0.1
[INFO] [stderr]    Compiling cfg-if v1.0.0
[INFO] [stderr]    Compiling libloading v0.8.6
[INFO] [stderr]    Compiling winnow v0.6.20
[INFO] [stderr]    Compiling toml_datetime v0.6.8
[INFO] [stderr]    Compiling libc v0.2.168
[INFO] [stderr]    Compiling pkg-config v0.3.31
[INFO] [stderr]    Compiling num-traits v0.2.19
[INFO] [stderr]    Compiling lock_api v0.4.12
[INFO] [stderr]    Compiling aho-corasick v1.1.3
[INFO] [stderr]    Compiling parking_lot_core v0.9.10
[INFO] [stderr]    Compiling quote v1.0.37
[INFO] [stderr]    Compiling indexmap v2.7.0
[INFO] [stderr]    Compiling syn v2.0.90
[INFO] [stderr]    Compiling scopeguard v1.2.0
[INFO] [stderr]    Compiling smallvec v1.13.2
[INFO] [stderr]    Compiling proc-macro-error-attr2 v2.0.0
[INFO] [stderr]    Compiling matrixmultiply v0.3.9
[INFO] [stderr]    Compiling parking_lot v0.12.3
[INFO] [stderr]    Compiling paste v1.0.15
[INFO] [stderr]    Compiling rawpointer v0.2.1
[INFO] [stderr]    Compiling hdf5-metno-types v0.10.0
[INFO] [stderr]    Compiling hdf5-metno v0.9.3
[INFO] [stderr]    Compiling toml_edit v0.22.22
[INFO] [stderr]    Compiling regex-automata v0.4.9
[INFO] [stderr]    Compiling num-integer v0.1.46
[INFO] [stderr]    Compiling num-complex v0.4.6
[INFO] [stderr]    Compiling ascii v1.1.0
[INFO] [stderr]    Compiling lazy_static v1.5.0
[INFO] [stderr]    Compiling bitflags v2.6.0
[INFO] [stderr]    Compiling ndarray v0.16.1
[INFO] [stderr]    Compiling proc-macro-crate v3.2.0
[INFO] [stderr]    Compiling proc-macro-error2 v2.0.1
[INFO] [stderr]    Compiling regex v1.11.1
[INFO] [stderr]    Compiling hdf5-metno-derive v0.9.2
[INFO] [stderr]    Compiling dst-container-derive v0.1.1
[INFO] [stderr]    Compiling hdf5-dst-derive v0.1.1
[INFO] [stderr]    Compiling dst-container v0.1.2
[INFO] [stdout] error[E0554]: `#![feature]` may not be used on the beta release channel
[INFO] [stdout]  --> /opt/rustwide/cargo-home/registry/src/index.crates.io-1949cf8c6b5b557f/dst-container-0.1.2/src/lib.rs:3:1
[INFO] [stdout]   |
[INFO] [stdout] 3 | #![feature(allocator_api)]
[INFO] [stdout]   | ^^^^^^^^^^^^^^^^^^^^^^^^^^
[INFO] [stdout] 
[INFO] [stdout] 
[INFO] [stdout] error: trait cannot be implemented outside `core`
[INFO] [stdout]    --> /opt/rustwide/cargo-home/registry/src/index.crates.io-1949cf8c6b5b557f/dst-container-0.1.2/src/fixed_vec.rs:849:1
[INFO] [stdout]     |
[INFO] [stdout] 849 | unsafe impl<T: ?Sized> SliceIndex<FixedVec<T>> for usize {
[INFO] [stdout]     | ^^^^^^^^^^^^^^^^^^^^^^^^^^^^^^^^^^^^^^^^^^^^^^^^^^^^^^^^
[INFO] [stdout]     |
[INFO] [stdout] note: trait restricted here
[INFO] [stdout]    --> /rustc/dfb0accb7f508ae8be965d8629557221c889dd98/library/core/src/slice/index.rs:124:4
[INFO] [stdout] 
[INFO] [stdout] 
[INFO] [stdout] error: trait cannot be implemented outside `core`
[INFO] [stdout]    --> /opt/rustwide/cargo-home/registry/src/index.crates.io-1949cf8c6b5b557f/dst-container-0.1.2/src/fixed_vec.rs:885:1
[INFO] [stdout]     |
[INFO] [stdout] 885 | unsafe impl<T: ?Sized> SliceIndex<FixedVec<T>> for RangeFull {
[INFO] [stdout]     | ^^^^^^^^^^^^^^^^^^^^^^^^^^^^^^^^^^^^^^^^^^^^^^^^^^^^^^^^^^^^
[INFO] [stdout]     |
[INFO] [stdout] note: trait restricted here
[INFO] [stdout]    --> /rustc/dfb0accb7f508ae8be965d8629557221c889dd98/library/core/src/slice/index.rs:124:4
[INFO] [stdout] 
[INFO] [stdout] 
[INFO] [stdout] error[E0599]: no associated function or constant named `clone_from_slice` found for union `MaybeUninit<T>` in the current scope
[INFO] [stdout]   --> /opt/rustwide/cargo-home/registry/src/index.crates.io-1949cf8c6b5b557f/dst-container-0.1.2/src/lib.rs:86:22
[INFO] [stdout]    |
[INFO] [stdout] 86 |         MaybeUninit::clone_from_slice(dest, self);
[INFO] [stdout]    |                      ^^^^^^^^^^^^^^^^ associated function or constant not found in `MaybeUninit<_>`
[INFO] [stdout]    |
[INFO] [stdout] note: if you're trying to build a new `MaybeUninit<_>` consider using one of the following associated functions:
[INFO] [stdout]       MaybeUninit::<T>::new
[INFO] [stdout]       MaybeUninit::<T>::uninit
[INFO] [stdout]       MaybeUninit::<T>::zeroed
[INFO] [stdout]   --> /rustc/dfb0accb7f508ae8be965d8629557221c889dd98/library/core/src/mem/maybe_uninit.rs:406:4
[INFO] [stdout] help: there is a method `clone_from` with a similar name, but with different arguments
[INFO] [stdout]   --> /rustc/dfb0accb7f508ae8be965d8629557221c889dd98/library/core/src/clone.rs:245:4
[INFO] [stdout] 
[INFO] [stdout] 
[INFO] [stdout] error[E0599]: no associated function or constant named `copy_from_slice` found for union `MaybeUninit<T>` in the current scope
[INFO] [stdout]   --> /opt/rustwide/cargo-home/registry/src/index.crates.io-1949cf8c6b5b557f/dst-container-0.1.2/src/lib.rs:92:22
[INFO] [stdout]    |
[INFO] [stdout] 92 |         MaybeUninit::copy_from_slice(dest, self);
[INFO] [stdout]    |                      ^^^^^^^^^^^^^^^ associated function or constant not found in `MaybeUninit<_>`
[INFO] [stdout]    |
[INFO] [stdout] note: if you're trying to build a new `MaybeUninit<_>` consider using one of the following associated functions:
[INFO] [stdout]       MaybeUninit::<T>::new
[INFO] [stdout]       MaybeUninit::<T>::uninit
[INFO] [stdout]       MaybeUninit::<T>::zeroed
[INFO] [stdout]   --> /rustc/dfb0accb7f508ae8be965d8629557221c889dd98/library/core/src/mem/maybe_uninit.rs:406:4
[INFO] [stdout] 
[INFO] [stdout] 
[INFO] [stdout] error[E0599]: no associated function or constant named `copy_from_slice` found for union `MaybeUninit<T>` in the current scope
[INFO] [stdout]   --> /opt/rustwide/cargo-home/registry/src/index.crates.io-1949cf8c6b5b557f/dst-container-0.1.2/src/lib.rs:98:22
[INFO] [stdout]    |
[INFO] [stdout] 98 |         MaybeUninit::copy_from_slice(dest, self.as_bytes());
[INFO] [stdout]    |                      ^^^^^^^^^^^^^^^ associated function or constant not found in `MaybeUninit<_>`
[INFO] [stdout]    |
[INFO] [stdout] note: if you're trying to build a new `MaybeUninit<_>` consider using one of the following associated functions:
[INFO] [stdout]       MaybeUninit::<T>::new
[INFO] [stdout]       MaybeUninit::<T>::uninit
[INFO] [stdout]       MaybeUninit::<T>::zeroed
[INFO] [stdout]   --> /rustc/dfb0accb7f508ae8be965d8629557221c889dd98/library/core/src/mem/maybe_uninit.rs:406:4
[INFO] [stdout] 
[INFO] [stdout] 
[INFO] [stderr]    Compiling hdf5-metno-sys v0.10.0
[INFO] [stdout] Some errors have detailed explanations: E0554, E0599.
[INFO] [stdout] 
[INFO] [stdout] For more information about an error, try `rustc --explain E0554`.
[INFO] [stdout] 
[INFO] [stderr] error: could not compile `dst-container` (lib) due to 6 previous errors
[INFO] [stderr] warning: build failed, waiting for other jobs to finish...
[INFO] running `Command { std: "docker" "inspect" "bb6b4db306277dc3dd0df9aec30c30d5b3be6c7e345cc6907f436384f67bf24a", kill_on_drop: false }`
[INFO] running `Command { std: "docker" "rm" "-f" "bb6b4db306277dc3dd0df9aec30c30d5b3be6c7e345cc6907f436384f67bf24a", kill_on_drop: false }`
[INFO] [stdout] bb6b4db306277dc3dd0df9aec30c30d5b3be6c7e345cc6907f436384f67bf24a
