[INFO] fetching crate hclient-native 0.1.0-alpha.20...
[INFO] testing hclient-native-0.1.0-alpha.20 against 1.100.0-beta.1+cargoflags=--release for beta-release-1.100-2
[INFO] extracting crate hclient-native 0.1.0-alpha.20 into /workspace/builds/worker-5-tc2/source
[INFO] started tweaking crates.io crate hclient-native 0.1.0-alpha.20
[INFO] removed 0 missing examples
[INFO] removed 0 missing tests
[INFO] finished tweaking crates.io crate hclient-native 0.1.0-alpha.20
[INFO] tweaked toml for crates.io crate hclient-native 0.1.0-alpha.20 written to /workspace/builds/worker-5-tc2/source/Cargo.toml
[INFO] validating manifest of crates.io crate hclient-native 0.1.0-alpha.20 on toolchain 1.100.0-beta.1
[INFO] running `Command { std: CARGO_HOME="/workspace/cargo-home" RUSTUP_HOME="/workspace/rustup-home" "/workspace/cargo-home/bin/cargo" "+1.100.0-beta.1" "metadata" "--manifest-path" "Cargo.toml" "--no-deps", kill_on_drop: false }`
[INFO] crate crates.io crate hclient-native 0.1.0-alpha.20 already has a lockfile, it will not be regenerated
[INFO] running `Command { std: CARGO_HOME="/workspace/cargo-home" RUSTUP_HOME="/workspace/rustup-home" "/workspace/cargo-home/bin/cargo" "+1.100.0-beta.1" "fetch" "--manifest-path" "Cargo.toml", kill_on_drop: false }`
[INFO] running `Command { std: "docker" "create" "-v" "/var/lib/crater-agent-workspace/builds/worker-5-tc2/source:/opt/rustwide/workdir:ro,Z" "-v" "/var/lib/crater-agent-workspace/builds/worker-5-tc2/target:/opt/rustwide/target:rw,Z" "-v" "/var/lib/crater-agent-workspace/cargo-home:/opt/rustwide/cargo-home:ro,Z" "-v" "/var/lib/crater-agent-workspace/rustup-home:/opt/rustwide/rustup-home:ro,Z" "-m" "1610612736" "--network" "none" "ghcr.io/rust-lang/crates-build-env/linux@sha256:77db811e55d90add9212f6832c23229e3de5f1c1f9905e8cb07319ea15df73ac" "sleep" "infinity", kill_on_drop: false }`
[INFO] [stdout] 978c9b294f8a504527df1be602fb21e701b0652bd589e072ec0c31756f11f970
[INFO] running `Command { std: "docker" "start" "978c9b294f8a504527df1be602fb21e701b0652bd589e072ec0c31756f11f970", kill_on_drop: false }`
[INFO] running `Command { std: "docker" "inspect" "978c9b294f8a504527df1be602fb21e701b0652bd589e072ec0c31756f11f970", kill_on_drop: false }`
[INFO] running `Command { std: "docker" "exec" "-e" "SOURCE_DIR=/opt/rustwide/workdir" "-e" "CARGO_HOME=/opt/rustwide/cargo-home" "-e" "RUSTUP_HOME=/opt/rustwide/rustup-home" "-e" "CARGO_TARGET_DIR=/opt/rustwide/target" "-w" "/opt/rustwide/workdir" "--user" "0:0" "978c9b294f8a504527df1be602fb21e701b0652bd589e072ec0c31756f11f970" "/opt/rustwide/cargo-home/bin/cargo" "+1.100.0-beta.1" "metadata" "--no-deps" "--format-version=1", kill_on_drop: false }`
[INFO] running `Command { std: "docker" "inspect" "978c9b294f8a504527df1be602fb21e701b0652bd589e072ec0c31756f11f970", kill_on_drop: false }`
[INFO] running `Command { std: "docker" "exec" "-e" "SOURCE_DIR=/opt/rustwide/workdir" "-e" "CARGO_HOME=/opt/rustwide/cargo-home" "-e" "RUSTUP_HOME=/opt/rustwide/rustup-home" "-e" "CARGO_TARGET_DIR=/opt/rustwide/target" "-e" "CARGO_INCREMENTAL=0" "-e" "RUST_BACKTRACE=full" "-e" "RUSTFLAGS=--cap-lints=warn" "-e" "RUSTDOCFLAGS=--cap-lints=warn" "-w" "/opt/rustwide/workdir" "--user" "0:0" "978c9b294f8a504527df1be602fb21e701b0652bd589e072ec0c31756f11f970" "/opt/rustwide/cargo-home/bin/cargo" "+1.100.0-beta.1" "build" "--frozen" "--message-format=json" "--release", kill_on_drop: false }`
[INFO] [stderr]    Compiling thiserror v2.0.21
[INFO] [stderr]    Compiling base64 v0.23.1
[INFO] [stderr]    Compiling winnow v1.0.4
[INFO] [stderr]    Compiling http v1.5.0
[INFO] [stderr]    Compiling form_urlencoded v1.2.2
[INFO] [stderr]    Compiling want v0.3.2
[INFO] [stderr]    Compiling tokio v1.53.3
[INFO] [stderr]    Compiling smallvec v1.16.3
[INFO] [stderr]    Compiling web-time v1.1.0
[INFO] [stderr]    Compiling futures-util v0.3.34
[INFO] [stderr]    Compiling syn v3.0.9
[INFO] [stderr]    Compiling http-body v1.1.0
[INFO] [stderr]    Compiling http-body-util v0.1.5
[INFO] [stderr]    Compiling hyper v1.12.0
[INFO] [stderr]    Compiling thiserror-impl v2.0.21
[INFO] [stderr]    Compiling hclient-core v0.2.5
[INFO] [stderr]    Compiling hclient-proto v0.1.2
[INFO] [stderr]    Compiling hclient-rt v0.1.4
[INFO] [stderr]    Compiling hclient-dns v0.1.5
[INFO] [stderr]    Compiling hclient-proxy v0.1.1
[INFO] [stderr]    Compiling hclient-tls v0.1.4
[INFO] [stderr]    Compiling hclient-native v0.1.0-alpha.20 (/opt/rustwide/workdir)
[INFO] [stderr] warning: unused dependency `web-time`
[INFO] [stderr]   --> Cargo.toml:95:15
[INFO] [stderr]    |
[INFO] [stderr] 95 | [dependencies.web-time]
[INFO] [stderr]    |               ^^^^^^^^^
[INFO] [stderr]    |
[INFO] [stderr]    = note: `cargo::unused_dependencies` is set to `warn` by default
[INFO] [stderr] help: consider removing the dependency on `web-time`
[INFO] [stderr] warning: `hclient-native` (manifest) generated 1 warning
[INFO] [stderr]     Finished `release` profile [optimized] target(s) in 13.70s
[INFO] running `Command { std: "docker" "inspect" "978c9b294f8a504527df1be602fb21e701b0652bd589e072ec0c31756f11f970", kill_on_drop: false }`
[INFO] running `Command { std: "docker" "exec" "-e" "SOURCE_DIR=/opt/rustwide/workdir" "-e" "CARGO_HOME=/opt/rustwide/cargo-home" "-e" "RUSTUP_HOME=/opt/rustwide/rustup-home" "-e" "CARGO_TARGET_DIR=/opt/rustwide/target" "-e" "CARGO_INCREMENTAL=0" "-e" "RUST_BACKTRACE=full" "-e" "RUSTFLAGS=--cap-lints=warn" "-e" "RUSTDOCFLAGS=--cap-lints=warn" "-w" "/opt/rustwide/workdir" "--user" "0:0" "978c9b294f8a504527df1be602fb21e701b0652bd589e072ec0c31756f11f970" "/opt/rustwide/cargo-home/bin/cargo" "+1.100.0-beta.1" "test" "--frozen" "--no-run" "--message-format=json" "--release", kill_on_drop: false }`
[INFO] [stderr]    Compiling zeroize v1.9.1
[INFO] [stderr]    Compiling crossbeam-utils v0.8.23
[INFO] [stderr]    Compiling fastrand v2.5.0
[INFO] [stderr]    Compiling futures-channel v0.3.34
[INFO] [stderr]    Compiling syn v3.0.9
[INFO] [stderr]    Compiling socket2 v0.6.5
[INFO] [stderr]    Compiling ring v0.17.14
[INFO] [stderr]    Compiling mio v1.2.4
[INFO] [stderr]    Compiling getrandom v0.2.17
[INFO] [stderr]    Compiling rustix v1.1.5
[INFO] [stderr]    Compiling cpufeatures v0.3.1
[INFO] [stderr]    Compiling getrandom v0.4.3
[INFO] [stderr]    Compiling event-listener v5.4.2
[INFO] [stderr]    Compiling linux-raw-sys v0.12.1
[INFO] [stderr]    Compiling base64 v0.23.1
[INFO] [stderr]    Compiling bitflags v2.13.2
[INFO] [stderr]    Compiling rustls-pki-types v1.15.1
[INFO] [stderr]    Compiling chacha20 v0.10.2
[INFO] [stderr]    Compiling futures-lite v2.6.1
[INFO] [stderr]    Compiling event-listener-strategy v0.5.4
[INFO] [stderr]    Compiling async-io v2.6.0
[INFO] [stderr]    Compiling rand_pcg v0.10.2
[INFO] [stderr]    Compiling quinn-udp v0.5.16
[INFO] [stderr]    Compiling quinn-udp v0.6.3
[INFO] [stderr]    Compiling tinyvec v1.13.3
[INFO] [stderr]    Compiling rand v0.10.3
[INFO] [stderr]    Compiling lru-slab v0.1.3
[INFO] [stderr]    Compiling async-task v4.7.1
[INFO] [stderr]    Compiling rustc-hash v2.1.3
[INFO] [stderr]    Compiling piper v0.2.5
[INFO] [stderr]    Compiling syn v2.0.119
[INFO] [stderr]    Compiling quinn v0.11.12
[INFO] [stderr]    Compiling deranged v0.5.9
[INFO] [stderr]    Compiling powerfmt v0.2.1
[INFO] [stderr]    Compiling jiff-core v0.1.1
[INFO] [stderr]    Compiling concurrent-queue v2.5.0
[INFO] [stderr]    Compiling octseq v0.6.1
[INFO] [stderr]    Compiling webpki-roots v1.0.9
[INFO] [stderr]    Compiling pem v4.0.0
[INFO] [stderr]    Compiling async-channel v2.5.0
[INFO] [stderr]    Compiling blocking v1.7.0
[INFO] [stderr]    Compiling async-executor v1.14.0
[INFO] [stderr]    Compiling jiff v0.2.38
[INFO] [stderr]    Compiling time v0.3.55
[INFO] [stderr]    Compiling yasna v0.6.0
[INFO] [stderr]    Compiling thiserror-impl v2.0.21
[INFO] [stderr]    Compiling tokio-macros v2.7.2
[INFO] [stderr]    Compiling futures-macro v0.3.34
[INFO] [stderr]    Compiling tokio v1.53.3
[INFO] [stderr]    Compiling domain-macros v0.12.3
[INFO] [stderr]    Compiling futures-util v0.3.34
[INFO] [stderr]    Compiling thiserror v2.0.21
[INFO] [stderr]    Compiling hclient-core v0.2.5
[INFO] [stderr]    Compiling hclient-proto v0.1.2
[INFO] [stderr]    Compiling system-resolver v0.2.6
[INFO] [stderr]    Compiling domain v0.12.3
[INFO] [stderr]    Compiling hclient-rt v0.1.4
[INFO] [stderr]    Compiling hclient-dns v0.1.5
[INFO] [stderr]    Compiling hclient-tls v0.1.4
[INFO] [stderr]    Compiling hclient-proxy v0.1.1
[INFO] [stderr]    Compiling polling v3.11.0
[INFO] [stderr]    Compiling futures-executor v0.3.34
[INFO] [stderr]    Compiling async-net v2.0.0
[INFO] [stderr]    Compiling futures v0.3.34
[INFO] [stderr]    Compiling hclient-rt-smol v0.1.0-alpha.17
[INFO] [stderr]    Compiling hyper v1.12.0
[INFO] [stderr]    Compiling h3 v0.0.8
[INFO] [stderr]    Compiling tokio-util v0.7.20
[INFO] [stderr]    Compiling hclient-rt-tokio v0.1.0-alpha.17
[INFO] [stderr]    Compiling rustls v0.23.45
[INFO] [stderr]    Compiling hclient-native v0.1.0-alpha.20 (/opt/rustwide/workdir)
[INFO] [stderr]    Compiling hclient-dns-system v0.1.0-alpha.18
[INFO] [stderr]    Compiling rustls-webpki v0.103.15
[INFO] [stderr]    Compiling rcgen v0.14.10
[INFO] [stderr]    Compiling quinn-proto v0.11.19
[INFO] [stderr]    Compiling tokio-rustls v0.26.6
[INFO] [stderr]    Compiling hclient-tls-rustls v0.1.0-alpha.17
[INFO] [stderr]    Compiling h3-quinn v0.0.10
[INFO] [stdout] error[E0432]: unresolved import `hclient`
[INFO] [stdout]   --> tests/reaper.rs:47:5
[INFO] [stdout]    |
[INFO] [stdout] 47 | use hclient::Client;
[INFO] [stdout]    |     ^^^^^^^ use of unresolved module or unlinked crate `hclient`
[INFO] [stdout]    |
[INFO] [stdout]    = help: if you wanted to use a crate named `hclient`, use `cargo add hclient` to add it to your `Cargo.toml`
[INFO] [stdout] 
[INFO] [stdout] 
[INFO] [stdout] error[E0432]: unresolved import `hclient`
[INFO] [stdout]   --> tests/progress.rs:21:5
[INFO] [stdout]    |
[INFO] [stdout] 21 | use hclient::Client;
[INFO] [stdout]    |     ^^^^^^^ use of unresolved module or unlinked crate `hclient`
[INFO] [stdout]    |
[INFO] [stdout]    = help: if you wanted to use a crate named `hclient`, use `cargo add hclient` to add it to your `Cargo.toml`
[INFO] [stdout] 
[INFO] [stdout] 
[INFO] [stdout] error[E0432]: unresolved import `hclient`
[INFO] [stdout]   --> tests/cancel.rs:40:5
[INFO] [stdout]    |
[INFO] [stdout] 40 | use hclient::Client;
[INFO] [stdout]    |     ^^^^^^^ use of unresolved module or unlinked crate `hclient`
[INFO] [stdout]    |
[INFO] [stdout]    = help: if you wanted to use a crate named `hclient`, use `cargo add hclient` to add it to your `Cargo.toml`
[INFO] [stdout] 
[INFO] [stdout] 
[INFO] [stdout] error[E0432]: unresolved import `hclient`
[INFO] [stdout]   --> tests/timeouts.rs:59:5
[INFO] [stdout]    |
[INFO] [stdout] 59 | use hclient::{Client, Timeouts};
[INFO] [stdout]    |     ^^^^^^^ use of unresolved module or unlinked crate `hclient`
[INFO] [stdout]    |
[INFO] [stdout]    = help: if you wanted to use a crate named `hclient`, use `cargo add hclient` to add it to your `Cargo.toml`
[INFO] [stdout] 
[INFO] [stdout] 
[INFO] [stdout] error[E0432]: unresolved import `hclient`
[INFO] [stdout]   --> tests/hooks.rs:24:5
[INFO] [stdout]    |
[INFO] [stdout] 24 | use hclient::Client;
[INFO] [stdout]    |     ^^^^^^^ use of unresolved module or unlinked crate `hclient`
[INFO] [stdout]    |
[INFO] [stdout]    = help: if you wanted to use a crate named `hclient`, use `cargo add hclient` to add it to your `Cargo.toml`
[INFO] [stdout] 
[INFO] [stdout] 
[INFO] [stdout] error[E0432]: unresolved import `hclient`
[INFO] [stdout]    --> tests/hooks.rs:787:9
[INFO] [stdout]     |
[INFO] [stdout] 787 |     use hclient::RequireVersion;
[INFO] [stdout]     |         ^^^^^^^ use of unresolved module or unlinked crate `hclient`
[INFO] [stdout]     |
[INFO] [stdout]     = help: if you wanted to use a crate named `hclient`, use `cargo add hclient` to add it to your `Cargo.toml`
[INFO] [stdout] 
[INFO] [stdout] 
[INFO] [stdout] warning: method call on a diverging inference variable
[INFO] [stdout]    --> tests/timeouts.rs:218:14
[INFO] [stdout]     |
[INFO] [stdout] 218 |             .collect()
[INFO] [stdout]     |              ^^^^^^^
[INFO] [stdout]     |
[INFO] [stdout]     = help: consider providing a type annotation
[INFO] [stdout]     = warning: this was previously accepted by the compiler but is being phased out; it will become a hard error in a future release!
[INFO] [stdout]     = note: for more information, see issue #156047 <https://github.com/rust-lang/rust/issues/156047>
[INFO] [stdout]     = note: `#[warn(method_call_on_diverging_infer_var)]` (part of `#[warn(future_incompatible)]`) on by default
[INFO] [stdout] 
[INFO] [stdout] 
[INFO] [stdout] warning: method call on a diverging inference variable
[INFO] [stdout]    --> tests/cancel.rs:249:23
[INFO] [stdout]     |
[INFO] [stdout] 249 |         r = seen => r.expect("the server must report the request it read"),
[INFO] [stdout]     |                       ^^^^^^
[INFO] [stdout]     |
[INFO] [stdout]     = help: consider providing a type annotation
[INFO] [stdout]     = warning: this was previously accepted by the compiler but is being phased out; it will become a hard error in a future release!
[INFO] [stdout]     = note: for more information, see issue #156047 <https://github.com/rust-lang/rust/issues/156047>
[INFO] [stdout]     = note: `#[warn(method_call_on_diverging_infer_var)]` (part of `#[warn(future_incompatible)]`) on by default
[INFO] [stdout] 
[INFO] [stdout] 
[INFO] [stdout] error[E0034]: multiple applicable items in scope
[INFO] [stdout]    --> tests/timeouts.rs:218:14
[INFO] [stdout]     |
[INFO] [stdout] 218 |             .collect()
[INFO] [stdout]     |              ^^^^^^^ multiple `collect` found
[INFO] [stdout]     |
[INFO] [stdout] note: candidate #1 is defined in the trait `BodyExt`
[INFO] [stdout]    --> /opt/rustwide/cargo-home/registry/src/index.crates.io-1949cf8c6b5b557f/http-body-util-0.1.5/src/lib.rs:103:5
[INFO] [stdout]     |
[INFO] [stdout] 103 | /     fn collect(self) -> combinators::Collect<Self>
[INFO] [stdout] 104 | |     where
[INFO] [stdout] 105 | |         Self: Sized,
[INFO] [stdout]     | |____________________^
[INFO] [stdout] note: candidate #2 is defined in the trait `Iterator`
[INFO] [stdout]    --> /rustc/e3feeb59cd1bdd011a2bfcc0747b55125d9b8527/library/core/src/iter/traits/iterator.rs:2087:4
[INFO] [stdout] help: disambiguate the method for candidate #1
[INFO] [stdout]     |
[INFO] [stdout] 215 ~         BodyExt::collect(c.get(format!("http://{addr}/"))
[INFO] [stdout] 216 +             .send()
[INFO] [stdout] 217 +             .await?)
[INFO] [stdout]     |
[INFO] [stdout] help: disambiguate the method for candidate #2
[INFO] [stdout]     |
[INFO] [stdout] 215 ~         Iterator::collect(c.get(format!("http://{addr}/"))
[INFO] [stdout] 216 +             .send()
[INFO] [stdout] 217 +             .await?)
[INFO] [stdout]     |
[INFO] [stdout] 
[INFO] [stdout] 
[INFO] [stdout] warning: method call on a diverging inference variable
[INFO] [stdout]    --> tests/timeouts.rs:220:14
[INFO] [stdout]     |
[INFO] [stdout] 220 |             .text()
[INFO] [stdout]     |              ^^^^
[INFO] [stdout]     |
[INFO] [stdout]     = help: consider providing a type annotation
[INFO] [stdout]     = warning: this was previously accepted by the compiler but is being phased out; it will become a hard error in a future release!
[INFO] [stdout]     = note: for more information, see issue #156047 <https://github.com/rust-lang/rust/issues/156047>
[INFO] [stdout] 
[INFO] [stdout] 
[INFO] [stdout] For more information about this error, try `rustc --explain E0432`.
[INFO] [stdout] 
[INFO] [stderr] error: could not compile `hclient-native` (test "reaper") due to 1 previous error
[INFO] [stderr] warning: build failed, waiting for other jobs to finish...
[INFO] [stdout] For more information about this error, try `rustc --explain E0432`.
[INFO] [stdout] 
[INFO] [stdout] error[E0599]: no method named `text` found for type `_` in the current scope
[INFO] [stdout]    --> tests/timeouts.rs:220:14
[INFO] [stdout]     |
[INFO] [stdout] 215 |         c.get(format!("http://{addr}/"))
[INFO] [stdout] 216 |             .send()
[INFO] [stdout] 217 |             .await?
[INFO] [stdout] 218 |             .collect()
[INFO] [stdout] 219 |             .await?
[INFO] [stdout] 220 |             .text()
[INFO] [stdout]     |              ^^^^
[INFO] [stdout]     |
[INFO] [stdout] help: there is a method `context` with a similar name, but with different arguments
[INFO] [stdout]    --> /opt/rustwide/cargo-home/registry/src/index.crates.io-1949cf8c6b5b557f/winnow-1.0.4/src/parser.rs:808:5
[INFO] [stdout]     |
[INFO] [stdout] 808 | /     fn context<C>(self, context: C) -> impls::Context<Self, I, O, E, C>
[INFO] [stdout] 809 | |     where
[INFO] [stdout] 810 | |         Self: core::marker::Sized,
[INFO] [stdout] 811 | |         I: Stream,
[INFO] [stdout] 812 | |         E: AddContext<I, C>,
[INFO] [stdout] 813 | |         E: ParserError<I>,
[INFO] [stdout] 814 | |         C: Clone + core::fmt::Debug,
[INFO] [stdout]     | |____________________________________^
[INFO] [stdout] 
[INFO] [stdout] 
[INFO] [stdout] error[E0599]: no method named `expect` found for type `_` in the current scope
[INFO] [stdout]    --> tests/cancel.rs:249:23
[INFO] [stdout]     |
[INFO] [stdout] 249 |         r = seen => r.expect("the server must report the request it read"),
[INFO] [stdout]     |                       ^^^^^^
[INFO] [stdout]     |
[INFO] [stdout] help: there is a method `exec` with a similar name, but with different arguments
[INFO] [stdout]    --> /rustc/e3feeb59cd1bdd011a2bfcc0747b55125d9b8527/library/std/src/os/unix/process.rs:163:4
[INFO] [stdout] 
[INFO] [stdout] 
[INFO] [stderr] error: could not compile `hclient-native` (test "progress") due to 1 previous error
[INFO] [stdout] warning: method call on a diverging inference variable
[INFO] [stdout]    --> tests/timeouts.rs:248:14
[INFO] [stdout]     |
[INFO] [stdout] 248 |             .collect()
[INFO] [stdout]     |              ^^^^^^^
[INFO] [stdout]     |
[INFO] [stdout]     = help: consider providing a type annotation
[INFO] [stdout]     = warning: this was previously accepted by the compiler but is being phased out; it will become a hard error in a future release!
[INFO] [stdout]     = note: for more information, see issue #156047 <https://github.com/rust-lang/rust/issues/156047>
[INFO] [stdout] 
[INFO] [stdout] 
[INFO] [stdout] error[E0034]: multiple applicable items in scope
[INFO] [stdout]    --> tests/timeouts.rs:248:14
[INFO] [stdout]     |
[INFO] [stdout] 248 |             .collect()
[INFO] [stdout]     |              ^^^^^^^ multiple `collect` found
[INFO] [stdout]     |
[INFO] [stdout] note: candidate #1 is defined in the trait `BodyExt`
[INFO] [stdout]    --> /opt/rustwide/cargo-home/registry/src/index.crates.io-1949cf8c6b5b557f/http-body-util-0.1.5/src/lib.rs:103:5
[INFO] [stdout]     |
[INFO] [stdout] 103 | /     fn collect(self) -> combinators::Collect<Self>
[INFO] [stdout] 104 | |     where
[INFO] [stdout] 105 | |         Self: Sized,
[INFO] [stdout]     | |____________________^
[INFO] [stdout] note: candidate #2 is defined in the trait `Iterator`
[INFO] [stdout]    --> /rustc/e3feeb59cd1bdd011a2bfcc0747b55125d9b8527/library/core/src/iter/traits/iterator.rs:2087:4
[INFO] [stdout] help: disambiguate the method for candidate #1
[INFO] [stdout]     |
[INFO] [stdout] 244 ~         let _ = BodyExt::collect(c
[INFO] [stdout] 245 +             .get(format!("http://{addr}/"))
[INFO] [stdout] 246 +             .send()
[INFO] [stdout] 247 +             .await?)
[INFO] [stdout]     |
[INFO] [stdout] help: disambiguate the method for candidate #2
[INFO] [stdout]     |
[INFO] [stdout] 244 ~         let _ = Iterator::collect(c
[INFO] [stdout] 245 +             .get(format!("http://{addr}/"))
[INFO] [stdout] 246 +             .send()
[INFO] [stdout] 247 +             .await?)
[INFO] [stdout]     |
[INFO] [stdout] 
[INFO] [stdout] 
[INFO] [stdout] warning: method call on a diverging inference variable
[INFO] [stdout]    --> tests/timeouts.rs:250:14
[INFO] [stdout]     |
[INFO] [stdout] 250 |             .text();
[INFO] [stdout]     |              ^^^^
[INFO] [stdout]     |
[INFO] [stdout]     = help: consider providing a type annotation
[INFO] [stdout]     = warning: this was previously accepted by the compiler but is being phased out; it will become a hard error in a future release!
[INFO] [stdout]     = note: for more information, see issue #156047 <https://github.com/rust-lang/rust/issues/156047>
[INFO] [stdout] 
[INFO] [stdout] 
[INFO] [stdout] error[E0599]: no method named `text` found for type `_` in the current scope
[INFO] [stdout]    --> tests/timeouts.rs:250:14
[INFO] [stdout]     |
[INFO] [stdout] 244 |         let _ = c
[INFO] [stdout] 245 |             .get(format!("http://{addr}/"))
[INFO] [stdout] 246 |             .send()
[INFO] [stdout] 247 |             .await?
[INFO] [stdout] 248 |             .collect()
[INFO] [stdout] 249 |             .await?
[INFO] [stdout] 250 |             .text();
[INFO] [stdout]     |              ^^^^
[INFO] [stdout]     |
[INFO] [stdout] help: there is a method `context` with a similar name, but with different arguments
[INFO] [stdout]    --> /opt/rustwide/cargo-home/registry/src/index.crates.io-1949cf8c6b5b557f/winnow-1.0.4/src/parser.rs:808:5
[INFO] [stdout]     |
[INFO] [stdout] 808 | /     fn context<C>(self, context: C) -> impls::Context<Self, I, O, E, C>
[INFO] [stdout] 809 | |     where
[INFO] [stdout] 810 | |         Self: core::marker::Sized,
[INFO] [stdout] 811 | |         I: Stream,
[INFO] [stdout] 812 | |         E: AddContext<I, C>,
[INFO] [stdout] 813 | |         E: ParserError<I>,
[INFO] [stdout] 814 | |         C: Clone + core::fmt::Debug,
[INFO] [stdout]     | |____________________________________^
[INFO] [stdout] 
[INFO] [stdout] 
[INFO] [stdout] Some errors have detailed explanations: E0432, E0599.
[INFO] [stdout] 
[INFO] [stdout] For more information about an error, try `rustc --explain E0432`.
[INFO] [stdout] 
[INFO] [stderr] error: could not compile `hclient-native` (test "cancel") due to 2 previous errors; 2 warnings emitted
[INFO] [stdout] Some errors have detailed explanations: E0034, E0432, E0599.
[INFO] [stdout] 
[INFO] [stdout] For more information about an error, try `rustc --explain E0034`.
[INFO] [stdout] 
[INFO] [stderr] error: could not compile `hclient-native` (test "timeouts") due to 5 previous errors; 8 warnings emitted
[INFO] [stdout] For more information about this error, try `rustc --explain E0432`.
[INFO] [stdout] 
[INFO] [stderr] error: could not compile `hclient-native` (test "hooks") due to 2 previous errors
[INFO] [stderr] warning: unused dependency `web-time`
[INFO] [stderr]   --> Cargo.toml:95:15
[INFO] [stderr]    |
[INFO] [stderr] 95 | [dependencies.web-time]
[INFO] [stderr]    |               ^^^^^^^^^
[INFO] [stderr]    |
[INFO] [stderr]    = note: `cargo::unused_dependencies` is set to `warn` by default
[INFO] [stderr] help: consider removing the dependency on `web-time`
[INFO] [stderr] warning: `hclient-native` (manifest) generated 1 warning
[INFO] running `Command { std: "docker" "inspect" "978c9b294f8a504527df1be602fb21e701b0652bd589e072ec0c31756f11f970", kill_on_drop: false }`
[INFO] running `Command { std: "docker" "rm" "-f" "978c9b294f8a504527df1be602fb21e701b0652bd589e072ec0c31756f11f970", kill_on_drop: false }`
[INFO] [stdout] 978c9b294f8a504527df1be602fb21e701b0652bd589e072ec0c31756f11f970
