[INFO] fetching crate hc_zome_yjs_coordinator 0.0.3...
[INFO] testing hc_zome_yjs_coordinator-0.0.3 against 1.100.0-beta.1+cargoflags=--release for beta-release-1.100-2
[INFO] extracting crate hc_zome_yjs_coordinator 0.0.3 into /workspace/builds/worker-6-tc2/source
[INFO] started tweaking crates.io crate hc_zome_yjs_coordinator 0.0.3
[INFO] finished tweaking crates.io crate hc_zome_yjs_coordinator 0.0.3
[INFO] tweaked toml for crates.io crate hc_zome_yjs_coordinator 0.0.3 written to /workspace/builds/worker-6-tc2/source/Cargo.toml
[INFO] validating manifest of crates.io crate hc_zome_yjs_coordinator 0.0.3 on toolchain 1.100.0-beta.1
[INFO] running `Command { std: CARGO_HOME="/workspace/cargo-home" RUSTUP_HOME="/workspace/rustup-home" "/workspace/cargo-home/bin/cargo" "+1.100.0-beta.1" "metadata" "--manifest-path" "Cargo.toml" "--no-deps", kill_on_drop: false }`
[INFO] running `Command { std: CARGO_HOME="/workspace/cargo-home" RUSTUP_HOME="/workspace/rustup-home" "/workspace/cargo-home/bin/cargo" "+1.100.0-beta.1" "generate-lockfile" "--manifest-path" "Cargo.toml", kill_on_drop: false }`
[INFO] [stderr]     Updating crates.io index
[INFO] [stderr]     Blocking waiting for file lock on package cache
[INFO] [stderr]      Locking 354 packages to highest compatible versions
[INFO] [stderr]       Adding camino v1.1.12 (available: v1.2.6)
[INFO] [stderr]       Adding cargo-platform v0.1.3 (available: v0.1.9)
[INFO] [stderr]       Adding generic-array v0.14.7 (available: v0.14.9)
[INFO] [stderr]       Adding hdi v0.3.1 (available: v0.3.8)
[INFO] [stderr]       Adding hdk v0.2.1 (available: v0.2.8)
[INFO] [stderr]       Adding intervallum v1.4.1 (available: v1.4.4)
[INFO] [stderr]       Adding psm v0.1.24 (available: v0.1.32)
[INFO] [stderr]       Adding semver v1.0.20 (available: v1.0.28)
[INFO] [stderr]       Adding serde v1.0.166 (available: v1.0.229)
[INFO] [stderr]       Adding serde_bytes v0.11.17 (available: v0.11.19)
[INFO] [stderr]       Adding serde_derive v1.0.166 (available: v1.0.229)
[INFO] [stderr]       Adding serde_json v1.0.109 (available: v1.0.154)
[INFO] [stderr]       Adding test-fuzz v3.0.4 (available: v3.1.0)
[INFO] [stderr]       Adding test-fuzz-internal v3.0.4 (available: v3.1.0)
[INFO] [stderr]       Adding test-fuzz-macro v3.0.4 (available: v3.1.0)
[INFO] [stderr]       Adding test-fuzz-runtime v3.0.4 (available: v3.1.0)
[INFO] [stderr]       Adding wasmer v4.2.4 (available: v4.4.0)
[INFO] [stderr]       Adding wasmer-compiler v4.2.4 (available: v4.4.0)
[INFO] [stderr]       Adding wasmer-compiler-cranelift v4.2.4 (available: v4.4.0)
[INFO] [stderr]       Adding wasmer-derive v4.2.4 (available: v4.4.0)
[INFO] [stderr]       Adding wasmer-types v4.2.4 (available: v4.4.0)
[INFO] [stderr]       Adding wasmer-vm v4.2.4 (available: v4.4.0)
[INFO] [stderr]       Adding wat v1.0.71 (available: v1.262.0)
[INFO] running `Command { std: CARGO_HOME="/workspace/cargo-home" RUSTUP_HOME="/workspace/rustup-home" "/workspace/cargo-home/bin/cargo" "+1.100.0-beta.1" "fetch" "--manifest-path" "Cargo.toml", kill_on_drop: false }`
[INFO] running `Command { std: "docker" "create" "-v" "/var/lib/crater-agent-workspace/builds/worker-6-tc2/source:/opt/rustwide/workdir:ro,Z" "-v" "/var/lib/crater-agent-workspace/builds/worker-6-tc2/target:/opt/rustwide/target:rw,Z" "-v" "/var/lib/crater-agent-workspace/cargo-home:/opt/rustwide/cargo-home:ro,Z" "-v" "/var/lib/crater-agent-workspace/rustup-home:/opt/rustwide/rustup-home:ro,Z" "-m" "1610612736" "--network" "none" "ghcr.io/rust-lang/crates-build-env/linux@sha256:77db811e55d90add9212f6832c23229e3de5f1c1f9905e8cb07319ea15df73ac" "sleep" "infinity", kill_on_drop: false }`
[INFO] [stdout] afa02a93f3de727cfc536299fab942d8681cb56e16e7f5a5439bf54fd144089f
[INFO] running `Command { std: "docker" "start" "afa02a93f3de727cfc536299fab942d8681cb56e16e7f5a5439bf54fd144089f", kill_on_drop: false }`
[INFO] running `Command { std: "docker" "inspect" "afa02a93f3de727cfc536299fab942d8681cb56e16e7f5a5439bf54fd144089f", kill_on_drop: false }`
[INFO] running `Command { std: "docker" "exec" "-e" "SOURCE_DIR=/opt/rustwide/workdir" "-e" "CARGO_HOME=/opt/rustwide/cargo-home" "-e" "RUSTUP_HOME=/opt/rustwide/rustup-home" "-e" "CARGO_TARGET_DIR=/opt/rustwide/target" "-w" "/opt/rustwide/workdir" "--user" "0:0" "afa02a93f3de727cfc536299fab942d8681cb56e16e7f5a5439bf54fd144089f" "/opt/rustwide/cargo-home/bin/cargo" "+1.100.0-beta.1" "metadata" "--no-deps" "--format-version=1", kill_on_drop: false }`
[INFO] running `Command { std: "docker" "inspect" "afa02a93f3de727cfc536299fab942d8681cb56e16e7f5a5439bf54fd144089f", kill_on_drop: false }`
[INFO] running `Command { std: "docker" "exec" "-e" "SOURCE_DIR=/opt/rustwide/workdir" "-e" "CARGO_HOME=/opt/rustwide/cargo-home" "-e" "RUSTUP_HOME=/opt/rustwide/rustup-home" "-e" "CARGO_TARGET_DIR=/opt/rustwide/target" "-e" "CARGO_INCREMENTAL=0" "-e" "RUST_BACKTRACE=full" "-e" "RUSTFLAGS=--cap-lints=warn" "-e" "RUSTDOCFLAGS=--cap-lints=warn" "-w" "/opt/rustwide/workdir" "--user" "0:0" "afa02a93f3de727cfc536299fab942d8681cb56e16e7f5a5439bf54fd144089f" "/opt/rustwide/cargo-home/bin/cargo" "+1.100.0-beta.1" "build" "--frozen" "--message-format=json" "--release", kill_on_drop: false }`
[INFO] [stderr]    Compiling serde v1.0.166
[INFO] [stderr]    Compiling ahash v0.7.8
[INFO] [stderr]    Compiling libc v0.2.191
[INFO] [stderr]    Compiling syn v1.0.109
[INFO] [stderr]    Compiling syn v3.0.9
[INFO] [stderr]    Compiling getrandom v0.2.17
[INFO] [stderr]    Compiling serde_derive v1.0.166
[INFO] [stderr]    Compiling thiserror-impl v1.0.69
[INFO] [stderr]    Compiling bytecheck v0.6.12
[INFO] [stderr]    Compiling rend v0.4.2
[INFO] [stderr]    Compiling darling_core v0.21.3
[INFO] [stderr]    Compiling rkyv v0.7.46
[INFO] [stderr]    Compiling smallvec v1.16.3
[INFO] [stderr]    Compiling indexmap v1.9.3
[INFO] [stderr]    Compiling hashbrown v0.12.3
[INFO] [stderr]    Compiling stable_deref_trait v1.2.1
[INFO] [stderr]    Compiling corosensei v0.1.4
[INFO] [stderr]    Compiling target-lexicon v0.12.16
[INFO] [stderr]    Compiling serde_json v1.0.109
[INFO] [stderr]    Compiling libm v0.2.16
[INFO] [stderr]    Compiling simdutf8 v0.1.5
[INFO] [stderr]    Compiling thiserror v1.0.69
[INFO] [stderr]    Compiling num-traits v0.2.19
[INFO] [stderr]    Compiling cc v1.8.0
[INFO] [stderr]    Compiling semver v1.0.20
[INFO] [stderr]    Compiling camino v1.1.12
[INFO] [stderr]    Compiling seahash v4.1.0
[INFO] [stderr]    Compiling object v0.37.3
[INFO] [stderr]    Compiling more-asserts v0.2.2
[INFO] [stderr]    Compiling rustc-demangle v0.1.28
[INFO] [stderr]    Compiling cranelift-isle v0.91.1
[INFO] [stderr]    Compiling darling_macro v0.21.3
[INFO] [stderr]    Compiling lazy_static v1.5.1
[INFO] [stderr]    Compiling darling v0.21.3
[INFO] [stderr]    Compiling memoffset v0.9.1
[INFO] [stderr]    Compiling psm v0.1.24
[INFO] [stderr]    Compiling enumset_derive v0.15.0
[INFO] [stderr]    Compiling cranelift-codegen-shared v0.91.1
[INFO] [stderr]    Compiling cranelift-codegen-meta v0.91.1
[INFO] [stderr]    Compiling stacker v0.1.25
[INFO] [stderr]    Compiling synstructure v0.14.0
[INFO] [stderr]    Compiling enumset v1.1.14
[INFO] [stderr]    Compiling ptr_meta_derive v0.1.4
[INFO] [stderr]    Compiling bytecheck_derive v0.6.12
[INFO] [stderr]    Compiling rkyv_derive v0.7.46
[INFO] [stderr]    Compiling zerofrom-derive v0.1.8
[INFO] [stderr]    Compiling yoke-derive v0.8.4
[INFO] [stderr]    Compiling zerovec-derive v0.11.6
[INFO] [stderr]    Compiling displaydoc v0.2.7
[INFO] [stderr]    Compiling enum-iterator-derive v0.7.0
[INFO] [stderr]    Compiling ptr_meta v0.1.4
[INFO] [stderr]    Compiling enum-iterator v0.7.0
[INFO] [stderr]    Compiling backtrace v0.3.76
[INFO] [stderr]    Compiling zerofrom v0.1.8
[INFO] [stderr]    Compiling futures-macro v0.3.34
[INFO] [stderr]    Compiling serde_bytes v0.11.17
[INFO] [stderr]    Compiling yoke v0.8.3
[INFO] [stderr]    Compiling scopeguard v1.2.0
[INFO] [stderr]    Compiling test-fuzz-internal v3.0.4
[INFO] [stderr]    Compiling zerovec v0.11.8
[INFO] [stderr]    Compiling cranelift-codegen v0.91.1
[INFO] [stderr]    Compiling derivative v2.2.0
[INFO] [stderr]    Compiling proc-macro-error-attr v1.0.4
[INFO] [stderr]    Compiling strum_macros v0.24.3
[INFO] [stderr]    Compiling proc-macro-error v1.0.4
[INFO] [stderr]    Compiling ucd-trie v0.1.7
[INFO] [stderr]    Compiling derive_more v0.99.20
[INFO] [stderr]    Compiling pest v2.9.4
[INFO] [stderr]    Compiling cargo-platform v0.1.3
[INFO] [stderr]    Compiling test-fuzz-runtime v3.0.4
[INFO] [stderr]    Compiling cargo_metadata v0.15.4
[INFO] [stderr]    Compiling region v3.0.2
[INFO] [stderr]    Compiling darling_core v0.14.4
[INFO] [stderr]    Compiling semver-parser v0.10.3
[INFO] [stderr]    Compiling tinystr v0.8.4
[INFO] [stderr]    Compiling fallible-iterator v0.2.0
[INFO] [stderr]    Compiling leb128 v0.2.7
[INFO] [stderr]    Compiling icu_locale_core v2.3.0
[INFO] [stderr]    Compiling gimli v0.26.2
[INFO] [stderr]    Compiling semver v0.11.0
[INFO] [stderr]    Compiling potential_utf v0.1.6
[INFO] [stderr]    Compiling zerotrie v0.2.5
[INFO] [stderr]    Compiling loupe-derive v0.1.3
[INFO] [stderr]    Compiling crossbeam-utils v0.8.23
[INFO] [stderr]    Compiling test-fuzz-macro v3.0.4
[INFO] [stderr]    Compiling wasmer-compiler-cranelift v4.2.4
[INFO] [stderr]    Compiling test-fuzz v3.0.4
[INFO] [stderr]    Compiling toolchain_find v0.2.0
[INFO] [stderr]    Compiling icu_collections v2.3.0
[INFO] [stderr]    Compiling icu_provider v2.3.1
[INFO] [stderr]    Compiling loupe v0.1.3
[INFO] [stderr]    Compiling darling_macro v0.14.4
[INFO] [stderr]    Compiling darling v0.14.4
[INFO] [stderr]    Compiling subprocess v0.2.15
[INFO] [stderr]    Compiling unzip-n v0.1.4
[INFO] [stderr]    Compiling memmap2 v0.5.10
[INFO] [stderr]    Compiling if_chain v1.0.3
[INFO] [stderr]    Compiling either v1.19.0
[INFO] [stderr]    Compiling tracing v0.1.44
[INFO] [stderr]    Compiling num-integer v0.1.47
[INFO] [stderr]    Compiling wasmparser v0.83.0
[INFO] [stderr]    Compiling parking_lot_core v0.9.12
[INFO] [stderr]    Compiling icu_properties v2.3.0
[INFO] [stderr]    Compiling icu_normalizer v2.3.0
[INFO] [stderr]    Compiling wasmer-types v2.3.0
[INFO] [stderr]    Compiling lock_api v0.4.14
[INFO] [stdout] error[E0277]: the trait bound `(String, String, u32): Archive` is not satisfied
[INFO] [stdout]    --> /opt/rustwide/cargo-home/registry/src/index.crates.io-1949cf8c6b5b557f/wasmer-types-2.3.0/src/module.rs:142:14
[INFO] [stdout]     |
[INFO] [stdout] 142 |     imports: ArchivableIndexMap<(String, String, u32), ImportIndex>,
[INFO] [stdout]     |              ^^^^^^^^^^^^^^^^^^^^^^^^^^^^^^^^^^^^^^^^^^^^^^^^^^^^^^ the trait `Archive` is not implemented for `(String, String, u32)`
[INFO] [stdout]     |
[INFO] [stdout] help: the trait `Archive` is implemented for `()`
[INFO] [stdout]    --> /opt/rustwide/cargo-home/registry/src/index.crates.io-1949cf8c6b5b557f/rkyv-0.7.46/src/impls/core/primitive.rs:27:9
[INFO] [stdout]     |
[INFO] [stdout]  27 |         impl Archive for $type {
[INFO] [stdout]     |         ^^^^^^^^^^^^^^^^^^^^^^
[INFO] [stdout] ...
[INFO] [stdout] 135 | impl_primitive!(());
[INFO] [stdout]     | ------------------- in this macro invocation
[INFO] [stdout] note: required by a bound in `ArchivableIndexMap`
[INFO] [stdout]    --> /opt/rustwide/cargo-home/registry/src/index.crates.io-1949cf8c6b5b557f/wasmer-types-2.3.0/src/archives.rs:10:47
[INFO] [stdout]     |
[INFO] [stdout]  10 | pub struct ArchivableIndexMap<K: Hash + Ord + Archive, V: Archive> {
[INFO] [stdout]     |                                               ^^^^^^^ required by this bound in `ArchivableIndexMap`
[INFO] [stdout]     = note: this error originates in the macro `impl_primitive` (in Nightly builds, run with -Z macro-backtrace for more info)
[INFO] [stdout] 
[INFO] [stdout] 
[INFO] [stdout] error[E0277]: the trait bound `(String, String, u32): Archive` is not satisfied
[INFO] [stdout]    --> /opt/rustwide/cargo-home/registry/src/index.crates.io-1949cf8c6b5b557f/wasmer-types-2.3.0/src/module.rs:139:10
[INFO] [stdout]     |
[INFO] [stdout] 139 | #[derive(RkyvSerialize, RkyvDeserialize, Archive)]
[INFO] [stdout]     |          ^^^^^^^^^^^^^ the trait `Archive` is not implemented for `(String, String, u32)`
[INFO] [stdout]     |
[INFO] [stdout] help: the trait `Archive` is implemented for `()`
[INFO] [stdout]    --> /opt/rustwide/cargo-home/registry/src/index.crates.io-1949cf8c6b5b557f/rkyv-0.7.46/src/impls/core/primitive.rs:27:9
[INFO] [stdout]     |
[INFO] [stdout]  27 |         impl Archive for $type {
[INFO] [stdout]     |         ^^^^^^^^^^^^^^^^^^^^^^
[INFO] [stdout] ...
[INFO] [stdout] 135 | impl_primitive!(());
[INFO] [stdout]     | ------------------- in this macro invocation
[INFO] [stdout] note: required for `ArchivableIndexMap<(String, String, u32), ImportIndex>` to implement `Archive`
[INFO] [stdout]    --> /opt/rustwide/cargo-home/registry/src/index.crates.io-1949cf8c6b5b557f/wasmer-types-2.3.0/src/archives.rs:10:12
[INFO] [stdout]     |
[INFO] [stdout]  10 | pub struct ArchivableIndexMap<K: Hash + Ord + Archive, V: Archive> {
[INFO] [stdout]     |            ^^^^^^^^^^^^^^^^^^^^^^^^^^^^^^^^^^^-------^^^^^^^^^^^^^
[INFO] [stdout]     |                                               |
[INFO] [stdout]     |                                               unsatisfied trait bound
[INFO] [stdout]     = note: this error originates in the derive macro `RkyvSerialize` which comes from the expansion of the macro `impl_primitive` (in Nightly builds, run with -Z macro-backtrace for more info)
[INFO] [stdout] 
[INFO] [stdout] 
[INFO] [stdout] error[E0277]: the trait bound `(String, String, u32): Archive` is not satisfied
[INFO] [stdout]    --> /opt/rustwide/cargo-home/registry/src/index.crates.io-1949cf8c6b5b557f/wasmer-types-2.3.0/src/module.rs:139:10
[INFO] [stdout]     |
[INFO] [stdout] 139 | #[derive(RkyvSerialize, RkyvDeserialize, Archive)]
[INFO] [stdout]     |          ^^^^^^^^^^^^^ the trait `Archive` is not implemented for `(String, String, u32)`
[INFO] [stdout]     |
[INFO] [stdout] help: the trait `Archive` is implemented for `()`
[INFO] [stdout]    --> /opt/rustwide/cargo-home/registry/src/index.crates.io-1949cf8c6b5b557f/rkyv-0.7.46/src/impls/core/primitive.rs:27:9
[INFO] [stdout]     |
[INFO] [stdout]  27 |         impl Archive for $type {
[INFO] [stdout]     |         ^^^^^^^^^^^^^^^^^^^^^^
[INFO] [stdout] ...
[INFO] [stdout] 135 | impl_primitive!(());
[INFO] [stdout]     | ------------------- in this macro invocation
[INFO] [stdout] note: required by a bound in `ArchivableIndexMap`
[INFO] [stdout]    --> /opt/rustwide/cargo-home/registry/src/index.crates.io-1949cf8c6b5b557f/wasmer-types-2.3.0/src/archives.rs:10:47
[INFO] [stdout]     |
[INFO] [stdout]  10 | pub struct ArchivableIndexMap<K: Hash + Ord + Archive, V: Archive> {
[INFO] [stdout]     |                                               ^^^^^^^ required by this bound in `ArchivableIndexMap`
[INFO] [stdout]     = note: this error originates in the derive macro `RkyvSerialize` which comes from the expansion of the macro `impl_primitive` (in Nightly builds, run with -Z macro-backtrace for more info)
[INFO] [stdout] 
[INFO] [stdout] 
[INFO] [stdout] error[E0277]: the trait bound `(String, CustomSectionIndex): Archive` is not satisfied
[INFO] [stdout]    --> /opt/rustwide/cargo-home/registry/src/index.crates.io-1949cf8c6b5b557f/wasmer-types-2.3.0/src/module.rs:139:10
[INFO] [stdout]     |
[INFO] [stdout] 139 | #[derive(RkyvSerialize, RkyvDeserialize, Archive)]
[INFO] [stdout]     |          ^^^^^^^^^^^^^ the trait `Archive` is not implemented for `(String, CustomSectionIndex)`
[INFO] [stdout]     |
[INFO] [stdout] help: the trait `Archive` is implemented for `()`
[INFO] [stdout]    --> /opt/rustwide/cargo-home/registry/src/index.crates.io-1949cf8c6b5b557f/rkyv-0.7.46/src/impls/core/primitive.rs:27:9
[INFO] [stdout]     |
[INFO] [stdout]  27 |         impl Archive for $type {
[INFO] [stdout]     |         ^^^^^^^^^^^^^^^^^^^^^^
[INFO] [stdout] ...
[INFO] [stdout] 135 | impl_primitive!(());
[INFO] [stdout]     | ------------------- in this macro invocation
[INFO] [stdout]     = note: required for `Vec<(String, CustomSectionIndex)>` to implement `Archive`
[INFO] [stdout]     = note: 1 redundant requirement hidden
[INFO] [stdout]     = note: required for `ArchivableIndexMap<String, CustomSectionIndex>` to implement `Archive`
[INFO] [stdout]     = note: this error originates in the derive macro `RkyvSerialize` which comes from the expansion of the macro `impl_primitive` (in Nightly builds, run with -Z macro-backtrace for more info)
[INFO] [stdout] 
[INFO] [stdout] 
[INFO] [stdout] error[E0277]: the trait bound `(String, ExportIndex): Archive` is not satisfied
[INFO] [stdout]    --> /opt/rustwide/cargo-home/registry/src/index.crates.io-1949cf8c6b5b557f/wasmer-types-2.3.0/src/module.rs:139:10
[INFO] [stdout]     |
[INFO] [stdout] 139 | #[derive(RkyvSerialize, RkyvDeserialize, Archive)]
[INFO] [stdout]     |          ^^^^^^^^^^^^^ the trait `Archive` is not implemented for `(String, ExportIndex)`
[INFO] [stdout]     |
[INFO] [stdout] help: the trait `Archive` is implemented for `()`
[INFO] [stdout]    --> /opt/rustwide/cargo-home/registry/src/index.crates.io-1949cf8c6b5b557f/rkyv-0.7.46/src/impls/core/primitive.rs:27:9
[INFO] [stdout]     |
[INFO] [stdout]  27 |         impl Archive for $type {
[INFO] [stdout]     |         ^^^^^^^^^^^^^^^^^^^^^^
[INFO] [stdout] ...
[INFO] [stdout] 135 | impl_primitive!(());
[INFO] [stdout]     | ------------------- in this macro invocation
[INFO] [stdout]     = note: required for `Vec<(String, ExportIndex)>` to implement `Archive`
[INFO] [stdout]     = note: 1 redundant requirement hidden
[INFO] [stdout]     = note: required for `ArchivableIndexMap<String, ExportIndex>` to implement `Archive`
[INFO] [stdout]     = note: this error originates in the derive macro `RkyvSerialize` which comes from the expansion of the macro `impl_primitive` (in Nightly builds, run with -Z macro-backtrace for more info)
[INFO] [stdout] 
[INFO] [stdout] 
[INFO] [stdout] error[E0277]: the trait bound `((String, String, u32), ImportIndex): Archive` is not satisfied
[INFO] [stdout]    --> /opt/rustwide/cargo-home/registry/src/index.crates.io-1949cf8c6b5b557f/wasmer-types-2.3.0/src/module.rs:139:10
[INFO] [stdout]     |
[INFO] [stdout] 139 | #[derive(RkyvSerialize, RkyvDeserialize, Archive)]
[INFO] [stdout]     |          ^^^^^^^^^^^^^ the trait `Archive` is not implemented for `((String, String, u32), ImportIndex)`
[INFO] [stdout]     |
[INFO] [stdout] help: the trait `Archive` is implemented for `()`
[INFO] [stdout]    --> /opt/rustwide/cargo-home/registry/src/index.crates.io-1949cf8c6b5b557f/rkyv-0.7.46/src/impls/core/primitive.rs:27:9
[INFO] [stdout]     |
[INFO] [stdout]  27 |         impl Archive for $type {
[INFO] [stdout]     |         ^^^^^^^^^^^^^^^^^^^^^^
[INFO] [stdout] ...
[INFO] [stdout] 135 | impl_primitive!(());
[INFO] [stdout]     | ------------------- in this macro invocation
[INFO] [stdout]     = note: required for `Vec<((String, String, u32), ImportIndex)>` to implement `Archive`
[INFO] [stdout]     = note: 1 redundant requirement hidden
[INFO] [stdout]     = note: required for `ArchivableIndexMap<(String, String, u32), ImportIndex>` to implement `Archive`
[INFO] [stdout]     = note: this error originates in the derive macro `RkyvSerialize` which comes from the expansion of the macro `impl_primitive` (in Nightly builds, run with -Z macro-backtrace for more info)
[INFO] [stdout] 
[INFO] [stdout] 
[INFO] [stdout] error[E0277]: the trait bound `(String, String, u32): Archive` is not satisfied
[INFO] [stdout]    --> /opt/rustwide/cargo-home/registry/src/index.crates.io-1949cf8c6b5b557f/wasmer-types-2.3.0/src/module.rs:139:25
[INFO] [stdout]     |
[INFO] [stdout] 139 | #[derive(RkyvSerialize, RkyvDeserialize, Archive)]
[INFO] [stdout]     |                         ^^^^^^^^^^^^^^^ the trait `Archive` is not implemented for `(String, String, u32)`
[INFO] [stdout]     |
[INFO] [stdout] help: the trait `Archive` is implemented for `()`
[INFO] [stdout]    --> /opt/rustwide/cargo-home/registry/src/index.crates.io-1949cf8c6b5b557f/rkyv-0.7.46/src/impls/core/primitive.rs:27:9
[INFO] [stdout]     |
[INFO] [stdout]  27 |         impl Archive for $type {
[INFO] [stdout]     |         ^^^^^^^^^^^^^^^^^^^^^^
[INFO] [stdout] ...
[INFO] [stdout] 135 | impl_primitive!(());
[INFO] [stdout]     | ------------------- in this macro invocation
[INFO] [stdout] note: required for `ArchivableIndexMap<(String, String, u32), ImportIndex>` to implement `Archive`
[INFO] [stdout]    --> /opt/rustwide/cargo-home/registry/src/index.crates.io-1949cf8c6b5b557f/wasmer-types-2.3.0/src/archives.rs:10:12
[INFO] [stdout]     |
[INFO] [stdout]  10 | pub struct ArchivableIndexMap<K: Hash + Ord + Archive, V: Archive> {
[INFO] [stdout]     |            ^^^^^^^^^^^^^^^^^^^^^^^^^^^^^^^^^^^-------^^^^^^^^^^^^^
[INFO] [stdout]     |                                               |
[INFO] [stdout]     |                                               unsatisfied trait bound
[INFO] [stdout]     = note: this error originates in the derive macro `RkyvDeserialize` which comes from the expansion of the macro `impl_primitive` (in Nightly builds, run with -Z macro-backtrace for more info)
[INFO] [stdout] 
[INFO] [stdout] 
[INFO] [stdout] error[E0277]: the trait bound `(String, String, u32): Archive` is not satisfied
[INFO] [stdout]    --> /opt/rustwide/cargo-home/registry/src/index.crates.io-1949cf8c6b5b557f/wasmer-types-2.3.0/src/module.rs:139:25
[INFO] [stdout]     |
[INFO] [stdout] 139 | #[derive(RkyvSerialize, RkyvDeserialize, Archive)]
[INFO] [stdout]     |                         ^^^^^^^^^^^^^^^ the trait `Archive` is not implemented for `(String, String, u32)`
[INFO] [stdout]     |
[INFO] [stdout] help: the trait `Archive` is implemented for `()`
[INFO] [stdout]    --> /opt/rustwide/cargo-home/registry/src/index.crates.io-1949cf8c6b5b557f/rkyv-0.7.46/src/impls/core/primitive.rs:27:9
[INFO] [stdout]     |
[INFO] [stdout]  27 |         impl Archive for $type {
[INFO] [stdout]     |         ^^^^^^^^^^^^^^^^^^^^^^
[INFO] [stdout] ...
[INFO] [stdout] 135 | impl_primitive!(());
[INFO] [stdout]     | ------------------- in this macro invocation
[INFO] [stdout] note: required by a bound in `ArchivableIndexMap`
[INFO] [stdout]    --> /opt/rustwide/cargo-home/registry/src/index.crates.io-1949cf8c6b5b557f/wasmer-types-2.3.0/src/archives.rs:10:47
[INFO] [stdout]     |
[INFO] [stdout]  10 | pub struct ArchivableIndexMap<K: Hash + Ord + Archive, V: Archive> {
[INFO] [stdout]     |                                               ^^^^^^^ required by this bound in `ArchivableIndexMap`
[INFO] [stdout]     = note: this error originates in the derive macro `RkyvDeserialize` which comes from the expansion of the macro `impl_primitive` (in Nightly builds, run with -Z macro-backtrace for more info)
[INFO] [stdout] 
[INFO] [stdout] 
[INFO] [stdout] error[E0277]: the trait bound `(String, CustomSectionIndex): Archive` is not satisfied
[INFO] [stdout]    --> /opt/rustwide/cargo-home/registry/src/index.crates.io-1949cf8c6b5b557f/wasmer-types-2.3.0/src/module.rs:139:25
[INFO] [stdout]     |
[INFO] [stdout] 139 | #[derive(RkyvSerialize, RkyvDeserialize, Archive)]
[INFO] [stdout]     |                         ^^^^^^^^^^^^^^^ the trait `Archive` is not implemented for `(String, CustomSectionIndex)`
[INFO] [stdout]     |
[INFO] [stdout] help: the trait `Archive` is implemented for `()`
[INFO] [stdout]    --> /opt/rustwide/cargo-home/registry/src/index.crates.io-1949cf8c6b5b557f/rkyv-0.7.46/src/impls/core/primitive.rs:27:9
[INFO] [stdout]     |
[INFO] [stdout]  27 |         impl Archive for $type {
[INFO] [stdout]     |         ^^^^^^^^^^^^^^^^^^^^^^
[INFO] [stdout] ...
[INFO] [stdout] 135 | impl_primitive!(());
[INFO] [stdout]     | ------------------- in this macro invocation
[INFO] [stdout]     = note: required for `Vec<(String, CustomSectionIndex)>` to implement `Archive`
[INFO] [stdout]     = note: 1 redundant requirement hidden
[INFO] [stdout]     = note: required for `ArchivableIndexMap<String, CustomSectionIndex>` to implement `Archive`
[INFO] [stdout]     = note: this error originates in the derive macro `RkyvDeserialize` which comes from the expansion of the macro `impl_primitive` (in Nightly builds, run with -Z macro-backtrace for more info)
[INFO] [stdout] 
[INFO] [stdout] 
[INFO] [stdout] error[E0277]: the trait bound `(String, ExportIndex): Archive` is not satisfied
[INFO] [stdout]    --> /opt/rustwide/cargo-home/registry/src/index.crates.io-1949cf8c6b5b557f/wasmer-types-2.3.0/src/module.rs:139:25
[INFO] [stdout]     |
[INFO] [stdout] 139 | #[derive(RkyvSerialize, RkyvDeserialize, Archive)]
[INFO] [stdout]     |                         ^^^^^^^^^^^^^^^ the trait `Archive` is not implemented for `(String, ExportIndex)`
[INFO] [stdout]     |
[INFO] [stdout] help: the trait `Archive` is implemented for `()`
[INFO] [stdout]    --> /opt/rustwide/cargo-home/registry/src/index.crates.io-1949cf8c6b5b557f/rkyv-0.7.46/src/impls/core/primitive.rs:27:9
[INFO] [stdout]     |
[INFO] [stdout]  27 |         impl Archive for $type {
[INFO] [stdout]     |         ^^^^^^^^^^^^^^^^^^^^^^
[INFO] [stdout] ...
[INFO] [stdout] 135 | impl_primitive!(());
[INFO] [stdout]     | ------------------- in this macro invocation
[INFO] [stdout]     = note: required for `Vec<(String, ExportIndex)>` to implement `Archive`
[INFO] [stdout]     = note: 1 redundant requirement hidden
[INFO] [stdout]     = note: required for `ArchivableIndexMap<String, ExportIndex>` to implement `Archive`
[INFO] [stdout]     = note: this error originates in the derive macro `RkyvDeserialize` which comes from the expansion of the macro `impl_primitive` (in Nightly builds, run with -Z macro-backtrace for more info)
[INFO] [stdout] 
[INFO] [stdout] 
[INFO] [stdout] error[E0277]: the trait bound `((String, String, u32), ImportIndex): Archive` is not satisfied
[INFO] [stdout]    --> /opt/rustwide/cargo-home/registry/src/index.crates.io-1949cf8c6b5b557f/wasmer-types-2.3.0/src/module.rs:139:25
[INFO] [stdout]     |
[INFO] [stdout] 139 | #[derive(RkyvSerialize, RkyvDeserialize, Archive)]
[INFO] [stdout]     |                         ^^^^^^^^^^^^^^^ the trait `Archive` is not implemented for `((String, String, u32), ImportIndex)`
[INFO] [stdout]     |
[INFO] [stdout] help: the trait `Archive` is implemented for `()`
[INFO] [stdout]    --> /opt/rustwide/cargo-home/registry/src/index.crates.io-1949cf8c6b5b557f/rkyv-0.7.46/src/impls/core/primitive.rs:27:9
[INFO] [stdout]     |
[INFO] [stdout]  27 |         impl Archive for $type {
[INFO] [stdout]     |         ^^^^^^^^^^^^^^^^^^^^^^
[INFO] [stdout] ...
[INFO] [stdout] 135 | impl_primitive!(());
[INFO] [stdout]     | ------------------- in this macro invocation
[INFO] [stdout]     = note: required for `Vec<((String, String, u32), ImportIndex)>` to implement `Archive`
[INFO] [stdout]     = note: 1 redundant requirement hidden
[INFO] [stdout]     = note: required for `ArchivableIndexMap<(String, String, u32), ImportIndex>` to implement `Archive`
[INFO] [stdout]     = note: this error originates in the derive macro `RkyvDeserialize` which comes from the expansion of the macro `impl_primitive` (in Nightly builds, run with -Z macro-backtrace for more info)
[INFO] [stdout] 
[INFO] [stdout] 
[INFO] [stdout] error[E0277]: the trait bound `(String, String, u32): Archive` is not satisfied
[INFO] [stdout]    --> /opt/rustwide/cargo-home/registry/src/index.crates.io-1949cf8c6b5b557f/wasmer-types-2.3.0/src/module.rs:139:42
[INFO] [stdout]     |
[INFO] [stdout] 139 | #[derive(RkyvSerialize, RkyvDeserialize, Archive)]
[INFO] [stdout]     |                                          ^^^^^^^ the trait `Archive` is not implemented for `(String, String, u32)`
[INFO] [stdout]     |
[INFO] [stdout] help: the trait `Archive` is implemented for `()`
[INFO] [stdout]    --> /opt/rustwide/cargo-home/registry/src/index.crates.io-1949cf8c6b5b557f/rkyv-0.7.46/src/impls/core/primitive.rs:27:9
[INFO] [stdout]     |
[INFO] [stdout]  27 |         impl Archive for $type {
[INFO] [stdout]     |         ^^^^^^^^^^^^^^^^^^^^^^
[INFO] [stdout] ...
[INFO] [stdout] 135 | impl_primitive!(());
[INFO] [stdout]     | ------------------- in this macro invocation
[INFO] [stdout] note: required for `ArchivableIndexMap<(String, String, u32), ImportIndex>` to implement `Archive`
[INFO] [stdout]    --> /opt/rustwide/cargo-home/registry/src/index.crates.io-1949cf8c6b5b557f/wasmer-types-2.3.0/src/archives.rs:10:12
[INFO] [stdout]     |
[INFO] [stdout]  10 | pub struct ArchivableIndexMap<K: Hash + Ord + Archive, V: Archive> {
[INFO] [stdout]     |            ^^^^^^^^^^^^^^^^^^^^^^^^^^^^^^^^^^^-------^^^^^^^^^^^^^
[INFO] [stdout]     |                                               |
[INFO] [stdout]     |                                               unsatisfied trait bound
[INFO] [stdout]     = note: this error originates in the derive macro `Archive` which comes from the expansion of the macro `impl_primitive` (in Nightly builds, run with -Z macro-backtrace for more info)
[INFO] [stdout] 
[INFO] [stdout] 
[INFO] [stdout] error[E0277]: the trait bound `(String, CustomSectionIndex): Archive` is not satisfied
[INFO] [stdout]    --> /opt/rustwide/cargo-home/registry/src/index.crates.io-1949cf8c6b5b557f/wasmer-types-2.3.0/src/module.rs:139:42
[INFO] [stdout]     |
[INFO] [stdout] 139 | #[derive(RkyvSerialize, RkyvDeserialize, Archive)]
[INFO] [stdout]     |                                          ^^^^^^^ the trait `Archive` is not implemented for `(String, CustomSectionIndex)`
[INFO] [stdout]     |
[INFO] [stdout] help: the trait `Archive` is implemented for `()`
[INFO] [stdout]    --> /opt/rustwide/cargo-home/registry/src/index.crates.io-1949cf8c6b5b557f/rkyv-0.7.46/src/impls/core/primitive.rs:27:9
[INFO] [stdout]     |
[INFO] [stdout]  27 |         impl Archive for $type {
[INFO] [stdout]     |         ^^^^^^^^^^^^^^^^^^^^^^
[INFO] [stdout] ...
[INFO] [stdout] 135 | impl_primitive!(());
[INFO] [stdout]     | ------------------- in this macro invocation
[INFO] [stdout]     = note: required for `Vec<(String, CustomSectionIndex)>` to implement `Archive`
[INFO] [stdout]     = note: 1 redundant requirement hidden
[INFO] [stdout]     = note: required for `ArchivableIndexMap<String, CustomSectionIndex>` to implement `Archive`
[INFO] [stdout]     = note: this error originates in the derive macro `Archive` which comes from the expansion of the macro `impl_primitive` (in Nightly builds, run with -Z macro-backtrace for more info)
[INFO] [stdout] 
[INFO] [stdout] 
[INFO] [stdout] error[E0277]: the trait bound `(String, ExportIndex): Archive` is not satisfied
[INFO] [stdout]    --> /opt/rustwide/cargo-home/registry/src/index.crates.io-1949cf8c6b5b557f/wasmer-types-2.3.0/src/module.rs:139:42
[INFO] [stdout]     |
[INFO] [stdout] 139 | #[derive(RkyvSerialize, RkyvDeserialize, Archive)]
[INFO] [stdout]     |                                          ^^^^^^^ the trait `Archive` is not implemented for `(String, ExportIndex)`
[INFO] [stdout]     |
[INFO] [stdout] help: the trait `Archive` is implemented for `()`
[INFO] [stdout]    --> /opt/rustwide/cargo-home/registry/src/index.crates.io-1949cf8c6b5b557f/rkyv-0.7.46/src/impls/core/primitive.rs:27:9
[INFO] [stdout]     |
[INFO] [stdout]  27 |         impl Archive for $type {
[INFO] [stdout]     |         ^^^^^^^^^^^^^^^^^^^^^^
[INFO] [stdout] ...
[INFO] [stdout] 135 | impl_primitive!(());
[INFO] [stdout]     | ------------------- in this macro invocation
[INFO] [stdout]     = note: required for `Vec<(String, ExportIndex)>` to implement `Archive`
[INFO] [stdout]     = note: 1 redundant requirement hidden
[INFO] [stdout]     = note: required for `ArchivableIndexMap<String, ExportIndex>` to implement `Archive`
[INFO] [stdout]     = note: this error originates in the derive macro `Archive` which comes from the expansion of the macro `impl_primitive` (in Nightly builds, run with -Z macro-backtrace for more info)
[INFO] [stdout] 
[INFO] [stdout] 
[INFO] [stdout] error[E0277]: the trait bound `((String, String, u32), ImportIndex): Archive` is not satisfied
[INFO] [stdout]    --> /opt/rustwide/cargo-home/registry/src/index.crates.io-1949cf8c6b5b557f/wasmer-types-2.3.0/src/module.rs:139:42
[INFO] [stdout]     |
[INFO] [stdout] 139 | #[derive(RkyvSerialize, RkyvDeserialize, Archive)]
[INFO] [stdout]     |                                          ^^^^^^^ the trait `Archive` is not implemented for `((String, String, u32), ImportIndex)`
[INFO] [stdout]     |
[INFO] [stdout] help: the trait `Archive` is implemented for `()`
[INFO] [stdout]    --> /opt/rustwide/cargo-home/registry/src/index.crates.io-1949cf8c6b5b557f/rkyv-0.7.46/src/impls/core/primitive.rs:27:9
[INFO] [stdout]     |
[INFO] [stdout]  27 |         impl Archive for $type {
[INFO] [stdout]     |         ^^^^^^^^^^^^^^^^^^^^^^
[INFO] [stdout] ...
[INFO] [stdout] 135 | impl_primitive!(());
[INFO] [stdout]     | ------------------- in this macro invocation
[INFO] [stdout]     = note: required for `Vec<((String, String, u32), ImportIndex)>` to implement `Archive`
[INFO] [stdout]     = note: 1 redundant requirement hidden
[INFO] [stdout]     = note: required for `ArchivableIndexMap<(String, String, u32), ImportIndex>` to implement `Archive`
[INFO] [stdout]     = note: this error originates in the derive macro `Archive` which comes from the expansion of the macro `impl_primitive` (in Nightly builds, run with -Z macro-backtrace for more info)
[INFO] [stdout] 
[INFO] [stdout] 
[INFO] [stdout] error[E0277]: the trait bound `(String, String, u32): Archive` is not satisfied
[INFO] [stdout]    --> /opt/rustwide/cargo-home/registry/src/index.crates.io-1949cf8c6b5b557f/wasmer-types-2.3.0/src/module.rs:139:42
[INFO] [stdout]     |
[INFO] [stdout] 139 | #[derive(RkyvSerialize, RkyvDeserialize, Archive)]
[INFO] [stdout]     |                                          ^^^^^^^ the trait `Archive` is not implemented for `(String, String, u32)`
[INFO] [stdout]     |
[INFO] [stdout] help: the trait `Archive` is implemented for `()`
[INFO] [stdout]    --> /opt/rustwide/cargo-home/registry/src/index.crates.io-1949cf8c6b5b557f/rkyv-0.7.46/src/impls/core/primitive.rs:27:9
[INFO] [stdout]     |
[INFO] [stdout]  27 |         impl Archive for $type {
[INFO] [stdout]     |         ^^^^^^^^^^^^^^^^^^^^^^
[INFO] [stdout] ...
[INFO] [stdout] 135 | impl_primitive!(());
[INFO] [stdout]     | ------------------- in this macro invocation
[INFO] [stdout] note: required by a bound in `ArchivableIndexMap`
[INFO] [stdout]    --> /opt/rustwide/cargo-home/registry/src/index.crates.io-1949cf8c6b5b557f/wasmer-types-2.3.0/src/archives.rs:10:47
[INFO] [stdout]     |
[INFO] [stdout]  10 | pub struct ArchivableIndexMap<K: Hash + Ord + Archive, V: Archive> {
[INFO] [stdout]     |                                               ^^^^^^^ required by this bound in `ArchivableIndexMap`
[INFO] [stdout]     = note: this error originates in the derive macro `Archive` which comes from the expansion of the macro `impl_primitive` (in Nightly builds, run with -Z macro-backtrace for more info)
[INFO] [stdout] 
[INFO] [stdout] 
[INFO] [stdout] error[E0277]: the trait bound `(String, String, u32): Archive` is not satisfied
[INFO] [stdout]    --> /opt/rustwide/cargo-home/registry/src/index.crates.io-1949cf8c6b5b557f/wasmer-types-2.3.0/src/module.rs:229:21
[INFO] [stdout]     |
[INFO] [stdout] 229 |     type Archived = <ArchivableModuleInfo as Archive>::Archived;
[INFO] [stdout]     |                     ^^^^^^^^^^^^^^^^^^^^^^^^^^^^^^^^^^^^^^^^^^^ the trait `Archive` is not implemented for `(String, String, u32)`
[INFO] [stdout]     |
[INFO] [stdout] help: the trait `Archive` is implemented for `()`
[INFO] [stdout]    --> /opt/rustwide/cargo-home/registry/src/index.crates.io-1949cf8c6b5b557f/rkyv-0.7.46/src/impls/core/primitive.rs:27:9
[INFO] [stdout]     |
[INFO] [stdout]  27 |         impl Archive for $type {
[INFO] [stdout]     |         ^^^^^^^^^^^^^^^^^^^^^^
[INFO] [stdout] ...
[INFO] [stdout] 135 | impl_primitive!(());
[INFO] [stdout]     | ------------------- in this macro invocation
[INFO] [stdout] note: required for `ArchivableIndexMap<(String, String, u32), ImportIndex>` to implement `Archive`
[INFO] [stdout]    --> /opt/rustwide/cargo-home/registry/src/index.crates.io-1949cf8c6b5b557f/wasmer-types-2.3.0/src/archives.rs:10:12
[INFO] [stdout]     |
[INFO] [stdout]  10 | pub struct ArchivableIndexMap<K: Hash + Ord + Archive, V: Archive> {
[INFO] [stdout]     |            ^^^^^^^^^^^^^^^^^^^^^^^^^^^^^^^^^^^-------^^^^^^^^^^^^^
[INFO] [stdout]     |                                               |
[INFO] [stdout]     |                                               unsatisfied trait bound
[INFO] [stdout]     = note: 1 redundant requirement hidden
[INFO] [stdout]     = note: required for `ArchivableModuleInfo` to implement `Archive`
[INFO] [stdout]     = note: this error originates in the macro `impl_primitive` (in Nightly builds, run with -Z macro-backtrace for more info)
[INFO] [stdout] 
[INFO] [stdout] 
[INFO] [stdout] error[E0277]: the trait bound `((String, String, u32), ImportIndex): Archive` is not satisfied
[INFO] [stdout]    --> /opt/rustwide/cargo-home/registry/src/index.crates.io-1949cf8c6b5b557f/wasmer-types-2.3.0/src/module.rs:229:21
[INFO] [stdout]     |
[INFO] [stdout] 229 |     type Archived = <ArchivableModuleInfo as Archive>::Archived;
[INFO] [stdout]     |                     ^^^^^^^^^^^^^^^^^^^^^^^^^^^^^^^^^^^^^^^^^^^ the trait `Archive` is not implemented for `((String, String, u32), ImportIndex)`
[INFO] [stdout]     |
[INFO] [stdout] help: the trait `Archive` is implemented for `()`
[INFO] [stdout]    --> /opt/rustwide/cargo-home/registry/src/index.crates.io-1949cf8c6b5b557f/rkyv-0.7.46/src/impls/core/primitive.rs:27:9
[INFO] [stdout]     |
[INFO] [stdout]  27 |         impl Archive for $type {
[INFO] [stdout]     |         ^^^^^^^^^^^^^^^^^^^^^^
[INFO] [stdout] ...
[INFO] [stdout] 135 | impl_primitive!(());
[INFO] [stdout]     | ------------------- in this macro invocation
[INFO] [stdout]     = note: required for `Vec<((String, String, u32), ImportIndex)>` to implement `Archive`
[INFO] [stdout]     = note: 2 redundant requirements hidden
[INFO] [stdout]     = note: required for `ArchivableModuleInfo` to implement `Archive`
[INFO] [stdout]     = note: this error originates in the macro `impl_primitive` (in Nightly builds, run with -Z macro-backtrace for more info)
[INFO] [stdout] 
[INFO] [stdout] 
[INFO] [stdout] error[E0277]: the trait bound `(String, ExportIndex): Archive` is not satisfied
[INFO] [stdout]    --> /opt/rustwide/cargo-home/registry/src/index.crates.io-1949cf8c6b5b557f/wasmer-types-2.3.0/src/module.rs:229:21
[INFO] [stdout]     |
[INFO] [stdout] 229 |     type Archived = <ArchivableModuleInfo as Archive>::Archived;
[INFO] [stdout]     |                     ^^^^^^^^^^^^^^^^^^^^^^^^^^^^^^^^^^^^^^^^^^^ the trait `Archive` is not implemented for `(String, ExportIndex)`
[INFO] [stdout]     |
[INFO] [stdout] help: the trait `Archive` is implemented for `()`
[INFO] [stdout]    --> /opt/rustwide/cargo-home/registry/src/index.crates.io-1949cf8c6b5b557f/rkyv-0.7.46/src/impls/core/primitive.rs:27:9
[INFO] [stdout]     |
[INFO] [stdout]  27 |         impl Archive for $type {
[INFO] [stdout]     |         ^^^^^^^^^^^^^^^^^^^^^^
[INFO] [stdout] ...
[INFO] [stdout] 135 | impl_primitive!(());
[INFO] [stdout]     | ------------------- in this macro invocation
[INFO] [stdout]     = note: required for `Vec<(String, ExportIndex)>` to implement `Archive`
[INFO] [stdout]     = note: 2 redundant requirements hidden
[INFO] [stdout]     = note: required for `ArchivableModuleInfo` to implement `Archive`
[INFO] [stdout]     = note: this error originates in the macro `impl_primitive` (in Nightly builds, run with -Z macro-backtrace for more info)
[INFO] [stdout] 
[INFO] [stdout] 
[INFO] [stdout] error[E0277]: the trait bound `(String, CustomSectionIndex): Archive` is not satisfied
[INFO] [stdout]    --> /opt/rustwide/cargo-home/registry/src/index.crates.io-1949cf8c6b5b557f/wasmer-types-2.3.0/src/module.rs:229:21
[INFO] [stdout]     |
[INFO] [stdout] 229 |     type Archived = <ArchivableModuleInfo as Archive>::Archived;
[INFO] [stdout]     |                     ^^^^^^^^^^^^^^^^^^^^^^^^^^^^^^^^^^^^^^^^^^^ the trait `Archive` is not implemented for `(String, CustomSectionIndex)`
[INFO] [stdout]     |
[INFO] [stdout] help: the trait `Archive` is implemented for `()`
[INFO] [stdout]    --> /opt/rustwide/cargo-home/registry/src/index.crates.io-1949cf8c6b5b557f/rkyv-0.7.46/src/impls/core/primitive.rs:27:9
[INFO] [stdout]     |
[INFO] [stdout]  27 |         impl Archive for $type {
[INFO] [stdout]     |         ^^^^^^^^^^^^^^^^^^^^^^
[INFO] [stdout] ...
[INFO] [stdout] 135 | impl_primitive!(());
[INFO] [stdout]     | ------------------- in this macro invocation
[INFO] [stdout]     = note: required for `Vec<(String, CustomSectionIndex)>` to implement `Archive`
[INFO] [stdout]     = note: 2 redundant requirements hidden
[INFO] [stdout]     = note: required for `ArchivableModuleInfo` to implement `Archive`
[INFO] [stdout]     = note: this error originates in the macro `impl_primitive` (in Nightly builds, run with -Z macro-backtrace for more info)
[INFO] [stdout] 
[INFO] [stdout] 
[INFO] [stdout] error[E0277]: the trait bound `(String, String, u32): Archive` is not satisfied
[INFO] [stdout]    --> /opt/rustwide/cargo-home/registry/src/index.crates.io-1949cf8c6b5b557f/wasmer-types-2.3.0/src/module.rs:230:21
[INFO] [stdout]     |
[INFO] [stdout] 230 |     type Resolver = <ArchivableModuleInfo as Archive>::Resolver;
[INFO] [stdout]     |                     ^^^^^^^^^^^^^^^^^^^^^^^^^^^^^^^^^^^^^^^^^^^ the trait `Archive` is not implemented for `(String, String, u32)`
[INFO] [stdout]     |
[INFO] [stdout] help: the trait `Archive` is implemented for `()`
[INFO] [stdout]    --> /opt/rustwide/cargo-home/registry/src/index.crates.io-1949cf8c6b5b557f/rkyv-0.7.46/src/impls/core/primitive.rs:27:9
[INFO] [stdout]     |
[INFO] [stdout]  27 |         impl Archive for $type {
[INFO] [stdout]     |         ^^^^^^^^^^^^^^^^^^^^^^
[INFO] [stdout] ...
[INFO] [stdout] 135 | impl_primitive!(());
[INFO] [stdout]     | ------------------- in this macro invocation
[INFO] [stdout] note: required for `ArchivableIndexMap<(String, String, u32), ImportIndex>` to implement `Archive`
[INFO] [stdout]    --> /opt/rustwide/cargo-home/registry/src/index.crates.io-1949cf8c6b5b557f/wasmer-types-2.3.0/src/archives.rs:10:12
[INFO] [stdout]     |
[INFO] [stdout]  10 | pub struct ArchivableIndexMap<K: Hash + Ord + Archive, V: Archive> {
[INFO] [stdout]     |            ^^^^^^^^^^^^^^^^^^^^^^^^^^^^^^^^^^^-------^^^^^^^^^^^^^
[INFO] [stdout]     |                                               |
[INFO] [stdout]     |                                               unsatisfied trait bound
[INFO] [stdout]     = note: 1 redundant requirement hidden
[INFO] [stdout]     = note: required for `ArchivableModuleInfo` to implement `Archive`
[INFO] [stdout]     = note: this error originates in the macro `impl_primitive` (in Nightly builds, run with -Z macro-backtrace for more info)
[INFO] [stdout] 
[INFO] [stdout] 
[INFO] [stdout] error[E0277]: the trait bound `((String, String, u32), ImportIndex): Archive` is not satisfied
[INFO] [stdout]    --> /opt/rustwide/cargo-home/registry/src/index.crates.io-1949cf8c6b5b557f/wasmer-types-2.3.0/src/module.rs:230:21
[INFO] [stdout]     |
[INFO] [stdout] 230 |     type Resolver = <ArchivableModuleInfo as Archive>::Resolver;
[INFO] [stdout]     |                     ^^^^^^^^^^^^^^^^^^^^^^^^^^^^^^^^^^^^^^^^^^^ the trait `Archive` is not implemented for `((String, String, u32), ImportIndex)`
[INFO] [stdout]     |
[INFO] [stdout] help: the trait `Archive` is implemented for `()`
[INFO] [stdout]    --> /opt/rustwide/cargo-home/registry/src/index.crates.io-1949cf8c6b5b557f/rkyv-0.7.46/src/impls/core/primitive.rs:27:9
[INFO] [stdout]     |
[INFO] [stdout]  27 |         impl Archive for $type {
[INFO] [stdout]     |         ^^^^^^^^^^^^^^^^^^^^^^
[INFO] [stdout] ...
[INFO] [stdout] 135 | impl_primitive!(());
[INFO] [stdout]     | ------------------- in this macro invocation
[INFO] [stdout]     = note: required for `Vec<((String, String, u32), ImportIndex)>` to implement `Archive`
[INFO] [stdout]     = note: 2 redundant requirements hidden
[INFO] [stdout]     = note: required for `ArchivableModuleInfo` to implement `Archive`
[INFO] [stdout]     = note: this error originates in the macro `impl_primitive` (in Nightly builds, run with -Z macro-backtrace for more info)
[INFO] [stdout] 
[INFO] [stdout] 
[INFO] [stdout] error[E0277]: the trait bound `(String, ExportIndex): Archive` is not satisfied
[INFO] [stdout]    --> /opt/rustwide/cargo-home/registry/src/index.crates.io-1949cf8c6b5b557f/wasmer-types-2.3.0/src/module.rs:230:21
[INFO] [stdout]     |
[INFO] [stdout] 230 |     type Resolver = <ArchivableModuleInfo as Archive>::Resolver;
[INFO] [stdout]     |                     ^^^^^^^^^^^^^^^^^^^^^^^^^^^^^^^^^^^^^^^^^^^ the trait `Archive` is not implemented for `(String, ExportIndex)`
[INFO] [stdout]     |
[INFO] [stdout] help: the trait `Archive` is implemented for `()`
[INFO] [stdout]    --> /opt/rustwide/cargo-home/registry/src/index.crates.io-1949cf8c6b5b557f/rkyv-0.7.46/src/impls/core/primitive.rs:27:9
[INFO] [stdout]     |
[INFO] [stdout]  27 |         impl Archive for $type {
[INFO] [stdout]     |         ^^^^^^^^^^^^^^^^^^^^^^
[INFO] [stdout] ...
[INFO] [stdout] 135 | impl_primitive!(());
[INFO] [stdout]     | ------------------- in this macro invocation
[INFO] [stdout]     = note: required for `Vec<(String, ExportIndex)>` to implement `Archive`
[INFO] [stdout]     = note: 2 redundant requirements hidden
[INFO] [stdout]     = note: required for `ArchivableModuleInfo` to implement `Archive`
[INFO] [stdout]     = note: this error originates in the macro `impl_primitive` (in Nightly builds, run with -Z macro-backtrace for more info)
[INFO] [stdout] 
[INFO] [stdout] 
[INFO] [stdout] error[E0277]: the trait bound `(String, CustomSectionIndex): Archive` is not satisfied
[INFO] [stdout]    --> /opt/rustwide/cargo-home/registry/src/index.crates.io-1949cf8c6b5b557f/wasmer-types-2.3.0/src/module.rs:230:21
[INFO] [stdout]     |
[INFO] [stdout] 230 |     type Resolver = <ArchivableModuleInfo as Archive>::Resolver;
[INFO] [stdout]     |                     ^^^^^^^^^^^^^^^^^^^^^^^^^^^^^^^^^^^^^^^^^^^ the trait `Archive` is not implemented for `(String, CustomSectionIndex)`
[INFO] [stdout]     |
[INFO] [stdout] help: the trait `Archive` is implemented for `()`
[INFO] [stdout]    --> /opt/rustwide/cargo-home/registry/src/index.crates.io-1949cf8c6b5b557f/rkyv-0.7.46/src/impls/core/primitive.rs:27:9
[INFO] [stdout]     |
[INFO] [stdout]  27 |         impl Archive for $type {
[INFO] [stdout]     |         ^^^^^^^^^^^^^^^^^^^^^^
[INFO] [stdout] ...
[INFO] [stdout] 135 | impl_primitive!(());
[INFO] [stdout]     | ------------------- in this macro invocation
[INFO] [stdout]     = note: required for `Vec<(String, CustomSectionIndex)>` to implement `Archive`
[INFO] [stdout]     = note: 2 redundant requirements hidden
[INFO] [stdout]     = note: required for `ArchivableModuleInfo` to implement `Archive`
[INFO] [stdout]     = note: this error originates in the macro `impl_primitive` (in Nightly builds, run with -Z macro-backtrace for more info)
[INFO] [stdout] 
[INFO] [stdout] 
[INFO] [stdout] error[E0277]: the trait bound `(String, String, u32): Archive` is not satisfied
[INFO] [stdout]    --> /opt/rustwide/cargo-home/registry/src/index.crates.io-1949cf8c6b5b557f/wasmer-types-2.3.0/src/module.rs:232:5
[INFO] [stdout]     |
[INFO] [stdout] 232 |     unsafe fn resolve(&self, pos: usize, resolver: Self::Resolver, out: *mut Self::Archived) {
[INFO] [stdout]     |     ^^^^^^^^^^^^^^^^^^^^^^^^^^^^^^^^^^^^^^^^^^^^^^^^^^^^^^^^^^^^^^^^^^^^^^^^^^^^^^^^^^^^^^^^ the trait `Archive` is not implemented for `(String, String, u32)`
[INFO] [stdout]     |
[INFO] [stdout] help: the trait `Archive` is implemented for `()`
[INFO] [stdout]    --> /opt/rustwide/cargo-home/registry/src/index.crates.io-1949cf8c6b5b557f/rkyv-0.7.46/src/impls/core/primitive.rs:27:9
[INFO] [stdout]     |
[INFO] [stdout]  27 |         impl Archive for $type {
[INFO] [stdout]     |         ^^^^^^^^^^^^^^^^^^^^^^
[INFO] [stdout] ...
[INFO] [stdout] 135 | impl_primitive!(());
[INFO] [stdout]     | ------------------- in this macro invocation
[INFO] [stdout] note: required for `ArchivableIndexMap<(String, String, u32), ImportIndex>` to implement `Archive`
[INFO] [stdout]    --> /opt/rustwide/cargo-home/registry/src/index.crates.io-1949cf8c6b5b557f/wasmer-types-2.3.0/src/archives.rs:10:12
[INFO] [stdout]     |
[INFO] [stdout]  10 | pub struct ArchivableIndexMap<K: Hash + Ord + Archive, V: Archive> {
[INFO] [stdout]     |            ^^^^^^^^^^^^^^^^^^^^^^^^^^^^^^^^^^^-------^^^^^^^^^^^^^
[INFO] [stdout]     |                                               |
[INFO] [stdout]     |                                               unsatisfied trait bound
[INFO] [stdout]     = note: 1 redundant requirement hidden
[INFO] [stdout]     = note: required for `ArchivableModuleInfo` to implement `Archive`
[INFO] [stdout]     = note: this error originates in the macro `impl_primitive` (in Nightly builds, run with -Z macro-backtrace for more info)
[INFO] [stdout] 
[INFO] [stdout] 
[INFO] [stdout] error[E0277]: the trait bound `((String, String, u32), ImportIndex): Archive` is not satisfied
[INFO] [stdout]    --> /opt/rustwide/cargo-home/registry/src/index.crates.io-1949cf8c6b5b557f/wasmer-types-2.3.0/src/module.rs:232:5
[INFO] [stdout]     |
[INFO] [stdout] 232 |     unsafe fn resolve(&self, pos: usize, resolver: Self::Resolver, out: *mut Self::Archived) {
[INFO] [stdout]     |     ^^^^^^^^^^^^^^^^^^^^^^^^^^^^^^^^^^^^^^^^^^^^^^^^^^^^^^^^^^^^^^^^^^^^^^^^^^^^^^^^^^^^^^^^ the trait `Archive` is not implemented for `((String, String, u32), ImportIndex)`
[INFO] [stdout]     |
[INFO] [stdout] help: the trait `Archive` is implemented for `()`
[INFO] [stdout]    --> /opt/rustwide/cargo-home/registry/src/index.crates.io-1949cf8c6b5b557f/rkyv-0.7.46/src/impls/core/primitive.rs:27:9
[INFO] [stdout]     |
[INFO] [stdout]  27 |         impl Archive for $type {
[INFO] [stdout]     |         ^^^^^^^^^^^^^^^^^^^^^^
[INFO] [stdout] ...
[INFO] [stdout] 135 | impl_primitive!(());
[INFO] [stdout]     | ------------------- in this macro invocation
[INFO] [stdout]     = note: required for `Vec<((String, String, u32), ImportIndex)>` to implement `Archive`
[INFO] [stdout]     = note: 2 redundant requirements hidden
[INFO] [stdout]     = note: required for `ArchivableModuleInfo` to implement `Archive`
[INFO] [stdout]     = note: this error originates in the macro `impl_primitive` (in Nightly builds, run with -Z macro-backtrace for more info)
[INFO] [stdout] 
[INFO] [stdout] 
[INFO] [stdout] error[E0277]: the trait bound `(String, ExportIndex): Archive` is not satisfied
[INFO] [stdout]    --> /opt/rustwide/cargo-home/registry/src/index.crates.io-1949cf8c6b5b557f/wasmer-types-2.3.0/src/module.rs:232:5
[INFO] [stdout]     |
[INFO] [stdout] 232 |     unsafe fn resolve(&self, pos: usize, resolver: Self::Resolver, out: *mut Self::Archived) {
[INFO] [stdout]     |     ^^^^^^^^^^^^^^^^^^^^^^^^^^^^^^^^^^^^^^^^^^^^^^^^^^^^^^^^^^^^^^^^^^^^^^^^^^^^^^^^^^^^^^^^ the trait `Archive` is not implemented for `(String, ExportIndex)`
[INFO] [stdout]     |
[INFO] [stdout] help: the trait `Archive` is implemented for `()`
[INFO] [stdout]    --> /opt/rustwide/cargo-home/registry/src/index.crates.io-1949cf8c6b5b557f/rkyv-0.7.46/src/impls/core/primitive.rs:27:9
[INFO] [stdout]     |
[INFO] [stdout]  27 |         impl Archive for $type {
[INFO] [stdout]     |         ^^^^^^^^^^^^^^^^^^^^^^
[INFO] [stdout] ...
[INFO] [stdout] 135 | impl_primitive!(());
[INFO] [stdout]     | ------------------- in this macro invocation
[INFO] [stdout]     = note: required for `Vec<(String, ExportIndex)>` to implement `Archive`
[INFO] [stdout]     = note: 2 redundant requirements hidden
[INFO] [stdout]     = note: required for `ArchivableModuleInfo` to implement `Archive`
[INFO] [stdout]     = note: this error originates in the macro `impl_primitive` (in Nightly builds, run with -Z macro-backtrace for more info)
[INFO] [stdout] 
[INFO] [stdout] 
[INFO] [stdout] error[E0277]: the trait bound `(String, CustomSectionIndex): Archive` is not satisfied
[INFO] [stdout]    --> /opt/rustwide/cargo-home/registry/src/index.crates.io-1949cf8c6b5b557f/wasmer-types-2.3.0/src/module.rs:232:5
[INFO] [stdout]     |
[INFO] [stdout] 232 |     unsafe fn resolve(&self, pos: usize, resolver: Self::Resolver, out: *mut Self::Archived) {
[INFO] [stdout]     |     ^^^^^^^^^^^^^^^^^^^^^^^^^^^^^^^^^^^^^^^^^^^^^^^^^^^^^^^^^^^^^^^^^^^^^^^^^^^^^^^^^^^^^^^^ the trait `Archive` is not implemented for `(String, CustomSectionIndex)`
[INFO] [stdout]     |
[INFO] [stdout] help: the trait `Archive` is implemented for `()`
[INFO] [stdout]    --> /opt/rustwide/cargo-home/registry/src/index.crates.io-1949cf8c6b5b557f/rkyv-0.7.46/src/impls/core/primitive.rs:27:9
[INFO] [stdout]     |
[INFO] [stdout]  27 |         impl Archive for $type {
[INFO] [stdout]     |         ^^^^^^^^^^^^^^^^^^^^^^
[INFO] [stdout] ...
[INFO] [stdout] 135 | impl_primitive!(());
[INFO] [stdout]     | ------------------- in this macro invocation
[INFO] [stdout]     = note: required for `Vec<(String, CustomSectionIndex)>` to implement `Archive`
[INFO] [stdout]     = note: 2 redundant requirements hidden
[INFO] [stdout]     = note: required for `ArchivableModuleInfo` to implement `Archive`
[INFO] [stdout]     = note: this error originates in the macro `impl_primitive` (in Nightly builds, run with -Z macro-backtrace for more info)
[INFO] [stdout] 
[INFO] [stdout] 
[INFO] [stdout] error[E0277]: the trait bound `(String, String, u32): Archive` is not satisfied
[INFO] [stdout]    --> /opt/rustwide/cargo-home/registry/src/index.crates.io-1949cf8c6b5b557f/wasmer-types-2.3.0/src/module.rs:241:5
[INFO] [stdout]     |
[INFO] [stdout] 241 |     fn serialize(&self, serializer: &mut S) -> Result<Self::Resolver, S::Error> {
[INFO] [stdout]     |     ^^^^^^^^^^^^^^^^^^^^^^^^^^^^^^^^^^^^^^^^^^^^^^^^^^^^^^^^^^^^^^^^^^^^^^^^^^^ the trait `Archive` is not implemented for `(String, String, u32)`
[INFO] [stdout]     |
[INFO] [stdout] help: the trait `Archive` is implemented for `()`
[INFO] [stdout]    --> /opt/rustwide/cargo-home/registry/src/index.crates.io-1949cf8c6b5b557f/rkyv-0.7.46/src/impls/core/primitive.rs:27:9
[INFO] [stdout]     |
[INFO] [stdout]  27 |         impl Archive for $type {
[INFO] [stdout]     |         ^^^^^^^^^^^^^^^^^^^^^^
[INFO] [stdout] ...
[INFO] [stdout] 135 | impl_primitive!(());
[INFO] [stdout]     | ------------------- in this macro invocation
[INFO] [stdout] note: required for `ArchivableIndexMap<(String, String, u32), ImportIndex>` to implement `Archive`
[INFO] [stdout]    --> /opt/rustwide/cargo-home/registry/src/index.crates.io-1949cf8c6b5b557f/wasmer-types-2.3.0/src/archives.rs:10:12
[INFO] [stdout]     |
[INFO] [stdout]  10 | pub struct ArchivableIndexMap<K: Hash + Ord + Archive, V: Archive> {
[INFO] [stdout]     |            ^^^^^^^^^^^^^^^^^^^^^^^^^^^^^^^^^^^-------^^^^^^^^^^^^^
[INFO] [stdout]     |                                               |
[INFO] [stdout]     |                                               unsatisfied trait bound
[INFO] [stdout]     = note: 1 redundant requirement hidden
[INFO] [stdout]     = note: required for `ArchivableModuleInfo` to implement `Archive`
[INFO] [stdout]     = note: this error originates in the macro `impl_primitive` (in Nightly builds, run with -Z macro-backtrace for more info)
[INFO] [stdout] 
[INFO] [stdout] 
[INFO] [stdout] error[E0277]: the trait bound `((String, String, u32), ImportIndex): Archive` is not satisfied
[INFO] [stdout]    --> /opt/rustwide/cargo-home/registry/src/index.crates.io-1949cf8c6b5b557f/wasmer-types-2.3.0/src/module.rs:241:5
[INFO] [stdout]     |
[INFO] [stdout] 241 |     fn serialize(&self, serializer: &mut S) -> Result<Self::Resolver, S::Error> {
[INFO] [stdout]     |     ^^^^^^^^^^^^^^^^^^^^^^^^^^^^^^^^^^^^^^^^^^^^^^^^^^^^^^^^^^^^^^^^^^^^^^^^^^^ the trait `Archive` is not implemented for `((String, String, u32), ImportIndex)`
[INFO] [stdout]     |
[INFO] [stdout] help: the trait `Archive` is implemented for `()`
[INFO] [stdout]    --> /opt/rustwide/cargo-home/registry/src/index.crates.io-1949cf8c6b5b557f/rkyv-0.7.46/src/impls/core/primitive.rs:27:9
[INFO] [stdout]     |
[INFO] [stdout]  27 |         impl Archive for $type {
[INFO] [stdout]     |         ^^^^^^^^^^^^^^^^^^^^^^
[INFO] [stdout] ...
[INFO] [stdout] 135 | impl_primitive!(());
[INFO] [stdout]     | ------------------- in this macro invocation
[INFO] [stdout]     = note: required for `Vec<((String, String, u32), ImportIndex)>` to implement `Archive`
[INFO] [stdout]     = note: 2 redundant requirements hidden
[INFO] [stdout]     = note: required for `ArchivableModuleInfo` to implement `Archive`
[INFO] [stdout]     = note: this error originates in the macro `impl_primitive` (in Nightly builds, run with -Z macro-backtrace for more info)
[INFO] [stdout] 
[INFO] [stdout] 
[INFO] [stdout] error[E0277]: the trait bound `(String, ExportIndex): Archive` is not satisfied
[INFO] [stdout]    --> /opt/rustwide/cargo-home/registry/src/index.crates.io-1949cf8c6b5b557f/wasmer-types-2.3.0/src/module.rs:241:5
[INFO] [stdout]     |
[INFO] [stdout] 241 |     fn serialize(&self, serializer: &mut S) -> Result<Self::Resolver, S::Error> {
[INFO] [stdout]     |     ^^^^^^^^^^^^^^^^^^^^^^^^^^^^^^^^^^^^^^^^^^^^^^^^^^^^^^^^^^^^^^^^^^^^^^^^^^^ the trait `Archive` is not implemented for `(String, ExportIndex)`
[INFO] [stdout]     |
[INFO] [stdout] help: the trait `Archive` is implemented for `()`
[INFO] [stdout]    --> /opt/rustwide/cargo-home/registry/src/index.crates.io-1949cf8c6b5b557f/rkyv-0.7.46/src/impls/core/primitive.rs:27:9
[INFO] [stdout]     |
[INFO] [stdout]  27 |         impl Archive for $type {
[INFO] [stdout]     |         ^^^^^^^^^^^^^^^^^^^^^^
[INFO] [stdout] ...
[INFO] [stdout] 135 | impl_primitive!(());
[INFO] [stdout]     | ------------------- in this macro invocation
[INFO] [stdout]     = note: required for `Vec<(String, ExportIndex)>` to implement `Archive`
[INFO] [stdout]     = note: 2 redundant requirements hidden
[INFO] [stdout]     = note: required for `ArchivableModuleInfo` to implement `Archive`
[INFO] [stdout]     = note: this error originates in the macro `impl_primitive` (in Nightly builds, run with -Z macro-backtrace for more info)
[INFO] [stdout] 
[INFO] [stdout] 
[INFO] [stdout] error[E0277]: the trait bound `(String, CustomSectionIndex): Archive` is not satisfied
[INFO] [stdout]    --> /opt/rustwide/cargo-home/registry/src/index.crates.io-1949cf8c6b5b557f/wasmer-types-2.3.0/src/module.rs:241:5
[INFO] [stdout]     |
[INFO] [stdout] 241 |     fn serialize(&self, serializer: &mut S) -> Result<Self::Resolver, S::Error> {
[INFO] [stdout]     |     ^^^^^^^^^^^^^^^^^^^^^^^^^^^^^^^^^^^^^^^^^^^^^^^^^^^^^^^^^^^^^^^^^^^^^^^^^^^ the trait `Archive` is not implemented for `(String, CustomSectionIndex)`
[INFO] [stdout]     |
[INFO] [stdout] help: the trait `Archive` is implemented for `()`
[INFO] [stdout]    --> /opt/rustwide/cargo-home/registry/src/index.crates.io-1949cf8c6b5b557f/rkyv-0.7.46/src/impls/core/primitive.rs:27:9
[INFO] [stdout]     |
[INFO] [stdout]  27 |         impl Archive for $type {
[INFO] [stdout]     |         ^^^^^^^^^^^^^^^^^^^^^^
[INFO] [stdout] ...
[INFO] [stdout] 135 | impl_primitive!(());
[INFO] [stdout]     | ------------------- in this macro invocation
[INFO] [stdout]     = note: required for `Vec<(String, CustomSectionIndex)>` to implement `Archive`
[INFO] [stdout]     = note: 2 redundant requirements hidden
[INFO] [stdout]     = note: required for `ArchivableModuleInfo` to implement `Archive`
[INFO] [stdout]     = note: this error originates in the macro `impl_primitive` (in Nightly builds, run with -Z macro-backtrace for more info)
[INFO] [stdout] 
[INFO] [stdout] 
[INFO] [stdout] error[E0277]: the trait bound `(String, String, u32): Archive` is not satisfied
[INFO] [stdout]    --> /opt/rustwide/cargo-home/registry/src/index.crates.io-1949cf8c6b5b557f/wasmer-types-2.3.0/src/module.rs:250:5
[INFO] [stdout]     |
[INFO] [stdout] 250 |     fn deserialize(&self, deserializer: &mut D) -> Result<ModuleInfo, D::Error> {
[INFO] [stdout]     |     ^^^^^^^^^^^^^^^^^^^^^^^^^^^^^^^^^^^^^^^^^^^^^^^^^^^^^^^^^^^^^^^^^^^^^^^^^^^ the trait `Archive` is not implemented for `(String, String, u32)`
[INFO] [stdout]     |
[INFO] [stdout] help: the trait `Archive` is implemented for `()`
[INFO] [stdout]    --> /opt/rustwide/cargo-home/registry/src/index.crates.io-1949cf8c6b5b557f/rkyv-0.7.46/src/impls/core/primitive.rs:27:9
[INFO] [stdout]     |
[INFO] [stdout]  27 |         impl Archive for $type {
[INFO] [stdout]     |         ^^^^^^^^^^^^^^^^^^^^^^
[INFO] [stdout] ...
[INFO] [stdout] 135 | impl_primitive!(());
[INFO] [stdout]     | ------------------- in this macro invocation
[INFO] [stdout] note: required for `ArchivableIndexMap<(String, String, u32), ImportIndex>` to implement `Archive`
[INFO] [stdout]    --> /opt/rustwide/cargo-home/registry/src/index.crates.io-1949cf8c6b5b557f/wasmer-types-2.3.0/src/archives.rs:10:12
[INFO] [stdout]     |
[INFO] [stdout]  10 | pub struct ArchivableIndexMap<K: Hash + Ord + Archive, V: Archive> {
[INFO] [stdout]     |            ^^^^^^^^^^^^^^^^^^^^^^^^^^^^^^^^^^^-------^^^^^^^^^^^^^
[INFO] [stdout]     |                                               |
[INFO] [stdout]     |                                               unsatisfied trait bound
[INFO] [stdout]     = note: 1 redundant requirement hidden
[INFO] [stdout]     = note: required for `ArchivableModuleInfo` to implement `Archive`
[INFO] [stdout]     = note: this error originates in the macro `impl_primitive` (in Nightly builds, run with -Z macro-backtrace for more info)
[INFO] [stdout] 
[INFO] [stdout] 
[INFO] [stdout] error[E0277]: the trait bound `((String, String, u32), ImportIndex): Archive` is not satisfied
[INFO] [stdout]    --> /opt/rustwide/cargo-home/registry/src/index.crates.io-1949cf8c6b5b557f/wasmer-types-2.3.0/src/module.rs:250:5
[INFO] [stdout]     |
[INFO] [stdout] 250 |     fn deserialize(&self, deserializer: &mut D) -> Result<ModuleInfo, D::Error> {
[INFO] [stdout]     |     ^^^^^^^^^^^^^^^^^^^^^^^^^^^^^^^^^^^^^^^^^^^^^^^^^^^^^^^^^^^^^^^^^^^^^^^^^^^ the trait `Archive` is not implemented for `((String, String, u32), ImportIndex)`
[INFO] [stdout]     |
[INFO] [stdout] help: the trait `Archive` is implemented for `()`
[INFO] [stdout]    --> /opt/rustwide/cargo-home/registry/src/index.crates.io-1949cf8c6b5b557f/rkyv-0.7.46/src/impls/core/primitive.rs:27:9
[INFO] [stdout]     |
[INFO] [stdout]  27 |         impl Archive for $type {
[INFO] [stdout]     |         ^^^^^^^^^^^^^^^^^^^^^^
[INFO] [stdout] ...
[INFO] [stdout] 135 | impl_primitive!(());
[INFO] [stdout]     | ------------------- in this macro invocation
[INFO] [stdout]     = note: required for `Vec<((String, String, u32), ImportIndex)>` to implement `Archive`
[INFO] [stdout]     = note: 2 redundant requirements hidden
[INFO] [stdout]     = note: required for `ArchivableModuleInfo` to implement `Archive`
[INFO] [stdout]     = note: this error originates in the macro `impl_primitive` (in Nightly builds, run with -Z macro-backtrace for more info)
[INFO] [stdout] 
[INFO] [stdout] 
[INFO] [stdout] error[E0277]: the trait bound `(String, ExportIndex): Archive` is not satisfied
[INFO] [stdout]    --> /opt/rustwide/cargo-home/registry/src/index.crates.io-1949cf8c6b5b557f/wasmer-types-2.3.0/src/module.rs:250:5
[INFO] [stdout]     |
[INFO] [stdout] 250 |     fn deserialize(&self, deserializer: &mut D) -> Result<ModuleInfo, D::Error> {
[INFO] [stdout]     |     ^^^^^^^^^^^^^^^^^^^^^^^^^^^^^^^^^^^^^^^^^^^^^^^^^^^^^^^^^^^^^^^^^^^^^^^^^^^ the trait `Archive` is not implemented for `(String, ExportIndex)`
[INFO] [stdout]     |
[INFO] [stdout] help: the trait `Archive` is implemented for `()`
[INFO] [stdout]    --> /opt/rustwide/cargo-home/registry/src/index.crates.io-1949cf8c6b5b557f/rkyv-0.7.46/src/impls/core/primitive.rs:27:9
[INFO] [stdout]     |
[INFO] [stdout]  27 |         impl Archive for $type {
[INFO] [stdout]     |         ^^^^^^^^^^^^^^^^^^^^^^
[INFO] [stdout] ...
[INFO] [stdout] 135 | impl_primitive!(());
[INFO] [stdout]     | ------------------- in this macro invocation
[INFO] [stdout]     = note: required for `Vec<(String, ExportIndex)>` to implement `Archive`
[INFO] [stdout]     = note: 2 redundant requirements hidden
[INFO] [stdout]     = note: required for `ArchivableModuleInfo` to implement `Archive`
[INFO] [stdout]     = note: this error originates in the macro `impl_primitive` (in Nightly builds, run with -Z macro-backtrace for more info)
[INFO] [stdout] 
[INFO] [stdout] 
[INFO] [stdout] error[E0277]: the trait bound `(String, CustomSectionIndex): Archive` is not satisfied
[INFO] [stdout]    --> /opt/rustwide/cargo-home/registry/src/index.crates.io-1949cf8c6b5b557f/wasmer-types-2.3.0/src/module.rs:250:5
[INFO] [stdout]     |
[INFO] [stdout] 250 |     fn deserialize(&self, deserializer: &mut D) -> Result<ModuleInfo, D::Error> {
[INFO] [stdout]     |     ^^^^^^^^^^^^^^^^^^^^^^^^^^^^^^^^^^^^^^^^^^^^^^^^^^^^^^^^^^^^^^^^^^^^^^^^^^^ the trait `Archive` is not implemented for `(String, CustomSectionIndex)`
[INFO] [stdout]     |
[INFO] [stdout] help: the trait `Archive` is implemented for `()`
[INFO] [stdout]    --> /opt/rustwide/cargo-home/registry/src/index.crates.io-1949cf8c6b5b557f/rkyv-0.7.46/src/impls/core/primitive.rs:27:9
[INFO] [stdout]     |
[INFO] [stdout]  27 |         impl Archive for $type {
[INFO] [stdout]     |         ^^^^^^^^^^^^^^^^^^^^^^
[INFO] [stdout] ...
[INFO] [stdout] 135 | impl_primitive!(());
[INFO] [stdout]     | ------------------- in this macro invocation
[INFO] [stdout]     = note: required for `Vec<(String, CustomSectionIndex)>` to implement `Archive`
[INFO] [stdout]     = note: 2 redundant requirements hidden
[INFO] [stdout]     = note: required for `ArchivableModuleInfo` to implement `Archive`
[INFO] [stdout]     = note: this error originates in the macro `impl_primitive` (in Nightly builds, run with -Z macro-backtrace for more info)
[INFO] [stdout] 
[INFO] [stdout] 
[INFO] [stdout] error[E0277]: the trait bound `(String, String, u32): Archive` is not satisfied
[INFO] [stdout]    --> /opt/rustwide/cargo-home/registry/src/index.crates.io-1949cf8c6b5b557f/wasmer-types-2.3.0/src/module.rs:247:56
[INFO] [stdout]     |
[INFO] [stdout] 247 | impl<D: Fallible + ?Sized + SharedDeserializeRegistry> RkyvDeserialize<ModuleInfo, D>
[INFO] [stdout]     |                                                        ^^^^^^^^^^^^^^^^^^^^^^^^^^^^^^ the trait `Archive` is not implemented for `(String, String, u32)`
[INFO] [stdout]     |
[INFO] [stdout] help: the trait `Archive` is implemented for `()`
[INFO] [stdout]    --> /opt/rustwide/cargo-home/registry/src/index.crates.io-1949cf8c6b5b557f/rkyv-0.7.46/src/impls/core/primitive.rs:27:9
[INFO] [stdout]     |
[INFO] [stdout]  27 |         impl Archive for $type {
[INFO] [stdout]     |         ^^^^^^^^^^^^^^^^^^^^^^
[INFO] [stdout] ...
[INFO] [stdout] 135 | impl_primitive!(());
[INFO] [stdout]     | ------------------- in this macro invocation
[INFO] [stdout] note: required for `ArchivableIndexMap<(String, String, u32), ImportIndex>` to implement `Archive`
[INFO] [stdout]    --> /opt/rustwide/cargo-home/registry/src/index.crates.io-1949cf8c6b5b557f/wasmer-types-2.3.0/src/archives.rs:10:12
[INFO] [stdout]     |
[INFO] [stdout]  10 | pub struct ArchivableIndexMap<K: Hash + Ord + Archive, V: Archive> {
[INFO] [stdout]     |            ^^^^^^^^^^^^^^^^^^^^^^^^^^^^^^^^^^^-------^^^^^^^^^^^^^
[INFO] [stdout]     |                                               |
[INFO] [stdout]     |                                               unsatisfied trait bound
[INFO] [stdout]     = note: 1 redundant requirement hidden
[INFO] [stdout]     = note: required for `ArchivableModuleInfo` to implement `Archive`
[INFO] [stdout]     = note: this error originates in the macro `impl_primitive` (in Nightly builds, run with -Z macro-backtrace for more info)
[INFO] [stdout] 
[INFO] [stdout] 
[INFO] [stdout] error[E0277]: the trait bound `((String, String, u32), ImportIndex): Archive` is not satisfied
[INFO] [stdout]    --> /opt/rustwide/cargo-home/registry/src/index.crates.io-1949cf8c6b5b557f/wasmer-types-2.3.0/src/module.rs:247:56
[INFO] [stdout]     |
[INFO] [stdout] 247 | impl<D: Fallible + ?Sized + SharedDeserializeRegistry> RkyvDeserialize<ModuleInfo, D>
[INFO] [stdout]     |                                                        ^^^^^^^^^^^^^^^^^^^^^^^^^^^^^^ the trait `Archive` is not implemented for `((String, String, u32), ImportIndex)`
[INFO] [stdout]     |
[INFO] [stdout] help: the trait `Archive` is implemented for `()`
[INFO] [stdout]    --> /opt/rustwide/cargo-home/registry/src/index.crates.io-1949cf8c6b5b557f/rkyv-0.7.46/src/impls/core/primitive.rs:27:9
[INFO] [stdout]     |
[INFO] [stdout]  27 |         impl Archive for $type {
[INFO] [stdout]     |         ^^^^^^^^^^^^^^^^^^^^^^
[INFO] [stdout] ...
[INFO] [stdout] 135 | impl_primitive!(());
[INFO] [stdout]     | ------------------- in this macro invocation
[INFO] [stdout]     = note: required for `Vec<((String, String, u32), ImportIndex)>` to implement `Archive`
[INFO] [stdout]     = note: 2 redundant requirements hidden
[INFO] [stdout]     = note: required for `ArchivableModuleInfo` to implement `Archive`
[INFO] [stdout]     = note: this error originates in the macro `impl_primitive` (in Nightly builds, run with -Z macro-backtrace for more info)
[INFO] [stdout] 
[INFO] [stdout] 
[INFO] [stdout] error[E0277]: the trait bound `(String, ExportIndex): Archive` is not satisfied
[INFO] [stdout]    --> /opt/rustwide/cargo-home/registry/src/index.crates.io-1949cf8c6b5b557f/wasmer-types-2.3.0/src/module.rs:247:56
[INFO] [stdout]     |
[INFO] [stdout] 247 | impl<D: Fallible + ?Sized + SharedDeserializeRegistry> RkyvDeserialize<ModuleInfo, D>
[INFO] [stdout]     |                                                        ^^^^^^^^^^^^^^^^^^^^^^^^^^^^^^ the trait `Archive` is not implemented for `(String, ExportIndex)`
[INFO] [stdout]     |
[INFO] [stdout] help: the trait `Archive` is implemented for `()`
[INFO] [stdout]    --> /opt/rustwide/cargo-home/registry/src/index.crates.io-1949cf8c6b5b557f/rkyv-0.7.46/src/impls/core/primitive.rs:27:9
[INFO] [stdout]     |
[INFO] [stdout]  27 |         impl Archive for $type {
[INFO] [stdout]     |         ^^^^^^^^^^^^^^^^^^^^^^
[INFO] [stdout] ...
[INFO] [stdout] 135 | impl_primitive!(());
[INFO] [stdout]     | ------------------- in this macro invocation
[INFO] [stdout]     = note: required for `Vec<(String, ExportIndex)>` to implement `Archive`
[INFO] [stdout]     = note: 2 redundant requirements hidden
[INFO] [stdout]     = note: required for `ArchivableModuleInfo` to implement `Archive`
[INFO] [stdout]     = note: this error originates in the macro `impl_primitive` (in Nightly builds, run with -Z macro-backtrace for more info)
[INFO] [stdout] 
[INFO] [stdout] 
[INFO] [stdout] error[E0277]: the trait bound `(String, CustomSectionIndex): Archive` is not satisfied
[INFO] [stdout]    --> /opt/rustwide/cargo-home/registry/src/index.crates.io-1949cf8c6b5b557f/wasmer-types-2.3.0/src/module.rs:247:56
[INFO] [stdout]     |
[INFO] [stdout] 247 | impl<D: Fallible + ?Sized + SharedDeserializeRegistry> RkyvDeserialize<ModuleInfo, D>
[INFO] [stdout]     |                                                        ^^^^^^^^^^^^^^^^^^^^^^^^^^^^^^ the trait `Archive` is not implemented for `(String, CustomSectionIndex)`
[INFO] [stdout]     |
[INFO] [stdout] help: the trait `Archive` is implemented for `()`
[INFO] [stdout]    --> /opt/rustwide/cargo-home/registry/src/index.crates.io-1949cf8c6b5b557f/rkyv-0.7.46/src/impls/core/primitive.rs:27:9
[INFO] [stdout]     |
[INFO] [stdout]  27 |         impl Archive for $type {
[INFO] [stdout]     |         ^^^^^^^^^^^^^^^^^^^^^^
[INFO] [stdout] ...
[INFO] [stdout] 135 | impl_primitive!(());
[INFO] [stdout]     | ------------------- in this macro invocation
[INFO] [stdout]     = note: required for `Vec<(String, CustomSectionIndex)>` to implement `Archive`
[INFO] [stdout]     = note: 2 redundant requirements hidden
[INFO] [stdout]     = note: required for `ArchivableModuleInfo` to implement `Archive`
[INFO] [stdout]     = note: this error originates in the macro `impl_primitive` (in Nightly builds, run with -Z macro-backtrace for more info)
[INFO] [stdout] 
[INFO] [stdout] 
[INFO] [stdout] error[E0277]: the trait bound `(String, String, u32): Archive` is not satisfied
[INFO] [stdout]    --> /opt/rustwide/cargo-home/registry/src/index.crates.io-1949cf8c6b5b557f/wasmer-types-2.3.0/src/module.rs:232:52
[INFO] [stdout]     |
[INFO] [stdout] 232 |     unsafe fn resolve(&self, pos: usize, resolver: Self::Resolver, out: *mut Self::Archived) {
[INFO] [stdout]     |                                                    ^^^^^^^^^^^^^^ the trait `Archive` is not implemented for `(String, String, u32)`
[INFO] [stdout]     |
[INFO] [stdout] help: the trait `Archive` is implemented for `()`
[INFO] [stdout]    --> /opt/rustwide/cargo-home/registry/src/index.crates.io-1949cf8c6b5b557f/rkyv-0.7.46/src/impls/core/primitive.rs:27:9
[INFO] [stdout]     |
[INFO] [stdout]  27 |         impl Archive for $type {
[INFO] [stdout]     |         ^^^^^^^^^^^^^^^^^^^^^^
[INFO] [stdout] ...
[INFO] [stdout] 135 | impl_primitive!(());
[INFO] [stdout]     | ------------------- in this macro invocation
[INFO] [stdout] note: required for `ArchivableIndexMap<(String, String, u32), ImportIndex>` to implement `Archive`
[INFO] [stdout]    --> /opt/rustwide/cargo-home/registry/src/index.crates.io-1949cf8c6b5b557f/wasmer-types-2.3.0/src/archives.rs:10:12
[INFO] [stdout]     |
[INFO] [stdout]  10 | pub struct ArchivableIndexMap<K: Hash + Ord + Archive, V: Archive> {
[INFO] [stdout]     |            ^^^^^^^^^^^^^^^^^^^^^^^^^^^^^^^^^^^-------^^^^^^^^^^^^^
[INFO] [stdout]     |                                               |
[INFO] [stdout]     |                                               unsatisfied trait bound
[INFO] [stdout]     = note: 1 redundant requirement hidden
[INFO] [stdout]     = note: required for `ArchivableModuleInfo` to implement `Archive`
[INFO] [stdout]     = note: this error originates in the macro `impl_primitive` (in Nightly builds, run with -Z macro-backtrace for more info)
[INFO] [stdout] 
[INFO] [stdout] 
[INFO] [stdout] error[E0277]: the trait bound `((String, String, u32), ImportIndex): Archive` is not satisfied
[INFO] [stdout]    --> /opt/rustwide/cargo-home/registry/src/index.crates.io-1949cf8c6b5b557f/wasmer-types-2.3.0/src/module.rs:232:52
[INFO] [stdout]     |
[INFO] [stdout] 232 |     unsafe fn resolve(&self, pos: usize, resolver: Self::Resolver, out: *mut Self::Archived) {
[INFO] [stdout]     |                                                    ^^^^^^^^^^^^^^ the trait `Archive` is not implemented for `((String, String, u32), ImportIndex)`
[INFO] [stdout]     |
[INFO] [stdout] help: the trait `Archive` is implemented for `()`
[INFO] [stdout]    --> /opt/rustwide/cargo-home/registry/src/index.crates.io-1949cf8c6b5b557f/rkyv-0.7.46/src/impls/core/primitive.rs:27:9
[INFO] [stdout]     |
[INFO] [stdout]  27 |         impl Archive for $type {
[INFO] [stdout]     |         ^^^^^^^^^^^^^^^^^^^^^^
[INFO] [stdout] ...
[INFO] [stdout] 135 | impl_primitive!(());
[INFO] [stdout]     | ------------------- in this macro invocation
[INFO] [stdout]     = note: required for `Vec<((String, String, u32), ImportIndex)>` to implement `Archive`
[INFO] [stdout]     = note: 2 redundant requirements hidden
[INFO] [stdout]     = note: required for `ArchivableModuleInfo` to implement `Archive`
[INFO] [stdout]     = note: this error originates in the macro `impl_primitive` (in Nightly builds, run with -Z macro-backtrace for more info)
[INFO] [stdout] 
[INFO] [stdout] 
[INFO] [stdout] error[E0277]: the trait bound `(String, ExportIndex): Archive` is not satisfied
[INFO] [stdout]    --> /opt/rustwide/cargo-home/registry/src/index.crates.io-1949cf8c6b5b557f/wasmer-types-2.3.0/src/module.rs:232:52
[INFO] [stdout]     |
[INFO] [stdout] 232 |     unsafe fn resolve(&self, pos: usize, resolver: Self::Resolver, out: *mut Self::Archived) {
[INFO] [stdout]     |                                                    ^^^^^^^^^^^^^^ the trait `Archive` is not implemented for `(String, ExportIndex)`
[INFO] [stdout]     |
[INFO] [stdout] help: the trait `Archive` is implemented for `()`
[INFO] [stdout]    --> /opt/rustwide/cargo-home/registry/src/index.crates.io-1949cf8c6b5b557f/rkyv-0.7.46/src/impls/core/primitive.rs:27:9
[INFO] [stdout]     |
[INFO] [stdout]  27 |         impl Archive for $type {
[INFO] [stdout]     |         ^^^^^^^^^^^^^^^^^^^^^^
[INFO] [stdout] ...
[INFO] [stdout] 135 | impl_primitive!(());
[INFO] [stdout]     | ------------------- in this macro invocation
[INFO] [stdout]     = note: required for `Vec<(String, ExportIndex)>` to implement `Archive`
[INFO] [stdout]     = note: 2 redundant requirements hidden
[INFO] [stdout]     = note: required for `ArchivableModuleInfo` to implement `Archive`
[INFO] [stdout]     = note: this error originates in the macro `impl_primitive` (in Nightly builds, run with -Z macro-backtrace for more info)
[INFO] [stdout] 
[INFO] [stdout] 
[INFO] [stdout] error[E0277]: the trait bound `(String, CustomSectionIndex): Archive` is not satisfied
[INFO] [stdout]    --> /opt/rustwide/cargo-home/registry/src/index.crates.io-1949cf8c6b5b557f/wasmer-types-2.3.0/src/module.rs:232:52
[INFO] [stdout]     |
[INFO] [stdout] 232 |     unsafe fn resolve(&self, pos: usize, resolver: Self::Resolver, out: *mut Self::Archived) {
[INFO] [stdout]     |                                                    ^^^^^^^^^^^^^^ the trait `Archive` is not implemented for `(String, CustomSectionIndex)`
[INFO] [stdout]     |
[INFO] [stdout] help: the trait `Archive` is implemented for `()`
[INFO] [stdout]    --> /opt/rustwide/cargo-home/registry/src/index.crates.io-1949cf8c6b5b557f/rkyv-0.7.46/src/impls/core/primitive.rs:27:9
[INFO] [stdout]     |
[INFO] [stdout]  27 |         impl Archive for $type {
[INFO] [stdout]     |         ^^^^^^^^^^^^^^^^^^^^^^
[INFO] [stdout] ...
[INFO] [stdout] 135 | impl_primitive!(());
[INFO] [stdout]     | ------------------- in this macro invocation
[INFO] [stdout]     = note: required for `Vec<(String, CustomSectionIndex)>` to implement `Archive`
[INFO] [stdout]     = note: 2 redundant requirements hidden
[INFO] [stdout]     = note: required for `ArchivableModuleInfo` to implement `Archive`
[INFO] [stdout]     = note: this error originates in the macro `impl_primitive` (in Nightly builds, run with -Z macro-backtrace for more info)
[INFO] [stdout] 
[INFO] [stdout] 
[INFO] [stdout] error[E0277]: the trait bound `(String, String, u32): Archive` is not satisfied
[INFO] [stdout]    --> /opt/rustwide/cargo-home/registry/src/index.crates.io-1949cf8c6b5b557f/wasmer-types-2.3.0/src/module.rs:241:48
[INFO] [stdout]     |
[INFO] [stdout] 241 |     fn serialize(&self, serializer: &mut S) -> Result<Self::Resolver, S::Error> {
[INFO] [stdout]     |                                                ^^^^^^^^^^^^^^^^^^^^^^^^^^^^^^^^ the trait `Archive` is not implemented for `(String, String, u32)`
[INFO] [stdout]     |
[INFO] [stdout] help: the trait `Archive` is implemented for `()`
[INFO] [stdout]    --> /opt/rustwide/cargo-home/registry/src/index.crates.io-1949cf8c6b5b557f/rkyv-0.7.46/src/impls/core/primitive.rs:27:9
[INFO] [stdout]     |
[INFO] [stdout]  27 |         impl Archive for $type {
[INFO] [stdout]     |         ^^^^^^^^^^^^^^^^^^^^^^
[INFO] [stdout] ...
[INFO] [stdout] 135 | impl_primitive!(());
[INFO] [stdout]     | ------------------- in this macro invocation
[INFO] [stdout] note: required for `ArchivableIndexMap<(String, String, u32), ImportIndex>` to implement `Archive`
[INFO] [stdout]    --> /opt/rustwide/cargo-home/registry/src/index.crates.io-1949cf8c6b5b557f/wasmer-types-2.3.0/src/archives.rs:10:12
[INFO] [stdout]     |
[INFO] [stdout]  10 | pub struct ArchivableIndexMap<K: Hash + Ord + Archive, V: Archive> {
[INFO] [stdout]     |            ^^^^^^^^^^^^^^^^^^^^^^^^^^^^^^^^^^^-------^^^^^^^^^^^^^
[INFO] [stdout]     |                                               |
[INFO] [stdout]     |                                               unsatisfied trait bound
[INFO] [stdout]     = note: 1 redundant requirement hidden
[INFO] [stdout]     = note: required for `ArchivableModuleInfo` to implement `Archive`
[INFO] [stdout]     = note: this error originates in the macro `impl_primitive` (in Nightly builds, run with -Z macro-backtrace for more info)
[INFO] [stdout] 
[INFO] [stdout] 
[INFO] [stdout] error[E0277]: the trait bound `((String, String, u32), ImportIndex): Archive` is not satisfied
[INFO] [stdout]    --> /opt/rustwide/cargo-home/registry/src/index.crates.io-1949cf8c6b5b557f/wasmer-types-2.3.0/src/module.rs:241:48
[INFO] [stdout]     |
[INFO] [stdout] 241 |     fn serialize(&self, serializer: &mut S) -> Result<Self::Resolver, S::Error> {
[INFO] [stdout]     |                                                ^^^^^^^^^^^^^^^^^^^^^^^^^^^^^^^^ the trait `Archive` is not implemented for `((String, String, u32), ImportIndex)`
[INFO] [stdout]     |
[INFO] [stdout] help: the trait `Archive` is implemented for `()`
[INFO] [stdout]    --> /opt/rustwide/cargo-home/registry/src/index.crates.io-1949cf8c6b5b557f/rkyv-0.7.46/src/impls/core/primitive.rs:27:9
[INFO] [stdout]     |
[INFO] [stdout]  27 |         impl Archive for $type {
[INFO] [stdout]     |         ^^^^^^^^^^^^^^^^^^^^^^
[INFO] [stdout] ...
[INFO] [stdout] 135 | impl_primitive!(());
[INFO] [stdout]     | ------------------- in this macro invocation
[INFO] [stdout]     = note: required for `Vec<((String, String, u32), ImportIndex)>` to implement `Archive`
[INFO] [stdout]     = note: 2 redundant requirements hidden
[INFO] [stdout]     = note: required for `ArchivableModuleInfo` to implement `Archive`
[INFO] [stdout]     = note: this error originates in the macro `impl_primitive` (in Nightly builds, run with -Z macro-backtrace for more info)
[INFO] [stdout] 
[INFO] [stdout] 
[INFO] [stdout] error[E0277]: the trait bound `(String, ExportIndex): Archive` is not satisfied
[INFO] [stdout]    --> /opt/rustwide/cargo-home/registry/src/index.crates.io-1949cf8c6b5b557f/wasmer-types-2.3.0/src/module.rs:241:48
[INFO] [stdout]     |
[INFO] [stdout] 241 |     fn serialize(&self, serializer: &mut S) -> Result<Self::Resolver, S::Error> {
[INFO] [stdout]     |                                                ^^^^^^^^^^^^^^^^^^^^^^^^^^^^^^^^ the trait `Archive` is not implemented for `(String, ExportIndex)`
[INFO] [stdout]     |
[INFO] [stdout] help: the trait `Archive` is implemented for `()`
[INFO] [stdout]    --> /opt/rustwide/cargo-home/registry/src/index.crates.io-1949cf8c6b5b557f/rkyv-0.7.46/src/impls/core/primitive.rs:27:9
[INFO] [stdout]     |
[INFO] [stdout]  27 |         impl Archive for $type {
[INFO] [stdout]     |         ^^^^^^^^^^^^^^^^^^^^^^
[INFO] [stdout] ...
[INFO] [stdout] 135 | impl_primitive!(());
[INFO] [stdout]     | ------------------- in this macro invocation
[INFO] [stdout]     = note: required for `Vec<(String, ExportIndex)>` to implement `Archive`
[INFO] [stdout]     = note: 2 redundant requirements hidden
[INFO] [stdout]     = note: required for `ArchivableModuleInfo` to implement `Archive`
[INFO] [stdout]     = note: this error originates in the macro `impl_primitive` (in Nightly builds, run with -Z macro-backtrace for more info)
[INFO] [stdout] 
[INFO] [stdout] 
[INFO] [stdout] error[E0277]: the trait bound `(String, CustomSectionIndex): Archive` is not satisfied
[INFO] [stdout]    --> /opt/rustwide/cargo-home/registry/src/index.crates.io-1949cf8c6b5b557f/wasmer-types-2.3.0/src/module.rs:241:48
[INFO] [stdout]     |
[INFO] [stdout] 241 |     fn serialize(&self, serializer: &mut S) -> Result<Self::Resolver, S::Error> {
[INFO] [stdout]     |                                                ^^^^^^^^^^^^^^^^^^^^^^^^^^^^^^^^ the trait `Archive` is not implemented for `(String, CustomSectionIndex)`
[INFO] [stdout]     |
[INFO] [stdout] help: the trait `Archive` is implemented for `()`
[INFO] [stdout]    --> /opt/rustwide/cargo-home/registry/src/index.crates.io-1949cf8c6b5b557f/rkyv-0.7.46/src/impls/core/primitive.rs:27:9
[INFO] [stdout]     |
[INFO] [stdout]  27 |         impl Archive for $type {
[INFO] [stdout]     |         ^^^^^^^^^^^^^^^^^^^^^^
[INFO] [stdout] ...
[INFO] [stdout] 135 | impl_primitive!(());
[INFO] [stdout]     | ------------------- in this macro invocation
[INFO] [stdout]     = note: required for `Vec<(String, CustomSectionIndex)>` to implement `Archive`
[INFO] [stdout]     = note: 2 redundant requirements hidden
[INFO] [stdout]     = note: required for `ArchivableModuleInfo` to implement `Archive`
[INFO] [stdout]     = note: this error originates in the macro `impl_primitive` (in Nightly builds, run with -Z macro-backtrace for more info)
[INFO] [stdout] 
[INFO] [stdout] 
[INFO] [stdout] error[E0277]: the trait bound `(String, String, u32): Archive` is not satisfied
[INFO] [stdout]    --> /opt/rustwide/cargo-home/registry/src/index.crates.io-1949cf8c6b5b557f/wasmer-types-2.3.0/src/module.rs:250:20
[INFO] [stdout]     |
[INFO] [stdout] 250 |     fn deserialize(&self, deserializer: &mut D) -> Result<ModuleInfo, D::Error> {
[INFO] [stdout]     |                    ^^^^^ the trait `Archive` is not implemented for `(String, String, u32)`
[INFO] [stdout]     |
[INFO] [stdout] help: the trait `Archive` is implemented for `()`
[INFO] [stdout]    --> /opt/rustwide/cargo-home/registry/src/index.crates.io-1949cf8c6b5b557f/rkyv-0.7.46/src/impls/core/primitive.rs:27:9
[INFO] [stdout]     |
[INFO] [stdout]  27 |         impl Archive for $type {
[INFO] [stdout]     |         ^^^^^^^^^^^^^^^^^^^^^^
[INFO] [stdout] ...
[INFO] [stdout] 135 | impl_primitive!(());
[INFO] [stdout]     | ------------------- in this macro invocation
[INFO] [stdout] note: required for `ArchivableIndexMap<(String, String, u32), ImportIndex>` to implement `Archive`
[INFO] [stdout]    --> /opt/rustwide/cargo-home/registry/src/index.crates.io-1949cf8c6b5b557f/wasmer-types-2.3.0/src/archives.rs:10:12
[INFO] [stdout]     |
[INFO] [stdout]  10 | pub struct ArchivableIndexMap<K: Hash + Ord + Archive, V: Archive> {
[INFO] [stdout]     |            ^^^^^^^^^^^^^^^^^^^^^^^^^^^^^^^^^^^-------^^^^^^^^^^^^^
[INFO] [stdout]     |                                               |
[INFO] [stdout]     |                                               unsatisfied trait bound
[INFO] [stdout]     = note: 1 redundant requirement hidden
[INFO] [stdout]     = note: required for `ArchivableModuleInfo` to implement `Archive`
[INFO] [stdout]     = note: this error originates in the macro `impl_primitive` (in Nightly builds, run with -Z macro-backtrace for more info)
[INFO] [stdout] 
[INFO] [stdout] 
[INFO] [stdout] error[E0277]: the trait bound `((String, String, u32), ImportIndex): Archive` is not satisfied
[INFO] [stdout]    --> /opt/rustwide/cargo-home/registry/src/index.crates.io-1949cf8c6b5b557f/wasmer-types-2.3.0/src/module.rs:250:20
[INFO] [stdout]     |
[INFO] [stdout] 250 |     fn deserialize(&self, deserializer: &mut D) -> Result<ModuleInfo, D::Error> {
[INFO] [stdout]     |                    ^^^^^ the trait `Archive` is not implemented for `((String, String, u32), ImportIndex)`
[INFO] [stdout]     |
[INFO] [stdout] help: the trait `Archive` is implemented for `()`
[INFO] [stdout]    --> /opt/rustwide/cargo-home/registry/src/index.crates.io-1949cf8c6b5b557f/rkyv-0.7.46/src/impls/core/primitive.rs:27:9
[INFO] [stdout]     |
[INFO] [stdout]  27 |         impl Archive for $type {
[INFO] [stdout]     |         ^^^^^^^^^^^^^^^^^^^^^^
[INFO] [stdout] ...
[INFO] [stdout] 135 | impl_primitive!(());
[INFO] [stdout]     | ------------------- in this macro invocation
[INFO] [stdout]     = note: required for `Vec<((String, String, u32), ImportIndex)>` to implement `Archive`
[INFO] [stdout]     = note: 2 redundant requirements hidden
[INFO] [stdout]     = note: required for `ArchivableModuleInfo` to implement `Archive`
[INFO] [stdout]     = note: this error originates in the macro `impl_primitive` (in Nightly builds, run with -Z macro-backtrace for more info)
[INFO] [stdout] 
[INFO] [stdout] 
[INFO] [stdout] error[E0277]: the trait bound `(String, ExportIndex): Archive` is not satisfied
[INFO] [stdout]    --> /opt/rustwide/cargo-home/registry/src/index.crates.io-1949cf8c6b5b557f/wasmer-types-2.3.0/src/module.rs:250:20
[INFO] [stdout]     |
[INFO] [stdout] 250 |     fn deserialize(&self, deserializer: &mut D) -> Result<ModuleInfo, D::Error> {
[INFO] [stdout]     |                    ^^^^^ the trait `Archive` is not implemented for `(String, ExportIndex)`
[INFO] [stdout]     |
[INFO] [stdout] help: the trait `Archive` is implemented for `()`
[INFO] [stdout]    --> /opt/rustwide/cargo-home/registry/src/index.crates.io-1949cf8c6b5b557f/rkyv-0.7.46/src/impls/core/primitive.rs:27:9
[INFO] [stdout]     |
[INFO] [stdout]  27 |         impl Archive for $type {
[INFO] [stdout]     |         ^^^^^^^^^^^^^^^^^^^^^^
[INFO] [stdout] ...
[INFO] [stdout] 135 | impl_primitive!(());
[INFO] [stdout]     | ------------------- in this macro invocation
[INFO] [stdout]     = note: required for `Vec<(String, ExportIndex)>` to implement `Archive`
[INFO] [stdout]     = note: 2 redundant requirements hidden
[INFO] [stdout]     = note: required for `ArchivableModuleInfo` to implement `Archive`
[INFO] [stdout]     = note: this error originates in the macro `impl_primitive` (in Nightly builds, run with -Z macro-backtrace for more info)
[INFO] [stdout] 
[INFO] [stdout] 
[INFO] [stdout] error[E0277]: the trait bound `(String, CustomSectionIndex): Archive` is not satisfied
[INFO] [stdout]    --> /opt/rustwide/cargo-home/registry/src/index.crates.io-1949cf8c6b5b557f/wasmer-types-2.3.0/src/module.rs:250:20
[INFO] [stdout]     |
[INFO] [stdout] 250 |     fn deserialize(&self, deserializer: &mut D) -> Result<ModuleInfo, D::Error> {
[INFO] [stdout]     |                    ^^^^^ the trait `Archive` is not implemented for `(String, CustomSectionIndex)`
[INFO] [stdout]     |
[INFO] [stdout] help: the trait `Archive` is implemented for `()`
[INFO] [stdout]    --> /opt/rustwide/cargo-home/registry/src/index.crates.io-1949cf8c6b5b557f/rkyv-0.7.46/src/impls/core/primitive.rs:27:9
[INFO] [stdout]     |
[INFO] [stdout]  27 |         impl Archive for $type {
[INFO] [stdout]     |         ^^^^^^^^^^^^^^^^^^^^^^
[INFO] [stdout] ...
[INFO] [stdout] 135 | impl_primitive!(());
[INFO] [stdout]     | ------------------- in this macro invocation
[INFO] [stdout]     = note: required for `Vec<(String, CustomSectionIndex)>` to implement `Archive`
[INFO] [stdout]     = note: 2 redundant requirements hidden
[INFO] [stdout]     = note: required for `ArchivableModuleInfo` to implement `Archive`
[INFO] [stdout]     = note: this error originates in the macro `impl_primitive` (in Nightly builds, run with -Z macro-backtrace for more info)
[INFO] [stdout] 
[INFO] [stdout] 
[INFO] [stderr]    Compiling unicode-ident v1.0.27
[INFO] [stderr]    Compiling proc-macro2 v1.0.107
[INFO] [stderr]    Compiling futures-util v0.3.34
[INFO] [stdout] error[E0277]: the trait bound `(String, String, u32): Archive` is not satisfied
[INFO] [stdout]    --> /opt/rustwide/cargo-home/registry/src/index.crates.io-1949cf8c6b5b557f/wasmer-types-2.3.0/src/module.rs:139:42
[INFO] [stdout]     |
[INFO] [stdout] 139 | #[derive(RkyvSerialize, RkyvDeserialize, Archive)]
[INFO] [stdout]     |                                          ^^^^^^^ the trait `Archive` is not implemented for `(String, String, u32)`
[INFO] [stdout]     |
[INFO] [stdout] help: the trait `Archive` is implemented for `()`
[INFO] [stdout]    --> /opt/rustwide/cargo-home/registry/src/index.crates.io-1949cf8c6b5b557f/rkyv-0.7.46/src/impls/core/primitive.rs:27:9
[INFO] [stdout]     |
[INFO] [stdout]  27 |         impl Archive for $type {
[INFO] [stdout]     |         ^^^^^^^^^^^^^^^^^^^^^^
[INFO] [stdout] ...
[INFO] [stdout] 135 | impl_primitive!(());
[INFO] [stdout]     | ------------------- in this macro invocation
[INFO] [stdout] note: required by a bound in `ArchivableIndexMap`
[INFO] [stdout]    --> /opt/rustwide/cargo-home/registry/src/index.crates.io-1949cf8c6b5b557f/wasmer-types-2.3.0/src/archives.rs:10:47
[INFO] [stdout]     |
[INFO] [stdout]  10 | pub struct ArchivableIndexMap<K: Hash + Ord + Archive, V: Archive> {
[INFO] [stdout]     |                                               ^^^^^^^ required by this bound in `ArchivableIndexMap`
[INFO] [stdout]     = note: this error originates in the macro `out_field` which comes from the expansion of the macro `impl_primitive` (in Nightly builds, run with -Z macro-backtrace for more info)
[INFO] [stdout] 
[INFO] [stdout] 
[INFO] [stdout] error[E0277]: the trait bound `(String, String, u32): Archive` is not satisfied
[INFO] [stdout]    --> /opt/rustwide/cargo-home/registry/src/index.crates.io-1949cf8c6b5b557f/wasmer-types-2.3.0/src/module.rs:168:22
[INFO] [stdout]     |
[INFO] [stdout] 168 |             imports: ArchivableIndexMap::from(it.imports),
[INFO] [stdout]     |                      ^^^^^^^^^^^^^^^^^^^^^^^^^^^^^^^^^^^^ the trait `Archive` is not implemented for `(String, String, u32)`
[INFO] [stdout]     |
[INFO] [stdout] help: the trait `Archive` is implemented for `()`
[INFO] [stdout]    --> /opt/rustwide/cargo-home/registry/src/index.crates.io-1949cf8c6b5b557f/rkyv-0.7.46/src/impls/core/primitive.rs:27:9
[INFO] [stdout]     |
[INFO] [stdout]  27 |         impl Archive for $type {
[INFO] [stdout]     |         ^^^^^^^^^^^^^^^^^^^^^^
[INFO] [stdout] ...
[INFO] [stdout] 135 | impl_primitive!(());
[INFO] [stdout]     | ------------------- in this macro invocation
[INFO] [stdout] note: required by a bound in `ArchivableIndexMap`
[INFO] [stdout]    --> /opt/rustwide/cargo-home/registry/src/index.crates.io-1949cf8c6b5b557f/wasmer-types-2.3.0/src/archives.rs:10:47
[INFO] [stdout]     |
[INFO] [stdout]  10 | pub struct ArchivableIndexMap<K: Hash + Ord + Archive, V: Archive> {
[INFO] [stdout]     |                                               ^^^^^^^ required by this bound in `ArchivableIndexMap`
[INFO] [stdout]     = note: this error originates in the macro `impl_primitive` (in Nightly builds, run with -Z macro-backtrace for more info)
[INFO] [stdout] 
[INFO] [stdout] 
[INFO] [stdout] error[E0277]: the trait bound `(String, String, u32): Archive` is not satisfied
[INFO] [stdout]    --> /opt/rustwide/cargo-home/registry/src/index.crates.io-1949cf8c6b5b557f/wasmer-types-2.3.0/src/module.rs:168:22
[INFO] [stdout]     |
[INFO] [stdout] 168 |             imports: ArchivableIndexMap::from(it.imports),
[INFO] [stdout]     |                      ^^^^^^^^^^^^^^^^^^ the trait `Archive` is not implemented for `(String, String, u32)`
[INFO] [stdout]     |
[INFO] [stdout] help: the trait `Archive` is implemented for `()`
[INFO] [stdout]    --> /opt/rustwide/cargo-home/registry/src/index.crates.io-1949cf8c6b5b557f/rkyv-0.7.46/src/impls/core/primitive.rs:27:9
[INFO] [stdout]     |
[INFO] [stdout]  27 |         impl Archive for $type {
[INFO] [stdout]     |         ^^^^^^^^^^^^^^^^^^^^^^
[INFO] [stdout] ...
[INFO] [stdout] 135 | impl_primitive!(());
[INFO] [stdout]     | ------------------- in this macro invocation
[INFO] [stdout] note: required for `ArchivableIndexMap<(String, String, u32), ImportIndex>` to implement `From<IndexMap<(String, String, u32), ImportIndex>>`
[INFO] [stdout]    --> /opt/rustwide/cargo-home/registry/src/index.crates.io-1949cf8c6b5b557f/wasmer-types-2.3.0/src/archives.rs:14:51
[INFO] [stdout]     |
[INFO] [stdout]  14 | impl<K: Hash + Ord + Archive + Clone, V: Archive> From<IndexMap<K, V>>
[INFO] [stdout]     |                      -------                      ^^^^^^^^^^^^^^^^^^^^
[INFO] [stdout]     |                      |
[INFO] [stdout]     |                      unsatisfied trait bound introduced here
[INFO] [stdout]  15 |     for ArchivableIndexMap<K, V>
[INFO] [stdout]     |         ^^^^^^^^^^^^^^^^^^^^^^^^
[INFO] [stdout]     = note: this error originates in the macro `impl_primitive` (in Nightly builds, run with -Z macro-backtrace for more info)
[INFO] [stdout] 
[INFO] [stdout] 
[INFO] [stdout] error[E0277]: the trait bound `(String, String, u32): Archive` is not satisfied
[INFO] [stdout]    --> /opt/rustwide/cargo-home/registry/src/index.crates.io-1949cf8c6b5b557f/wasmer-types-2.3.0/src/module.rs:197:22
[INFO] [stdout]     |
[INFO] [stdout] 197 |             imports: it.imports.into(),
[INFO] [stdout]     |                      ^^^^^^^^^^^^^^^^^ the trait `Archive` is not implemented for `(String, String, u32)`
[INFO] [stdout]     |
[INFO] [stdout] help: the trait `Archive` is implemented for `()`
[INFO] [stdout]    --> /opt/rustwide/cargo-home/registry/src/index.crates.io-1949cf8c6b5b557f/rkyv-0.7.46/src/impls/core/primitive.rs:27:9
[INFO] [stdout]     |
[INFO] [stdout]  27 |         impl Archive for $type {
[INFO] [stdout]     |         ^^^^^^^^^^^^^^^^^^^^^^
[INFO] [stdout] ...
[INFO] [stdout] 135 | impl_primitive!(());
[INFO] [stdout]     | ------------------- in this macro invocation
[INFO] [stdout] note: required by a bound in `ArchivableIndexMap`
[INFO] [stdout]    --> /opt/rustwide/cargo-home/registry/src/index.crates.io-1949cf8c6b5b557f/wasmer-types-2.3.0/src/archives.rs:10:47
[INFO] [stdout]     |
[INFO] [stdout]  10 | pub struct ArchivableIndexMap<K: Hash + Ord + Archive, V: Archive> {
[INFO] [stdout]     |                                               ^^^^^^^ required by this bound in `ArchivableIndexMap`
[INFO] [stdout]     = note: this error originates in the macro `impl_primitive` (in Nightly builds, run with -Z macro-backtrace for more info)
[INFO] [stdout] 
[INFO] [stdout] 
[INFO] [stdout] error[E0277]: the trait bound `IndexMap<(String, String, u32), ImportIndex>: From<_>` is not satisfied
[INFO] [stdout]     --> /opt/rustwide/cargo-home/registry/src/index.crates.io-1949cf8c6b5b557f/wasmer-types-2.3.0/src/module.rs:197:33
[INFO] [stdout]      |
[INFO] [stdout]  197 |             imports: it.imports.into(),
[INFO] [stdout]      |                                 ^^^^ unsatisfied trait bound
[INFO] [stdout]      |
[INFO] [stdout] help: the trait `From<ArchivableIndexMap<(String, String, u32), ImportIndex>>` is not implemented for `IndexMap<(String, String, u32), ImportIndex>`
[INFO] [stdout]       but trait `From<[((String, String, u32), ImportIndex); _]>` is implemented for it
[INFO] [stdout]     --> /opt/rustwide/cargo-home/registry/src/index.crates.io-1949cf8c6b5b557f/indexmap-1.9.3/src/map.rs:1425:1
[INFO] [stdout]      |
[INFO] [stdout] 1425 | / impl<K, V, const N: usize> From<[(K, V); N]> for IndexMap<K, V, RandomState>
[INFO] [stdout] 1426 | | where
[INFO] [stdout] 1427 | |     K: Hash + Eq,
[INFO] [stdout]      | |_________________^
[INFO] [stdout]      = help: for that trait implementation, expected `[((String, String, u32), ImportIndex); _]`, found `ArchivableIndexMap<(String, String, u32), ImportIndex>`
[INFO] [stdout]      = note: required for `ArchivableIndexMap<(String, String, u32), ImportIndex>` to implement `Into<IndexMap<(String, String, u32), ImportIndex>>`
[INFO] [stdout]      = note: the full name for the type has been written to '/opt/rustwide/target/release/build/wasmer-types/b08ece07cbfa1a0f/out/wasmer_types-b08ece07cbfa1a0f.long-type-7138975988998504101.txt'
[INFO] [stdout]      = note: consider using `--verbose` to print the full type name to the console
[INFO] [stdout] 
[INFO] [stdout] 
[INFO] [stdout] error[E0599]: the method `resolve` exists for struct `ArchivableModuleInfo`, but its trait bounds were not satisfied
[INFO] [stdout]    --> /opt/rustwide/cargo-home/registry/src/index.crates.io-1949cf8c6b5b557f/wasmer-types-2.3.0/src/module.rs:233:42
[INFO] [stdout]     |
[INFO] [stdout] 140 | pub struct ArchivableModuleInfo {
[INFO] [stdout]     | ------------------------------- method `resolve` not found for this struct because it doesn't satisfy `ArchivableModuleInfo: Archive`
[INFO] [stdout] ...
[INFO] [stdout] 233 |         ArchivableModuleInfo::from(self).resolve(pos, resolver, out)
[INFO] [stdout]     |                                          ^^^^^^^ method cannot be called on `ArchivableModuleInfo` due to unsatisfied trait bounds
[INFO] [stdout]     |
[INFO] [stdout]    ::: /opt/rustwide/cargo-home/registry/src/index.crates.io-1949cf8c6b5b557f/wasmer-types-2.3.0/src/archives.rs:10:1
[INFO] [stdout]     |
[INFO] [stdout]  10 | pub struct ArchivableIndexMap<K: Hash + Ord + Archive, V: Archive> {
[INFO] [stdout]     | ------------------------------------------------------------------ doesn't satisfy `ArchivableIndexMap<String, ExportIndex>: Archive` or `_: Archive`
[INFO] [stdout]     |
[INFO] [stdout] note: the following trait bounds were not satisfied:
[INFO] [stdout]       `ArchivableIndexMap<(String, String, u32), ImportIndex>: Archive`
[INFO] [stdout]       `ArchivableIndexMap<String, CustomSectionIndex>: Archive`
[INFO] [stdout]       `ArchivableIndexMap<String, ExportIndex>: Archive`
[INFO] [stdout]    --> /opt/rustwide/cargo-home/registry/src/index.crates.io-1949cf8c6b5b557f/wasmer-types-2.3.0/src/module.rs:139:42
[INFO] [stdout]     |
[INFO] [stdout] 139 | #[derive(RkyvSerialize, RkyvDeserialize, Archive)]
[INFO] [stdout]     |                                          ^^^^^^^ type parameter would need to implement `Archive`
[INFO] [stdout] note: the trait `Archive` must be implemented
[INFO] [stdout]    --> /opt/rustwide/cargo-home/registry/src/index.crates.io-1949cf8c6b5b557f/rkyv-0.7.46/src/lib.rs:400:1
[INFO] [stdout]     |
[INFO] [stdout] 400 | pub trait Archive {
[INFO] [stdout]     | ^^^^^^^^^^^^^^^^^
[INFO] [stdout]     = help: consider manually implementing the trait to avoid undesired bounds
[INFO] [stdout]     = help: items from traits can only be used if the trait is implemented and in scope
[INFO] [stdout]     = note: the following trait defines an item `resolve`, perhaps you need to implement it:
[INFO] [stdout]             candidate #1: `Archive`
[INFO] [stdout]     = note: this error originates in the derive macro `Archive` (in Nightly builds, run with -Z macro-backtrace for more info)
[INFO] [stdout] 
[INFO] [stdout] 
[INFO] [stdout] error[E0599]: the method `serialize` exists for struct `ArchivableModuleInfo`, but its trait bounds were not satisfied
[INFO] [stdout]    --> /opt/rustwide/cargo-home/registry/src/index.crates.io-1949cf8c6b5b557f/wasmer-types-2.3.0/src/module.rs:242:42
[INFO] [stdout]     |
[INFO] [stdout] 140 | pub struct ArchivableModuleInfo {
[INFO] [stdout]     | ------------------------------- method `serialize` not found for this struct because it doesn't satisfy `ArchivableModuleInfo: rkyv::Serialize<_>`
[INFO] [stdout] ...
[INFO] [stdout] 242 |         ArchivableModuleInfo::from(self).serialize(serializer)
[INFO] [stdout]     |                                          ^^^^^^^^^
[INFO] [stdout]     |
[INFO] [stdout]    ::: /opt/rustwide/cargo-home/registry/src/index.crates.io-1949cf8c6b5b557f/wasmer-types-2.3.0/src/archives.rs:10:1
[INFO] [stdout]     |
[INFO] [stdout]  10 | pub struct ArchivableIndexMap<K: Hash + Ord + Archive, V: Archive> {
[INFO] [stdout]     | ------------------------------------------------------------------ doesn't satisfy `_: Serialize<_>`
[INFO] [stdout]     |
[INFO] [stdout] note: the following trait bounds were not satisfied:
[INFO] [stdout]       `ArchivableIndexMap<(String, String, u32), ImportIndex>: rkyv::Serialize<_>`
[INFO] [stdout]       `ArchivableIndexMap<String, CustomSectionIndex>: rkyv::Serialize<_>`
[INFO] [stdout]       `ArchivableIndexMap<String, ExportIndex>: rkyv::Serialize<_>`
[INFO] [stdout]    --> /opt/rustwide/cargo-home/registry/src/index.crates.io-1949cf8c6b5b557f/wasmer-types-2.3.0/src/module.rs:139:10
[INFO] [stdout]     |
[INFO] [stdout] 139 | #[derive(RkyvSerialize, RkyvDeserialize, Archive)]
[INFO] [stdout]     |          ^^^^^^^^^^^^^ type parameter would need to implement `Serialize`
[INFO] [stdout] note: the trait `rkyv::Serialize` must be implemented
[INFO] [stdout]    --> /opt/rustwide/cargo-home/registry/src/index.crates.io-1949cf8c6b5b557f/rkyv-0.7.46/src/lib.rs:434:1
[INFO] [stdout]     |
[INFO] [stdout] 434 | pub trait Serialize<S: Fallible + ?Sized>: Archive {
[INFO] [stdout]     | ^^^^^^^^^^^^^^^^^^^^^^^^^^^^^^^^^^^^^^^^^^^^^^^^^^
[INFO] [stdout]     = help: consider manually implementing the trait to avoid undesired bounds
[INFO] [stdout]     = help: items from traits can only be used if the trait is implemented and in scope
[INFO] [stdout]     = note: the following traits define an item `serialize`, perhaps you need to implement one of them:
[INFO] [stdout]             candidate #1: `features::_::_serde::Serialize`
[INFO] [stdout]             candidate #2: `rkyv::Serialize`
[INFO] [stdout]     = note: this error originates in the derive macro `RkyvSerialize` (in Nightly builds, run with -Z macro-backtrace for more info)
[INFO] [stdout] 
[INFO] [stdout] 
[INFO] [stderr]    Compiling idna_adapter v1.2.2
[INFO] [stderr]    Compiling rayon v1.12.0
[INFO] [stderr]    Compiling fxhash v0.2.1
[INFO] [stderr]    Compiling wasm-encoder v0.32.0
[INFO] [stderr]    Compiling wasmer-derive v4.2.4
[INFO] [stdout] Some errors have detailed explanations: E0277, E0599.
[INFO] [stdout] 
[INFO] [stdout] For more information about an error, try `rustc --explain E0277`.
[INFO] [stdout] 
[INFO] [stderr] error: could not compile `wasmer-types` (lib) due to 59 previous errors
[INFO] [stderr] warning: build failed, waiting for other jobs to finish...
[INFO] running `Command { std: "docker" "inspect" "afa02a93f3de727cfc536299fab942d8681cb56e16e7f5a5439bf54fd144089f", kill_on_drop: false }`
[INFO] running `Command { std: "docker" "rm" "-f" "afa02a93f3de727cfc536299fab942d8681cb56e16e7f5a5439bf54fd144089f", kill_on_drop: false }`
[INFO] [stdout] afa02a93f3de727cfc536299fab942d8681cb56e16e7f5a5439bf54fd144089f
