[INFO] fetching crate hc-wasmer 4.3.6-hc.1...
[INFO] testing hc-wasmer-4.3.6-hc.1 against 1.100.0-beta.1+cargoflags=--release for beta-release-1.100-2
[INFO] extracting crate hc-wasmer 4.3.6-hc.1 into /workspace/builds/worker-4-tc2/source
[INFO] started tweaking crates.io crate hc-wasmer 4.3.6-hc.1
[INFO] finished tweaking crates.io crate hc-wasmer 4.3.6-hc.1
[INFO] tweaked toml for crates.io crate hc-wasmer 4.3.6-hc.1 written to /workspace/builds/worker-4-tc2/source/Cargo.toml
[INFO] validating manifest of crates.io crate hc-wasmer 4.3.6-hc.1 on toolchain 1.100.0-beta.1
[INFO] running `Command { std: CARGO_HOME="/workspace/cargo-home" RUSTUP_HOME="/workspace/rustup-home" "/workspace/cargo-home/bin/cargo" "+1.100.0-beta.1" "metadata" "--manifest-path" "Cargo.toml" "--no-deps", kill_on_drop: false }`
[INFO] running `Command { std: CARGO_HOME="/workspace/cargo-home" RUSTUP_HOME="/workspace/rustup-home" "/workspace/cargo-home/bin/cargo" "+1.100.0-beta.1" "generate-lockfile" "--manifest-path" "Cargo.toml", kill_on_drop: false }`
[INFO] [stderr]     Blocking waiting for file lock on package cache
[INFO] [stderr]     Updating crates.io index
[INFO] [stderr]     Blocking waiting for file lock on package cache
[INFO] [stderr]      Locking 280 packages to highest compatible versions
[INFO] [stderr]       Adding bindgen v0.69.5 (available: v0.73.2)
[INFO] [stderr]       Adding generic-array v0.14.7 (available: v0.14.9)
[INFO] [stderr]       Adding hashbrown v0.11.2 (available: v0.17.1)
[INFO] [stderr]       Adding indexmap v1.9.3 (available: v2.14.2)
[INFO] [stderr]       Adding macro-wasmer-universal-test v4.4.0 (available: v7.1.0)
[INFO] [stderr]       Adding minicov v0.3.8 (available: v0.3.9)
[INFO] [stderr]       Adding more-asserts v0.2.2 (available: v0.3.1)
[INFO] [stderr]       Adding serde-wasm-bindgen v0.4.5 (available: v0.6.5)
[INFO] [stderr]       Adding target-lexicon v0.12.16 (available: v0.13.5)
[INFO] [stderr]       Adding thiserror v1.0.69 (available: v2.0.21)
[INFO] [stderr]       Adding ureq v2.12.1 (available: v3.4.2)
[INFO] [stderr]       Adding wasmparser v0.121.2 (available: v0.262.0)
[INFO] [stderr]       Adding wat v1.0.71 (available: v1.262.0)
[INFO] [stderr]       Adding windows-sys v0.59.0 (available: v0.61.2)
[INFO] [stderr]       Adding zip v2.6.1 (available: v9.0.5)
[INFO] running `Command { std: CARGO_HOME="/workspace/cargo-home" RUSTUP_HOME="/workspace/rustup-home" "/workspace/cargo-home/bin/cargo" "+1.100.0-beta.1" "fetch" "--manifest-path" "Cargo.toml", kill_on_drop: false }`
[INFO] [stderr]     Blocking waiting for file lock on package cache
[INFO] [stderr]     Blocking waiting for file lock on package cache
[INFO] running `Command { std: "docker" "create" "-v" "/var/lib/crater-agent-workspace/builds/worker-4-tc2/source:/opt/rustwide/workdir:ro,Z" "-v" "/var/lib/crater-agent-workspace/builds/worker-4-tc2/target:/opt/rustwide/target:rw,Z" "-v" "/var/lib/crater-agent-workspace/cargo-home:/opt/rustwide/cargo-home:ro,Z" "-v" "/var/lib/crater-agent-workspace/rustup-home:/opt/rustwide/rustup-home:ro,Z" "-m" "1610612736" "--network" "none" "ghcr.io/rust-lang/crates-build-env/linux@sha256:77db811e55d90add9212f6832c23229e3de5f1c1f9905e8cb07319ea15df73ac" "sleep" "infinity", kill_on_drop: false }`
[INFO] [stdout] 2d14de17ec92efef3134ad20b79cc591a1cd465603d43d6868c91fe50134582b
[INFO] running `Command { std: "docker" "start" "2d14de17ec92efef3134ad20b79cc591a1cd465603d43d6868c91fe50134582b", kill_on_drop: false }`
[INFO] running `Command { std: "docker" "inspect" "2d14de17ec92efef3134ad20b79cc591a1cd465603d43d6868c91fe50134582b", kill_on_drop: false }`
[INFO] running `Command { std: "docker" "exec" "-e" "SOURCE_DIR=/opt/rustwide/workdir" "-e" "CARGO_HOME=/opt/rustwide/cargo-home" "-e" "RUSTUP_HOME=/opt/rustwide/rustup-home" "-e" "CARGO_TARGET_DIR=/opt/rustwide/target" "-w" "/opt/rustwide/workdir" "--user" "0:0" "2d14de17ec92efef3134ad20b79cc591a1cd465603d43d6868c91fe50134582b" "/opt/rustwide/cargo-home/bin/cargo" "+1.100.0-beta.1" "metadata" "--no-deps" "--format-version=1", kill_on_drop: false }`
[INFO] running `Command { std: "docker" "inspect" "2d14de17ec92efef3134ad20b79cc591a1cd465603d43d6868c91fe50134582b", kill_on_drop: false }`
[INFO] running `Command { std: "docker" "exec" "-e" "SOURCE_DIR=/opt/rustwide/workdir" "-e" "CARGO_HOME=/opt/rustwide/cargo-home" "-e" "RUSTUP_HOME=/opt/rustwide/rustup-home" "-e" "CARGO_TARGET_DIR=/opt/rustwide/target" "-e" "CARGO_INCREMENTAL=0" "-e" "RUST_BACKTRACE=full" "-e" "RUSTFLAGS=--cap-lints=warn" "-e" "RUSTDOCFLAGS=--cap-lints=warn" "-w" "/opt/rustwide/workdir" "--user" "0:0" "2d14de17ec92efef3134ad20b79cc591a1cd465603d43d6868c91fe50134582b" "/opt/rustwide/cargo-home/bin/cargo" "+1.100.0-beta.1" "build" "--frozen" "--message-format=json" "--release", kill_on_drop: false }`
[INFO] [stderr]    Compiling syn v1.0.109
[INFO] [stderr]    Compiling indexmap v1.9.3
[INFO] [stderr]    Compiling ring v0.17.14
[INFO] [stderr]    Compiling zeroize v1.9.1
[INFO] [stderr]    Compiling getrandom v0.2.17
[INFO] [stderr]    Compiling cranelift-isle v0.91.1
[INFO] [stderr]    Compiling zerovec-derive v0.11.6
[INFO] [stderr]    Compiling darling_core v0.21.3
[INFO] [stderr]    Compiling rend v0.4.2
[INFO] [stderr]    Compiling yoke-derive v0.8.4
[INFO] [stderr]    Compiling clang-sys v1.9.1
[INFO] [stderr]    Compiling zerofrom v0.1.8
[INFO] [stderr]    Compiling cranelift-codegen-shared v0.91.1
[INFO] [stderr]    Compiling rustix v0.38.44
[INFO] [stderr]    Compiling untrusted v0.9.0
[INFO] [stderr]    Compiling rkyv v0.7.46
[INFO] [stderr]    Compiling cranelift-codegen-meta v0.91.1
[INFO] [stderr]    Compiling corosensei v0.1.4
[INFO] [stderr]    Compiling rustls v0.23.46
[INFO] [stderr]    Compiling ahash v0.7.8
[INFO] [stderr]    Compiling either v1.19.0
[INFO] [stderr]    Compiling leb128 v0.2.7
[INFO] [stderr]    Compiling percent-encoding v2.3.2
[INFO] [stderr]    Compiling rustls-pki-types v1.15.1
[INFO] [stderr]    Compiling linux-raw-sys v0.4.15
[INFO] [stderr]    Compiling cranelift-entity v0.91.1
[INFO] [stderr]    Compiling regex-syntax v0.8.11
[INFO] [stderr]    Compiling bitflags v2.13.2
[INFO] [stderr]    Compiling form_urlencoded v1.2.2
[INFO] [stderr]    Compiling nom v7.1.3
[INFO] [stderr]    Compiling hashbrown v0.12.3
[INFO] [stderr]    Compiling flate2 v1.1.10
[INFO] [stderr]    Compiling object v0.37.3
[INFO] [stderr]    Compiling proc-macro-error-attr v1.0.4
[INFO] [stderr]    Compiling libloading v0.8.9
[INFO] [stderr]    Compiling zip v2.6.1
[INFO] [stderr]    Compiling xxhash-rust v0.8.19
[INFO] [stderr]    Compiling yoke v0.8.3
[INFO] [stderr]    Compiling slice-group-by v0.3.1
[INFO] [stderr]    Compiling webpki-roots v1.0.9
[INFO] [stderr]    Compiling subtle v2.6.1
[INFO] [stderr]    Compiling fallible-iterator v0.2.0
[INFO] [stderr]    Compiling bindgen v0.69.5
[INFO] [stderr]    Compiling home v0.5.12
[INFO] [stderr]    Compiling region v3.0.2
[INFO] [stderr]    Compiling webpki-roots v0.26.11
[INFO] [stderr]    Compiling zerotrie v0.2.5
[INFO] [stderr]    Compiling regalloc2 v0.5.1
[INFO] [stderr]    Compiling dashmap v6.2.1
[INFO] [stderr]    Compiling cranelift-bforest v0.91.1
[INFO] [stderr]    Compiling zerovec v0.11.8
[INFO] [stderr]    Compiling itertools v0.12.1
[INFO] [stderr]    Compiling tinystr v0.8.4
[INFO] [stderr]    Compiling potential_utf v0.1.6
[INFO] [stderr]    Compiling icu_collections v2.3.0
[INFO] [stderr]    Compiling icu_locale_core v2.3.0
[INFO] [stderr]    Compiling regex-automata v0.4.18
[INFO] [stderr]    Compiling prettyplease v0.2.37
[INFO] [stderr]    Compiling gimli v0.26.2
[INFO] [stderr]    Compiling cranelift-egraph v0.91.1
[INFO] [stderr]    Compiling cexpr v0.6.0
[INFO] [stderr]    Compiling crossbeam-queue v0.3.14
[INFO] [stderr]    Compiling memmap2 v0.6.2
[INFO] [stderr]    Compiling proc-macro-error v1.0.4
[INFO] [stderr]    Compiling semver v1.0.28
[INFO] [stderr]    Compiling lazy_static v1.5.1
[INFO] [stderr]    Compiling icu_provider v2.3.1
[INFO] [stderr]    Compiling which v4.4.2
[INFO] [stderr]    Compiling arrayvec v0.7.8
[INFO] [stderr]    Compiling icu_normalizer v2.3.0
[INFO] [stderr]    Compiling icu_properties v2.3.0
[INFO] [stderr]    Compiling base64 v0.22.1
[INFO] [stderr]    Compiling lazycell v1.3.0
[INFO] [stderr]    Compiling wasmparser v0.121.2
[INFO] [stderr]    Compiling shared-buffer v0.1.4
[INFO] [stderr]    Compiling wasm-encoder v0.32.0
[INFO] [stderr]    Compiling memmap2 v0.5.10
[INFO] [stderr]    Compiling darling_macro v0.21.3
[INFO] [stderr]    Compiling hc-wasmer-compiler-cranelift v4.3.6-hc.1
[INFO] [stderr]    Compiling cranelift-codegen v0.91.1
[INFO] [stderr]    Compiling darling v0.21.3
[INFO] [stderr]    Compiling enumset_derive v0.15.0
[INFO] [stderr]    Compiling regex v1.13.1
[INFO] [stderr]    Compiling wast v64.0.0
[INFO] [stderr]    Compiling rustls-webpki v0.103.15
[INFO] [stderr]    Compiling idna_adapter v1.2.2
[INFO] [stderr]    Compiling idna v1.1.0
[INFO] [stderr]    Compiling enumset v1.1.14
[INFO] [stderr]    Compiling url v2.5.8
[INFO] [stderr]    Compiling ptr_meta_derive v0.1.4
[INFO] [stderr]    Compiling bytecheck_derive v0.6.12
[INFO] [stderr]    Compiling enum-iterator-derive v0.7.0
[INFO] [stderr]    Compiling rkyv_derive v0.7.46
[INFO] [stderr]    Compiling derivative v2.2.0
[INFO] [stderr]    Compiling hc-wasmer-derive v4.3.6-hc.1
[INFO] [stderr]    Compiling ptr_meta v0.1.4
[INFO] [stderr]    Compiling enum-iterator v0.7.0
[INFO] [stderr]    Compiling bytecheck v0.6.12
[INFO] [stderr]    Compiling backtrace v0.3.76
[INFO] [stderr]    Compiling ureq v2.12.1
[INFO] [stderr]    Compiling wat v1.0.71
[INFO] [stderr]    Compiling hc-wasmer v4.3.6-hc.1 (/opt/rustwide/workdir)
[INFO] [stdout] warning: constant `WAMR_ZIP` is never used
[INFO] [stdout]  --> build.rs:1:7
[INFO] [stdout]   |
[INFO] [stdout] 1 | const WAMR_ZIP: &str = "https://github.com/bytecodealliance/wasm-micro-runtime/archive/refs/tags/WAMR-2.1.0.zip";
[INFO] [stdout]   |       ^^^^^^^^
[INFO] [stdout]   |
[INFO] [stdout]   = note: `#[warn(dead_code)]` (part of `#[warn(unused)]`) on by default
[INFO] [stdout] 
[INFO] [stdout] 
[INFO] [stdout] warning: constant `WAMR_DIR` is never used
[INFO] [stdout]  --> build.rs:2:7
[INFO] [stdout]   |
[INFO] [stdout] 2 | const WAMR_DIR: &str = "wasm-micro-runtime-WAMR-2.1.0";
[INFO] [stdout]   |       ^^^^^^^^
[INFO] [stdout] 
[INFO] [stdout] 
[INFO] [stderr]    Compiling hc-wasmer-types v4.3.6-hc.1
[INFO] [stderr]    Compiling hc-wasmer-vm v4.3.6-hc.1
[INFO] [stderr]    Compiling hc-wasmer-compiler v4.3.6-hc.1
[INFO] [stderr]    Compiling cranelift-frontend v0.91.1
[INFO] [stdout] warning: lint `deprecated_cfg_attr_crate_type_name` has been removed: converted into hard error, see issue #91632 <https://github.com/rust-lang/rust/issues/91632> for more information
[INFO] [stdout]   --> src/lib.rs:22:10
[INFO] [stdout]    |
[INFO] [stdout] 22 | #![allow(deprecated_cfg_attr_crate_type_name)]
[INFO] [stdout]    |          ^^^^^^^^^^^^^^^^^^^^^^^^^^^^^^^^^^^
[INFO] [stdout]    |
[INFO] [stdout]    = note: `#[warn(renamed_and_removed_lints)]` on by default
[INFO] [stdout] 
[INFO] [stdout] 
[INFO] [stdout] warning: unnecessary parentheses around closure body
[INFO] [stdout]   --> src/imports.rs:78:38
[INFO] [stdout]    |
[INFO] [stdout] 78 |         self.map.keys().any(|(k, _)| (k == name))
[INFO] [stdout]    |                                      ^         ^
[INFO] [stdout]    |
[INFO] [stdout]    = note: `#[warn(unused_parens)]` (part of `#[warn(unused)]`) on by default
[INFO] [stdout] help: remove these parentheses
[INFO] [stdout]    |
[INFO] [stdout] 78 -         self.map.keys().any(|(k, _)| (k == name))
[INFO] [stdout] 78 +         self.map.keys().any(|(k, _)| k == name)
[INFO] [stdout]    |
[INFO] [stdout] 
[INFO] [stdout] 
[INFO] [stdout] warning: hiding a lifetime that's elided elsewhere is confusing
[INFO] [stdout]    --> src/engine.rs:116:22
[INFO] [stdout]     |
[INFO] [stdout] 116 |     fn as_engine_ref(&self) -> EngineRef {
[INFO] [stdout]     |                      ^^^^^     ^^^^^^^^^ the same lifetime is hidden here
[INFO] [stdout]     |                      |
[INFO] [stdout]     |                      the lifetime is elided here
[INFO] [stdout]     |
[INFO] [stdout]     = help: the same lifetime is referred to in inconsistent ways, making the signature confusing
[INFO] [stdout]     = note: `#[warn(mismatched_lifetime_syntaxes)]` on by default
[INFO] [stdout] help: use `'_` for type paths
[INFO] [stdout]     |
[INFO] [stdout] 116 |     fn as_engine_ref(&self) -> EngineRef<'_> {
[INFO] [stdout]     |                                         ++++
[INFO] [stdout] 
[INFO] [stdout] 
[INFO] [stdout] warning: hiding a lifetime that's elided elsewhere is confusing
[INFO] [stdout]    --> src/exports.rs:177:17
[INFO] [stdout]     |
[INFO] [stdout] 177 |     pub fn iter(&self) -> ExportsIterator<impl Iterator<Item = (&String, &Extern)>> {
[INFO] [stdout]     |                 ^^^^^     ^^^^^^^^^^^^^^^^^^^^^^^^^^^^^^^^^^^^^^^^^^^^^^^^^^^^^^^^^
[INFO] [stdout]     |                 |         |                                     |        |
[INFO] [stdout]     |                 |         |                                     |        the same lifetime is elided here
[INFO] [stdout]     |                 |         |                                     the same lifetime is elided here
[INFO] [stdout]     |                 |         the same lifetime is hidden here
[INFO] [stdout]     |                 the lifetime is elided here
[INFO] [stdout]     |
[INFO] [stdout]     = help: the same lifetime is referred to in inconsistent ways, making the signature confusing
[INFO] [stdout] help: use `'_` for type paths
[INFO] [stdout]     |
[INFO] [stdout] 177 |     pub fn iter(&self) -> ExportsIterator<'_, impl Iterator<Item = (&String, &Extern)>> {
[INFO] [stdout]     |                                           +++
[INFO] [stdout] 
[INFO] [stdout] 
[INFO] [stdout] warning: hiding a lifetime that's elided elsewhere is confusing
[INFO] [stdout]   --> src/function_env.rs:64:34
[INFO] [stdout]    |
[INFO] [stdout] 64 |     pub fn into_mut(self, store: &mut impl AsStoreMut) -> FunctionEnvMut<T>
[INFO] [stdout]    |                                  ^^^^^^^^^^^^^^^^^^^^     ^^^^^^^^^^^^^^^^^ the same lifetime is hidden here
[INFO] [stdout]    |                                  |
[INFO] [stdout]    |                                  the lifetime is elided here
[INFO] [stdout]    |
[INFO] [stdout]    = help: the same lifetime is referred to in inconsistent ways, making the signature confusing
[INFO] [stdout] help: use `'_` for type paths
[INFO] [stdout]    |
[INFO] [stdout] 64 |     pub fn into_mut(self, store: &mut impl AsStoreMut) -> FunctionEnvMut<'_, T>
[INFO] [stdout]    |                                                                          +++
[INFO] [stdout] 
[INFO] [stdout] 
[INFO] [stdout] warning: hiding a lifetime that's elided elsewhere is confusing
[INFO] [stdout]    --> src/function_env.rs:139:31
[INFO] [stdout]     |
[INFO] [stdout] 139 |     pub fn data_and_store_mut(&mut self) -> (&mut T, StoreMut) {
[INFO] [stdout]     |                               ^^^^^^^^^      ^^^^^^  ^^^^^^^^ the same lifetime is hidden here
[INFO] [stdout]     |                               |              |
[INFO] [stdout]     |                               |              the same lifetime is elided here
[INFO] [stdout]     |                               the lifetime is elided here
[INFO] [stdout]     |
[INFO] [stdout]     = help: the same lifetime is referred to in inconsistent ways, making the signature confusing
[INFO] [stdout] help: use `'_` for type paths
[INFO] [stdout]     |
[INFO] [stdout] 139 |     pub fn data_and_store_mut(&mut self) -> (&mut T, StoreMut<'_>) {
[INFO] [stdout]     |                                                              ++++
[INFO] [stdout] 
[INFO] [stdout] 
[INFO] [stderr]     Finished `release` profile [optimized] target(s) in 2m 22s
[INFO] running `Command { std: "docker" "inspect" "2d14de17ec92efef3134ad20b79cc591a1cd465603d43d6868c91fe50134582b", kill_on_drop: false }`
[INFO] running `Command { std: "docker" "exec" "-e" "SOURCE_DIR=/opt/rustwide/workdir" "-e" "CARGO_HOME=/opt/rustwide/cargo-home" "-e" "RUSTUP_HOME=/opt/rustwide/rustup-home" "-e" "CARGO_TARGET_DIR=/opt/rustwide/target" "-e" "CARGO_INCREMENTAL=0" "-e" "RUST_BACKTRACE=full" "-e" "RUSTFLAGS=--cap-lints=warn" "-e" "RUSTDOCFLAGS=--cap-lints=warn" "-w" "/opt/rustwide/workdir" "--user" "0:0" "2d14de17ec92efef3134ad20b79cc591a1cd465603d43d6868c91fe50134582b" "/opt/rustwide/cargo-home/bin/cargo" "+1.100.0-beta.1" "test" "--frozen" "--no-run" "--message-format=json" "--release", kill_on_drop: false }`
[INFO] [stderr]    Compiling proc-macro-hack v0.5.20+deprecated
[INFO] [stderr]    Compiling wasmparser v0.121.2
[INFO] [stdout] warning: constant `WAMR_ZIP` is never used
[INFO] [stdout]  --> build.rs:1:7
[INFO] [stdout]   |
[INFO] [stdout] 1 | const WAMR_ZIP: &str = "https://github.com/bytecodealliance/wasm-micro-runtime/archive/refs/tags/WAMR-2.1.0.zip";
[INFO] [stdout]   |       ^^^^^^^^
[INFO] [stdout]   |
[INFO] [stdout]   = note: `#[warn(dead_code)]` (part of `#[warn(unused)]`) on by default
[INFO] [stdout] 
[INFO] [stdout] 
[INFO] [stdout] warning: constant `WAMR_DIR` is never used
[INFO] [stdout]  --> build.rs:2:7
[INFO] [stdout]   |
[INFO] [stdout] 2 | const WAMR_DIR: &str = "wasm-micro-runtime-WAMR-2.1.0";
[INFO] [stdout]   |       ^^^^^^^^
[INFO] [stdout] 
[INFO] [stdout] 
[INFO] [stderr]    Compiling tempfile v3.27.0
[INFO] [stderr]    Compiling proc-quote-impl v0.3.2
[INFO] [stderr]    Compiling proc-quote v0.4.0
[INFO] [stderr]    Compiling macro-wasmer-universal-test v4.4.0
[INFO] [stderr]    Compiling hc-wasmer-compiler v4.3.6-hc.1
[INFO] [stderr]    Compiling hc-wasmer-compiler-cranelift v4.3.6-hc.1
[INFO] [stderr]    Compiling hc-wasmer v4.3.6-hc.1 (/opt/rustwide/workdir)
[INFO] [stdout] warning: lint `deprecated_cfg_attr_crate_type_name` has been removed: converted into hard error, see issue #91632 <https://github.com/rust-lang/rust/issues/91632> for more information
[INFO] [stdout]   --> src/lib.rs:22:10
[INFO] [stdout]    |
[INFO] [stdout] 22 | #![allow(deprecated_cfg_attr_crate_type_name)]
[INFO] [stdout]    |          ^^^^^^^^^^^^^^^^^^^^^^^^^^^^^^^^^^^
[INFO] [stdout]    |
[INFO] [stdout]    = note: `#[warn(renamed_and_removed_lints)]` on by default
[INFO] [stdout] 
[INFO] [stdout] 
[INFO] [stdout] warning: unnecessary parentheses around closure body
[INFO] [stdout]   --> src/imports.rs:78:38
[INFO] [stdout]    |
[INFO] [stdout] 78 |         self.map.keys().any(|(k, _)| (k == name))
[INFO] [stdout]    |                                      ^         ^
[INFO] [stdout]    |
[INFO] [stdout]    = note: `#[warn(unused_parens)]` (part of `#[warn(unused)]`) on by default
[INFO] [stdout] help: remove these parentheses
[INFO] [stdout]    |
[INFO] [stdout] 78 -         self.map.keys().any(|(k, _)| (k == name))
[INFO] [stdout] 78 +         self.map.keys().any(|(k, _)| k == name)
[INFO] [stdout]    |
[INFO] [stdout] 
[INFO] [stdout] 
[INFO] [stdout] warning: lint `deprecated_cfg_attr_crate_type_name` has been removed: converted into hard error, see issue #91632 <https://github.com/rust-lang/rust/issues/91632> for more information
[INFO] [stdout]   --> src/lib.rs:22:10
[INFO] [stdout]    |
[INFO] [stdout] 22 | #![allow(deprecated_cfg_attr_crate_type_name)]
[INFO] [stdout]    |          ^^^^^^^^^^^^^^^^^^^^^^^^^^^^^^^^^^^
[INFO] [stdout]    |
[INFO] [stdout]    = note: `#[warn(renamed_and_removed_lints)]` on by default
[INFO] [stdout] 
[INFO] [stdout] 
[INFO] [stdout] warning: unnecessary parentheses around closure body
[INFO] [stdout]   --> src/imports.rs:78:38
[INFO] [stdout]    |
[INFO] [stdout] 78 |         self.map.keys().any(|(k, _)| (k == name))
[INFO] [stdout]    |                                      ^         ^
[INFO] [stdout]    |
[INFO] [stdout]    = note: `#[warn(unused_parens)]` (part of `#[warn(unused)]`) on by default
[INFO] [stdout] help: remove these parentheses
[INFO] [stdout]    |
[INFO] [stdout] 78 -         self.map.keys().any(|(k, _)| (k == name))
[INFO] [stdout] 78 +         self.map.keys().any(|(k, _)| k == name)
[INFO] [stdout]    |
[INFO] [stdout] 
[INFO] [stdout] 
[INFO] [stdout] warning: hiding a lifetime that's elided elsewhere is confusing
[INFO] [stdout]    --> src/engine.rs:116:22
[INFO] [stdout]     |
[INFO] [stdout] 116 |     fn as_engine_ref(&self) -> EngineRef {
[INFO] [stdout]     |                      ^^^^^     ^^^^^^^^^ the same lifetime is hidden here
[INFO] [stdout]     |                      |
[INFO] [stdout]     |                      the lifetime is elided here
[INFO] [stdout]     |
[INFO] [stdout]     = help: the same lifetime is referred to in inconsistent ways, making the signature confusing
[INFO] [stdout]     = note: `#[warn(mismatched_lifetime_syntaxes)]` on by default
[INFO] [stdout] help: use `'_` for type paths
[INFO] [stdout]     |
[INFO] [stdout] 116 |     fn as_engine_ref(&self) -> EngineRef<'_> {
[INFO] [stdout]     |                                         ++++
[INFO] [stdout] 
[INFO] [stdout] 
[INFO] [stdout] warning: hiding a lifetime that's elided elsewhere is confusing
[INFO] [stdout]    --> src/exports.rs:177:17
[INFO] [stdout]     |
[INFO] [stdout] 177 |     pub fn iter(&self) -> ExportsIterator<impl Iterator<Item = (&String, &Extern)>> {
[INFO] [stdout]     |                 ^^^^^     ^^^^^^^^^^^^^^^^^^^^^^^^^^^^^^^^^^^^^^^^^^^^^^^^^^^^^^^^^
[INFO] [stdout]     |                 |         |                                     |        |
[INFO] [stdout]     |                 |         |                                     |        the same lifetime is elided here
[INFO] [stdout]     |                 |         |                                     the same lifetime is elided here
[INFO] [stdout]     |                 |         the same lifetime is hidden here
[INFO] [stdout]     |                 the lifetime is elided here
[INFO] [stdout]     |
[INFO] [stdout]     = help: the same lifetime is referred to in inconsistent ways, making the signature confusing
[INFO] [stdout] help: use `'_` for type paths
[INFO] [stdout]     |
[INFO] [stdout] 177 |     pub fn iter(&self) -> ExportsIterator<'_, impl Iterator<Item = (&String, &Extern)>> {
[INFO] [stdout]     |                                           +++
[INFO] [stdout] 
[INFO] [stdout] 
[INFO] [stdout] warning: hiding a lifetime that's elided elsewhere is confusing
[INFO] [stdout]   --> src/function_env.rs:64:34
[INFO] [stdout]    |
[INFO] [stdout] 64 |     pub fn into_mut(self, store: &mut impl AsStoreMut) -> FunctionEnvMut<T>
[INFO] [stdout]    |                                  ^^^^^^^^^^^^^^^^^^^^     ^^^^^^^^^^^^^^^^^ the same lifetime is hidden here
[INFO] [stdout]    |                                  |
[INFO] [stdout]    |                                  the lifetime is elided here
[INFO] [stdout]    |
[INFO] [stdout]    = help: the same lifetime is referred to in inconsistent ways, making the signature confusing
[INFO] [stdout] help: use `'_` for type paths
[INFO] [stdout]    |
[INFO] [stdout] 64 |     pub fn into_mut(self, store: &mut impl AsStoreMut) -> FunctionEnvMut<'_, T>
[INFO] [stdout]    |                                                                          +++
[INFO] [stdout] 
[INFO] [stdout] 
[INFO] [stdout] warning: hiding a lifetime that's elided elsewhere is confusing
[INFO] [stdout]    --> src/function_env.rs:139:31
[INFO] [stdout]     |
[INFO] [stdout] 139 |     pub fn data_and_store_mut(&mut self) -> (&mut T, StoreMut) {
[INFO] [stdout]     |                               ^^^^^^^^^      ^^^^^^  ^^^^^^^^ the same lifetime is hidden here
[INFO] [stdout]     |                               |              |
[INFO] [stdout]     |                               |              the same lifetime is elided here
[INFO] [stdout]     |                               the lifetime is elided here
[INFO] [stdout]     |
[INFO] [stdout]     = help: the same lifetime is referred to in inconsistent ways, making the signature confusing
[INFO] [stdout] help: use `'_` for type paths
[INFO] [stdout]     |
[INFO] [stdout] 139 |     pub fn data_and_store_mut(&mut self) -> (&mut T, StoreMut<'_>) {
[INFO] [stdout]     |                                                              ++++
[INFO] [stdout] 
[INFO] [stdout] 
[INFO] [stdout] error[E0432]: unresolved import `wasmer`
[INFO] [stdout]  --> tests/typed_functions.rs:2:5
[INFO] [stdout]   |
[INFO] [stdout] 2 | use wasmer::*;
[INFO] [stdout]   |     ^^^^^^ use of unresolved module or unlinked crate `wasmer`
[INFO] [stdout]   |
[INFO] [stdout]   = help: if you wanted to use a crate named `wasmer`, use `cargo add wasmer` to add it to your `Cargo.toml`
[INFO] [stdout] 
[INFO] [stdout] 
[INFO] [stdout] error[E0432]: unresolved import `wasmer`
[INFO] [stdout]  --> tests/instance.rs:5:5
[INFO] [stdout]   |
[INFO] [stdout] 5 | use wasmer::*;
[INFO] [stdout]   |     ^^^^^^ use of unresolved module or unlinked crate `wasmer`
[INFO] [stdout]   |
[INFO] [stdout]   = help: if you wanted to use a crate named `wasmer`, use `cargo add wasmer` to add it to your `Cargo.toml`
[INFO] [stdout] 
[INFO] [stdout] 
[INFO] [stdout] error[E0432]: unresolved import `wasmer`
[INFO] [stdout]  --> tests/function_env.rs:5:5
[INFO] [stdout]   |
[INFO] [stdout] 5 | use wasmer::*;
[INFO] [stdout]   |     ^^^^^^ use of unresolved module or unlinked crate `wasmer`
[INFO] [stdout]   |
[INFO] [stdout]   = help: if you wanted to use a crate named `wasmer`, use `cargo add wasmer` to add it to your `Cargo.toml`
[INFO] [stdout] 
[INFO] [stdout] 
[INFO] [stdout] error[E0432]: unresolved import `wasmer`
[INFO] [stdout]  --> tests/memory.rs:5:5
[INFO] [stdout]   |
[INFO] [stdout] 5 | use wasmer::{imports, Instance, Memory, MemoryLocation, MemoryType, Module, Store};
[INFO] [stdout]   |     ^^^^^^ use of unresolved module or unlinked crate `wasmer`
[INFO] [stdout]   |
[INFO] [stdout]   = help: if you wanted to use a crate named `wasmer`, use `cargo add wasmer` to add it to your `Cargo.toml`
[INFO] [stdout] 
[INFO] [stdout] 
[INFO] [stdout] error[E0432]: unresolved import `wasmer`
[INFO] [stdout]   --> tests/memory.rs:67:9
[INFO] [stdout]    |
[INFO] [stdout] 67 |     use wasmer::AtomicsError;
[INFO] [stdout]    |         ^^^^^^ use of unresolved module or unlinked crate `wasmer`
[INFO] [stdout]    |
[INFO] [stdout]    = help: if you wanted to use a crate named `wasmer`, use `cargo add wasmer` to add it to your `Cargo.toml`
[INFO] [stdout] 
[INFO] [stdout] 
[INFO] [stdout] error[E0432]: unresolved import `wasmer`
[INFO] [stdout]  --> tests/import_function.rs:6:5
[INFO] [stdout]   |
[INFO] [stdout] 6 | use wasmer::*;
[INFO] [stdout]   |     ^^^^^^ use of unresolved module or unlinked crate `wasmer`
[INFO] [stdout]   |
[INFO] [stdout]   = help: if you wanted to use a crate named `wasmer`, use `cargo add wasmer` to add it to your `Cargo.toml`
[INFO] [stdout] 
[INFO] [stdout] 
[INFO] [stdout] warning: method call on a diverging inference variable
[INFO] [stdout]   --> tests/memory.rs:37:20
[INFO] [stdout]    |
[INFO] [stdout] 37 |     let mem2 = mem.clone();
[INFO] [stdout]    |                    ^^^^^
[INFO] [stdout]    |
[INFO] [stdout]    = help: consider providing a type annotation
[INFO] [stdout]    = warning: this was previously accepted by the compiler but is being phased out; it will become a hard error in a future release!
[INFO] [stdout]    = note: for more information, see issue #156047 <https://github.com/rust-lang/rust/issues/156047>
[INFO] [stdout]    = note: `#[warn(method_call_on_diverging_infer_var)]` (part of `#[warn(future_incompatible)]`) on by default
[INFO] [stdout] 
[INFO] [stdout] 
[INFO] [stdout] warning: unreachable statement
[INFO] [stdout]   --> tests/memory.rs:38:5
[INFO] [stdout]    |
[INFO] [stdout] 37 |       let mem2 = mem.clone();
[INFO] [stdout]    |                  ----------- any code following this expression is unreachable
[INFO] [stdout] 38 | /     std::thread::spawn(move || loop {
[INFO] [stdout] 39 | |         if mem2.notify(MemoryLocation::new_32(10), 1).unwrap() > 0 {
[INFO] [stdout] 40 | |             break;
[INFO] [stdout] 41 | |         }
[INFO] [stdout] 42 | |     });
[INFO] [stdout]    | |_______^ unreachable statement
[INFO] [stdout]    |
[INFO] [stdout]    = note: `#[warn(unreachable_code)]` (part of `#[warn(unused)]`) on by default
[INFO] [stdout] 
[INFO] [stdout] 
[INFO] [stdout] warning: method call on a diverging inference variable
[INFO] [stdout]   --> tests/memory.rs:39:17
[INFO] [stdout]    |
[INFO] [stdout] 39 |         if mem2.notify(MemoryLocation::new_32(10), 1).unwrap() > 0 {
[INFO] [stdout]    |                 ^^^^^^
[INFO] [stdout]    |
[INFO] [stdout]    = help: consider providing a type annotation
[INFO] [stdout]    = warning: this was previously accepted by the compiler but is being phased out; it will become a hard error in a future release!
[INFO] [stdout]    = note: for more information, see issue #156047 <https://github.com/rust-lang/rust/issues/156047>
[INFO] [stdout] 
[INFO] [stdout] 
[INFO] [stdout] error[E0432]: unresolved import `wasmer`
[INFO] [stdout]   --> tests/reference_types.rs:10:9
[INFO] [stdout]    |
[INFO] [stdout] 10 |     use wasmer::*;
[INFO] [stdout]    |         ^^^^^^ use of unresolved module or unlinked crate `wasmer`
[INFO] [stdout]    |
[INFO] [stdout]    = help: if you wanted to use a crate named `wasmer`, use `cargo add wasmer` to add it to your `Cargo.toml`
[INFO] [stdout] 
[INFO] [stdout] 
[INFO] [stdout] error[E0432]: unresolved import `wasmer`
[INFO] [stdout]  --> tests/module.rs:5:5
[INFO] [stdout]   |
[INFO] [stdout] 5 | use wasmer::*;
[INFO] [stdout]   |     ^^^^^^ use of unresolved module or unlinked crate `wasmer`
[INFO] [stdout]   |
[INFO] [stdout]   = help: if you wanted to use a crate named `wasmer`, use `cargo add wasmer` to add it to your `Cargo.toml`
[INFO] [stdout] 
[INFO] [stdout] 
[INFO] [stdout] error: cannot find macro `imports` in this scope
[INFO] [stdout]   --> tests/typed_functions.rs:58:25
[INFO] [stdout]    |
[INFO] [stdout] 58 |     let import_object = imports! {
[INFO] [stdout]    |                         ^^^^^^^
[INFO] [stdout] 
[INFO] [stdout] 
[INFO] [stdout] error[E0432]: unresolved import `wasmer`
[INFO] [stdout]  --> tests/externals.rs:5:5
[INFO] [stdout]   |
[INFO] [stdout] 5 | use wasmer::*;
[INFO] [stdout]   |     ^^^^^^ use of unresolved module or unlinked crate `wasmer`
[INFO] [stdout]   |
[INFO] [stdout]   = help: if you wanted to use a crate named `wasmer`, use `cargo add wasmer` to add it to your `Cargo.toml`
[INFO] [stdout] 
[INFO] [stdout] 
[INFO] [stdout] error: cannot find macro `imports` in this scope
[INFO] [stdout]    --> tests/typed_functions.rs:140:25
[INFO] [stdout]     |
[INFO] [stdout] 140 |     let import_object = imports! {
[INFO] [stdout]     |                         ^^^^^^^
[INFO] [stdout] 
[INFO] [stdout] 
[INFO] [stdout] warning: hiding a lifetime that's elided elsewhere is confusing
[INFO] [stdout]    --> src/engine.rs:116:22
[INFO] [stdout]     |
[INFO] [stdout] 116 |     fn as_engine_ref(&self) -> EngineRef {
[INFO] [stdout]     |                      ^^^^^     ^^^^^^^^^ the same lifetime is hidden here
[INFO] [stdout]     |                      |
[INFO] [stdout]     |                      the lifetime is elided here
[INFO] [stdout]     |
[INFO] [stdout]     = help: the same lifetime is referred to in inconsistent ways, making the signature confusing
[INFO] [stdout]     = note: `#[warn(mismatched_lifetime_syntaxes)]` on by default
[INFO] [stdout] help: use `'_` for type paths
[INFO] [stdout]     |
[INFO] [stdout] 116 |     fn as_engine_ref(&self) -> EngineRef<'_> {
[INFO] [stdout]     |                                         ++++
[INFO] [stdout] 
[INFO] [stdout] 
[INFO] [stdout] error: cannot find macro `imports` in this scope
[INFO] [stdout]   --> tests/import_function.rs:21:9
[INFO] [stdout]    |
[INFO] [stdout] 21 |         imports! {
[INFO] [stdout]    |         ^^^^^^^
[INFO] [stdout] 
[INFO] [stdout] 
[INFO] [stdout] warning: hiding a lifetime that's elided elsewhere is confusing
[INFO] [stdout]    --> src/exports.rs:177:17
[INFO] [stdout]     |
[INFO] [stdout] 177 |     pub fn iter(&self) -> ExportsIterator<impl Iterator<Item = (&String, &Extern)>> {
[INFO] [stdout]     |                 ^^^^^     ^^^^^^^^^^^^^^^^^^^^^^^^^^^^^^^^^^^^^^^^^^^^^^^^^^^^^^^^^
[INFO] [stdout]     |                 |         |                                     |        |
[INFO] [stdout]     |                 |         |                                     |        the same lifetime is elided here
[INFO] [stdout]     |                 |         |                                     the same lifetime is elided here
[INFO] [stdout]     |                 |         the same lifetime is hidden here
[INFO] [stdout]     |                 the lifetime is elided here
[INFO] [stdout]     |
[INFO] [stdout]     = help: the same lifetime is referred to in inconsistent ways, making the signature confusing
[INFO] [stdout] help: use `'_` for type paths
[INFO] [stdout]     |
[INFO] [stdout] 177 |     pub fn iter(&self) -> ExportsIterator<'_, impl Iterator<Item = (&String, &Extern)>> {
[INFO] [stdout]     |                                           +++
[INFO] [stdout] 
[INFO] [stdout] 
[INFO] [stdout] warning: hiding a lifetime that's elided elsewhere is confusing
[INFO] [stdout]   --> src/function_env.rs:64:34
[INFO] [stdout]    |
[INFO] [stdout] 64 |     pub fn into_mut(self, store: &mut impl AsStoreMut) -> FunctionEnvMut<T>
[INFO] [stdout]    |                                  ^^^^^^^^^^^^^^^^^^^^     ^^^^^^^^^^^^^^^^^ the same lifetime is hidden here
[INFO] [stdout]    |                                  |
[INFO] [stdout]    |                                  the lifetime is elided here
[INFO] [stdout]    |
[INFO] [stdout]    = help: the same lifetime is referred to in inconsistent ways, making the signature confusing
[INFO] [stdout] help: use `'_` for type paths
[INFO] [stdout]    |
[INFO] [stdout] 64 |     pub fn into_mut(self, store: &mut impl AsStoreMut) -> FunctionEnvMut<'_, T>
[INFO] [stdout]    |                                                                          +++
[INFO] [stdout] 
[INFO] [stdout] 
[INFO] [stdout] warning: hiding a lifetime that's elided elsewhere is confusing
[INFO] [stdout]    --> src/function_env.rs:139:31
[INFO] [stdout]     |
[INFO] [stdout] 139 |     pub fn data_and_store_mut(&mut self) -> (&mut T, StoreMut) {
[INFO] [stdout]     |                               ^^^^^^^^^      ^^^^^^  ^^^^^^^^ the same lifetime is hidden here
[INFO] [stdout]     |                               |              |
[INFO] [stdout]     |                               |              the same lifetime is elided here
[INFO] [stdout]     |                               the lifetime is elided here
[INFO] [stdout]     |
[INFO] [stdout]     = help: the same lifetime is referred to in inconsistent ways, making the signature confusing
[INFO] [stdout] help: use `'_` for type paths
[INFO] [stdout]     |
[INFO] [stdout] 139 |     pub fn data_and_store_mut(&mut self) -> (&mut T, StoreMut<'_>) {
[INFO] [stdout]     |                                                              ++++
[INFO] [stdout] 
[INFO] [stdout] 
[INFO] [stdout] error: cannot find macro `imports` in this scope
[INFO] [stdout]   --> tests/import_function.rs:63:9
[INFO] [stdout]    |
[INFO] [stdout] 63 |         imports! {
[INFO] [stdout]    |         ^^^^^^^
[INFO] [stdout] 
[INFO] [stdout] 
[INFO] [stdout] error: cannot find macro `imports` in this scope
[INFO] [stdout]    --> tests/import_function.rs:102:19
[INFO] [stdout]     |
[INFO] [stdout] 102 |     let imports = imports! {
[INFO] [stdout]     |                   ^^^^^^^
[INFO] [stdout] 
[INFO] [stdout] 
[INFO] [stdout] error: cannot find macro `imports` in this scope
[INFO] [stdout]   --> tests/reference_types.rs:31:23
[INFO] [stdout]    |
[INFO] [stdout] 31 |         let imports = imports! {
[INFO] [stdout]    |                       ^^^^^^^
[INFO] [stdout] 
[INFO] [stdout] 
[INFO] [stdout] error: cannot find macro `imports` in this scope
[INFO] [stdout]    --> tests/module.rs:194:19
[INFO] [stdout]     |
[INFO] [stdout] 194 |     let imports = imports! {
[INFO] [stdout]     |                   ^^^^^^^
[INFO] [stdout]     |
[INFO] [stdout]     = note: `imports` is in scope, but it is a function, not a macro
[INFO] [stdout] 
[INFO] [stdout] 
[INFO] [stdout] error: cannot find macro `imports` in this scope
[INFO] [stdout]    --> tests/import_function.rs:139:25
[INFO] [stdout]     |
[INFO] [stdout] 139 |     let import_object = imports! {
[INFO] [stdout]     |                         ^^^^^^^
[INFO] [stdout] 
[INFO] [stdout] 
[INFO] [stdout] error: cannot find macro `imports` in this scope
[INFO] [stdout]   --> tests/reference_types.rs:95:23
[INFO] [stdout]    |
[INFO] [stdout] 95 |         let imports = imports! {
[INFO] [stdout]    |                       ^^^^^^^
[INFO] [stdout] 
[INFO] [stdout] 
[INFO] [stdout] error: cannot find macro `imports` in this scope
[INFO] [stdout]    --> tests/reference_types.rs:154:23
[INFO] [stdout]     |
[INFO] [stdout] 154 |         let imports = imports! {
[INFO] [stdout]     |                       ^^^^^^^
[INFO] [stdout] 
[INFO] [stdout] 
[INFO] [stdout] error: cannot find macro `imports` in this scope
[INFO] [stdout]    --> tests/reference_types.rs:232:60
[INFO] [stdout]     |
[INFO] [stdout] 232 |         let instance = Instance::new(&mut store, &module, &imports! {})?;
[INFO] [stdout]     |                                                            ^^^^^^^
[INFO] [stdout] 
[INFO] [stdout] 
[INFO] [stdout] error: cannot find macro `imports` in this scope
[INFO] [stdout]    --> tests/reference_types.rs:256:60
[INFO] [stdout]     |
[INFO] [stdout] 256 |         let instance = Instance::new(&mut store, &module, &imports! {})?;
[INFO] [stdout]     |                                                            ^^^^^^^
[INFO] [stdout] 
[INFO] [stdout] 
[INFO] [stdout] error: cannot find macro `imports` in this scope
[INFO] [stdout]    --> tests/reference_types.rs:325:60
[INFO] [stdout]     |
[INFO] [stdout] 325 |         let instance = Instance::new(&mut store, &module, &imports! {})?;
[INFO] [stdout]     |                                                            ^^^^^^^
[INFO] [stdout] 
[INFO] [stdout] 
[INFO] [stdout] error: cannot find macro `imports` in this scope
[INFO] [stdout]    --> tests/reference_types.rs:362:60
[INFO] [stdout]     |
[INFO] [stdout] 362 |         let instance = Instance::new(&mut store, &module, &imports! {})?;
[INFO] [stdout]     |                                                            ^^^^^^^
[INFO] [stdout] 
[INFO] [stdout] 
[INFO] [stdout] error: cannot find macro `imports` in this scope
[INFO] [stdout]    --> tests/reference_types.rs:390:60
[INFO] [stdout]     |
[INFO] [stdout] 390 |         let instance = Instance::new(&mut store, &module, &imports! {})?;
[INFO] [stdout]     |                                                            ^^^^^^^
[INFO] [stdout] 
[INFO] [stdout] 
[INFO] [stdout] error: cannot find macro `imports` in this scope
[INFO] [stdout]    --> tests/reference_types.rs:418:60
[INFO] [stdout]     |
[INFO] [stdout] 418 |         let instance = Instance::new(&mut store, &module, &imports! {})?;
[INFO] [stdout]     |                                                            ^^^^^^^
[INFO] [stdout] 
[INFO] [stdout] 
[INFO] [stdout] For more information about this error, try `rustc --explain E0432`.
[INFO] [stdout] 
[INFO] [stderr] error: could not compile `hc-wasmer` (test "function_env") due to 1 previous error
[INFO] [stderr] warning: build failed, waiting for other jobs to finish...
[INFO] [stdout] error[E0599]: no method named `notify` found for type `!` in the current scope
[INFO] [stdout]   --> tests/memory.rs:39:17
[INFO] [stdout]    |
[INFO] [stdout] 39 |         if mem2.notify(MemoryLocation::new_32(10), 1).unwrap() > 0 {
[INFO] [stdout]    |                 ^^^^^^
[INFO] [stdout]    |
[INFO] [stdout] help: there is a method `not` with a similar name, but with different arguments
[INFO] [stdout]   --> /rustc/e3feeb59cd1bdd011a2bfcc0747b55125d9b8527/library/core/src/ops/bit.rs:52:4
[INFO] [stdout] 
[INFO] [stdout] 
[INFO] [stdout] error[E0599]: no method named `wait` found for type `!` in the current scope
[INFO] [stdout]   --> tests/memory.rs:44:9
[INFO] [stdout]    |
[INFO] [stdout] 44 |     mem.wait(MemoryLocation::new_32(10), None).unwrap();
[INFO] [stdout]    |         ^^^^ method not found in `!`
[INFO] [stdout] 
[INFO] [stdout] 
[INFO] [stdout] warning: unreachable expression
[INFO] [stdout]   --> tests/memory.rs:44:14
[INFO] [stdout]    |
[INFO] [stdout] 44 |     mem.wait(MemoryLocation::new_32(10), None).unwrap();
[INFO] [stdout]    |     ---      ^^^^^^^^^^^^^^^^^^^^^^^^^^ unreachable expression
[INFO] [stdout]    |     |
[INFO] [stdout]    |     any code following this expression is unreachable
[INFO] [stdout] 
[INFO] [stdout] 
[INFO] [stdout] warning: unreachable call
[INFO] [stdout]   --> tests/memory.rs:51:23
[INFO] [stdout]    |
[INFO] [stdout] 51 |         let mem = mem.clone();
[INFO] [stdout]    |                   --- ^^^^^ unreachable call
[INFO] [stdout]    |                   |
[INFO] [stdout]    |                   any code following this expression is unreachable
[INFO] [stdout] 
[INFO] [stdout] 
[INFO] [stdout] warning: method call on a diverging inference variable
[INFO] [stdout]   --> tests/memory.rs:55:21
[INFO] [stdout]    |
[INFO] [stdout] 55 |                 mem.wake_all_atomic_waiters().ok();
[INFO] [stdout]    |                     ^^^^^^^^^^^^^^^^^^^^^^^
[INFO] [stdout]    |
[INFO] [stdout]    = help: consider providing a type annotation
[INFO] [stdout]    = warning: this was previously accepted by the compiler but is being phased out; it will become a hard error in a future release!
[INFO] [stdout]    = note: for more information, see issue #156047 <https://github.com/rust-lang/rust/issues/156047>
[INFO] [stdout] 
[INFO] [stdout] 
[INFO] [stdout] For more information about this error, try `rustc --explain E0432`.
[INFO] [stdout] 
[INFO] [stdout] error[E0599]: no method named `wake_all_atomic_waiters` found for type `!` in the current scope
[INFO] [stdout]   --> tests/memory.rs:55:21
[INFO] [stdout]    |
[INFO] [stdout] 55 |                 mem.wake_all_atomic_waiters().ok();
[INFO] [stdout]    |                     ^^^^^^^^^^^^^^^^^^^^^^^ method not found in `!`
[INFO] [stdout] 
[INFO] [stdout] 
[INFO] [stderr] error: could not compile `hc-wasmer` (test "instance") due to 1 previous error
[INFO] [stdout] For more information about this error, try `rustc --explain E0432`.
[INFO] [stdout] 
[INFO] [stdout] error[E0599]: no method named `wait` found for type `!` in the current scope
[INFO] [stdout]   --> tests/memory.rs:60:9
[INFO] [stdout]    |
[INFO] [stdout] 60 |     mem.wait(MemoryLocation::new_32(10), None).unwrap();
[INFO] [stdout]    |         ^^^^ method not found in `!`
[INFO] [stdout] 
[INFO] [stdout] 
[INFO] [stdout] warning: unreachable expression
[INFO] [stdout]   --> tests/memory.rs:60:14
[INFO] [stdout]    |
[INFO] [stdout] 60 |     mem.wait(MemoryLocation::new_32(10), None).unwrap();
[INFO] [stdout]    |     ---      ^^^^^^^^^^^^^^^^^^^^^^^^^^ unreachable expression
[INFO] [stdout]    |     |
[INFO] [stdout]    |     any code following this expression is unreachable
[INFO] [stdout] 
[INFO] [stdout] 
[INFO] [stderr] error: could not compile `hc-wasmer` (test "import_function") due to 5 previous errors
[INFO] [stdout] Some errors have detailed explanations: E0432, E0599.
[INFO] [stdout] 
[INFO] [stdout] For more information about an error, try `rustc --explain E0432`.
[INFO] [stdout] 
[INFO] [stderr] error: could not compile `hc-wasmer` (test "memory") due to 6 previous errors; 10 warnings emitted
[INFO] [stdout] For more information about this error, try `rustc --explain E0432`.
[INFO] [stdout] 
[INFO] [stderr] error: could not compile `hc-wasmer` (test "typed_functions") due to 3 previous errors
[INFO] [stdout] For more information about this error, try `rustc --explain E0432`.
[INFO] [stdout] 
[INFO] [stderr] error: could not compile `hc-wasmer` (test "reference_types") due to 10 previous errors
[INFO] [stdout] error: linking with `cc` failed: exit status: 1
[INFO] [stdout]   |
[INFO] [stdout]   = note:  "cc" "-m64" "/opt/rustwide/target/release/build/hc-wasmer/26dd0ef84ea29a90/out/rustctcTuma/symbols.o" "<10 object files omitted>" "-Wl,--as-needed" "-Wl,-Bstatic" "<sysroot>/lib/rustlib/x86_64-unknown-linux-gnu/lib/{libtest-*,libgetopts-*,librustc_std_workspace_std-*}.rlib" "/opt/rustwide/target/release/build/wat/3f2ba164849e341c/out/libwat-3f2ba164849e341c.rlib" "/opt/rustwide/target/release/build/wast/11e01a40b95281c7/out/libwast-11e01a40b95281c7.rlib" "/opt/rustwide/target/release/build/wasm-encoder/35477251bf2b49dc/out/libwasm_encoder-35477251bf2b49dc.rlib" "/opt/rustwide/target/release/build/leb128/707626d6165cb8ae/out/libleb128-707626d6165cb8ae.rlib" "/opt/rustwide/target/release/build/unicode-width/d4b78c57f51ab2bb/out/libunicode_width-d4b78c57f51ab2bb.rlib" "/opt/rustwide/target/release/build/hc-wasmer-compiler-cranelift/3bc053926d5905ec/out/libhc_wasmer_compiler_cranelift-3bc053926d5905ec.rlib" "/opt/rustwide/target/release/build/cranelift-frontend/a70d064c6a395f57/out/libcranelift_frontend-a70d064c6a395f57.rlib" "/opt/rustwide/target/release/build/rayon/94f852b105df48b1/out/librayon-94f852b105df48b1.rlib" "/opt/rustwide/target/release/build/rayon-core/bab21ae090daaef7/out/librayon_core-bab21ae090daaef7.rlib" "/opt/rustwide/target/release/build/crossbeam-deque/ac8078006dde899d/out/libcrossbeam_deque-ac8078006dde899d.rlib" "/opt/rustwide/target/release/build/crossbeam-epoch/7420e210a99d3865/out/libcrossbeam_epoch-7420e210a99d3865.rlib" "/opt/rustwide/target/release/build/either/45ce052f19b3c455/out/libeither-45ce052f19b3c455.rlib" "/opt/rustwide/target/release/build/cranelift-codegen/5187826711936e2f/out/libcranelift_codegen-5187826711936e2f.rlib" "/opt/rustwide/target/release/build/bumpalo/f16b557e8c33e63d/out/libbumpalo-f16b557e8c33e63d.rlib" "/opt/rustwide/target/release/build/arrayvec/7b16f5b8f4b288d5/out/libarrayvec-7b16f5b8f4b288d5.rlib" "/opt/rustwide/target/release/build/cranelift-egraph/21cce7523cf61766/out/libcranelift_egraph-21cce7523cf61766.rlib" "/opt/rustwide/target/release/build/cranelift-codegen-shared/2284353a104c96c7/out/libcranelift_codegen_shared-2284353a104c96c7.rlib" "/opt/rustwide/target/release/build/regalloc2/d8ba83983834eefb/out/libregalloc2-d8ba83983834eefb.rlib" "/opt/rustwide/target/release/build/log/3c55b5043a18cee7/out/liblog-3c55b5043a18cee7.rlib" "/opt/rustwide/target/release/build/slice-group-by/4e502a8c85e2ee34/out/libslice_group_by-4e502a8c85e2ee34.rlib" "/opt/rustwide/target/release/build/fxhash/79ea38955f5d78ca/out/libfxhash-79ea38955f5d78ca.rlib" "/opt/rustwide/target/release/build/byteorder/612182941aaee0f7/out/libbyteorder-612182941aaee0f7.rlib" "/opt/rustwide/target/release/build/gimli/415ea73dbe006e7c/out/libgimli-415ea73dbe006e7c.rlib" "/opt/rustwide/target/release/build/fallible-iterator/a3920e6e5d4a0ea9/out/libfallible_iterator-a3920e6e5d4a0ea9.rlib" "/opt/rustwide/target/release/build/stable_deref_trait/9d142483eeaeb58a/out/libstable_deref_trait-9d142483eeaeb58a.rlib" "/opt/rustwide/target/release/build/cranelift-bforest/4c9f40cf96e6b200/out/libcranelift_bforest-4c9f40cf96e6b200.rlib" "/opt/rustwide/target/release/build/cranelift-entity/914e91dc1dba2c14/out/libcranelift_entity-914e91dc1dba2c14.rlib" "/opt/rustwide/target/release/build/tracing/92d19c63b9da5248/out/libtracing-92d19c63b9da5248.rlib" "/opt/rustwide/target/release/build/pin-project-lite/9a89bb36c0c56875/out/libpin_project_lite-9a89bb36c0c56875.rlib" "/opt/rustwide/target/release/build/tracing-core/3e7f99a7051d5219/out/libtracing_core-3e7f99a7051d5219.rlib" "/opt/rustwide/target/release/build/hc-wasmer-compiler/95a559ebd567d623/out/libhc_wasmer_compiler-95a559ebd567d623.rlib" "/opt/rustwide/target/release/build/wasmparser/2ea4fb9b182c514d/out/libwasmparser-2ea4fb9b182c514d.rlib" "/opt/rustwide/target/release/build/bitflags/76ed6ab22427693a/out/libbitflags-76ed6ab22427693a.rlib" "/opt/rustwide/target/release/build/semver/1ca0c6d4c9b1e145/out/libsemver-1ca0c6d4c9b1e145.rlib" "/opt/rustwide/target/release/build/indexmap/dc25fd61c93c12c6/out/libindexmap-dc25fd61c93c12c6.rlib" "/opt/rustwide/target/release/build/equivalent/edce8fcc016f2345/out/libequivalent-edce8fcc016f2345.rlib" "/opt/rustwide/target/release/build/hashbrown/e584a62dc81c493d/out/libhashbrown-e584a62dc81c493d.rlib" "/opt/rustwide/target/release/build/self_cell/342fd32ca10b82f2/out/libself_cell-342fd32ca10b82f2.rlib" "/opt/rustwide/target/release/build/hc-wasmer-vm/159cd6275acd1878/out/libhc_wasmer_vm-159cd6275acd1878.rlib" "/opt/rustwide/target/release/build/crossbeam-queue/c68e3cd0541c1eb5/out/libcrossbeam_queue-c68e3cd0541c1eb5.rlib" "/opt/rustwide/target/release/build/region/a0aa3f2ea2244733/out/libregion-a0aa3f2ea2244733.rlib" "/opt/rustwide/target/release/build/bitflags/68973b8086863992/out/libbitflags-68973b8086863992.rlib" "/opt/rustwide/target/release/build/lazy_static/149e86038c126fb0/out/liblazy_static-149e86038c126fb0.rlib" "/opt/rustwide/target/release/build/corosensei/988174ed446b801f/out/libcorosensei-988174ed446b801f.rlib" "/opt/rustwide/target/release/build/backtrace/aac81f84a5d2b784/out/libbacktrace-aac81f84a5d2b784.rlib" "/opt/rustwide/target/release/build/miniz_oxide/0706f5dec424a5ee/out/libminiz_oxide-0706f5dec424a5ee.rlib" "/opt/rustwide/target/release/build/adler2/8213662f6a5e4f3b/out/libadler2-8213662f6a5e4f3b.rlib" "/opt/rustwide/target/release/build/object/8c975dacab05a604/out/libobject-8c975dacab05a604.rlib" "/opt/rustwide/target/release/build/memchr/b836402bd6c4c7f1/out/libmemchr-b836402bd6c4c7f1.rlib" "/opt/rustwide/target/release/build/addr2line/d016d47c3ae2e3aa/out/libaddr2line-d016d47c3ae2e3aa.rlib" "/opt/rustwide/target/release/build/gimli/58bf5f75427c0ba7/out/libgimli-58bf5f75427c0ba7.rlib" "/opt/rustwide/target/release/build/rustc-demangle/eaaa8ae2345a406a/out/librustc_demangle-eaaa8ae2345a406a.rlib" "/opt/rustwide/target/release/build/fnv/98df728fc8020158/out/libfnv-98df728fc8020158.rlib" "/opt/rustwide/target/release/build/dashmap/3100eb69d4c4f9fd/out/libdashmap-3100eb69d4c4f9fd.rlib" "/opt/rustwide/target/release/build/lock_api/c6ff1e89ed4d34af/out/liblock_api-c6ff1e89ed4d34af.rlib" "/opt/rustwide/target/release/build/scopeguard/71d6624487ed130b/out/libscopeguard-71d6624487ed130b.rlib" "/opt/rustwide/target/release/build/hashbrown/b4dc3b12e88b8e34/out/libhashbrown-b4dc3b12e88b8e34.rlib" "/opt/rustwide/target/release/build/crossbeam-utils/8cf2abe19b635897/out/libcrossbeam_utils-8cf2abe19b635897.rlib" "/opt/rustwide/target/release/build/parking_lot_core/3c2b03b679d26f3b/out/libparking_lot_core-3c2b03b679d26f3b.rlib" "/opt/rustwide/target/release/build/smallvec/d0f87cbc6bbede4c/out/libsmallvec-d0f87cbc6bbede4c.rlib" "/opt/rustwide/target/release/build/memoffset/5c874158ae8b3b1a/out/libmemoffset-5c874158ae8b3b1a.rlib" "/opt/rustwide/target/release/build/hc-wasmer-types/b356126030cc206b/out/libhc_wasmer_types-b356126030cc206b.rlib" "/opt/rustwide/target/release/build/xxhash-rust/c7af6cf9783d8337/out/libxxhash_rust-c7af6cf9783d8337.rlib" "/opt/rustwide/target/release/build/hex/ffa975566df5dac7/out/libhex-ffa975566df5dac7.rlib" "/opt/rustwide/target/release/build/more-asserts/28fdb277cb5caab8/out/libmore_asserts-28fdb277cb5caab8.rlib" "/opt/rustwide/target/release/build/sha2/9350a0aab9e43ab7/out/libsha2-9350a0aab9e43ab7.rlib" "/opt/rustwide/target/release/build/cpufeatures/d130f14a0caf1da0/out/libcpufeatures-d130f14a0caf1da0.rlib" "/opt/rustwide/target/release/build/digest/59dd0aa135223884/out/libdigest-59dd0aa135223884.rlib" "/opt/rustwide/target/release/build/block-buffer/a65007ab0bb0cff1/out/libblock_buffer-a65007ab0bb0cff1.rlib" "/opt/rustwide/target/release/build/crypto-common/b906dd415d544e4f/out/libcrypto_common-b906dd415d544e4f.rlib" "/opt/rustwide/target/release/build/generic-array/e357883845da9b5e/out/libgeneric_array-e357883845da9b5e.rlib" "/opt/rustwide/target/release/build/typenum/1642bab676d94b56/out/libtypenum-1642bab676d94b56.rlib" "/opt/rustwide/target/release/build/enum-iterator/79e2fafba677f6fb/out/libenum_iterator-79e2fafba677f6fb.rlib" "/opt/rustwide/target/release/build/target-lexicon/9a63ef9683055677/out/libtarget_lexicon-9a63ef9683055677.rlib" "/opt/rustwide/target/release/build/enumset/d15d1ee78874d067/out/libenumset-d15d1ee78874d067.rlib" "/opt/rustwide/target/release/build/rkyv/67c21b755827843e/out/librkyv-67c21b755827843e.rlib" "/opt/rustwide/target/release/build/rend/181758b7e6e547db/out/librend-181758b7e6e547db.rlib" "/opt/rustwide/target/release/build/indexmap/3caeaf12a26579f2/out/libindexmap-3caeaf12a26579f2.rlib" "/opt/rustwide/target/release/build/hashbrown/c0aa04a7df59f90c/out/libhashbrown-c0aa04a7df59f90c.rlib" "/opt/rustwide/target/release/build/ahash/7b34c4a1b6d64a7e/out/libahash-7b34c4a1b6d64a7e.rlib" "/opt/rustwide/target/release/build/getrandom/1a12fa437ef07601/out/libgetrandom-1a12fa437ef07601.rlib" "/opt/rustwide/target/release/build/cfg-if/aebc73b2fc35ea49/out/libcfg_if-aebc73b2fc35ea49.rlib" "/opt/rustwide/target/release/build/once_cell/a92ce0590bdd2571/out/libonce_cell-a92ce0590bdd2571.rlib" "/opt/rustwide/target/release/build/seahash/41f1d4a16f6a9f7f/out/libseahash-41f1d4a16f6a9f7f.rlib" "/opt/rustwide/target/release/build/bytecheck/7fa6963653cc1d2d/out/libbytecheck-7fa6963653cc1d2d.rlib" "/opt/rustwide/target/release/build/simdutf8/2ae9743864aea559/out/libsimdutf8-2ae9743864aea559.rlib" "/opt/rustwide/target/release/build/ptr_meta/caea6c3e345911e1/out/libptr_meta-caea6c3e345911e1.rlib" "/opt/rustwide/target/release/build/thiserror/34aab5949cf29a57/out/libthiserror-34aab5949cf29a57.rlib" "/opt/rustwide/target/release/build/shared-buffer/344c31c0382c6051/out/libshared_buffer-344c31c0382c6051.rlib" "/opt/rustwide/target/release/build/memmap2/e8e1cd13414d9a1f/out/libmemmap2-e8e1cd13414d9a1f.rlib" "/opt/rustwide/target/release/build/libc/a0a6e54f1566fa83/out/liblibc-a0a6e54f1566fa83.rlib" "/opt/rustwide/target/release/build/bytes/654f8a7a557a4087/out/libbytes-654f8a7a557a4087.rlib" "<sysroot>/lib/rustlib/x86_64-unknown-linux-gnu/lib/{libstd-*,libpanic_unwind-*,libobject-*,libmemchr-*,libaddr2line-*,libgimli-*,libcfg_if-*,librustc_demangle-*,libstd_detect-*,libhashbrown-*,librustc_std_workspace_alloc-*,libminiz_oxide-*,libadler2-*,libunwind-*,liblibc-*,librustc_std_workspace_core-*,liballoc-*,libcore-*,libcompiler_builtins-*}.rlib" "-Wl,-Bdynamic" "-lgcc_s" "-lutil" "-lrt" "-lpthread" "-lm" "-ldl" "-lc" "-L" "/opt/rustwide/target/release/build/hc-wasmer/26dd0ef84ea29a90/out/rustctcTuma/raw-dylibs" "-B<sysroot>/lib/rustlib/x86_64-unknown-linux-gnu/bin/gcc-ld" "-fuse-ld=lld" "-Wl,--eh-frame-hdr" "-Wl,-z,noexecstack" "-L" "<sysroot>/lib/rustlib/x86_64-unknown-linux-gnu/lib" "-o" "/opt/rustwide/target/release/build/hc-wasmer/26dd0ef84ea29a90/out/hc_wasmer-26dd0ef84ea29a90" "-Wl,--gc-sections" "-pie" "-Wl,-z,relro,-z,now" "-Wl,-O1" "-Wl,--strip-debug" "-nodefaultlibs"
[INFO] [stdout]   = note: some arguments are omitted. use `--verbose` to show all linker arguments
[INFO] [stdout]   = note: rust-lld: error: undefined symbol: __rust_probestack
[INFO] [stdout]           >>> referenced by hc_wasmer_vm.3709da5608fc8cb8-cgu.15
[INFO] [stdout]           >>>               hc_wasmer_vm-159cd6275acd1878.hc_wasmer_vm.3709da5608fc8cb8-cgu.15.rcgu.o:(hc_wasmer_vm::libcalls::function_pointer) in archive /opt/rustwide/target/release/build/hc-wasmer-vm/159cd6275acd1878/out/libhc_wasmer_vm-159cd6275acd1878.rlib
[INFO] [stdout]           collect2: error: ld returned 1 exit status
[INFO] [stdout]           
[INFO] [stdout] 
[INFO] [stdout] 
[INFO] [stderr] error: could not compile `hc-wasmer` (lib test) due to 1 previous error; 6 warnings emitted
[INFO] [stdout] For more information about this error, try `rustc --explain E0432`.
[INFO] [stdout] 
[INFO] [stderr] error: could not compile `hc-wasmer` (test "module") due to 2 previous errors
[INFO] [stdout] For more information about this error, try `rustc --explain E0432`.
[INFO] [stdout] 
[INFO] [stderr] error: could not compile `hc-wasmer` (test "externals") due to 1 previous error
[INFO] running `Command { std: "docker" "inspect" "2d14de17ec92efef3134ad20b79cc591a1cd465603d43d6868c91fe50134582b", kill_on_drop: false }`
[INFO] running `Command { std: "docker" "rm" "-f" "2d14de17ec92efef3134ad20b79cc591a1cd465603d43d6868c91fe50134582b", kill_on_drop: false }`
[INFO] [stdout] 2d14de17ec92efef3134ad20b79cc591a1cd465603d43d6868c91fe50134582b
