[INFO] fetching crate hbp100 3.2.1...
[INFO] testing hbp100-3.2.1 against 1.100.0-beta.1+cargoflags=--release for beta-release-1.100-2
[INFO] extracting crate hbp100 3.2.1 into /workspace/builds/worker-7-tc2/source
[INFO] started tweaking crates.io crate hbp100 3.2.1
[INFO] finished tweaking crates.io crate hbp100 3.2.1
[INFO] tweaked toml for crates.io crate hbp100 3.2.1 written to /workspace/builds/worker-7-tc2/source/Cargo.toml
[INFO] validating manifest of crates.io crate hbp100 3.2.1 on toolchain 1.100.0-beta.1
[INFO] running `Command { std: CARGO_HOME="/workspace/cargo-home" RUSTUP_HOME="/workspace/rustup-home" "/workspace/cargo-home/bin/cargo" "+1.100.0-beta.1" "metadata" "--manifest-path" "Cargo.toml" "--no-deps", kill_on_drop: false }`
[INFO] crate crates.io crate hbp100 3.2.1 already has a lockfile, it will not be regenerated
[INFO] running `Command { std: CARGO_HOME="/workspace/cargo-home" RUSTUP_HOME="/workspace/rustup-home" "/workspace/cargo-home/bin/cargo" "+1.100.0-beta.1" "fetch" "--manifest-path" "Cargo.toml", kill_on_drop: false }`
[INFO] running `Command { std: "docker" "create" "-v" "/var/lib/crater-agent-workspace/builds/worker-7-tc2/source:/opt/rustwide/workdir:ro,Z" "-v" "/var/lib/crater-agent-workspace/builds/worker-7-tc2/target:/opt/rustwide/target:rw,Z" "-v" "/var/lib/crater-agent-workspace/cargo-home:/opt/rustwide/cargo-home:ro,Z" "-v" "/var/lib/crater-agent-workspace/rustup-home:/opt/rustwide/rustup-home:ro,Z" "-m" "1610612736" "--network" "none" "ghcr.io/rust-lang/crates-build-env/linux@sha256:77db811e55d90add9212f6832c23229e3de5f1c1f9905e8cb07319ea15df73ac" "sleep" "infinity", kill_on_drop: false }`
[INFO] [stdout] a487b93e35ca5df08567ba2cccb58e82bc279f0faaf58261de0af32994405927
[INFO] running `Command { std: "docker" "start" "a487b93e35ca5df08567ba2cccb58e82bc279f0faaf58261de0af32994405927", kill_on_drop: false }`
[INFO] running `Command { std: "docker" "inspect" "a487b93e35ca5df08567ba2cccb58e82bc279f0faaf58261de0af32994405927", kill_on_drop: false }`
[INFO] running `Command { std: "docker" "exec" "-e" "SOURCE_DIR=/opt/rustwide/workdir" "-e" "CARGO_HOME=/opt/rustwide/cargo-home" "-e" "RUSTUP_HOME=/opt/rustwide/rustup-home" "-e" "CARGO_TARGET_DIR=/opt/rustwide/target" "-w" "/opt/rustwide/workdir" "--user" "0:0" "a487b93e35ca5df08567ba2cccb58e82bc279f0faaf58261de0af32994405927" "/opt/rustwide/cargo-home/bin/cargo" "+1.100.0-beta.1" "metadata" "--no-deps" "--format-version=1", kill_on_drop: false }`
[INFO] running `Command { std: "docker" "inspect" "a487b93e35ca5df08567ba2cccb58e82bc279f0faaf58261de0af32994405927", kill_on_drop: false }`
[INFO] running `Command { std: "docker" "exec" "-e" "SOURCE_DIR=/opt/rustwide/workdir" "-e" "CARGO_HOME=/opt/rustwide/cargo-home" "-e" "RUSTUP_HOME=/opt/rustwide/rustup-home" "-e" "CARGO_TARGET_DIR=/opt/rustwide/target" "-e" "CARGO_INCREMENTAL=0" "-e" "RUST_BACKTRACE=full" "-e" "RUSTFLAGS=--cap-lints=warn" "-e" "RUSTDOCFLAGS=--cap-lints=warn" "-w" "/opt/rustwide/workdir" "--user" "0:0" "a487b93e35ca5df08567ba2cccb58e82bc279f0faaf58261de0af32994405927" "/opt/rustwide/cargo-home/bin/cargo" "+1.100.0-beta.1" "build" "--frozen" "--message-format=json" "--release", kill_on_drop: false }`
[INFO] [stderr]    Compiling proc-macro2 v1.0.107
[INFO] [stderr]    Compiling unicode-ident v1.0.24
[INFO] [stderr]    Compiling quote v1.0.47
[INFO] [stderr]    Compiling target-lexicon v0.12.16
[INFO] [stderr]    Compiling version_check v0.9.5
[INFO] [stderr]    Compiling once_cell v1.21.4
[INFO] [stderr]    Compiling glob v0.3.4
[INFO] [stderr]    Compiling rand_core v0.6.4
[INFO] [stderr]    Compiling siphasher v1.0.3
[INFO] [stderr]    Compiling autocfg v1.5.1
[INFO] [stderr]    Compiling prettyplease v0.2.37
[INFO] [stderr]    Compiling libc v0.2.189
[INFO] [stderr]    Compiling regex-syntax v0.8.11
[INFO] [stderr]    Compiling memchr v2.8.3
[INFO] [stderr]    Compiling syn v1.0.109
[INFO] [stderr]    Compiling minimal-lexical v0.2.1
[INFO] [stderr]    Compiling cfg-if v1.0.4
[INFO] [stderr]    Compiling libloading v0.8.9
[INFO] [stderr]    Compiling phf_shared v0.11.3
[INFO] [stderr]    Compiling rand v0.8.7
[INFO] [stderr]    Compiling either v1.17.0
[INFO] [stderr]    Compiling find-msvc-tools v0.1.9
[INFO] [stderr]    Compiling shlex v2.0.1
[INFO] [stderr]    Compiling bindgen v0.71.1
[INFO] [stderr]    Compiling strsim v0.10.0
[INFO] [stderr]    Compiling clang-sys v1.9.1
[INFO] [stderr]    Compiling generic-array v0.14.7
[INFO] [stderr]    Compiling bitflags v2.13.1
[INFO] [stderr]    Compiling zerocopy v0.8.56
[INFO] [stderr]    Compiling itertools v0.13.0
[INFO] [stderr]    Compiling cc v1.4.0
[INFO] [stderr]    Compiling log v0.4.33
[INFO] [stderr]    Compiling fnv v1.0.7
[INFO] [stderr]    Compiling shlex v1.3.0
[INFO] [stderr]    Compiling typenum v1.20.1
[INFO] [stderr]    Compiling serde_core v1.0.229
[INFO] [stderr]    Compiling ident_case v1.0.1
[INFO] [stderr]    Compiling rustc-hash v2.1.3
[INFO] [stderr]    Compiling pyo3-build-config v0.22.6
[INFO] [stderr]    Compiling nom v7.1.3
[INFO] [stderr]    Compiling ahash v0.8.12
[INFO] [stderr]    Compiling zmij v1.0.23
[INFO] [stderr]    Compiling num-traits v0.2.19
[INFO] [stderr]    Compiling phf_generator v0.11.3
[INFO] [stderr]    Compiling memoffset v0.9.1
[INFO] [stderr]    Compiling thiserror v1.0.69
[INFO] [stderr]    Compiling aho-corasick v1.1.5
[INFO] [stderr]    Compiling serde_json v1.0.151
[INFO] [stderr]    Compiling heck v0.5.0
[INFO] [stderr]    Compiling syn v2.0.119
[INFO] [stderr]    Compiling syn v3.0.3
[INFO] [stderr]    Compiling cmake v0.1.58
[INFO] [stderr]    Compiling pyo3-ffi v0.22.6
[INFO] [stderr]    Compiling pyo3-macros-backend v0.22.6
[INFO] [stderr]    Compiling pyo3 v0.22.6
[INFO] [stderr]    Compiling anyhow v1.0.104
[INFO] [stderr]    Compiling allocator-api2 v0.2.21
[INFO] [stderr]    Compiling serde v1.0.229
[INFO] [stderr]    Compiling regex-automata v0.4.18
[INFO] [stderr]    Compiling crypto-common v0.1.7
[INFO] [stderr]    Compiling block-buffer v0.10.4
[INFO] [stderr]    Compiling itoa v1.0.18
[INFO] [stderr]    Compiling digest v0.10.7
[INFO] [stderr]    Compiling is-terminal v0.4.17
[INFO] [stderr]    Compiling instant v0.1.13
[INFO] [stderr]    Compiling humantime v2.4.0
[INFO] [stderr]    Compiling termcolor v1.4.1
[INFO] [stderr]    Compiling cexpr v0.6.0
[INFO] [stderr]    Compiling indoc v2.0.7
[INFO] [stderr]    Compiling iana-time-zone v0.1.65
[INFO] [stderr]    Compiling cached_proc_macro_types v0.1.1
[INFO] [stderr]    Compiling unindent v0.2.4
[INFO] [stderr]    Compiling cpufeatures v0.2.17
[INFO] [stderr]    Compiling sha2 v0.10.9
[INFO] [stderr]    Compiling lazy_static v1.5.0
[INFO] [stderr]    Compiling chrono v0.4.45
[INFO] [stderr]    Compiling serde_derive v1.0.229
[INFO] [stderr]    Compiling regex v1.13.1
[INFO] [stderr]    Compiling darling_core v0.14.4
[INFO] [stderr]    Compiling darling_macro v0.14.4
[INFO] [stderr]    Compiling phf_macros v0.11.3
[INFO] [stderr]    Compiling thiserror-impl v1.0.69
[INFO] [stderr]    Compiling darling v0.14.4
[INFO] [stderr]    Compiling cached_proc_macro v0.18.1
[INFO] [stderr]    Compiling hashbrown v0.14.5
[INFO] [stderr]    Compiling phf v0.11.3
[INFO] [stderr]    Compiling doxygen-rs v0.4.2
[INFO] [stderr]    Compiling cached v0.46.1
[INFO] [stderr]    Compiling env_logger v0.10.2
[INFO] [stderr]    Compiling pyo3-macros v0.22.6
[INFO] [stderr]    Compiling lightgbm3-sys v1.0.8
[INFO] [stderr] error: failed to run custom build command for `lightgbm3-sys v1.0.8`
[INFO] [stderr] note: To improve backtraces for build dependencies, set the CARGO_PROFILE_RELEASE_BUILD_OVERRIDE_DEBUG=true environment variable to enable debug information generation.
[INFO] [stderr] 
[INFO] [stderr] Caused by:
[INFO] [stderr]   process didn't exit successfully: `/opt/rustwide/target/release/build/lightgbm3-sys/d521cf25efe1162a/out/build_script_build` (exit status: 101)
[INFO] [stderr]   --- stdout
[INFO] [stderr]   CMAKE_TOOLCHAIN_FILE_x86_64-unknown-linux-gnu = None
[INFO] [stderr]   CMAKE_TOOLCHAIN_FILE_x86_64_unknown_linux_gnu = None
[INFO] [stderr]   HOST_CMAKE_TOOLCHAIN_FILE = None
[INFO] [stderr]   CMAKE_TOOLCHAIN_FILE = None
[INFO] [stderr]   CMAKE_GENERATOR_x86_64-unknown-linux-gnu = None
[INFO] [stderr]   CMAKE_GENERATOR_x86_64_unknown_linux_gnu = None
[INFO] [stderr]   HOST_CMAKE_GENERATOR = None
[INFO] [stderr]   CMAKE_GENERATOR = None
[INFO] [stderr]   CMAKE_PREFIX_PATH_x86_64-unknown-linux-gnu = None
[INFO] [stderr]   CMAKE_PREFIX_PATH_x86_64_unknown_linux_gnu = None
[INFO] [stderr]   HOST_CMAKE_PREFIX_PATH = None
[INFO] [stderr]   CMAKE_PREFIX_PATH = None
[INFO] [stderr]   CMAKE_x86_64-unknown-linux-gnu = None
[INFO] [stderr]   CMAKE_x86_64_unknown_linux_gnu = None
[INFO] [stderr]   HOST_CMAKE = None
[INFO] [stderr]   CMAKE = None
[INFO] [stderr]   -- The C compiler identification is GNU 15.2.0
[INFO] [stderr]   -- The CXX compiler identification is GNU 15.2.0
[INFO] [stderr]   -- Detecting C compiler ABI info
[INFO] [stderr]   -- Detecting C compiler ABI info - done
[INFO] [stderr]   -- Check for working C compiler: /usr/bin/cc - skipped
[INFO] [stderr]   -- Detecting C compile features
[INFO] [stderr]   -- Detecting C compile features - done
[INFO] [stderr]   -- Detecting CXX compiler ABI info
[INFO] [stderr]   -- Detecting CXX compiler ABI info - done
[INFO] [stderr]   -- Check for working CXX compiler: /usr/bin/c++ - skipped
[INFO] [stderr]   -- Detecting CXX compile features
[INFO] [stderr]   -- Detecting CXX compile features - done
[INFO] [stderr]   -- Performing Test MM_PREFETCH
[INFO] [stderr]   -- Performing Test MM_PREFETCH - Success
[INFO] [stderr]   -- Using _mm_prefetch
[INFO] [stderr]   -- Performing Test MM_MALLOC
[INFO] [stderr]   -- Performing Test MM_MALLOC - Success
[INFO] [stderr]   -- Using _mm_malloc
[INFO] [stderr]   -- Configuring done (2.0s)
[INFO] [stderr]   -- Generating done (0.0s)
[INFO] [stderr]   -- Build files have been written to: /opt/rustwide/target/release/build/lightgbm3-sys/2ca65c91d85770de/out/build
[INFO] [stderr]   [  2%] Building CXX object CMakeFiles/lightgbm_objs.dir/src/boosting/boosting.cpp.o
[INFO] [stderr]   [  5%] Building CXX object CMakeFiles/lightgbm_objs.dir/src/boosting/gbdt_prediction.cpp.o
[INFO] [stderr]   [  7%] Building CXX object CMakeFiles/lightgbm_objs.dir/src/boosting/gbdt_model_text.cpp.o
[INFO] [stderr]   [ 10%] Building CXX object CMakeFiles/lightgbm_capi_objs.dir/src/c_api.cpp.o
[INFO] [stderr]   [ 12%] Building CXX object CMakeFiles/lightgbm_objs.dir/src/boosting/sample_strategy.cpp.o
[INFO] [stderr]   [ 15%] Building CXX object CMakeFiles/lightgbm_objs.dir/src/boosting/gbdt.cpp.o
[INFO] [stderr]   [ 17%] Building CXX object CMakeFiles/lightgbm_objs.dir/src/boosting/prediction_early_stop.cpp.o
[INFO] [stderr]   [ 20%] Building CXX object CMakeFiles/lightgbm_objs.dir/src/io/dataset_loader.cpp.o
[INFO] [stderr]   [ 23%] Building CXX object CMakeFiles/lightgbm_objs.dir/src/io/dataset.cpp.o
[INFO] [stderr]   [ 25%] Building CXX object CMakeFiles/lightgbm_objs.dir/src/io/config_auto.cpp.o
[INFO] [stderr]   [ 28%] Building CXX object CMakeFiles/lightgbm_objs.dir/src/io/file_io.cpp.o
[INFO] [stderr]   [ 30%] Building CXX object CMakeFiles/lightgbm_objs.dir/src/io/metadata.cpp.o
[INFO] [stderr]   [ 33%] Building CXX object CMakeFiles/lightgbm_objs.dir/src/io/config.cpp.o
[INFO] [stderr]   [ 35%] Building CXX object CMakeFiles/lightgbm_objs.dir/src/io/json11.cpp.o
[INFO] [stderr]   [ 38%] Building CXX object CMakeFiles/lightgbm_objs.dir/src/io/bin.cpp.o
[INFO] [stderr]   [ 41%] Building CXX object CMakeFiles/lightgbm_objs.dir/src/io/parser.cpp.o
[INFO] [stderr]   [ 43%] Building CXX object CMakeFiles/lightgbm_objs.dir/src/io/train_share_states.cpp.o
[INFO] [stderr]   [ 46%] Building CXX object CMakeFiles/lightgbm_objs.dir/src/io/tree.cpp.o
[INFO] [stderr] 
[INFO] [stderr]   --- stderr
[INFO] [stderr]   running: cd "/opt/rustwide/target/release/build/lightgbm3-sys/2ca65c91d85770de/out/build" && CMAKE_PREFIX_PATH="" LC_ALL="C" "cmake" "/opt/rustwide/target/release/build/lightgbm3-sys/2ca65c91d85770de/out/lightgbm" "-B" "/opt/rustwide/target/release/build/lightgbm3-sys/2ca65c91d85770de/out/build" "-DBUILD_STATIC_LIB=ON" "-DUSE_OPENMP=OFF" "-DCMAKE_INSTALL_PREFIX=/opt/rustwide/target/release/build/lightgbm3-sys/2ca65c91d85770de/out" "-DCMAKE_C_FLAGS= -ffunction-sections -fdata-sections -fPIC -m64 -w" "-DCMAKE_C_COMPILER=/usr/bin/cc" "-DCMAKE_CXX_FLAGS= -std=c++14 -ffunction-sections -fdata-sections -fPIC -m64 -w" "-DCMAKE_CXX_COMPILER=/usr/bin/c++" "-DCMAKE_ASM_FLAGS= -ffunction-sections -fdata-sections -fPIC -m64 -w" "-DCMAKE_ASM_COMPILER=/usr/bin/cc" "-DCMAKE_BUILD_TYPE=Release"
[INFO] [stderr]   CMake Warning:
[INFO] [stderr]     Manually-specified variables were not used by the project:
[INFO] [stderr] 
[INFO] [stderr]       CMAKE_ASM_COMPILER
[INFO] [stderr]       CMAKE_ASM_FLAGS
[INFO] [stderr] 
[INFO] [stderr] 
[INFO] [stderr]   running: cd "/opt/rustwide/target/release/build/lightgbm3-sys/2ca65c91d85770de/out/build" && LC_ALL="C" MAKEFLAGS="-j --jobserver-fds=4,5 --jobserver-auth=4,5" "cmake" "--build" "/opt/rustwide/target/release/build/lightgbm3-sys/2ca65c91d85770de/out/build" "--target" "install" "--config" "Release"
[INFO] [stderr]   c++: fatal error: Killed signal terminated program cc1plus
[INFO] [stderr]   compilation terminated.
[INFO] [stderr]   gmake[2]: *** [CMakeFiles/lightgbm_objs.dir/build.make:275: CMakeFiles/lightgbm_objs.dir/src/io/parser.cpp.o] Error 1
[INFO] [stderr]   gmake[2]: *** Waiting for unfinished jobs....
[INFO] [stderr]   c++: fatal error: Killed signal terminated program cc1plus
[INFO] [stderr]   compilation terminated.
[INFO] [stderr]   gmake[2]: *** [CMakeFiles/lightgbm_objs.dir/build.make:177: CMakeFiles/lightgbm_objs.dir/src/io/config_auto.cpp.o] Error 1
[INFO] [stderr]   c++: fatal error: Killed signal terminated program cc1plus
[INFO] [stderr]   compilation terminated.
[INFO] [stderr]   gmake[2]: *** [CMakeFiles/lightgbm_capi_objs.dir/build.make:79: CMakeFiles/lightgbm_capi_objs.dir/src/c_api.cpp.o] Error 1
[INFO] [stderr]   c++: fatal error: Killed signal terminated program cc1plus
[INFO] [stderr]   compilation terminated.
[INFO] [stderr]   gmake[2]: *** [CMakeFiles/lightgbm_objs.dir/build.make:79: CMakeFiles/lightgbm_objs.dir/src/boosting/boosting.cpp.o] Error 1
[INFO] [stderr]   gmake[1]: *** [CMakeFiles/Makefile2:160: CMakeFiles/lightgbm_capi_objs.dir/all] Error 2
[INFO] [stderr]   gmake[1]: *** Waiting for unfinished jobs....
[INFO] [stderr]   c++: fatal error: Killed signal terminated program cc1plus
[INFO] [stderr]   compilation terminated.
[INFO] [stderr]   gmake[2]: *** [CMakeFiles/lightgbm_objs.dir/build.make:121: CMakeFiles/lightgbm_objs.dir/src/boosting/gbdt.cpp.o] Error 1
[INFO] [stderr]   c++: fatal error: Killed signal terminated program cc1plus
[INFO] [stderr]   compilation terminated.
[INFO] [stderr]   gmake[2]: *** [CMakeFiles/lightgbm_objs.dir/build.make:163: CMakeFiles/lightgbm_objs.dir/src/io/bin.cpp.o] Error 1
[INFO] [stderr]   c++: fatal error: Killed signal terminated program cc1plus
[INFO] [stderr]   compilation terminated.
[INFO] [stderr]   gmake[2]: *** [CMakeFiles/lightgbm_objs.dir/build.make:261: CMakeFiles/lightgbm_objs.dir/src/io/metadata.cpp.o] Error 1
[INFO] [stderr]   c++: fatal error: Killed signal terminated program cc1plus
[INFO] [stderr]   compilation terminated.
[INFO] [stderr]   gmake[2]: *** [CMakeFiles/lightgbm_objs.dir/build.make:149: CMakeFiles/lightgbm_objs.dir/src/boosting/sample_strategy.cpp.o] Error 1
[INFO] [stderr]   c++: fatal error: Killed signal terminated program cc1plus
[INFO] [stderr]   compilation terminated.
[INFO] [stderr]   gmake[2]: *** [CMakeFiles/lightgbm_objs.dir/build.make:205: CMakeFiles/lightgbm_objs.dir/src/io/dataset_loader.cpp.o] Error 1
[INFO] [stderr]   c++: fatal error: Killed signal terminated program cc1plus
[INFO] [stderr]   compilation terminated.
[INFO] [stderr]   gmake[2]: *** [CMakeFiles/lightgbm_objs.dir/build.make:107: CMakeFiles/lightgbm_objs.dir/src/boosting/gbdt_prediction.cpp.o] Error 1
[INFO] [stderr]   gmake[1]: *** [CMakeFiles/Makefile2:96: CMakeFiles/lightgbm_objs.dir/all] Error 2
[INFO] [stderr]   gmake: *** [Makefile:136: all] Error 2
[INFO] [stderr] 
[INFO] [stderr]   thread 'main' (1863) panicked at /opt/rustwide/cargo-home/registry/src/index.crates.io-1949cf8c6b5b557f/cmake-0.1.58/src/lib.rs:1132:5:
[INFO] [stderr] 
[INFO] [stderr]   command did not execute successfully, got: exit status: 2
[INFO] [stderr] 
[INFO] [stderr]   build script failed, must exit now
[INFO] [stderr]   stack backtrace:
[INFO] [stderr]      0:     0x55e28756e8e1 - <<std[617be2ca0a6fd877]::sys::backtrace::BacktraceLock>::print::DisplayBacktrace as core[a373ad73a504971]::fmt::Display>::fmt
[INFO] [stderr]      1:     0x55e28758670a - core[a373ad73a504971]::fmt::write
[INFO] [stderr]      2:     0x55e287574acc - <std[617be2ca0a6fd877]::sys::stdio::unix::Stderr as core[a373ad73a504971]::io::write::Write>::write_fmt
[INFO] [stderr]      3:     0x55e287548bc6 - std[617be2ca0a6fd877]::panicking::default_hook::{closure#0}
[INFO] [stderr]      4:     0x55e2875661c1 - std[617be2ca0a6fd877]::panicking::default_hook
[INFO] [stderr]      5:     0x55e2875664eb - std[617be2ca0a6fd877]::panicking::panic_with_hook
[INFO] [stderr]      6:     0x55e287548c72 - std[617be2ca0a6fd877]::panicking::panic_handler::{closure#0}
[INFO] [stderr]      7:     0x55e287541799 - std[617be2ca0a6fd877]::sys::backtrace::__rust_end_short_backtrace::<std[617be2ca0a6fd877]::panicking::panic_handler::{closure#0}, !>
[INFO] [stderr]      8:     0x55e28754986d - __rustc[ea4f61d10b84890b]::rust_begin_unwind
[INFO] [stderr]      9:     0x55e287586f2c - core[a373ad73a504971]::panicking::panic_fmt
[INFO] [stderr]     10:     0x55e2874d4db7 - cmake[f0956200bd134957]::fail
[INFO] [stderr]     11:     0x55e2874d4a43 - cmake[f0956200bd134957]::run
[INFO] [stderr]     12:     0x55e2874daa15 - <cmake[f0956200bd134957]::Config>::build
[INFO] [stderr]     13:     0x55e286fd9383 - build_script_build[186a26bf7ecacb87]::main
[INFO] [stderr]     14:     0x55e286fdb373 - <fn() as core[a373ad73a504971]::ops::function::FnOnce<()>>::call_once
[INFO] [stderr]     15:     0x55e286fd88be - std[617be2ca0a6fd877]::sys::backtrace::__rust_begin_short_backtrace::<fn(), ()>
[INFO] [stderr]     16:     0x55e286fd88c9 - std[617be2ca0a6fd877]::rt::lang_start::<()>::{closure#0}
[INFO] [stderr]     17:     0x55e2875654b8 - std[617be2ca0a6fd877]::rt::lang_start_internal
[INFO] [stderr]     18:     0x55e286fd82b1 - std[617be2ca0a6fd877]::rt::lang_start::<()>
[INFO] [stderr]     19:     0x55e286fdb5b5 - main
[INFO] [stderr]     20:     0x77b216ddd601 - <unknown>
[INFO] [stderr]     21:     0x77b216ddd718 - __libc_start_main
[INFO] [stderr]     22:     0x55e286fd6a85 - _start
[INFO] [stderr]     23:                0x0 - <unknown>
[INFO] running `Command { std: "docker" "inspect" "a487b93e35ca5df08567ba2cccb58e82bc279f0faaf58261de0af32994405927", kill_on_drop: false }`
[INFO] running `Command { std: "docker" "rm" "-f" "a487b93e35ca5df08567ba2cccb58e82bc279f0faaf58261de0af32994405927", kill_on_drop: false }`
[INFO] [stdout] a487b93e35ca5df08567ba2cccb58e82bc279f0faaf58261de0af32994405927
