[INFO] fetching crate hax-driver 0.4.2...
[INFO] testing hax-driver-0.4.2 against 1.99.0-beta.8+cargoflags=--release for beta-release-1.100-2
[INFO] extracting crate hax-driver 0.4.2 into /workspace/builds/worker-2-tc1/source
[INFO] started tweaking crates.io crate hax-driver 0.4.2
[INFO] finished tweaking crates.io crate hax-driver 0.4.2
[INFO] tweaked toml for crates.io crate hax-driver 0.4.2 written to /workspace/builds/worker-2-tc1/source/Cargo.toml
[INFO] validating manifest of crates.io crate hax-driver 0.4.2 on toolchain 1.99.0-beta.8
[INFO] running `Command { std: CARGO_HOME="/workspace/cargo-home" RUSTUP_HOME="/workspace/rustup-home" "/workspace/cargo-home/bin/cargo" "+1.99.0-beta.8" "metadata" "--manifest-path" "Cargo.toml" "--no-deps", kill_on_drop: false }`
[INFO] crate crates.io crate hax-driver 0.4.2 already has a lockfile, it will not be regenerated
[INFO] running `Command { std: CARGO_HOME="/workspace/cargo-home" RUSTUP_HOME="/workspace/rustup-home" "/workspace/cargo-home/bin/cargo" "+1.99.0-beta.8" "fetch" "--manifest-path" "Cargo.toml", kill_on_drop: false }`
[INFO] [stderr]     Updating crates.io index
[INFO] [stderr]  Downloading crates ...
[INFO] [stderr]   Downloaded tracing-tree v0.2.5
[INFO] [stderr]   Downloaded hax-types v0.4.2
[INFO] [stderr]   Downloaded hax-frontend-exporter-options v0.4.2
[INFO] [stderr]   Downloaded hax-adt-into v0.4.2
[INFO] [stderr]   Downloaded serde-brief v0.1.1
[INFO] [stderr]   Downloaded hax-lib-macros-types v0.4.2
[INFO] [stderr]   Downloaded clap v4.5.46
[INFO] [stderr]   Downloaded annotate-snippets v0.11.5
[INFO] [stderr]   Downloaded hax-frontend-exporter v0.4.2
[INFO] [stderr]   Downloaded clap_builder v4.5.46
[INFO] running `Command { std: "docker" "create" "-v" "/var/lib/crater-agent-workspace/builds/worker-2-tc1/source:/opt/rustwide/workdir:ro,Z" "-v" "/var/lib/crater-agent-workspace/builds/worker-2-tc1/target:/opt/rustwide/target:rw,Z" "-v" "/var/lib/crater-agent-workspace/cargo-home:/opt/rustwide/cargo-home:ro,Z" "-v" "/var/lib/crater-agent-workspace/rustup-home:/opt/rustwide/rustup-home:ro,Z" "-m" "1610612736" "--network" "none" "ghcr.io/rust-lang/crates-build-env/linux@sha256:77db811e55d90add9212f6832c23229e3de5f1c1f9905e8cb07319ea15df73ac" "sleep" "infinity", kill_on_drop: false }`
[INFO] [stdout] 00c6b8a84ebc057dfc6216861ce38422e1cbbf6c519f0fde0b209a6424d3d511
[INFO] running `Command { std: "docker" "start" "00c6b8a84ebc057dfc6216861ce38422e1cbbf6c519f0fde0b209a6424d3d511", kill_on_drop: false }`
[INFO] running `Command { std: "docker" "inspect" "00c6b8a84ebc057dfc6216861ce38422e1cbbf6c519f0fde0b209a6424d3d511", kill_on_drop: false }`
[INFO] running `Command { std: "docker" "exec" "-e" "SOURCE_DIR=/opt/rustwide/workdir" "-e" "CARGO_HOME=/opt/rustwide/cargo-home" "-e" "RUSTUP_HOME=/opt/rustwide/rustup-home" "-e" "CARGO_TARGET_DIR=/opt/rustwide/target" "-w" "/opt/rustwide/workdir" "--user" "0:0" "00c6b8a84ebc057dfc6216861ce38422e1cbbf6c519f0fde0b209a6424d3d511" "/opt/rustwide/cargo-home/bin/cargo" "+1.99.0-beta.8" "metadata" "--no-deps" "--format-version=1", kill_on_drop: false }`
[INFO] running `Command { std: "docker" "inspect" "00c6b8a84ebc057dfc6216861ce38422e1cbbf6c519f0fde0b209a6424d3d511", kill_on_drop: false }`
[INFO] running `Command { std: "docker" "exec" "-e" "SOURCE_DIR=/opt/rustwide/workdir" "-e" "CARGO_HOME=/opt/rustwide/cargo-home" "-e" "RUSTUP_HOME=/opt/rustwide/rustup-home" "-e" "CARGO_TARGET_DIR=/opt/rustwide/target" "-e" "CARGO_INCREMENTAL=0" "-e" "RUST_BACKTRACE=full" "-e" "RUSTFLAGS=--cap-lints=warn" "-e" "RUSTDOCFLAGS=--cap-lints=warn" "-w" "/opt/rustwide/workdir" "--user" "0:0" "00c6b8a84ebc057dfc6216861ce38422e1cbbf6c519f0fde0b209a6424d3d511" "/opt/rustwide/cargo-home/bin/cargo" "+1.99.0-beta.8" "build" "--frozen" "--message-format=json" "--release", kill_on_drop: false }`
[INFO] [stderr]    Compiling quote v1.0.46
[INFO] [stderr]    Compiling libc v0.2.180
[INFO] [stderr]    Compiling serde_json v1.0.143
[INFO] [stderr]    Compiling memchr v2.7.5
[INFO] [stderr]    Compiling schemars v0.8.22
[INFO] [stderr]    Compiling itertools v0.11.0
[INFO] [stderr]    Compiling regex-syntax v0.8.6
[INFO] [stderr]    Compiling regex-automata v0.1.10
[INFO] [stderr]    Compiling proc-macro2 v1.0.101
[INFO] [stderr]    Compiling unicode-ident v1.0.18
[INFO] [stderr]    Compiling getrandom v0.3.3
[INFO] [stderr]    Compiling clap_builder v4.5.46
[INFO] [stderr]    Compiling tracing-log v0.2.0
[INFO] [stderr]    Compiling thread_local v1.1.9
[INFO] [stderr]    Compiling hax-types v0.4.2
[INFO] [stderr]    Compiling unicode-width v0.1.14
[INFO] [stderr]    Compiling annotate-snippets v0.11.5
[INFO] [stderr]    Compiling tracing-log v0.1.4
[INFO] [stderr]    Compiling uuid v1.18.0
[INFO] [stderr]    Compiling colored v2.2.0
[INFO] [stderr]    Compiling syn v2.0.106
[INFO] [stderr]    Compiling syn v1.0.109
[INFO] [stderr]    Compiling path-clean v1.0.1
[INFO] [stderr]    Compiling matchers v0.1.0
[INFO] [stderr]    Compiling jobserver v0.1.34
[INFO] [stderr]    Compiling cc v1.2.34
[INFO] [stderr]    Compiling regex-automata v0.4.10
[INFO] [stderr]    Compiling zstd-sys v2.0.15+zstd.1.5.7
[INFO] [stderr]    Compiling ext-trait-proc_macros v1.0.1
[INFO] [stderr]    Compiling ext-trait v1.0.1
[INFO] [stderr]    Compiling hax-adt-into v0.4.2
[INFO] [stderr]    Compiling extension-traits v1.0.1
[INFO] [stderr]    Compiling serde_derive_internals v0.29.1
[INFO] [stderr]    Compiling regex v1.11.2
[INFO] [stderr]    Compiling serde_derive v1.0.228
[INFO] [stderr]    Compiling tracing-attributes v0.1.30
[INFO] [stderr]    Compiling schemars_derive v0.8.22
[INFO] [stderr]    Compiling clap_derive v4.5.45
[INFO] [stderr]    Compiling miette-derive v7.6.0
[INFO] [stderr]    Compiling clap v4.5.46
[INFO] [stderr]    Compiling tracing v0.1.41
[INFO] [stderr]    Compiling miette v7.6.0
[INFO] [stderr]    Compiling tracing-subscriber v0.3.19
[INFO] [stderr]    Compiling serde v1.0.228
[INFO] [stderr]    Compiling serde-brief v0.1.1
[INFO] [stderr]    Compiling tracing-tree v0.2.5
[INFO] [stderr]    Compiling hax-lib-macros-types v0.4.2
[INFO] [stderr]    Compiling hax-frontend-exporter-options v0.4.2
[INFO] [stderr]    Compiling hax-frontend-exporter v0.4.2
[INFO] [stdout] error[E0463]: can't find crate for `rustc_abi`
[INFO] [stdout]   --> /opt/rustwide/cargo-home/registry/src/index.crates.io-1949cf8c6b5b557f/hax-frontend-exporter-0.4.2/src/lib.rs:23:5
[INFO] [stdout]    |
[INFO] [stdout] 23 |     extern crate rustc_abi;
[INFO] [stdout]    |     ^^^^^^^^^^^^^^^^^^^^^^^ can't find crate
[INFO] [stdout]    |
[INFO] [stdout]    = help: maybe you need to install the missing components with: `rustup component add rust-src rustc-dev llvm-tools-preview`
[INFO] [stdout] 
[INFO] [stdout] 
[INFO] [stdout] error[E0463]: can't find crate for `rustc_ast`
[INFO] [stdout]   --> /opt/rustwide/cargo-home/registry/src/index.crates.io-1949cf8c6b5b557f/hax-frontend-exporter-0.4.2/src/lib.rs:24:5
[INFO] [stdout]    |
[INFO] [stdout] 24 |     extern crate rustc_ast;
[INFO] [stdout]    |     ^^^^^^^^^^^^^^^^^^^^^^^ can't find crate
[INFO] [stdout]    |
[INFO] [stdout]    = help: maybe you need to install the missing components with: `rustup component add rust-src rustc-dev llvm-tools-preview`
[INFO] [stdout] 
[INFO] [stdout] 
[INFO] [stdout] error[E0463]: can't find crate for `rustc_ast_pretty`
[INFO] [stdout]   --> /opt/rustwide/cargo-home/registry/src/index.crates.io-1949cf8c6b5b557f/hax-frontend-exporter-0.4.2/src/lib.rs:25:5
[INFO] [stdout]    |
[INFO] [stdout] 25 |     extern crate rustc_ast_pretty;
[INFO] [stdout]    |     ^^^^^^^^^^^^^^^^^^^^^^^^^^^^^^ can't find crate
[INFO] [stdout]    |
[INFO] [stdout]    = help: maybe you need to install the missing components with: `rustup component add rust-src rustc-dev llvm-tools-preview`
[INFO] [stdout] 
[INFO] [stdout] 
[INFO] [stdout] error[E0463]: can't find crate for `rustc_apfloat`
[INFO] [stdout]   --> /opt/rustwide/cargo-home/registry/src/index.crates.io-1949cf8c6b5b557f/hax-frontend-exporter-0.4.2/src/lib.rs:26:5
[INFO] [stdout]    |
[INFO] [stdout] 26 |     extern crate rustc_apfloat;
[INFO] [stdout]    |     ^^^^^^^^^^^^^^^^^^^^^^^^^^^ can't find crate
[INFO] [stdout]    |
[INFO] [stdout]    = help: maybe you need to install the missing components with: `rustup component add rust-src rustc-dev llvm-tools-preview`
[INFO] [stdout] 
[INFO] [stdout] 
[INFO] [stdout] error[E0463]: can't find crate for `rustc_const_eval`
[INFO] [stdout]   --> /opt/rustwide/cargo-home/registry/src/index.crates.io-1949cf8c6b5b557f/hax-frontend-exporter-0.4.2/src/lib.rs:27:5
[INFO] [stdout]    |
[INFO] [stdout] 27 |     extern crate rustc_const_eval;
[INFO] [stdout]    |     ^^^^^^^^^^^^^^^^^^^^^^^^^^^^^^ can't find crate
[INFO] [stdout]    |
[INFO] [stdout]    = help: maybe you need to install the missing components with: `rustup component add rust-src rustc-dev llvm-tools-preview`
[INFO] [stdout] 
[INFO] [stdout] 
[INFO] [stdout] error[E0463]: can't find crate for `rustc_data_structures`
[INFO] [stdout]   --> /opt/rustwide/cargo-home/registry/src/index.crates.io-1949cf8c6b5b557f/hax-frontend-exporter-0.4.2/src/lib.rs:28:5
[INFO] [stdout]    |
[INFO] [stdout] 28 |     extern crate rustc_data_structures;
[INFO] [stdout]    |     ^^^^^^^^^^^^^^^^^^^^^^^^^^^^^^^^^^^ can't find crate
[INFO] [stdout]    |
[INFO] [stdout]    = help: maybe you need to install the missing components with: `rustup component add rust-src rustc-dev llvm-tools-preview`
[INFO] [stdout] 
[INFO] [stdout] 
[INFO] [stdout] error[E0463]: can't find crate for `rustc_driver`
[INFO] [stdout]   --> /opt/rustwide/cargo-home/registry/src/index.crates.io-1949cf8c6b5b557f/hax-frontend-exporter-0.4.2/src/lib.rs:29:5
[INFO] [stdout]    |
[INFO] [stdout] 29 |     extern crate rustc_driver;
[INFO] [stdout]    |     ^^^^^^^^^^^^^^^^^^^^^^^^^^ can't find crate
[INFO] [stdout]    |
[INFO] [stdout]    = help: maybe you need to install the missing components with: `rustup component add rust-src rustc-dev llvm-tools-preview`
[INFO] [stdout] 
[INFO] [stdout] 
[INFO] [stdout] error[E0463]: can't find crate for `rustc_hashes`
[INFO] [stdout]   --> /opt/rustwide/cargo-home/registry/src/index.crates.io-1949cf8c6b5b557f/hax-frontend-exporter-0.4.2/src/lib.rs:30:5
[INFO] [stdout]    |
[INFO] [stdout] 30 |     extern crate rustc_hashes;
[INFO] [stdout]    |     ^^^^^^^^^^^^^^^^^^^^^^^^^^ can't find crate
[INFO] [stdout]    |
[INFO] [stdout]    = help: maybe you need to install the missing components with: `rustup component add rust-src rustc-dev llvm-tools-preview`
[INFO] [stdout] 
[INFO] [stdout] 
[INFO] [stdout] error[E0463]: can't find crate for `rustc_errors`
[INFO] [stdout]   --> /opt/rustwide/cargo-home/registry/src/index.crates.io-1949cf8c6b5b557f/hax-frontend-exporter-0.4.2/src/lib.rs:31:5
[INFO] [stdout]    |
[INFO] [stdout] 31 |     extern crate rustc_errors;
[INFO] [stdout]    |     ^^^^^^^^^^^^^^^^^^^^^^^^^^ can't find crate
[INFO] [stdout]    |
[INFO] [stdout]    = help: maybe you need to install the missing components with: `rustup component add rust-src rustc-dev llvm-tools-preview`
[INFO] [stdout] 
[INFO] [stdout] 
[INFO] [stdout] error[E0463]: can't find crate for `rustc_hir`
[INFO] [stdout]   --> /opt/rustwide/cargo-home/registry/src/index.crates.io-1949cf8c6b5b557f/hax-frontend-exporter-0.4.2/src/lib.rs:32:5
[INFO] [stdout]    |
[INFO] [stdout] 32 |     extern crate rustc_hir;
[INFO] [stdout]    |     ^^^^^^^^^^^^^^^^^^^^^^^ can't find crate
[INFO] [stdout]    |
[INFO] [stdout]    = help: maybe you need to install the missing components with: `rustup component add rust-src rustc-dev llvm-tools-preview`
[INFO] [stdout] 
[INFO] [stdout] 
[INFO] [stdout] error[E0463]: can't find crate for `rustc_hir_analysis`
[INFO] [stdout]   --> /opt/rustwide/cargo-home/registry/src/index.crates.io-1949cf8c6b5b557f/hax-frontend-exporter-0.4.2/src/lib.rs:33:5
[INFO] [stdout]    |
[INFO] [stdout] 33 |     extern crate rustc_hir_analysis;
[INFO] [stdout]    |     ^^^^^^^^^^^^^^^^^^^^^^^^^^^^^^^^ can't find crate
[INFO] [stdout]    |
[INFO] [stdout]    = help: maybe you need to install the missing components with: `rustup component add rust-src rustc-dev llvm-tools-preview`
[INFO] [stdout] 
[INFO] [stdout] 
[INFO] [stdout] error[E0463]: can't find crate for `rustc_index`
[INFO] [stdout]   --> /opt/rustwide/cargo-home/registry/src/index.crates.io-1949cf8c6b5b557f/hax-frontend-exporter-0.4.2/src/lib.rs:34:5
[INFO] [stdout]    |
[INFO] [stdout] 34 |     extern crate rustc_index;
[INFO] [stdout]    |     ^^^^^^^^^^^^^^^^^^^^^^^^^ can't find crate
[INFO] [stdout]    |
[INFO] [stdout]    = help: maybe you need to install the missing components with: `rustup component add rust-src rustc-dev llvm-tools-preview`
[INFO] [stdout] 
[INFO] [stdout] 
[INFO] [stdout] error[E0463]: can't find crate for `rustc_infer`
[INFO] [stdout]   --> /opt/rustwide/cargo-home/registry/src/index.crates.io-1949cf8c6b5b557f/hax-frontend-exporter-0.4.2/src/lib.rs:35:5
[INFO] [stdout]    |
[INFO] [stdout] 35 |     extern crate rustc_infer;
[INFO] [stdout]    |     ^^^^^^^^^^^^^^^^^^^^^^^^^ can't find crate
[INFO] [stdout]    |
[INFO] [stdout]    = help: maybe you need to install the missing components with: `rustup component add rust-src rustc-dev llvm-tools-preview`
[INFO] [stdout] 
[INFO] [stdout] 
[INFO] [stdout] error[E0463]: can't find crate for `rustc_interface`
[INFO] [stdout]   --> /opt/rustwide/cargo-home/registry/src/index.crates.io-1949cf8c6b5b557f/hax-frontend-exporter-0.4.2/src/lib.rs:36:5
[INFO] [stdout]    |
[INFO] [stdout] 36 |     extern crate rustc_interface;
[INFO] [stdout]    |     ^^^^^^^^^^^^^^^^^^^^^^^^^^^^^ can't find crate
[INFO] [stdout]    |
[INFO] [stdout]    = help: maybe you need to install the missing components with: `rustup component add rust-src rustc-dev llvm-tools-preview`
[INFO] [stdout] 
[INFO] [stdout] 
[INFO] [stdout] error[E0463]: can't find crate for `rustc_middle`
[INFO] [stdout]   --> /opt/rustwide/cargo-home/registry/src/index.crates.io-1949cf8c6b5b557f/hax-frontend-exporter-0.4.2/src/lib.rs:37:5
[INFO] [stdout]    |
[INFO] [stdout] 37 |     extern crate rustc_middle;
[INFO] [stdout]    |     ^^^^^^^^^^^^^^^^^^^^^^^^^^ can't find crate
[INFO] [stdout]    |
[INFO] [stdout]    = help: maybe you need to install the missing components with: `rustup component add rust-src rustc-dev llvm-tools-preview`
[INFO] [stdout] 
[INFO] [stdout] 
[INFO] [stdout] error[E0463]: can't find crate for `rustc_mir_build`
[INFO] [stdout]   --> /opt/rustwide/cargo-home/registry/src/index.crates.io-1949cf8c6b5b557f/hax-frontend-exporter-0.4.2/src/lib.rs:38:5
[INFO] [stdout]    |
[INFO] [stdout] 38 |     extern crate rustc_mir_build;
[INFO] [stdout]    |     ^^^^^^^^^^^^^^^^^^^^^^^^^^^^^ can't find crate
[INFO] [stdout]    |
[INFO] [stdout]    = help: maybe you need to install the missing components with: `rustup component add rust-src rustc-dev llvm-tools-preview`
[INFO] [stdout] 
[INFO] [stdout] 
[INFO] [stdout] error[E0463]: can't find crate for `rustc_session`
[INFO] [stdout]   --> /opt/rustwide/cargo-home/registry/src/index.crates.io-1949cf8c6b5b557f/hax-frontend-exporter-0.4.2/src/lib.rs:39:5
[INFO] [stdout]    |
[INFO] [stdout] 39 |     extern crate rustc_session;
[INFO] [stdout]    |     ^^^^^^^^^^^^^^^^^^^^^^^^^^^ can't find crate
[INFO] [stdout]    |
[INFO] [stdout]    = help: maybe you need to install the missing components with: `rustup component add rust-src rustc-dev llvm-tools-preview`
[INFO] [stdout] 
[INFO] [stdout] 
[INFO] [stdout] error[E0463]: can't find crate for `rustc_span`
[INFO] [stdout]   --> /opt/rustwide/cargo-home/registry/src/index.crates.io-1949cf8c6b5b557f/hax-frontend-exporter-0.4.2/src/lib.rs:40:5
[INFO] [stdout]    |
[INFO] [stdout] 40 |     extern crate rustc_span;
[INFO] [stdout]    |     ^^^^^^^^^^^^^^^^^^^^^^^^ can't find crate
[INFO] [stdout]    |
[INFO] [stdout]    = help: maybe you need to install the missing components with: `rustup component add rust-src rustc-dev llvm-tools-preview`
[INFO] [stdout] 
[INFO] [stdout] 
[INFO] [stdout] error[E0463]: can't find crate for `rustc_target`
[INFO] [stdout]   --> /opt/rustwide/cargo-home/registry/src/index.crates.io-1949cf8c6b5b557f/hax-frontend-exporter-0.4.2/src/lib.rs:41:5
[INFO] [stdout]    |
[INFO] [stdout] 41 |     extern crate rustc_target;
[INFO] [stdout]    |     ^^^^^^^^^^^^^^^^^^^^^^^^^^ can't find crate
[INFO] [stdout]    |
[INFO] [stdout]    = help: maybe you need to install the missing components with: `rustup component add rust-src rustc-dev llvm-tools-preview`
[INFO] [stdout] 
[INFO] [stdout] 
[INFO] [stdout] error[E0463]: can't find crate for `rustc_trait_selection`
[INFO] [stdout]   --> /opt/rustwide/cargo-home/registry/src/index.crates.io-1949cf8c6b5b557f/hax-frontend-exporter-0.4.2/src/lib.rs:42:5
[INFO] [stdout]    |
[INFO] [stdout] 42 |     extern crate rustc_trait_selection;
[INFO] [stdout]    |     ^^^^^^^^^^^^^^^^^^^^^^^^^^^^^^^^^^^ can't find crate
[INFO] [stdout]    |
[INFO] [stdout]    = help: maybe you need to install the missing components with: `rustup component add rust-src rustc-dev llvm-tools-preview`
[INFO] [stdout] 
[INFO] [stdout] 
[INFO] [stdout] error[E0463]: can't find crate for `rustc_type_ir`
[INFO] [stdout]   --> /opt/rustwide/cargo-home/registry/src/index.crates.io-1949cf8c6b5b557f/hax-frontend-exporter-0.4.2/src/lib.rs:43:5
[INFO] [stdout]    |
[INFO] [stdout] 43 |     extern crate rustc_type_ir;
[INFO] [stdout]    |     ^^^^^^^^^^^^^^^^^^^^^^^^^^^ can't find crate
[INFO] [stdout]    |
[INFO] [stdout]    = help: maybe you need to install the missing components with: `rustup component add rust-src rustc-dev llvm-tools-preview`
[INFO] [stdout] 
[INFO] [stdout] 
[INFO] [stdout] error[E0463]: can't find crate for `rustc_lexer`
[INFO] [stdout]   --> /opt/rustwide/cargo-home/registry/src/index.crates.io-1949cf8c6b5b557f/hax-frontend-exporter-0.4.2/src/lib.rs:44:5
[INFO] [stdout]    |
[INFO] [stdout] 44 |     extern crate rustc_lexer;
[INFO] [stdout]    |     ^^^^^^^^^^^^^^^^^^^^^^^^^ can't find crate
[INFO] [stdout]    |
[INFO] [stdout]    = help: maybe you need to install the missing components with: `rustup component add rust-src rustc-dev llvm-tools-preview`
[INFO] [stdout] 
[INFO] [stdout] 
[INFO] [stdout] For more information about this error, try `rustc --explain E0463`.
[INFO] [stdout] 
[INFO] [stderr] error: could not compile `hax-frontend-exporter` (lib) due to 22 previous errors
[INFO] [stderr] warning: build failed, waiting for other jobs to finish...
[INFO] running `Command { std: "docker" "inspect" "00c6b8a84ebc057dfc6216861ce38422e1cbbf6c519f0fde0b209a6424d3d511", kill_on_drop: false }`
[INFO] running `Command { std: "docker" "rm" "-f" "00c6b8a84ebc057dfc6216861ce38422e1cbbf6c519f0fde0b209a6424d3d511", kill_on_drop: false }`
[INFO] [stdout] 00c6b8a84ebc057dfc6216861ce38422e1cbbf6c519f0fde0b209a6424d3d511
