[INFO] fetching crate haply 1.3.1...
[INFO] testing haply-1.3.1 against 1.99.0-beta.8+cargoflags=--release for beta-release-1.100-2
[INFO] extracting crate haply 1.3.1 into /workspace/builds/worker-5-tc1/source
[INFO] started tweaking crates.io crate haply 1.3.1
[INFO] removed 0 missing examples
[INFO] removed 0 missing tests
[INFO] finished tweaking crates.io crate haply 1.3.1
[INFO] tweaked toml for crates.io crate haply 1.3.1 written to /workspace/builds/worker-5-tc1/source/Cargo.toml
[INFO] validating manifest of crates.io crate haply 1.3.1 on toolchain 1.99.0-beta.8
[INFO] running `Command { std: CARGO_HOME="/workspace/cargo-home" RUSTUP_HOME="/workspace/rustup-home" "/workspace/cargo-home/bin/cargo" "+1.99.0-beta.8" "metadata" "--manifest-path" "Cargo.toml" "--no-deps", kill_on_drop: false }`
[INFO] crate crates.io crate haply 1.3.1 already has a lockfile, it will not be regenerated
[INFO] running `Command { std: CARGO_HOME="/workspace/cargo-home" RUSTUP_HOME="/workspace/rustup-home" "/workspace/cargo-home/bin/cargo" "+1.99.0-beta.8" "fetch" "--manifest-path" "Cargo.toml", kill_on_drop: false }`
[INFO] [stderr]     Updating crates.io index
[INFO] [stderr]  Downloading crates ...
[INFO] [stderr]   Downloaded tracy-client v0.18.4
[INFO] [stderr]   Downloaded ts-rs-macros v11.0.1
[INFO] [stderr]   Downloaded ts-rs v11.0.1
[INFO] [stderr]   Downloaded tracing-tracy v0.11.4
[INFO] [stderr]   Downloaded cc v1.2.11
[INFO] [stderr]   Downloaded native-tls v0.2.13
[INFO] [stderr]   Downloaded tracy-client-sys v0.28.0
[INFO] [stderr]   Downloaded openssl-sys v0.9.105
[INFO] [stderr]   Downloaded openssl v0.10.70
[INFO] [stderr]   Downloaded matrixmultiply v0.3.9
[INFO] [stderr]   Downloaded jiff v0.2.13
[INFO] [stderr]   Downloaded jiff-static v0.2.13
[INFO] running `Command { std: "docker" "create" "-v" "/var/lib/crater-agent-workspace/builds/worker-5-tc1/source:/opt/rustwide/workdir:ro,Z" "-v" "/var/lib/crater-agent-workspace/builds/worker-5-tc1/target:/opt/rustwide/target:rw,Z" "-v" "/var/lib/crater-agent-workspace/cargo-home:/opt/rustwide/cargo-home:ro,Z" "-v" "/var/lib/crater-agent-workspace/rustup-home:/opt/rustwide/rustup-home:ro,Z" "-m" "1610612736" "--network" "none" "ghcr.io/rust-lang/crates-build-env/linux@sha256:77db811e55d90add9212f6832c23229e3de5f1c1f9905e8cb07319ea15df73ac" "sleep" "infinity", kill_on_drop: false }`
[INFO] [stdout] 9757a35f5d185ab4d9dee3a305079cb3229e63acf992b757dfe9ee03136bda57
[INFO] running `Command { std: "docker" "start" "9757a35f5d185ab4d9dee3a305079cb3229e63acf992b757dfe9ee03136bda57", kill_on_drop: false }`
[INFO] running `Command { std: "docker" "inspect" "9757a35f5d185ab4d9dee3a305079cb3229e63acf992b757dfe9ee03136bda57", kill_on_drop: false }`
[INFO] running `Command { std: "docker" "exec" "-e" "SOURCE_DIR=/opt/rustwide/workdir" "-e" "CARGO_HOME=/opt/rustwide/cargo-home" "-e" "RUSTUP_HOME=/opt/rustwide/rustup-home" "-e" "CARGO_TARGET_DIR=/opt/rustwide/target" "-w" "/opt/rustwide/workdir" "--user" "0:0" "9757a35f5d185ab4d9dee3a305079cb3229e63acf992b757dfe9ee03136bda57" "/opt/rustwide/cargo-home/bin/cargo" "+1.99.0-beta.8" "metadata" "--no-deps" "--format-version=1", kill_on_drop: false }`
[INFO] running `Command { std: "docker" "inspect" "9757a35f5d185ab4d9dee3a305079cb3229e63acf992b757dfe9ee03136bda57", kill_on_drop: false }`
[INFO] running `Command { std: "docker" "exec" "-e" "SOURCE_DIR=/opt/rustwide/workdir" "-e" "CARGO_HOME=/opt/rustwide/cargo-home" "-e" "RUSTUP_HOME=/opt/rustwide/rustup-home" "-e" "CARGO_TARGET_DIR=/opt/rustwide/target" "-e" "CARGO_INCREMENTAL=0" "-e" "RUST_BACKTRACE=full" "-e" "RUSTFLAGS=--cap-lints=warn" "-e" "RUSTDOCFLAGS=--cap-lints=warn" "-w" "/opt/rustwide/workdir" "--user" "0:0" "9757a35f5d185ab4d9dee3a305079cb3229e63acf992b757dfe9ee03136bda57" "/opt/rustwide/cargo-home/bin/cargo" "+1.99.0-beta.8" "build" "--frozen" "--message-format=json" "--release", kill_on_drop: false }`
[INFO] [stderr]    Compiling proc-macro2 v1.0.93
[INFO] [stderr]    Compiling unicode-ident v1.0.16
[INFO] [stderr]    Compiling smallvec v1.13.2
[INFO] [stderr]    Compiling typenum v1.17.0
[INFO] [stderr]    Compiling pkg-config v0.3.31
[INFO] [stderr]    Compiling cc v1.2.11
[INFO] [stderr]    Compiling litemap v0.7.4
[INFO] [stderr]    Compiling once_cell v1.20.2
[INFO] [stderr]    Compiling log v0.4.27
[INFO] [stderr]    Compiling mio v1.0.3
[INFO] [stderr]    Compiling signal-hook-registry v1.4.2
[INFO] [stderr]    Compiling socket2 v0.5.8
[INFO] [stderr]    Compiling httparse v1.10.0
[INFO] [stderr]    Compiling icu_locid_transform_data v1.5.0
[INFO] [stderr]    Compiling getrandom v0.3.1
[INFO] [stderr]    Compiling openssl v0.10.70
[INFO] [stderr]    Compiling icu_properties_data v1.5.0
[INFO] [stderr]    Compiling http v0.2.12
[INFO] [stderr]    Compiling tracing-core v0.1.33
[INFO] [stderr]    Compiling thiserror v2.0.12
[INFO] [stderr]    Compiling icu_normalizer_data v1.5.0
[INFO] [stderr]    Compiling native-tls v0.2.13
[INFO] [stderr]    Compiling indexmap v2.13.0
[INFO] [stderr]    Compiling quote v1.0.38
[INFO] [stderr]    Compiling parking_lot_core v0.9.10
[INFO] [stderr]    Compiling rand_core v0.9.3
[INFO] [stderr]    Compiling syn v2.0.98
[INFO] [stderr]    Compiling aho-corasick v1.1.3
[INFO] [stderr]    Compiling regex-syntax v0.8.5
[INFO] [stderr]    Compiling parking_lot v0.12.3
[INFO] [stderr]    Compiling matrixmultiply v0.3.9
[INFO] [stderr]    Compiling ryu v1.0.19
[INFO] [stderr]    Compiling syn v1.0.109
[INFO] [stderr]    Compiling approx v0.5.1
[INFO] [stderr]    Compiling num-complex v0.4.6
[INFO] [stderr]    Compiling tracing v0.1.41
[INFO] [stderr]    Compiling http v1.3.1
[INFO] [stderr]    Compiling termcolor v1.4.1
[INFO] [stderr]    Compiling anstream v0.6.18
[INFO] [stderr]    Compiling generic-array v0.14.7
[INFO] [stderr]    Compiling rustls-pemfile v1.0.4
[INFO] [stderr]    Compiling simba v0.5.1
[INFO] [stderr]    Compiling num-rational v0.4.2
[INFO] [stderr]    Compiling jiff v0.2.13
[INFO] [stderr]    Compiling block-buffer v0.10.4
[INFO] [stderr]    Compiling crypto-common v0.1.6
[INFO] [stderr]    Compiling digest v0.10.7
[INFO] [stderr]    Compiling sha1 v0.10.6
[INFO] [stderr]    Compiling openssl-sys v0.9.105
[INFO] [stderr]    Compiling http-body v0.4.6
[INFO] [stderr]    Compiling regex-automata v0.4.9
[INFO] [stderr]    Compiling nalgebra-macros v0.1.0
[INFO] [stderr]    Compiling synstructure v0.13.1
[INFO] [stderr]    Compiling zerovec-derive v0.10.3
[INFO] [stderr]    Compiling displaydoc v0.2.5
[INFO] [stderr]    Compiling icu_provider_macros v1.5.0
[INFO] [stderr]    Compiling tokio-macros v2.5.0
[INFO] [stderr]    Compiling zerocopy-derive v0.7.35
[INFO] [stderr]    Compiling futures-macro v0.3.31
[INFO] [stderr]    Compiling openssl-macros v0.1.1
[INFO] [stderr]    Compiling thiserror-impl v2.0.12
[INFO] [stderr]    Compiling serde_derive v1.0.228
[INFO] [stderr]    Compiling ts-rs-macros v11.0.1
[INFO] [stderr]    Compiling zerofrom-derive v0.1.5
[INFO] [stderr]    Compiling yoke-derive v0.7.5
[INFO] [stderr]    Compiling futures-util v0.3.31
[INFO] [stderr]    Compiling zerocopy v0.7.35
[INFO] [stderr]    Compiling nalgebra v0.27.1
[INFO] [stderr]    Compiling tokio v1.45.0
[INFO] [stderr]    Compiling zerofrom v0.1.5
[INFO] [stderr]    Compiling yoke v0.7.5
[INFO] [stderr]    Compiling ppv-lite86 v0.2.20
[INFO] [stderr]    Compiling zerovec v0.10.4
[INFO] [stderr]    Compiling ts-rs v11.0.1
[INFO] [stderr]    Compiling rand_chacha v0.9.0
[INFO] [stderr]    Compiling rand v0.9.1
[INFO] [stderr]    Compiling regex v1.11.1
[INFO] [stderr]    Compiling env_filter v0.1.3
[INFO] [stderr]    Compiling tungstenite v0.26.2
[INFO] [stderr]    Compiling env_logger v0.11.8
[INFO] [stderr]    Compiling tinystr v0.7.6
[INFO] [stderr]    Compiling icu_collections v1.5.0
[INFO] [stderr]    Compiling icu_locid v1.5.0
[INFO] [stderr]    Compiling serde v1.0.228
[INFO] [stderr]    Compiling icu_provider v1.5.0
[INFO] [stderr]    Compiling serde_urlencoded v0.7.1
[INFO] [stderr]    Compiling icu_locid_transform v1.5.0
[INFO] [stderr]    Compiling serde_json v1.0.140
[INFO] [stderr]    Compiling icu_properties v1.5.1
[INFO] [stderr]    Compiling tokio-util v0.7.13
[INFO] [stderr]    Compiling tokio-native-tls v0.3.1
[INFO] [stderr]    Compiling tokio-tungstenite v0.26.2
[INFO] [stderr]    Compiling h2 v0.3.26
[INFO] [stderr]    Compiling icu_normalizer v1.5.0
[INFO] [stderr]    Compiling idna_adapter v1.2.0
[INFO] [stderr]    Compiling idna v1.0.3
[INFO] [stderr]    Compiling url v2.5.4
[INFO] [stderr]    Compiling hyper v0.14.32
[INFO] [stderr]    Compiling hyper-tls v0.5.0
[INFO] [stderr]    Compiling reqwest v0.11.27
[INFO] [stderr]    Compiling haply v1.3.1 (/opt/rustwide/workdir)
[INFO] [stdout] warning: field `verse_grip_mode` is never read
[INFO] [stdout]   --> src/device.rs:54:5
[INFO] [stdout]    |
[INFO] [stdout] 47 | pub struct HaplyDevice {
[INFO] [stdout]    |            ----------- field in this struct
[INFO] [stdout] ...
[INFO] [stdout] 54 |     verse_grip_mode: VerseGripDuplicateMode,
[INFO] [stdout]    |     ^^^^^^^^^^^^^^^
[INFO] [stdout]    |
[INFO] [stdout]    = note: `#[warn(dead_code)]` (part of `#[warn(unused)]`) on by default
[INFO] [stdout] 
[INFO] [stdout] 
[INFO] [stderr]     Finished `release` profile [optimized] target(s) in 1m 25s
[INFO] [stderr] warning: the following packages contain code that will be rejected by a future version of Rust: nalgebra v0.27.1
[INFO] [stderr] note: to see what the problems were, use the option `--future-incompat-report`, or run `cargo report future-incompatibilities --id 2`
[INFO] running `Command { std: "docker" "inspect" "9757a35f5d185ab4d9dee3a305079cb3229e63acf992b757dfe9ee03136bda57", kill_on_drop: false }`
[INFO] running `Command { std: "docker" "exec" "-e" "SOURCE_DIR=/opt/rustwide/workdir" "-e" "CARGO_HOME=/opt/rustwide/cargo-home" "-e" "RUSTUP_HOME=/opt/rustwide/rustup-home" "-e" "CARGO_TARGET_DIR=/opt/rustwide/target" "-e" "CARGO_INCREMENTAL=0" "-e" "RUST_BACKTRACE=full" "-e" "RUSTFLAGS=--cap-lints=warn" "-e" "RUSTDOCFLAGS=--cap-lints=warn" "-w" "/opt/rustwide/workdir" "--user" "0:0" "9757a35f5d185ab4d9dee3a305079cb3229e63acf992b757dfe9ee03136bda57" "/opt/rustwide/cargo-home/bin/cargo" "+1.99.0-beta.8" "test" "--frozen" "--no-run" "--message-format=json" "--release", kill_on_drop: false }`
[INFO] [stderr]    Compiling approx v0.5.1
[INFO] [stderr]    Compiling visibility v0.1.1
[INFO] [stderr]    Compiling simba v0.5.1
[INFO] [stderr]    Compiling nalgebra v0.27.1
[INFO] [stderr]    Compiling haply v1.3.1 (/opt/rustwide/workdir)
[INFO] [stdout] warning: field `verse_grip_mode` is never read
[INFO] [stdout]   --> src/device.rs:54:5
[INFO] [stdout]    |
[INFO] [stdout] 47 | pub struct HaplyDevice {
[INFO] [stdout]    |            ----------- field in this struct
[INFO] [stdout] ...
[INFO] [stdout] 54 |     verse_grip_mode: VerseGripDuplicateMode,
[INFO] [stdout]    |     ^^^^^^^^^^^^^^^
[INFO] [stdout]    |
[INFO] [stdout]    = note: `#[warn(dead_code)]` (part of `#[warn(unused)]`) on by default
[INFO] [stdout] 
[INFO] [stdout] 
[INFO] [stdout] warning: field `verse_grip_mode` is never read
[INFO] [stdout]   --> src/device.rs:54:5
[INFO] [stdout]    |
[INFO] [stdout] 47 | pub struct HaplyDevice {
[INFO] [stdout]    |            ----------- field in this struct
[INFO] [stdout] ...
[INFO] [stdout] 54 |     verse_grip_mode: VerseGripDuplicateMode,
[INFO] [stdout]    |     ^^^^^^^^^^^^^^^
[INFO] [stdout]    |
[INFO] [stdout]    = note: `#[warn(dead_code)]` (part of `#[warn(unused)]`) on by default
[INFO] [stdout] 
[INFO] [stdout] 
[INFO] [stdout] error[E0433]: cannot find module or crate `haply_mock` in this scope
[INFO] [stdout]  --> tests/integration_test.rs:9:5
[INFO] [stdout]   |
[INFO] [stdout] 9 | use haply_mock::models::Device as MockDevice;
[INFO] [stdout]   |     ^^^^^^^^^^ use of unresolved module or unlinked crate `haply_mock`
[INFO] [stdout]   |
[INFO] [stdout]   = help: if you wanted to use a crate named `haply_mock`, use `cargo add haply_mock` to add it to your `Cargo.toml`
[INFO] [stdout] 
[INFO] [stdout] 
[INFO] [stdout] error[E0433]: cannot find module or crate `haply_mock` in this scope
[INFO] [stdout]   --> tests/integration_test.rs:10:5
[INFO] [stdout]    |
[INFO] [stdout] 10 | use haply_mock::models::DeviceInfo as MockDeviceInfo;
[INFO] [stdout]    |     ^^^^^^^^^^ use of unresolved module or unlinked crate `haply_mock`
[INFO] [stdout]    |
[INFO] [stdout]    = help: if you wanted to use a crate named `haply_mock`, use `cargo add haply_mock` to add it to your `Cargo.toml`
[INFO] [stdout] 
[INFO] [stdout] 
[INFO] [stdout] error[E0433]: cannot find module or crate `haply_mock` in this scope
[INFO] [stdout]   --> tests/integration_test.rs:11:5
[INFO] [stdout]    |
[INFO] [stdout] 11 | use haply_mock::models::Inverse3Info as MockInverse3Info;
[INFO] [stdout]    |     ^^^^^^^^^^ use of unresolved module or unlinked crate `haply_mock`
[INFO] [stdout]    |
[INFO] [stdout]    = help: if you wanted to use a crate named `haply_mock`, use `cargo add haply_mock` to add it to your `Cargo.toml`
[INFO] [stdout] 
[INFO] [stdout] 
[INFO] [stdout] error[E0433]: cannot find module or crate `haply_mock` in this scope
[INFO] [stdout]   --> tests/integration_test.rs:12:5
[INFO] [stdout]    |
[INFO] [stdout] 12 | use haply_mock::models::VerseGripWirelessInfo as MockVerseGripWirelessInfo;
[INFO] [stdout]    |     ^^^^^^^^^^ use of unresolved module or unlinked crate `haply_mock`
[INFO] [stdout]    |
[INFO] [stdout]    = help: if you wanted to use a crate named `haply_mock`, use `cargo add haply_mock` to add it to your `Cargo.toml`
[INFO] [stdout] 
[INFO] [stdout] 
[INFO] [stdout] error[E0433]: cannot find module or crate `haply_mock` in this scope
[INFO] [stdout]   --> tests/integration_test.rs:14:5
[INFO] [stdout]    |
[INFO] [stdout] 14 | use haply_mock::models::Inverse3RTState as MockInverse3RTState;
[INFO] [stdout]    |     ^^^^^^^^^^ use of unresolved module or unlinked crate `haply_mock`
[INFO] [stdout]    |
[INFO] [stdout]    = help: if you wanted to use a crate named `haply_mock`, use `cargo add haply_mock` to add it to your `Cargo.toml`
[INFO] [stdout] 
[INFO] [stdout] 
[INFO] [stdout] error[E0433]: cannot find module or crate `haply_mock` in this scope
[INFO] [stdout]   --> tests/integration_test.rs:15:5
[INFO] [stdout]    |
[INFO] [stdout] 15 | use haply_mock::models::WirelessVerseGripRTState as MockWirelessVerseGripRTState;
[INFO] [stdout]    |     ^^^^^^^^^^ use of unresolved module or unlinked crate `haply_mock`
[INFO] [stdout]    |
[INFO] [stdout]    = help: if you wanted to use a crate named `haply_mock`, use `cargo add haply_mock` to add it to your `Cargo.toml`
[INFO] [stdout] 
[INFO] [stdout] 
[INFO] [stdout] error[E0432]: unresolved import `haply_mock`
[INFO] [stdout]   --> tests/integration_test.rs:16:5
[INFO] [stdout]    |
[INFO] [stdout] 16 | use haply_mock::DeviceRTState as MockDeviceRTState;
[INFO] [stdout]    |     ^^^^^^^^^^ use of unresolved module or unlinked crate `haply_mock`
[INFO] [stdout]    |
[INFO] [stdout]    = help: if you wanted to use a crate named `haply_mock`, use `cargo add haply_mock` to add it to your `Cargo.toml`
[INFO] [stdout] 
[INFO] [stdout] 
[INFO] [stdout] error[E0432]: unresolved import `haply_mock`
[INFO] [stdout]   --> tests/integration_test.rs:17:5
[INFO] [stdout]    |
[INFO] [stdout] 17 | use haply_mock::Service as MockService;
[INFO] [stdout]    |     ^^^^^^^^^^ use of unresolved module or unlinked crate `haply_mock`
[INFO] [stdout]    |
[INFO] [stdout]    = help: if you wanted to use a crate named `haply_mock`, use `cargo add haply_mock` to add it to your `Cargo.toml`
[INFO] [stdout] 
[INFO] [stdout] 
[INFO] [stdout] error[E0432]: unresolved import `haply_mock`
[INFO] [stdout]   --> tests/integration_test.rs:18:5
[INFO] [stdout]    |
[INFO] [stdout] 18 | use haply_mock::ServiceConfig as MockServiceConfig;
[INFO] [stdout]    |     ^^^^^^^^^^ use of unresolved module or unlinked crate `haply_mock`
[INFO] [stdout]    |
[INFO] [stdout]    = help: if you wanted to use a crate named `haply_mock`, use `cargo add haply_mock` to add it to your `Cargo.toml`
[INFO] [stdout] 
[INFO] [stdout] 
[INFO] [stdout] warning: unused import: `Cube`
[INFO] [stdout]  --> examples/haptic_sample.rs:8:52
[INFO] [stdout]   |
[INFO] [stdout] 8 | use haply::{ compute_total_force, device_model::*, Cube, HaplyDevice, Sphere };
[INFO] [stdout]   |                                                    ^^^^
[INFO] [stdout]   |
[INFO] [stdout]   = note: `#[warn(unused_imports)]` (part of `#[warn(unused)]`) on by default
[INFO] [stdout] 
[INFO] [stdout] 
[INFO] [stdout] error[E0433]: cannot find module or crate `haply_mock` in this scope
[INFO] [stdout]    --> tests/integration_test.rs:141:23
[INFO] [stdout]     |
[INFO] [stdout] 141 |     let src_version = haply_mock::models::Version {
[INFO] [stdout]     |                       ^^^^^^^^^^ use of unresolved module or unlinked crate `haply_mock`
[INFO] [stdout]     |
[INFO] [stdout]     = help: if you wanted to use a crate named `haply_mock`, use `cargo add haply_mock` to add it to your `Cargo.toml`
[INFO] [stdout] 
[INFO] [stdout] 
[INFO] [stdout] warning: unused imports: `Command` and `TransformPatch`
[INFO] [stdout]   --> examples/navigation_demo.rs:12:9
[INFO] [stdout]    |
[INFO] [stdout] 12 |         Command,
[INFO] [stdout]    |         ^^^^^^^
[INFO] [stdout] ...
[INFO] [stdout] 18 |         TransformPatch,
[INFO] [stdout]    |         ^^^^^^^^^^^^^^
[INFO] [stdout]    |
[INFO] [stdout]    = note: `#[warn(unused_imports)]` (part of `#[warn(unused)]`) on by default
[INFO] [stdout] 
[INFO] [stdout] 
[INFO] [stdout] Some errors have detailed explanations: E0432, E0433.
[INFO] [stdout] 
[INFO] [stdout] For more information about an error, try `rustc --explain E0432`.
[INFO] [stdout] 
[INFO] [stderr] error: could not compile `haply` (test "integration_test") due to 10 previous errors
[INFO] [stderr] warning: build failed, waiting for other jobs to finish...
[INFO] running `Command { std: "docker" "inspect" "9757a35f5d185ab4d9dee3a305079cb3229e63acf992b757dfe9ee03136bda57", kill_on_drop: false }`
[INFO] running `Command { std: "docker" "rm" "-f" "9757a35f5d185ab4d9dee3a305079cb3229e63acf992b757dfe9ee03136bda57", kill_on_drop: false }`
[INFO] [stdout] 9757a35f5d185ab4d9dee3a305079cb3229e63acf992b757dfe9ee03136bda57
