[INFO] fetching crate hanfei-shu 0.2.1...
[INFO] testing hanfei-shu-0.2.1 against 1.99.0-beta.8+cargoflags=--release for beta-release-1.100-2
[INFO] extracting crate hanfei-shu 0.2.1 into /workspace/builds/worker-6-tc1/source
[INFO] started tweaking crates.io crate hanfei-shu 0.2.1
[INFO] removed 0 missing examples
[INFO] finished tweaking crates.io crate hanfei-shu 0.2.1
[INFO] tweaked toml for crates.io crate hanfei-shu 0.2.1 written to /workspace/builds/worker-6-tc1/source/Cargo.toml
[INFO] validating manifest of crates.io crate hanfei-shu 0.2.1 on toolchain 1.99.0-beta.8
[INFO] running `Command { std: CARGO_HOME="/workspace/cargo-home" RUSTUP_HOME="/workspace/rustup-home" "/workspace/cargo-home/bin/cargo" "+1.99.0-beta.8" "metadata" "--manifest-path" "Cargo.toml" "--no-deps", kill_on_drop: false }`
[INFO] crate crates.io crate hanfei-shu 0.2.1 already has a lockfile, it will not be regenerated
[INFO] running `Command { std: CARGO_HOME="/workspace/cargo-home" RUSTUP_HOME="/workspace/rustup-home" "/workspace/cargo-home/bin/cargo" "+1.99.0-beta.8" "fetch" "--manifest-path" "Cargo.toml", kill_on_drop: false }`
[INFO] [stderr]     Updating crates.io index
[INFO] [stderr]  Downloading crates ...
[INFO] [stderr]   Downloaded pasta_curves v0.5.1
[INFO] running `Command { std: "docker" "create" "-v" "/var/lib/crater-agent-workspace/builds/worker-6-tc1/source:/opt/rustwide/workdir:ro,Z" "-v" "/var/lib/crater-agent-workspace/builds/worker-6-tc1/target:/opt/rustwide/target:rw,Z" "-v" "/var/lib/crater-agent-workspace/cargo-home:/opt/rustwide/cargo-home:ro,Z" "-v" "/var/lib/crater-agent-workspace/rustup-home:/opt/rustwide/rustup-home:ro,Z" "-m" "1610612736" "--network" "none" "ghcr.io/rust-lang/crates-build-env/linux@sha256:77db811e55d90add9212f6832c23229e3de5f1c1f9905e8cb07319ea15df73ac" "sleep" "infinity", kill_on_drop: false }`
[INFO] [stdout] 02f37b8228bc665230fc959dc91e2243b608b301b7e0ef30ee6c9252e7b71cbb
[INFO] running `Command { std: "docker" "start" "02f37b8228bc665230fc959dc91e2243b608b301b7e0ef30ee6c9252e7b71cbb", kill_on_drop: false }`
[INFO] running `Command { std: "docker" "inspect" "02f37b8228bc665230fc959dc91e2243b608b301b7e0ef30ee6c9252e7b71cbb", kill_on_drop: false }`
[INFO] running `Command { std: "docker" "exec" "-e" "SOURCE_DIR=/opt/rustwide/workdir" "-e" "CARGO_HOME=/opt/rustwide/cargo-home" "-e" "RUSTUP_HOME=/opt/rustwide/rustup-home" "-e" "CARGO_TARGET_DIR=/opt/rustwide/target" "-w" "/opt/rustwide/workdir" "--user" "0:0" "02f37b8228bc665230fc959dc91e2243b608b301b7e0ef30ee6c9252e7b71cbb" "/opt/rustwide/cargo-home/bin/cargo" "+1.99.0-beta.8" "metadata" "--no-deps" "--format-version=1", kill_on_drop: false }`
[INFO] running `Command { std: "docker" "inspect" "02f37b8228bc665230fc959dc91e2243b608b301b7e0ef30ee6c9252e7b71cbb", kill_on_drop: false }`
[INFO] running `Command { std: "docker" "exec" "-e" "SOURCE_DIR=/opt/rustwide/workdir" "-e" "CARGO_HOME=/opt/rustwide/cargo-home" "-e" "RUSTUP_HOME=/opt/rustwide/rustup-home" "-e" "CARGO_TARGET_DIR=/opt/rustwide/target" "-e" "CARGO_INCREMENTAL=0" "-e" "RUST_BACKTRACE=full" "-e" "RUSTFLAGS=--cap-lints=warn" "-e" "RUSTDOCFLAGS=--cap-lints=warn" "-w" "/opt/rustwide/workdir" "--user" "0:0" "02f37b8228bc665230fc959dc91e2243b608b301b7e0ef30ee6c9252e7b71cbb" "/opt/rustwide/cargo-home/bin/cargo" "+1.99.0-beta.8" "build" "--frozen" "--message-format=json" "--release", kill_on_drop: false }`
[INFO] [stderr]    Compiling rand_core v0.6.4
[INFO] [stderr]    Compiling constant_time_eq v0.4.2
[INFO] [stderr]    Compiling either v1.15.0
[INFO] [stderr]    Compiling bitvec v1.0.1
[INFO] [stderr]    Compiling cc v1.2.57
[INFO] [stderr]    Compiling lazy_static v1.5.0
[INFO] [stderr]    Compiling blake2b_simd v1.0.4
[INFO] [stderr]    Compiling rand v0.8.5
[INFO] [stderr]    Compiling rayon v1.11.0
[INFO] [stderr]    Compiling hanfei-shu v0.2.1 (/opt/rustwide/workdir)
[INFO] [stderr] warning: hanfei-shu@0.2.1: Could not detect GPU arch, using sm_86
[INFO] [stderr]    Compiling ff v0.13.1
[INFO] [stderr]    Compiling group v0.13.0
[INFO] [stderr]    Compiling pasta_curves v0.5.1
[INFO] [stderr]     Finished `release` profile [optimized] target(s) in 11.37s
[INFO] running `Command { std: "docker" "inspect" "02f37b8228bc665230fc959dc91e2243b608b301b7e0ef30ee6c9252e7b71cbb", kill_on_drop: false }`
[INFO] running `Command { std: "docker" "exec" "-e" "SOURCE_DIR=/opt/rustwide/workdir" "-e" "CARGO_HOME=/opt/rustwide/cargo-home" "-e" "RUSTUP_HOME=/opt/rustwide/rustup-home" "-e" "CARGO_TARGET_DIR=/opt/rustwide/target" "-e" "CARGO_INCREMENTAL=0" "-e" "RUST_BACKTRACE=full" "-e" "RUSTFLAGS=--cap-lints=warn" "-e" "RUSTDOCFLAGS=--cap-lints=warn" "-w" "/opt/rustwide/workdir" "--user" "0:0" "02f37b8228bc665230fc959dc91e2243b608b301b7e0ef30ee6c9252e7b71cbb" "/opt/rustwide/cargo-home/bin/cargo" "+1.99.0-beta.8" "test" "--frozen" "--no-run" "--message-format=json" "--release", kill_on_drop: false }`
[INFO] [stderr]    Compiling zerocopy v0.8.47
[INFO] [stderr]    Compiling zerocopy-derive v0.8.47
[INFO] [stderr]    Compiling getrandom v0.2.17
[INFO] [stderr]    Compiling num-traits v0.2.19
[INFO] [stderr]    Compiling aho-corasick v1.1.4
[INFO] [stderr]    Compiling clap_lex v1.1.0
[INFO] [stderr]    Compiling ciborium-io v0.2.2
[INFO] [stderr]    Compiling plotters-backend v0.3.7
[INFO] [stderr]    Compiling log v0.4.29
[INFO] [stderr]    Compiling serde_json v1.0.149
[INFO] [stderr]    Compiling itertools v0.10.5
[INFO] [stderr]    Compiling rayon v1.11.0
[INFO] [stderr]    Compiling cast v0.3.0
[INFO] [stderr]    Compiling anstream v1.0.0
[INFO] [stderr] warning: hanfei-shu@0.2.1: Could not detect GPU arch, using sm_86
[INFO] [stderr]    Compiling is-terminal v0.4.17
[INFO] [stderr]    Compiling anes v0.1.6
[INFO] [stderr]    Compiling jiff v0.2.23
[INFO] [stderr]    Compiling oorandom v11.1.5
[INFO] [stderr]    Compiling clap_builder v4.6.0
[INFO] [stderr]    Compiling rand_core v0.6.4
[INFO] [stderr]    Compiling plotters-svg v0.3.7
[INFO] [stderr]    Compiling ff v0.13.1
[INFO] [stderr]    Compiling group v0.13.0
[INFO] [stderr]    Compiling plotters v0.3.7
[INFO] [stderr]    Compiling chrono v0.4.44
[INFO] [stderr]    Compiling tinytemplate v1.2.1
[INFO] [stderr]    Compiling regex-automata v0.4.14
[INFO] [stderr]    Compiling criterion-plot v0.5.0
[INFO] [stderr]    Compiling clap v4.6.0
[INFO] [stderr]    Compiling ppv-lite86 v0.2.21
[INFO] [stderr]    Compiling half v2.7.1
[INFO] [stderr]    Compiling ciborium-ll v0.2.2
[INFO] [stderr]    Compiling regex v1.12.3
[INFO] [stderr]    Compiling ciborium v0.2.2
[INFO] [stderr]    Compiling rand_chacha v0.3.1
[INFO] [stderr]    Compiling rand v0.8.5
[INFO] [stderr]    Compiling env_filter v1.0.1
[INFO] [stderr]    Compiling env_logger v0.11.10
[INFO] [stderr]    Compiling criterion v0.5.1
[INFO] [stderr]    Compiling pasta_curves v0.5.1
[INFO] [stderr]    Compiling hanfei-shu v0.2.1 (/opt/rustwide/workdir)
[INFO] [stdout] warning: unused variable: `speedup_avg`
[INFO] [stdout]   --> examples/official_benchmark.rs:71:13
[INFO] [stdout]    |
[INFO] [stdout] 71 |         let speedup_avg = cpu_avg / gpu_avg;
[INFO] [stdout]    |             ^^^^^^^^^^^ help: if this is intentional, prefix it with an underscore: `_speedup_avg`
[INFO] [stdout]    |
[INFO] [stdout]    = note: `#[warn(unused_variables)]` (part of `#[warn(unused)]`) on by default
[INFO] [stdout] 
[INFO] [stdout] 
[INFO] [stdout] error: linking with `cc` failed: exit status: 1
[INFO] [stdout]   |
[INFO] [stdout]   = note:  "cc" "-m64" "/opt/rustwide/target/release/examples/rustckwkwUo/symbols.o" "<2 object files omitted>" "-Wl,--as-needed" "-Wl,-Bstatic" "/opt/rustwide/target/release/deps/{libhanfei_shu-131bd2cedb4585ba,liblog-9f5fd3dda547de7d,librayon-b080482c0c112c69,librayon_core-200cbe5ba623cbda,libcrossbeam_deque-2a0d55b5d488e9da,libcrossbeam_epoch-5071d9e21cd7edca,libcrossbeam_utils-c35c21890820cf1a,libeither-9494ab0a0482591e,libpasta_curves-b835ded3e50d3842,libblake2b_simd-aa0a177e335bf0e2,libconstant_time_eq-a558d053d4722349,libarrayvec-e6d39b1d3520eea1,libarrayref-b29b114356c49262,libstatic_assertions-306fc8cfb43dc741,liblazy_static-d4f5c2e8fcd8732d,libspin-4bb47bf7f19fd710,librand-e3a6e7723a521276,librand_chacha-4f78bd9aa927ca23,libppv_lite86-2d8183c53ab4ed75,libzerocopy-56f0cc83c8bca63d,libgroup-30158cabe117a321,libff-d5e2520d38d7d624,librand_core-e426293767698a90,libgetrandom-05b3052fa6085014,liblibc-c9e046903fda19dd,libcfg_if-6d8dca19095bb388,libbitvec-062c0f41e2557250,libwyz-88645da4d28a2f18,libtap-7464eb1882ed8230,libradium-fb962fc5ee6323be,libfunty-e4403ecf8fc5ac9a,libsubtle-0fbea1db108a3103}.rlib" "<sysroot>/lib/rustlib/x86_64-unknown-linux-gnu/lib/{libstd-*,libpanic_unwind-*,libobject-*,libmemchr-*,libaddr2line-*,libgimli-*,libcfg_if-*,librustc_demangle-*,libstd_detect-*,libhashbrown-*,librustc_std_workspace_alloc-*,libminiz_oxide-*,libadler2-*,libunwind-*,liblibc-*,librustc_std_workspace_core-*,liballoc-*,libcore-*,libcompiler_builtins-*}.rlib" "-Wl,-Bdynamic" "-lcudart" "-lstdc++" "-lgcc_s" "-lutil" "-lrt" "-lpthread" "-lm" "-ldl" "-lc" "-L" "/opt/rustwide/target/release/examples/rustckwkwUo/raw-dylibs" "-B<sysroot>/lib/rustlib/x86_64-unknown-linux-gnu/bin/gcc-ld" "-fuse-ld=lld" "-Wl,--eh-frame-hdr" "-Wl,-z,noexecstack" "-L" "/opt/rustwide/workdir/prebuilt/sm_86" "-L" "/usr/local/cuda/lib64" "-L" "<sysroot>/lib/rustlib/x86_64-unknown-linux-gnu/lib" "-o" "/opt/rustwide/target/release/examples/full_benchmark-455415d5baf4ae96" "-Wl,--gc-sections" "-pie" "-Wl,-z,relro,-z,now" "-Wl,-O1" "-Wl,--strip-debug" "-nodefaultlibs"
[INFO] [stdout]   = note: some arguments are omitted. use `--verbose` to show all linker arguments
[INFO] [stdout]   = note: rust-lld: error: unable to find library -lcudart
[INFO] [stdout]           collect2: error: ld returned 1 exit status
[INFO] [stdout]           
[INFO] [stdout] 
[INFO] [stdout] 
[INFO] [stderr] warning: hanfei-shu@0.2.1: Could not detect GPU arch, using sm_86
[INFO] [stderr] error: could not compile `hanfei-shu` (example "full_benchmark") due to 1 previous error
[INFO] [stderr] warning: build failed, waiting for other jobs to finish...
[INFO] [stdout] error: linking with `cc` failed: exit status: 1
[INFO] [stdout]   |
[INFO] [stdout]   = note:  "cc" "-m64" "/opt/rustwide/target/release/examples/rustcYXxTa1/symbols.o" "<2 object files omitted>" "-Wl,--as-needed" "-Wl,-Bstatic" "/opt/rustwide/target/release/deps/{libhanfei_shu-131bd2cedb4585ba,liblog-9f5fd3dda547de7d,librayon-b080482c0c112c69,librayon_core-200cbe5ba623cbda,libcrossbeam_deque-2a0d55b5d488e9da,libcrossbeam_epoch-5071d9e21cd7edca,libcrossbeam_utils-c35c21890820cf1a,libeither-9494ab0a0482591e,libpasta_curves-b835ded3e50d3842,libblake2b_simd-aa0a177e335bf0e2,libconstant_time_eq-a558d053d4722349,libarrayvec-e6d39b1d3520eea1,libarrayref-b29b114356c49262,libstatic_assertions-306fc8cfb43dc741,liblazy_static-d4f5c2e8fcd8732d,libspin-4bb47bf7f19fd710,librand-e3a6e7723a521276,librand_chacha-4f78bd9aa927ca23,libppv_lite86-2d8183c53ab4ed75,libzerocopy-56f0cc83c8bca63d,libgroup-30158cabe117a321,libff-d5e2520d38d7d624,librand_core-e426293767698a90,libgetrandom-05b3052fa6085014,liblibc-c9e046903fda19dd,libcfg_if-6d8dca19095bb388,libbitvec-062c0f41e2557250,libwyz-88645da4d28a2f18,libtap-7464eb1882ed8230,libradium-fb962fc5ee6323be,libfunty-e4403ecf8fc5ac9a,libsubtle-0fbea1db108a3103}.rlib" "<sysroot>/lib/rustlib/x86_64-unknown-linux-gnu/lib/{libstd-*,libpanic_unwind-*,libobject-*,libmemchr-*,libaddr2line-*,libgimli-*,libcfg_if-*,librustc_demangle-*,libstd_detect-*,libhashbrown-*,librustc_std_workspace_alloc-*,libminiz_oxide-*,libadler2-*,libunwind-*,liblibc-*,librustc_std_workspace_core-*,liballoc-*,libcore-*,libcompiler_builtins-*}.rlib" "-Wl,-Bdynamic" "-lcudart" "-lstdc++" "-lgcc_s" "-lutil" "-lrt" "-lpthread" "-lm" "-ldl" "-lc" "-L" "/opt/rustwide/target/release/examples/rustcYXxTa1/raw-dylibs" "-B<sysroot>/lib/rustlib/x86_64-unknown-linux-gnu/bin/gcc-ld" "-fuse-ld=lld" "-Wl,--eh-frame-hdr" "-Wl,-z,noexecstack" "-L" "/opt/rustwide/workdir/prebuilt/sm_86" "-L" "/usr/local/cuda/lib64" "-L" "<sysroot>/lib/rustlib/x86_64-unknown-linux-gnu/lib" "-o" "/opt/rustwide/target/release/examples/verify_inference-52468b009f1a12eb" "-Wl,--gc-sections" "-pie" "-Wl,-z,relro,-z,now" "-Wl,-O1" "-Wl,--strip-debug" "-nodefaultlibs"
[INFO] [stdout]   = note: some arguments are omitted. use `--verbose` to show all linker arguments
[INFO] [stdout]   = note: rust-lld: error: unable to find library -lcudart
[INFO] [stdout]           collect2: error: ld returned 1 exit status
[INFO] [stdout]           
[INFO] [stdout] 
[INFO] [stdout] 
[INFO] [stderr] warning: hanfei-shu@0.2.1: Could not detect GPU arch, using sm_86
[INFO] [stderr] error: could not compile `hanfei-shu` (example "verify_inference") due to 1 previous error
[INFO] [stdout] error: linking with `cc` failed: exit status: 1
[INFO] [stdout]   |
[INFO] [stdout]   = note:  "cc" "-m64" "/opt/rustwide/target/release/examples/rustcUe2VQa/symbols.o" "<5 object files omitted>" "-Wl,--as-needed" "-Wl,-Bstatic" "/opt/rustwide/target/release/deps/{libchrono-278961f09e1d97c2,libiana_time_zone-ea2d38d0aead4a1d,libnum_traits-c4bb5d617fe10b48,libserde_json-b79e1eaeb5268ff9,libmemchr-178a35e34abea88f,libitoa-1e9e3b22820c4a15,libzmij-3fd0fbc0da54c581,libserde_core-4f65e16965cb3eb0,libhanfei_shu-131bd2cedb4585ba,liblog-9f5fd3dda547de7d,librayon-b080482c0c112c69,librayon_core-200cbe5ba623cbda,libcrossbeam_deque-2a0d55b5d488e9da,libcrossbeam_epoch-5071d9e21cd7edca,libcrossbeam_utils-c35c21890820cf1a,libeither-9494ab0a0482591e,libpasta_curves-b835ded3e50d3842,libblake2b_simd-aa0a177e335bf0e2,libconstant_time_eq-a558d053d4722349,libarrayvec-e6d39b1d3520eea1,libarrayref-b29b114356c49262,libstatic_assertions-306fc8cfb43dc741,liblazy_static-d4f5c2e8fcd8732d,libspin-4bb47bf7f19fd710,librand-e3a6e7723a521276,librand_chacha-4f78bd9aa927ca23,libppv_lite86-2d8183c53ab4ed75,libzerocopy-56f0cc83c8bca63d,libgroup-30158cabe117a321,libff-d5e2520d38d7d624,librand_core-e426293767698a90,libgetrandom-05b3052fa6085014,liblibc-c9e046903fda19dd,libcfg_if-6d8dca19095bb388,libbitvec-062c0f41e2557250,libwyz-88645da4d28a2f18,libtap-7464eb1882ed8230,libradium-fb962fc5ee6323be,libfunty-e4403ecf8fc5ac9a,libsubtle-0fbea1db108a3103}.rlib" "<sysroot>/lib/rustlib/x86_64-unknown-linux-gnu/lib/{libstd-*,libpanic_unwind-*,libobject-*,libmemchr-*,libaddr2line-*,libgimli-*,libcfg_if-*,librustc_demangle-*,libstd_detect-*,libhashbrown-*,librustc_std_workspace_alloc-*,libminiz_oxide-*,libadler2-*,libunwind-*,liblibc-*,librustc_std_workspace_core-*,liballoc-*,libcore-*,libcompiler_builtins-*}.rlib" "-Wl,-Bdynamic" "-lcudart" "-lstdc++" "-lgcc_s" "-lutil" "-lrt" "-lpthread" "-lm" "-ldl" "-lc" "-L" "/opt/rustwide/target/release/examples/rustcUe2VQa/raw-dylibs" "-B<sysroot>/lib/rustlib/x86_64-unknown-linux-gnu/bin/gcc-ld" "-fuse-ld=lld" "-Wl,--eh-frame-hdr" "-Wl,-z,noexecstack" "-L" "/opt/rustwide/workdir/prebuilt/sm_86" "-L" "/usr/local/cuda/lib64" "-L" "<sysroot>/lib/rustlib/x86_64-unknown-linux-gnu/lib" "-o" "/opt/rustwide/target/release/examples/official_benchmark-5cc78229101774bd" "-Wl,--gc-sections" "-pie" "-Wl,-z,relro,-z,now" "-Wl,-O1" "-Wl,--strip-debug" "-nodefaultlibs"
[INFO] [stdout]   = note: some arguments are omitted. use `--verbose` to show all linker arguments
[INFO] [stdout]   = note: rust-lld: error: unable to find library -lcudart
[INFO] [stdout]           collect2: error: ld returned 1 exit status
[INFO] [stdout]           
[INFO] [stdout] 
[INFO] [stdout] 
[INFO] [stderr] warning: hanfei-shu@0.2.1: Could not detect GPU arch, using sm_86
[INFO] [stderr] error: could not compile `hanfei-shu` (example "official_benchmark") due to 1 previous error; 1 warning emitted
[INFO] [stdout] error: linking with `cc` failed: exit status: 1
[INFO] [stdout]   |
[INFO] [stdout]   = note:  "cc" "-m64" "/opt/rustwide/target/release/examples/rustc02v4zt/symbols.o" "<2 object files omitted>" "-Wl,--as-needed" "-Wl,-Bstatic" "/opt/rustwide/target/release/deps/{libenv_logger-1d0e2e6086840512,libjiff-dcaeee4d763f038e,libanstream-59dd996a54aa79b5,libanstyle_query-b45e303465962535,libis_terminal_polyfill-d4b89543c4de780e,libcolorchoice-fd7c3d86e50e55dc,libanstyle_parse-5d41ba8ec76e50fb,libutf8parse-fd39fdebeec71100,libenv_filter-60b02019b028b7ca,libregex-0da5d0e5d84f2aa2,libregex_automata-66f008efd31296b0,libaho_corasick-aebaa5ccb17bdab0,libmemchr-178a35e34abea88f,libregex_syntax-4aa37b1a9e9a3c9b,libanstyle-bd06819c7e2cd060,libhanfei_shu-131bd2cedb4585ba,liblog-9f5fd3dda547de7d,librayon-b080482c0c112c69,librayon_core-200cbe5ba623cbda,libcrossbeam_deque-2a0d55b5d488e9da,libcrossbeam_epoch-5071d9e21cd7edca,libcrossbeam_utils-c35c21890820cf1a,libeither-9494ab0a0482591e,libpasta_curves-b835ded3e50d3842,libblake2b_simd-aa0a177e335bf0e2,libconstant_time_eq-a558d053d4722349,libarrayvec-e6d39b1d3520eea1,libarrayref-b29b114356c49262,libstatic_assertions-306fc8cfb43dc741,liblazy_static-d4f5c2e8fcd8732d,libspin-4bb47bf7f19fd710,librand-e3a6e7723a521276,librand_chacha-4f78bd9aa927ca23,libppv_lite86-2d8183c53ab4ed75,libzerocopy-56f0cc83c8bca63d,libgroup-30158cabe117a321,libff-d5e2520d38d7d624,librand_core-e426293767698a90,libgetrandom-05b3052fa6085014,liblibc-c9e046903fda19dd,libcfg_if-6d8dca19095bb388,libbitvec-062c0f41e2557250,libwyz-88645da4d28a2f18,libtap-7464eb1882ed8230,libradium-fb962fc5ee6323be,libfunty-e4403ecf8fc5ac9a,libsubtle-0fbea1db108a3103}.rlib" "<sysroot>/lib/rustlib/x86_64-unknown-linux-gnu/lib/{libstd-*,libpanic_unwind-*,libobject-*,libmemchr-*,libaddr2line-*,libgimli-*,libcfg_if-*,librustc_demangle-*,libstd_detect-*,libhashbrown-*,librustc_std_workspace_alloc-*,libminiz_oxide-*,libadler2-*,libunwind-*,liblibc-*,librustc_std_workspace_core-*,liballoc-*,libcore-*,libcompiler_builtins-*}.rlib" "-Wl,-Bdynamic" "-lcudart" "-lstdc++" "-lgcc_s" "-lutil" "-lrt" "-lpthread" "-lm" "-ldl" "-lc" "-L" "/opt/rustwide/target/release/examples/rustc02v4zt/raw-dylibs" "-B<sysroot>/lib/rustlib/x86_64-unknown-linux-gnu/bin/gcc-ld" "-fuse-ld=lld" "-Wl,--eh-frame-hdr" "-Wl,-z,noexecstack" "-L" "/opt/rustwide/workdir/prebuilt/sm_86" "-L" "/usr/local/cuda/lib64" "-L" "<sysroot>/lib/rustlib/x86_64-unknown-linux-gnu/lib" "-o" "/opt/rustwide/target/release/examples/basic_msm-becfd5453f76bd4e" "-Wl,--gc-sections" "-pie" "-Wl,-z,relro,-z,now" "-Wl,-O1" "-Wl,--strip-debug" "-nodefaultlibs"
[INFO] [stdout]   = note: some arguments are omitted. use `--verbose` to show all linker arguments
[INFO] [stdout]   = note: rust-lld: error: unable to find library -lcudart
[INFO] [stdout]           collect2: error: ld returned 1 exit status
[INFO] [stdout]           
[INFO] [stdout] 
[INFO] [stdout] 
[INFO] [stderr] warning: hanfei-shu@0.2.1: Could not detect GPU arch, using sm_86
[INFO] [stderr] error: could not compile `hanfei-shu` (example "basic_msm") due to 1 previous error
[INFO] [stdout] error: linking with `cc` failed: exit status: 1
[INFO] [stdout]   |
[INFO] [stdout]   = note:  "cc" "-m64" "/opt/rustwide/target/release/examples/rustcNmARkv/symbols.o" "<2 object files omitted>" "-Wl,--as-needed" "-Wl,-Bstatic" "/opt/rustwide/target/release/deps/{libhanfei_shu-131bd2cedb4585ba,liblog-9f5fd3dda547de7d,librayon-b080482c0c112c69,librayon_core-200cbe5ba623cbda,libcrossbeam_deque-2a0d55b5d488e9da,libcrossbeam_epoch-5071d9e21cd7edca,libcrossbeam_utils-c35c21890820cf1a,libeither-9494ab0a0482591e,libpasta_curves-b835ded3e50d3842,libblake2b_simd-aa0a177e335bf0e2,libconstant_time_eq-a558d053d4722349,libarrayvec-e6d39b1d3520eea1,libarrayref-b29b114356c49262,libstatic_assertions-306fc8cfb43dc741,liblazy_static-d4f5c2e8fcd8732d,libspin-4bb47bf7f19fd710,librand-e3a6e7723a521276,librand_chacha-4f78bd9aa927ca23,libppv_lite86-2d8183c53ab4ed75,libzerocopy-56f0cc83c8bca63d,libgroup-30158cabe117a321,libff-d5e2520d38d7d624,librand_core-e426293767698a90,libgetrandom-05b3052fa6085014,liblibc-c9e046903fda19dd,libcfg_if-6d8dca19095bb388,libbitvec-062c0f41e2557250,libwyz-88645da4d28a2f18,libtap-7464eb1882ed8230,libradium-fb962fc5ee6323be,libfunty-e4403ecf8fc5ac9a,libsubtle-0fbea1db108a3103}.rlib" "<sysroot>/lib/rustlib/x86_64-unknown-linux-gnu/lib/{libstd-*,libpanic_unwind-*,libobject-*,libmemchr-*,libaddr2line-*,libgimli-*,libcfg_if-*,librustc_demangle-*,libstd_detect-*,libhashbrown-*,librustc_std_workspace_alloc-*,libminiz_oxide-*,libadler2-*,libunwind-*,liblibc-*,librustc_std_workspace_core-*,liballoc-*,libcore-*,libcompiler_builtins-*}.rlib" "-Wl,-Bdynamic" "-lcudart" "-lstdc++" "-lgcc_s" "-lutil" "-lrt" "-lpthread" "-lm" "-ldl" "-lc" "-L" "/opt/rustwide/target/release/examples/rustcNmARkv/raw-dylibs" "-B<sysroot>/lib/rustlib/x86_64-unknown-linux-gnu/bin/gcc-ld" "-fuse-ld=lld" "-Wl,--eh-frame-hdr" "-Wl,-z,noexecstack" "-L" "/opt/rustwide/workdir/prebuilt/sm_86" "-L" "/usr/local/cuda/lib64" "-L" "<sysroot>/lib/rustlib/x86_64-unknown-linux-gnu/lib" "-o" "/opt/rustwide/target/release/examples/cpu_vs_gpu-b191c4245576a139" "-Wl,--gc-sections" "-pie" "-Wl,-z,relro,-z,now" "-Wl,-O1" "-Wl,--strip-debug" "-nodefaultlibs"
[INFO] [stdout]   = note: some arguments are omitted. use `--verbose` to show all linker arguments
[INFO] [stdout]   = note: rust-lld: error: unable to find library -lcudart
[INFO] [stdout]           collect2: error: ld returned 1 exit status
[INFO] [stdout]           
[INFO] [stdout] 
[INFO] [stdout] 
[INFO] [stdout] error: linking with `cc` failed: exit status: 1
[INFO] [stdout]   |
[INFO] [stdout]   = note:  "cc" "-m64" "/opt/rustwide/target/release/deps/rustcSRnLct/symbols.o" "<6 object files omitted>" "-Wl,--as-needed" "-Wl,-Bstatic" "-lmsm_kernel" "-Wl,-Bdynamic" "-lcudart" "-lstdc++" "-Wl,-Bstatic" "/opt/rustwide/target/release/deps/liblog-9f5fd3dda547de7d.rlib" "<sysroot>/lib/rustlib/x86_64-unknown-linux-gnu/lib/{libtest-*,libgetopts-*,librustc_std_workspace_std-*}.rlib" "/opt/rustwide/target/release/deps/{librayon-b080482c0c112c69,librayon_core-200cbe5ba623cbda,libcrossbeam_deque-2a0d55b5d488e9da,libcrossbeam_epoch-5071d9e21cd7edca,libcrossbeam_utils-c35c21890820cf1a,libeither-9494ab0a0482591e,libpasta_curves-b835ded3e50d3842,libblake2b_simd-aa0a177e335bf0e2,libconstant_time_eq-a558d053d4722349,libarrayvec-e6d39b1d3520eea1,libarrayref-b29b114356c49262,libstatic_assertions-306fc8cfb43dc741,liblazy_static-d4f5c2e8fcd8732d,libspin-4bb47bf7f19fd710,librand-e3a6e7723a521276,librand_chacha-4f78bd9aa927ca23,libppv_lite86-2d8183c53ab4ed75,libzerocopy-56f0cc83c8bca63d,libgroup-30158cabe117a321,libff-d5e2520d38d7d624,librand_core-e426293767698a90,libgetrandom-05b3052fa6085014,liblibc-c9e046903fda19dd,libcfg_if-6d8dca19095bb388,libbitvec-062c0f41e2557250,libwyz-88645da4d28a2f18,libtap-7464eb1882ed8230,libradium-fb962fc5ee6323be,libfunty-e4403ecf8fc5ac9a,libsubtle-0fbea1db108a3103}.rlib" "<sysroot>/lib/rustlib/x86_64-unknown-linux-gnu/lib/{libstd-*,libpanic_unwind-*,libobject-*,libmemchr-*,libaddr2line-*,libgimli-*,libcfg_if-*,librustc_demangle-*,libstd_detect-*,libhashbrown-*,librustc_std_workspace_alloc-*,libminiz_oxide-*,libadler2-*,libunwind-*,liblibc-*,librustc_std_workspace_core-*,liballoc-*,libcore-*,libcompiler_builtins-*}.rlib" "-Wl,-Bdynamic" "-lgcc_s" "-lutil" "-lrt" "-lpthread" "-lm" "-ldl" "-lc" "-L" "/opt/rustwide/target/release/deps/rustcSRnLct/raw-dylibs" "-B<sysroot>/lib/rustlib/x86_64-unknown-linux-gnu/bin/gcc-ld" "-fuse-ld=lld" "-Wl,--eh-frame-hdr" "-Wl,-z,noexecstack" "-L" "/opt/rustwide/workdir/prebuilt/sm_86" "-L" "/usr/local/cuda/lib64" "-L" "<sysroot>/lib/rustlib/x86_64-unknown-linux-gnu/lib" "-o" "/opt/rustwide/target/release/deps/hanfei_shu-626f2b463a4a8e5d" "-Wl,--gc-sections" "-pie" "-Wl,-z,relro,-z,now" "-Wl,-O1" "-Wl,--strip-debug" "-nodefaultlibs"
[INFO] [stdout]   = note: some arguments are omitted. use `--verbose` to show all linker arguments
[INFO] [stdout]   = note: rust-lld: error: unable to find library -lcudart
[INFO] [stdout]           collect2: error: ld returned 1 exit status
[INFO] [stdout]           
[INFO] [stdout] 
[INFO] [stdout] 
[INFO] [stderr] warning: hanfei-shu@0.2.1: Could not detect GPU arch, using sm_86
[INFO] [stderr] error: could not compile `hanfei-shu` (example "cpu_vs_gpu") due to 1 previous error
[INFO] [stderr] warning: hanfei-shu@0.2.1: Could not detect GPU arch, using sm_86
[INFO] [stderr] error: could not compile `hanfei-shu` (lib test) due to 1 previous error
[INFO] running `Command { std: "docker" "inspect" "02f37b8228bc665230fc959dc91e2243b608b301b7e0ef30ee6c9252e7b71cbb", kill_on_drop: false }`
[INFO] running `Command { std: "docker" "rm" "-f" "02f37b8228bc665230fc959dc91e2243b608b301b7e0ef30ee6c9252e7b71cbb", kill_on_drop: false }`
[INFO] [stdout] 02f37b8228bc665230fc959dc91e2243b608b301b7e0ef30ee6c9252e7b71cbb
