[INFO] fetching crate handlebars_sprig 0.3.0...
[INFO] testing handlebars_sprig-0.3.0 against 1.99.0-beta.8+cargoflags=--release for beta-release-1.100-2
[INFO] extracting crate handlebars_sprig 0.3.0 into /workspace/builds/worker-1-tc1/source
[INFO] removed /workspace/builds/worker-1-tc1/source/.cargo/config.toml
[INFO] started tweaking crates.io crate handlebars_sprig 0.3.0
[INFO] finished tweaking crates.io crate handlebars_sprig 0.3.0
[INFO] tweaked toml for crates.io crate handlebars_sprig 0.3.0 written to /workspace/builds/worker-1-tc1/source/Cargo.toml
[INFO] validating manifest of crates.io crate handlebars_sprig 0.3.0 on toolchain 1.99.0-beta.8
[INFO] running `Command { std: CARGO_HOME="/workspace/cargo-home" RUSTUP_HOME="/workspace/rustup-home" "/workspace/cargo-home/bin/cargo" "+1.99.0-beta.8" "metadata" "--manifest-path" "Cargo.toml" "--no-deps", kill_on_drop: false }`
[INFO] crate crates.io crate handlebars_sprig 0.3.0 already has a lockfile, it will not be regenerated
[INFO] running `Command { std: CARGO_HOME="/workspace/cargo-home" RUSTUP_HOME="/workspace/rustup-home" "/workspace/cargo-home/bin/cargo" "+1.99.0-beta.8" "fetch" "--manifest-path" "Cargo.toml", kill_on_drop: false }`
[INFO] [stderr]     Updating crates.io index
[INFO] [stderr]  Downloading crates ...
[INFO] [stderr]   Downloaded tracing v0.1.32
[INFO] [stderr]   Downloaded tracing-core v0.1.24
[INFO] [stderr]   Downloaded wasi-experimental-http v0.7.0
[INFO] [stderr]   Downloaded tracing-attributes v0.1.20
[INFO] [stderr]   Downloaded anyhow v1.0.56
[INFO] [stderr]   Downloaded smartstring v0.2.9
[INFO] [stderr]   Downloaded rhai_codegen v1.3.0
[INFO] [stderr]   Downloaded handlebars v4.2.1
[INFO] [stderr]   Downloaded rhai v1.5.0
[INFO] [stderr]   Downloaded libc v0.2.118
[INFO] running `Command { std: "docker" "create" "-v" "/var/lib/crater-agent-workspace/builds/worker-1-tc1/source:/opt/rustwide/workdir:ro,Z" "-v" "/var/lib/crater-agent-workspace/builds/worker-1-tc1/target:/opt/rustwide/target:rw,Z" "-v" "/var/lib/crater-agent-workspace/cargo-home:/opt/rustwide/cargo-home:ro,Z" "-v" "/var/lib/crater-agent-workspace/rustup-home:/opt/rustwide/rustup-home:ro,Z" "-m" "1610612736" "--network" "none" "ghcr.io/rust-lang/crates-build-env/linux@sha256:77db811e55d90add9212f6832c23229e3de5f1c1f9905e8cb07319ea15df73ac" "sleep" "infinity", kill_on_drop: false }`
[INFO] [stdout] 699d414edee9e9ec208d6cc0a93ebd7bfb5bf25c1e5c2caa25cdd4e82511380e
[INFO] running `Command { std: "docker" "start" "699d414edee9e9ec208d6cc0a93ebd7bfb5bf25c1e5c2caa25cdd4e82511380e", kill_on_drop: false }`
[INFO] running `Command { std: "docker" "inspect" "699d414edee9e9ec208d6cc0a93ebd7bfb5bf25c1e5c2caa25cdd4e82511380e", kill_on_drop: false }`
[INFO] running `Command { std: "docker" "exec" "-e" "SOURCE_DIR=/opt/rustwide/workdir" "-e" "CARGO_HOME=/opt/rustwide/cargo-home" "-e" "RUSTUP_HOME=/opt/rustwide/rustup-home" "-e" "CARGO_TARGET_DIR=/opt/rustwide/target" "-w" "/opt/rustwide/workdir" "--user" "0:0" "699d414edee9e9ec208d6cc0a93ebd7bfb5bf25c1e5c2caa25cdd4e82511380e" "/opt/rustwide/cargo-home/bin/cargo" "+1.99.0-beta.8" "metadata" "--no-deps" "--format-version=1", kill_on_drop: false }`
[INFO] running `Command { std: "docker" "inspect" "699d414edee9e9ec208d6cc0a93ebd7bfb5bf25c1e5c2caa25cdd4e82511380e", kill_on_drop: false }`
[INFO] running `Command { std: "docker" "exec" "-e" "SOURCE_DIR=/opt/rustwide/workdir" "-e" "CARGO_HOME=/opt/rustwide/cargo-home" "-e" "RUSTUP_HOME=/opt/rustwide/rustup-home" "-e" "CARGO_TARGET_DIR=/opt/rustwide/target" "-e" "CARGO_INCREMENTAL=0" "-e" "RUST_BACKTRACE=full" "-e" "RUSTFLAGS=--cap-lints=warn" "-e" "RUSTDOCFLAGS=--cap-lints=warn" "-w" "/opt/rustwide/workdir" "--user" "0:0" "699d414edee9e9ec208d6cc0a93ebd7bfb5bf25c1e5c2caa25cdd4e82511380e" "/opt/rustwide/cargo-home/bin/cargo" "+1.99.0-beta.8" "build" "--frozen" "--message-format=json" "--release", kill_on_drop: false }`
[INFO] [stderr]    Compiling syn v1.0.86
[INFO] [stderr]    Compiling libc v0.2.118
[INFO] [stderr]    Compiling serde_derive v1.0.136
[INFO] [stderr]    Compiling serde v1.0.136
[INFO] [stderr]    Compiling ucd-trie v0.1.3
[INFO] [stderr]    Compiling log v0.4.14
[INFO] [stderr]    Compiling itoa v1.0.1
[INFO] [stderr]    Compiling maplit v1.0.2
[INFO] [stderr]    Compiling once_cell v1.9.0
[INFO] [stderr]    Compiling serde_json v1.0.79
[INFO] [stderr]    Compiling anyhow v1.0.56
[INFO] [stderr]    Compiling ahash v0.7.6
[INFO] [stderr]    Compiling num-integer v0.1.44
[INFO] [stderr]    Compiling smartstring v0.2.9
[INFO] [stderr]    Compiling tracing-core v0.1.24
[INFO] [stderr]    Compiling ryu v1.0.9
[INFO] [stderr]    Compiling pest v2.1.3
[INFO] [stderr]    Compiling ppv-lite86 v0.2.16
[INFO] [stderr]    Compiling bytes v1.1.0
[INFO] [stderr]    Compiling smallvec v1.8.0
[INFO] [stderr]    Compiling pin-project-lite v0.2.8
[INFO] [stderr]    Compiling walkdir v2.3.2
[INFO] [stderr]    Compiling http v0.2.6
[INFO] [stderr]    Compiling getrandom v0.2.4
[INFO] [stderr]    Compiling time v0.1.43
[INFO] [stderr]    Compiling rand_core v0.6.3
[INFO] [stderr]    Compiling pest_meta v2.1.3
[INFO] [stderr]    Compiling rand_chacha v0.3.1
[INFO] [stderr]    Compiling rand v0.8.5
[INFO] [stderr]    Compiling pest_generator v2.1.3
[INFO] [stderr]    Compiling rhai_codegen v1.3.0
[INFO] [stderr]    Compiling thiserror-impl v1.0.30
[INFO] [stderr]    Compiling tracing-attributes v0.1.20
[INFO] [stderr]    Compiling pest_derive v2.1.0
[INFO] [stderr]    Compiling tracing v0.1.32
[INFO] [stderr]    Compiling thiserror v1.0.30
[INFO] [stderr]    Compiling wasi-experimental-http v0.7.0
[INFO] [stderr]    Compiling rhai v1.5.0
[INFO] [stderr]    Compiling chrono v0.4.19
[INFO] [stdout] error[E0425]: cannot find value `args` in this scope
[INFO] [stdout]    --> /opt/rustwide/cargo-home/registry/src/index.crates.io-1949cf8c6b5b557f/rhai-1.5.0/src/packages/arithmetic.rs:245:42
[INFO] [stdout]     |
[INFO] [stdout] 245 | gen_arithmetic_functions!(arith_basic => INT);
[INFO] [stdout]     |                                          ^^^ not found in this scope
[INFO] [stdout]     |
[INFO] [stdout] help: an identifier with the same name is defined here, but is not accessible due to macro hygiene
[INFO] [stdout]    --> /opt/rustwide/cargo-home/registry/src/index.crates.io-1949cf8c6b5b557f/rhai-1.5.0/src/packages/arithmetic.rs:22:13
[INFO] [stdout]     |
[INFO] [stdout]  22 |             #[export_module]
[INFO] [stdout]     |             ^^^^^^^^^^^^^^^^
[INFO] [stdout] ...
[INFO] [stdout] 245 | gen_arithmetic_functions!(arith_basic => INT);
[INFO] [stdout]     | --------------------------------------------- in this macro invocation
[INFO] [stdout]     = help: consider importing this function:
[INFO] [stdout]             std::env::args
[INFO] [stdout]     = note: this error originates in the macro `gen_arithmetic_functions` (in Nightly builds, run with -Z macro-backtrace for more info)
[INFO] [stdout] 
[INFO] [stdout] 
[INFO] [stdout] error[E0425]: cannot find value `args` in this scope
[INFO] [stdout]    --> /opt/rustwide/cargo-home/registry/src/index.crates.io-1949cf8c6b5b557f/rhai-1.5.0/src/packages/arithmetic.rs:249:44
[INFO] [stdout]     |
[INFO] [stdout] 249 | gen_arithmetic_functions!(arith_numbers => i8, u8, i16, u16, i32, u32, u64);
[INFO] [stdout]     |                                            ^^ not found in this scope
[INFO] [stdout]     |
[INFO] [stdout] help: an identifier with the same name is defined here, but is not accessible due to macro hygiene
[INFO] [stdout]    --> /opt/rustwide/cargo-home/registry/src/index.crates.io-1949cf8c6b5b557f/rhai-1.5.0/src/packages/arithmetic.rs:22:13
[INFO] [stdout]     |
[INFO] [stdout]  22 |             #[export_module]
[INFO] [stdout]     |             ^^^^^^^^^^^^^^^^
[INFO] [stdout] ...
[INFO] [stdout] 249 | gen_arithmetic_functions!(arith_numbers => i8, u8, i16, u16, i32, u32, u64);
[INFO] [stdout]     | --------------------------------------------------------------------------- in this macro invocation
[INFO] [stdout]     = help: consider importing this function:
[INFO] [stdout]             std::env::args
[INFO] [stdout]     = note: this error originates in the macro `gen_arithmetic_functions` (in Nightly builds, run with -Z macro-backtrace for more info)
[INFO] [stdout] 
[INFO] [stdout] 
[INFO] [stdout] error[E0425]: cannot find value `args` in this scope
[INFO] [stdout]    --> /opt/rustwide/cargo-home/registry/src/index.crates.io-1949cf8c6b5b557f/rhai-1.5.0/src/packages/arithmetic.rs:249:48
[INFO] [stdout]     |
[INFO] [stdout] 249 | gen_arithmetic_functions!(arith_numbers => i8, u8, i16, u16, i32, u32, u64);
[INFO] [stdout]     |                                                ^^ not found in this scope
[INFO] [stdout]     |
[INFO] [stdout] help: an identifier with the same name is defined here, but is not accessible due to macro hygiene
[INFO] [stdout]    --> /opt/rustwide/cargo-home/registry/src/index.crates.io-1949cf8c6b5b557f/rhai-1.5.0/src/packages/arithmetic.rs:22:13
[INFO] [stdout]     |
[INFO] [stdout]  22 |             #[export_module]
[INFO] [stdout]     |             ^^^^^^^^^^^^^^^^
[INFO] [stdout] ...
[INFO] [stdout] 249 | gen_arithmetic_functions!(arith_numbers => i8, u8, i16, u16, i32, u32, u64);
[INFO] [stdout]     | --------------------------------------------------------------------------- in this macro invocation
[INFO] [stdout]     = help: consider importing this function:
[INFO] [stdout]             std::env::args
[INFO] [stdout]     = note: this error originates in the macro `gen_arithmetic_functions` (in Nightly builds, run with -Z macro-backtrace for more info)
[INFO] [stdout] 
[INFO] [stdout] 
[INFO] [stdout] error[E0425]: cannot find value `args` in this scope
[INFO] [stdout]    --> /opt/rustwide/cargo-home/registry/src/index.crates.io-1949cf8c6b5b557f/rhai-1.5.0/src/packages/arithmetic.rs:249:52
[INFO] [stdout]     |
[INFO] [stdout] 249 | gen_arithmetic_functions!(arith_numbers => i8, u8, i16, u16, i32, u32, u64);
[INFO] [stdout]     |                                                    ^^^ not found in this scope
[INFO] [stdout]     |
[INFO] [stdout] help: an identifier with the same name is defined here, but is not accessible due to macro hygiene
[INFO] [stdout]    --> /opt/rustwide/cargo-home/registry/src/index.crates.io-1949cf8c6b5b557f/rhai-1.5.0/src/packages/arithmetic.rs:22:13
[INFO] [stdout]     |
[INFO] [stdout]  22 |             #[export_module]
[INFO] [stdout]     |             ^^^^^^^^^^^^^^^^
[INFO] [stdout] ...
[INFO] [stdout] 249 | gen_arithmetic_functions!(arith_numbers => i8, u8, i16, u16, i32, u32, u64);
[INFO] [stdout]     | --------------------------------------------------------------------------- in this macro invocation
[INFO] [stdout]     = help: consider importing this function:
[INFO] [stdout]             std::env::args
[INFO] [stdout]     = note: this error originates in the macro `gen_arithmetic_functions` (in Nightly builds, run with -Z macro-backtrace for more info)
[INFO] [stdout] 
[INFO] [stdout] 
[INFO] [stdout] error[E0425]: cannot find value `args` in this scope
[INFO] [stdout]    --> /opt/rustwide/cargo-home/registry/src/index.crates.io-1949cf8c6b5b557f/rhai-1.5.0/src/packages/arithmetic.rs:249:57
[INFO] [stdout]     |
[INFO] [stdout] 249 | gen_arithmetic_functions!(arith_numbers => i8, u8, i16, u16, i32, u32, u64);
[INFO] [stdout]     |                                                         ^^^ not found in this scope
[INFO] [stdout]     |
[INFO] [stdout] help: an identifier with the same name is defined here, but is not accessible due to macro hygiene
[INFO] [stdout]    --> /opt/rustwide/cargo-home/registry/src/index.crates.io-1949cf8c6b5b557f/rhai-1.5.0/src/packages/arithmetic.rs:22:13
[INFO] [stdout]     |
[INFO] [stdout]  22 |             #[export_module]
[INFO] [stdout]     |             ^^^^^^^^^^^^^^^^
[INFO] [stdout] ...
[INFO] [stdout] 249 | gen_arithmetic_functions!(arith_numbers => i8, u8, i16, u16, i32, u32, u64);
[INFO] [stdout]     | --------------------------------------------------------------------------- in this macro invocation
[INFO] [stdout]     = help: consider importing this function:
[INFO] [stdout]             std::env::args
[INFO] [stdout]     = note: this error originates in the macro `gen_arithmetic_functions` (in Nightly builds, run with -Z macro-backtrace for more info)
[INFO] [stdout] 
[INFO] [stdout] 
[INFO] [stdout] error[E0425]: cannot find value `args` in this scope
[INFO] [stdout]    --> /opt/rustwide/cargo-home/registry/src/index.crates.io-1949cf8c6b5b557f/rhai-1.5.0/src/packages/arithmetic.rs:249:62
[INFO] [stdout]     |
[INFO] [stdout] 249 | gen_arithmetic_functions!(arith_numbers => i8, u8, i16, u16, i32, u32, u64);
[INFO] [stdout]     |                                                              ^^^ not found in this scope
[INFO] [stdout]     |
[INFO] [stdout] help: an identifier with the same name is defined here, but is not accessible due to macro hygiene
[INFO] [stdout]    --> /opt/rustwide/cargo-home/registry/src/index.crates.io-1949cf8c6b5b557f/rhai-1.5.0/src/packages/arithmetic.rs:22:13
[INFO] [stdout]     |
[INFO] [stdout]  22 |             #[export_module]
[INFO] [stdout]     |             ^^^^^^^^^^^^^^^^
[INFO] [stdout] ...
[INFO] [stdout] 249 | gen_arithmetic_functions!(arith_numbers => i8, u8, i16, u16, i32, u32, u64);
[INFO] [stdout]     | --------------------------------------------------------------------------- in this macro invocation
[INFO] [stdout]     = help: consider importing this function:
[INFO] [stdout]             std::env::args
[INFO] [stdout]     = note: this error originates in the macro `gen_arithmetic_functions` (in Nightly builds, run with -Z macro-backtrace for more info)
[INFO] [stdout] 
[INFO] [stdout] 
[INFO] [stdout] error[E0425]: cannot find value `args` in this scope
[INFO] [stdout]    --> /opt/rustwide/cargo-home/registry/src/index.crates.io-1949cf8c6b5b557f/rhai-1.5.0/src/packages/arithmetic.rs:249:67
[INFO] [stdout]     |
[INFO] [stdout] 249 | gen_arithmetic_functions!(arith_numbers => i8, u8, i16, u16, i32, u32, u64);
[INFO] [stdout]     |                                                                   ^^^ not found in this scope
[INFO] [stdout]     |
[INFO] [stdout] help: an identifier with the same name is defined here, but is not accessible due to macro hygiene
[INFO] [stdout]    --> /opt/rustwide/cargo-home/registry/src/index.crates.io-1949cf8c6b5b557f/rhai-1.5.0/src/packages/arithmetic.rs:22:13
[INFO] [stdout]     |
[INFO] [stdout]  22 |             #[export_module]
[INFO] [stdout]     |             ^^^^^^^^^^^^^^^^
[INFO] [stdout] ...
[INFO] [stdout] 249 | gen_arithmetic_functions!(arith_numbers => i8, u8, i16, u16, i32, u32, u64);
[INFO] [stdout]     | --------------------------------------------------------------------------- in this macro invocation
[INFO] [stdout]     = help: consider importing this function:
[INFO] [stdout]             std::env::args
[INFO] [stdout]     = note: this error originates in the macro `gen_arithmetic_functions` (in Nightly builds, run with -Z macro-backtrace for more info)
[INFO] [stdout] 
[INFO] [stdout] 
[INFO] [stdout] error[E0425]: cannot find value `args` in this scope
[INFO] [stdout]    --> /opt/rustwide/cargo-home/registry/src/index.crates.io-1949cf8c6b5b557f/rhai-1.5.0/src/packages/arithmetic.rs:249:72
[INFO] [stdout]     |
[INFO] [stdout] 249 | gen_arithmetic_functions!(arith_numbers => i8, u8, i16, u16, i32, u32, u64);
[INFO] [stdout]     |                                                                        ^^^ not found in this scope
[INFO] [stdout]     |
[INFO] [stdout] help: an identifier with the same name is defined here, but is not accessible due to macro hygiene
[INFO] [stdout]    --> /opt/rustwide/cargo-home/registry/src/index.crates.io-1949cf8c6b5b557f/rhai-1.5.0/src/packages/arithmetic.rs:22:13
[INFO] [stdout]     |
[INFO] [stdout]  22 |             #[export_module]
[INFO] [stdout]     |             ^^^^^^^^^^^^^^^^
[INFO] [stdout] ...
[INFO] [stdout] 249 | gen_arithmetic_functions!(arith_numbers => i8, u8, i16, u16, i32, u32, u64);
[INFO] [stdout]     | --------------------------------------------------------------------------- in this macro invocation
[INFO] [stdout]     = help: consider importing this function:
[INFO] [stdout]             std::env::args
[INFO] [stdout]     = note: this error originates in the macro `gen_arithmetic_functions` (in Nightly builds, run with -Z macro-backtrace for more info)
[INFO] [stdout] 
[INFO] [stdout] 
[INFO] [stdout] error[E0425]: cannot find value `args` in this scope
[INFO] [stdout]    --> /opt/rustwide/cargo-home/registry/src/index.crates.io-1949cf8c6b5b557f/rhai-1.5.0/src/packages/arithmetic.rs:255:44
[INFO] [stdout]     |
[INFO] [stdout] 255 | gen_arithmetic_functions!(arith_num_128 => i128, u128);
[INFO] [stdout]     |                                            ^^^^ not found in this scope
[INFO] [stdout]     |
[INFO] [stdout] help: an identifier with the same name is defined here, but is not accessible due to macro hygiene
[INFO] [stdout]    --> /opt/rustwide/cargo-home/registry/src/index.crates.io-1949cf8c6b5b557f/rhai-1.5.0/src/packages/arithmetic.rs:22:13
[INFO] [stdout]     |
[INFO] [stdout]  22 |             #[export_module]
[INFO] [stdout]     |             ^^^^^^^^^^^^^^^^
[INFO] [stdout] ...
[INFO] [stdout] 255 | gen_arithmetic_functions!(arith_num_128 => i128, u128);
[INFO] [stdout]     | ------------------------------------------------------ in this macro invocation
[INFO] [stdout]     = help: consider importing this function:
[INFO] [stdout]             std::env::args
[INFO] [stdout]     = note: this error originates in the macro `gen_arithmetic_functions` (in Nightly builds, run with -Z macro-backtrace for more info)
[INFO] [stdout] 
[INFO] [stdout] 
[INFO] [stdout] error[E0425]: cannot find value `args` in this scope
[INFO] [stdout]    --> /opt/rustwide/cargo-home/registry/src/index.crates.io-1949cf8c6b5b557f/rhai-1.5.0/src/packages/arithmetic.rs:255:50
[INFO] [stdout]     |
[INFO] [stdout] 255 | gen_arithmetic_functions!(arith_num_128 => i128, u128);
[INFO] [stdout]     |                                                  ^^^^ not found in this scope
[INFO] [stdout]     |
[INFO] [stdout] help: an identifier with the same name is defined here, but is not accessible due to macro hygiene
[INFO] [stdout]    --> /opt/rustwide/cargo-home/registry/src/index.crates.io-1949cf8c6b5b557f/rhai-1.5.0/src/packages/arithmetic.rs:22:13
[INFO] [stdout]     |
[INFO] [stdout]  22 |             #[export_module]
[INFO] [stdout]     |             ^^^^^^^^^^^^^^^^
[INFO] [stdout] ...
[INFO] [stdout] 255 | gen_arithmetic_functions!(arith_num_128 => i128, u128);
[INFO] [stdout]     | ------------------------------------------------------ in this macro invocation
[INFO] [stdout]     = help: consider importing this function:
[INFO] [stdout]             std::env::args
[INFO] [stdout]     = note: this error originates in the macro `gen_arithmetic_functions` (in Nightly builds, run with -Z macro-backtrace for more info)
[INFO] [stdout] 
[INFO] [stdout] 
[INFO] [stdout] error[E0425]: cannot find value `args` in this scope
[INFO] [stdout]    --> /opt/rustwide/cargo-home/registry/src/index.crates.io-1949cf8c6b5b557f/rhai-1.5.0/src/packages/arithmetic.rs:257:39
[INFO] [stdout]     |
[INFO] [stdout] 257 | gen_signed_functions!(signed_basic => INT);
[INFO] [stdout]     |                                       ^^^ not found in this scope
[INFO] [stdout]     |
[INFO] [stdout] help: an identifier with the same name is defined here, but is not accessible due to macro hygiene
[INFO] [stdout]    --> /opt/rustwide/cargo-home/registry/src/index.crates.io-1949cf8c6b5b557f/rhai-1.5.0/src/packages/arithmetic.rs:149:13
[INFO] [stdout]     |
[INFO] [stdout] 149 |             #[export_module]
[INFO] [stdout]     |             ^^^^^^^^^^^^^^^^
[INFO] [stdout] ...
[INFO] [stdout] 257 | gen_signed_functions!(signed_basic => INT);
[INFO] [stdout]     | ------------------------------------------ in this macro invocation
[INFO] [stdout]     = help: consider importing this function:
[INFO] [stdout]             std::env::args
[INFO] [stdout]     = note: this error originates in the macro `gen_signed_functions` (in Nightly builds, run with -Z macro-backtrace for more info)
[INFO] [stdout] 
[INFO] [stdout] 
[INFO] [stdout] error[E0425]: cannot find value `args` in this scope
[INFO] [stdout]    --> /opt/rustwide/cargo-home/registry/src/index.crates.io-1949cf8c6b5b557f/rhai-1.5.0/src/packages/arithmetic.rs:261:41
[INFO] [stdout]     |
[INFO] [stdout] 261 | gen_signed_functions!(signed_numbers => i8, i16, i32);
[INFO] [stdout]     |                                         ^^ not found in this scope
[INFO] [stdout]     |
[INFO] [stdout] help: an identifier with the same name is defined here, but is not accessible due to macro hygiene
[INFO] [stdout]    --> /opt/rustwide/cargo-home/registry/src/index.crates.io-1949cf8c6b5b557f/rhai-1.5.0/src/packages/arithmetic.rs:149:13
[INFO] [stdout]     |
[INFO] [stdout] 149 |             #[export_module]
[INFO] [stdout]     |             ^^^^^^^^^^^^^^^^
[INFO] [stdout] ...
[INFO] [stdout] 261 | gen_signed_functions!(signed_numbers => i8, i16, i32);
[INFO] [stdout]     | ----------------------------------------------------- in this macro invocation
[INFO] [stdout]     = help: consider importing this function:
[INFO] [stdout]             std::env::args
[INFO] [stdout]     = note: this error originates in the macro `gen_signed_functions` (in Nightly builds, run with -Z macro-backtrace for more info)
[INFO] [stdout] 
[INFO] [stdout] 
[INFO] [stdout] error[E0425]: cannot find value `args` in this scope
[INFO] [stdout]    --> /opt/rustwide/cargo-home/registry/src/index.crates.io-1949cf8c6b5b557f/rhai-1.5.0/src/packages/arithmetic.rs:261:45
[INFO] [stdout]     |
[INFO] [stdout] 261 | gen_signed_functions!(signed_numbers => i8, i16, i32);
[INFO] [stdout]     |                                             ^^^ not found in this scope
[INFO] [stdout]     |
[INFO] [stdout] help: an identifier with the same name is defined here, but is not accessible due to macro hygiene
[INFO] [stdout]    --> /opt/rustwide/cargo-home/registry/src/index.crates.io-1949cf8c6b5b557f/rhai-1.5.0/src/packages/arithmetic.rs:149:13
[INFO] [stdout]     |
[INFO] [stdout] 149 |             #[export_module]
[INFO] [stdout]     |             ^^^^^^^^^^^^^^^^
[INFO] [stdout] ...
[INFO] [stdout] 261 | gen_signed_functions!(signed_numbers => i8, i16, i32);
[INFO] [stdout]     | ----------------------------------------------------- in this macro invocation
[INFO] [stdout]     = help: consider importing this function:
[INFO] [stdout]             std::env::args
[INFO] [stdout]     = note: this error originates in the macro `gen_signed_functions` (in Nightly builds, run with -Z macro-backtrace for more info)
[INFO] [stdout] 
[INFO] [stdout] 
[INFO] [stdout] error[E0425]: cannot find value `args` in this scope
[INFO] [stdout]    --> /opt/rustwide/cargo-home/registry/src/index.crates.io-1949cf8c6b5b557f/rhai-1.5.0/src/packages/arithmetic.rs:261:50
[INFO] [stdout]     |
[INFO] [stdout] 261 | gen_signed_functions!(signed_numbers => i8, i16, i32);
[INFO] [stdout]     |                                                  ^^^ not found in this scope
[INFO] [stdout]     |
[INFO] [stdout] help: an identifier with the same name is defined here, but is not accessible due to macro hygiene
[INFO] [stdout]    --> /opt/rustwide/cargo-home/registry/src/index.crates.io-1949cf8c6b5b557f/rhai-1.5.0/src/packages/arithmetic.rs:149:13
[INFO] [stdout]     |
[INFO] [stdout] 149 |             #[export_module]
[INFO] [stdout]     |             ^^^^^^^^^^^^^^^^
[INFO] [stdout] ...
[INFO] [stdout] 261 | gen_signed_functions!(signed_numbers => i8, i16, i32);
[INFO] [stdout]     | ----------------------------------------------------- in this macro invocation
[INFO] [stdout]     = help: consider importing this function:
[INFO] [stdout]             std::env::args
[INFO] [stdout]     = note: this error originates in the macro `gen_signed_functions` (in Nightly builds, run with -Z macro-backtrace for more info)
[INFO] [stdout] 
[INFO] [stdout] 
[INFO] [stdout] error[E0425]: cannot find value `args` in this scope
[INFO] [stdout]    --> /opt/rustwide/cargo-home/registry/src/index.crates.io-1949cf8c6b5b557f/rhai-1.5.0/src/packages/arithmetic.rs:267:41
[INFO] [stdout]     |
[INFO] [stdout] 267 | gen_signed_functions!(signed_num_128 => i128);
[INFO] [stdout]     |                                         ^^^^ not found in this scope
[INFO] [stdout]     |
[INFO] [stdout] help: an identifier with the same name is defined here, but is not accessible due to macro hygiene
[INFO] [stdout]    --> /opt/rustwide/cargo-home/registry/src/index.crates.io-1949cf8c6b5b557f/rhai-1.5.0/src/packages/arithmetic.rs:149:13
[INFO] [stdout]     |
[INFO] [stdout] 149 |             #[export_module]
[INFO] [stdout]     |             ^^^^^^^^^^^^^^^^
[INFO] [stdout] ...
[INFO] [stdout] 267 | gen_signed_functions!(signed_num_128 => i128);
[INFO] [stdout]     | --------------------------------------------- in this macro invocation
[INFO] [stdout]     = help: consider importing this function:
[INFO] [stdout]             std::env::args
[INFO] [stdout]     = note: this error originates in the macro `gen_signed_functions` (in Nightly builds, run with -Z macro-backtrace for more info)
[INFO] [stdout] 
[INFO] [stdout] 
[INFO] [stdout] error[E0425]: cannot find value `args` in this scope
[INFO] [stdout]   --> /opt/rustwide/cargo-home/registry/src/index.crates.io-1949cf8c6b5b557f/rhai-1.5.0/src/packages/logic.rs:70:31
[INFO] [stdout]    |
[INFO] [stdout] 70 | gen_cmp_functions!(numbers => i8, u8, i16, u16, i32, u32, u64);
[INFO] [stdout]    |                               ^^ not found in this scope
[INFO] [stdout]    |
[INFO] [stdout] help: an identifier with the same name is defined here, but is not accessible due to macro hygiene
[INFO] [stdout]   --> /opt/rustwide/cargo-home/registry/src/index.crates.io-1949cf8c6b5b557f/rhai-1.5.0/src/packages/logic.rs:15:13
[INFO] [stdout]    |
[INFO] [stdout] 15 |             #[export_module]
[INFO] [stdout]    |             ^^^^^^^^^^^^^^^^
[INFO] [stdout] ...
[INFO] [stdout] 70 | gen_cmp_functions!(numbers => i8, u8, i16, u16, i32, u32, u64);
[INFO] [stdout]    | -------------------------------------------------------------- in this macro invocation
[INFO] [stdout]    = help: consider importing this function:
[INFO] [stdout]            std::env::args
[INFO] [stdout]    = note: this error originates in the macro `gen_cmp_functions` (in Nightly builds, run with -Z macro-backtrace for more info)
[INFO] [stdout] 
[INFO] [stdout] 
[INFO] [stdout] error[E0425]: cannot find value `args` in this scope
[INFO] [stdout]   --> /opt/rustwide/cargo-home/registry/src/index.crates.io-1949cf8c6b5b557f/rhai-1.5.0/src/packages/logic.rs:70:35
[INFO] [stdout]    |
[INFO] [stdout] 70 | gen_cmp_functions!(numbers => i8, u8, i16, u16, i32, u32, u64);
[INFO] [stdout]    |                                   ^^ not found in this scope
[INFO] [stdout]    |
[INFO] [stdout] help: an identifier with the same name is defined here, but is not accessible due to macro hygiene
[INFO] [stdout]   --> /opt/rustwide/cargo-home/registry/src/index.crates.io-1949cf8c6b5b557f/rhai-1.5.0/src/packages/logic.rs:15:13
[INFO] [stdout]    |
[INFO] [stdout] 15 |             #[export_module]
[INFO] [stdout]    |             ^^^^^^^^^^^^^^^^
[INFO] [stdout] ...
[INFO] [stdout] 70 | gen_cmp_functions!(numbers => i8, u8, i16, u16, i32, u32, u64);
[INFO] [stdout]    | -------------------------------------------------------------- in this macro invocation
[INFO] [stdout]    = help: consider importing this function:
[INFO] [stdout]            std::env::args
[INFO] [stdout]    = note: this error originates in the macro `gen_cmp_functions` (in Nightly builds, run with -Z macro-backtrace for more info)
[INFO] [stdout] 
[INFO] [stdout] 
[INFO] [stdout] error[E0425]: cannot find value `args` in this scope
[INFO] [stdout]   --> /opt/rustwide/cargo-home/registry/src/index.crates.io-1949cf8c6b5b557f/rhai-1.5.0/src/packages/logic.rs:70:39
[INFO] [stdout]    |
[INFO] [stdout] 70 | gen_cmp_functions!(numbers => i8, u8, i16, u16, i32, u32, u64);
[INFO] [stdout]    |                                       ^^^ not found in this scope
[INFO] [stdout]    |
[INFO] [stdout] help: an identifier with the same name is defined here, but is not accessible due to macro hygiene
[INFO] [stdout]   --> /opt/rustwide/cargo-home/registry/src/index.crates.io-1949cf8c6b5b557f/rhai-1.5.0/src/packages/logic.rs:15:13
[INFO] [stdout]    |
[INFO] [stdout] 15 |             #[export_module]
[INFO] [stdout]    |             ^^^^^^^^^^^^^^^^
[INFO] [stdout] ...
[INFO] [stdout] 70 | gen_cmp_functions!(numbers => i8, u8, i16, u16, i32, u32, u64);
[INFO] [stdout]    | -------------------------------------------------------------- in this macro invocation
[INFO] [stdout]    = help: consider importing this function:
[INFO] [stdout]            std::env::args
[INFO] [stdout]    = note: this error originates in the macro `gen_cmp_functions` (in Nightly builds, run with -Z macro-backtrace for more info)
[INFO] [stdout] 
[INFO] [stdout] 
[INFO] [stdout] error[E0425]: cannot find value `args` in this scope
[INFO] [stdout]   --> /opt/rustwide/cargo-home/registry/src/index.crates.io-1949cf8c6b5b557f/rhai-1.5.0/src/packages/logic.rs:70:44
[INFO] [stdout]    |
[INFO] [stdout] 70 | gen_cmp_functions!(numbers => i8, u8, i16, u16, i32, u32, u64);
[INFO] [stdout]    |                                            ^^^ not found in this scope
[INFO] [stdout]    |
[INFO] [stdout] help: an identifier with the same name is defined here, but is not accessible due to macro hygiene
[INFO] [stdout]   --> /opt/rustwide/cargo-home/registry/src/index.crates.io-1949cf8c6b5b557f/rhai-1.5.0/src/packages/logic.rs:15:13
[INFO] [stdout]    |
[INFO] [stdout] 15 |             #[export_module]
[INFO] [stdout]    |             ^^^^^^^^^^^^^^^^
[INFO] [stdout] ...
[INFO] [stdout] 70 | gen_cmp_functions!(numbers => i8, u8, i16, u16, i32, u32, u64);
[INFO] [stdout]    | -------------------------------------------------------------- in this macro invocation
[INFO] [stdout]    = help: consider importing this function:
[INFO] [stdout]            std::env::args
[INFO] [stdout]    = note: this error originates in the macro `gen_cmp_functions` (in Nightly builds, run with -Z macro-backtrace for more info)
[INFO] [stdout] 
[INFO] [stdout] 
[INFO] [stdout] error[E0425]: cannot find value `args` in this scope
[INFO] [stdout]   --> /opt/rustwide/cargo-home/registry/src/index.crates.io-1949cf8c6b5b557f/rhai-1.5.0/src/packages/logic.rs:70:49
[INFO] [stdout]    |
[INFO] [stdout] 70 | gen_cmp_functions!(numbers => i8, u8, i16, u16, i32, u32, u64);
[INFO] [stdout]    |                                                 ^^^ not found in this scope
[INFO] [stdout]    |
[INFO] [stdout] help: an identifier with the same name is defined here, but is not accessible due to macro hygiene
[INFO] [stdout]   --> /opt/rustwide/cargo-home/registry/src/index.crates.io-1949cf8c6b5b557f/rhai-1.5.0/src/packages/logic.rs:15:13
[INFO] [stdout]    |
[INFO] [stdout] 15 |             #[export_module]
[INFO] [stdout]    |             ^^^^^^^^^^^^^^^^
[INFO] [stdout] ...
[INFO] [stdout] 70 | gen_cmp_functions!(numbers => i8, u8, i16, u16, i32, u32, u64);
[INFO] [stdout]    | -------------------------------------------------------------- in this macro invocation
[INFO] [stdout]    = help: consider importing this function:
[INFO] [stdout]            std::env::args
[INFO] [stdout]    = note: this error originates in the macro `gen_cmp_functions` (in Nightly builds, run with -Z macro-backtrace for more info)
[INFO] [stdout] 
[INFO] [stdout] 
[INFO] [stdout] error[E0425]: cannot find value `args` in this scope
[INFO] [stdout]   --> /opt/rustwide/cargo-home/registry/src/index.crates.io-1949cf8c6b5b557f/rhai-1.5.0/src/packages/logic.rs:70:54
[INFO] [stdout]    |
[INFO] [stdout] 70 | gen_cmp_functions!(numbers => i8, u8, i16, u16, i32, u32, u64);
[INFO] [stdout]    |                                                      ^^^ not found in this scope
[INFO] [stdout]    |
[INFO] [stdout] help: an identifier with the same name is defined here, but is not accessible due to macro hygiene
[INFO] [stdout]   --> /opt/rustwide/cargo-home/registry/src/index.crates.io-1949cf8c6b5b557f/rhai-1.5.0/src/packages/logic.rs:15:13
[INFO] [stdout]    |
[INFO] [stdout] 15 |             #[export_module]
[INFO] [stdout]    |             ^^^^^^^^^^^^^^^^
[INFO] [stdout] ...
[INFO] [stdout] 70 | gen_cmp_functions!(numbers => i8, u8, i16, u16, i32, u32, u64);
[INFO] [stdout]    | -------------------------------------------------------------- in this macro invocation
[INFO] [stdout]    = help: consider importing this function:
[INFO] [stdout]            std::env::args
[INFO] [stdout]    = note: this error originates in the macro `gen_cmp_functions` (in Nightly builds, run with -Z macro-backtrace for more info)
[INFO] [stdout] 
[INFO] [stdout] 
[INFO] [stdout] error[E0425]: cannot find value `args` in this scope
[INFO] [stdout]   --> /opt/rustwide/cargo-home/registry/src/index.crates.io-1949cf8c6b5b557f/rhai-1.5.0/src/packages/logic.rs:70:59
[INFO] [stdout]    |
[INFO] [stdout] 70 | gen_cmp_functions!(numbers => i8, u8, i16, u16, i32, u32, u64);
[INFO] [stdout]    |                                                           ^^^ not found in this scope
[INFO] [stdout]    |
[INFO] [stdout] help: an identifier with the same name is defined here, but is not accessible due to macro hygiene
[INFO] [stdout]   --> /opt/rustwide/cargo-home/registry/src/index.crates.io-1949cf8c6b5b557f/rhai-1.5.0/src/packages/logic.rs:15:13
[INFO] [stdout]    |
[INFO] [stdout] 15 |             #[export_module]
[INFO] [stdout]    |             ^^^^^^^^^^^^^^^^
[INFO] [stdout] ...
[INFO] [stdout] 70 | gen_cmp_functions!(numbers => i8, u8, i16, u16, i32, u32, u64);
[INFO] [stdout]    | -------------------------------------------------------------- in this macro invocation
[INFO] [stdout]    = help: consider importing this function:
[INFO] [stdout]            std::env::args
[INFO] [stdout]    = note: this error originates in the macro `gen_cmp_functions` (in Nightly builds, run with -Z macro-backtrace for more info)
[INFO] [stdout] 
[INFO] [stdout] 
[INFO] [stdout] error[E0425]: cannot find value `args` in this scope
[INFO] [stdout]   --> /opt/rustwide/cargo-home/registry/src/index.crates.io-1949cf8c6b5b557f/rhai-1.5.0/src/packages/logic.rs:76:31
[INFO] [stdout]    |
[INFO] [stdout] 76 | gen_cmp_functions!(num_128 => i128, u128);
[INFO] [stdout]    |                               ^^^^ not found in this scope
[INFO] [stdout]    |
[INFO] [stdout] help: an identifier with the same name is defined here, but is not accessible due to macro hygiene
[INFO] [stdout]   --> /opt/rustwide/cargo-home/registry/src/index.crates.io-1949cf8c6b5b557f/rhai-1.5.0/src/packages/logic.rs:15:13
[INFO] [stdout]    |
[INFO] [stdout] 15 |             #[export_module]
[INFO] [stdout]    |             ^^^^^^^^^^^^^^^^
[INFO] [stdout] ...
[INFO] [stdout] 76 | gen_cmp_functions!(num_128 => i128, u128);
[INFO] [stdout]    | ----------------------------------------- in this macro invocation
[INFO] [stdout]    = help: consider importing this function:
[INFO] [stdout]            std::env::args
[INFO] [stdout]    = note: this error originates in the macro `gen_cmp_functions` (in Nightly builds, run with -Z macro-backtrace for more info)
[INFO] [stdout] 
[INFO] [stdout] 
[INFO] [stdout] error[E0425]: cannot find value `args` in this scope
[INFO] [stdout]   --> /opt/rustwide/cargo-home/registry/src/index.crates.io-1949cf8c6b5b557f/rhai-1.5.0/src/packages/logic.rs:76:37
[INFO] [stdout]    |
[INFO] [stdout] 76 | gen_cmp_functions!(num_128 => i128, u128);
[INFO] [stdout]    |                                     ^^^^ not found in this scope
[INFO] [stdout]    |
[INFO] [stdout] help: an identifier with the same name is defined here, but is not accessible due to macro hygiene
[INFO] [stdout]   --> /opt/rustwide/cargo-home/registry/src/index.crates.io-1949cf8c6b5b557f/rhai-1.5.0/src/packages/logic.rs:15:13
[INFO] [stdout]    |
[INFO] [stdout] 15 |             #[export_module]
[INFO] [stdout]    |             ^^^^^^^^^^^^^^^^
[INFO] [stdout] ...
[INFO] [stdout] 76 | gen_cmp_functions!(num_128 => i128, u128);
[INFO] [stdout]    | ----------------------------------------- in this macro invocation
[INFO] [stdout]    = help: consider importing this function:
[INFO] [stdout]            std::env::args
[INFO] [stdout]    = note: this error originates in the macro `gen_cmp_functions` (in Nightly builds, run with -Z macro-backtrace for more info)
[INFO] [stdout] 
[INFO] [stdout] 
[INFO] [stdout] error[E0425]: cannot find value `args` in this scope
[INFO] [stdout]   --> /opt/rustwide/cargo-home/registry/src/index.crates.io-1949cf8c6b5b557f/rhai-1.5.0/src/packages/logic.rs:80:29
[INFO] [stdout]    |
[INFO] [stdout] 80 | gen_cmp_functions!(float => f32);
[INFO] [stdout]    |                             ^^^ not found in this scope
[INFO] [stdout]    |
[INFO] [stdout] help: an identifier with the same name is defined here, but is not accessible due to macro hygiene
[INFO] [stdout]   --> /opt/rustwide/cargo-home/registry/src/index.crates.io-1949cf8c6b5b557f/rhai-1.5.0/src/packages/logic.rs:15:13
[INFO] [stdout]    |
[INFO] [stdout] 15 |             #[export_module]
[INFO] [stdout]    |             ^^^^^^^^^^^^^^^^
[INFO] [stdout] ...
[INFO] [stdout] 80 | gen_cmp_functions!(float => f32);
[INFO] [stdout]    | -------------------------------- in this macro invocation
[INFO] [stdout]    = help: consider importing this function:
[INFO] [stdout]            std::env::args
[INFO] [stdout]    = note: this error originates in the macro `gen_cmp_functions` (in Nightly builds, run with -Z macro-backtrace for more info)
[INFO] [stdout] 
[INFO] [stdout] 
[INFO] [stdout] error[E0425]: cannot find value `args` in this scope
[INFO] [stdout]    --> /opt/rustwide/cargo-home/registry/src/index.crates.io-1949cf8c6b5b557f/rhai-1.5.0/src/packages/math_basic.rs:627:58
[INFO] [stdout]     |
[INFO] [stdout] 627 | gen_conversion_as_functions!(basic_to_float => to_float (INT) -> FLOAT);
[INFO] [stdout]     |                                                          ^^^ not found in this scope
[INFO] [stdout]     |
[INFO] [stdout] help: an identifier with the same name is defined here, but is not accessible due to macro hygiene
[INFO] [stdout]    --> /opt/rustwide/cargo-home/registry/src/index.crates.io-1949cf8c6b5b557f/rhai-1.5.0/src/packages/math_basic.rs:26:13
[INFO] [stdout]     |
[INFO] [stdout]  26 |             #[export_fn]
[INFO] [stdout]     |             ^^^^^^^^^^^^
[INFO] [stdout] ...
[INFO] [stdout] 627 | gen_conversion_as_functions!(basic_to_float => to_float (INT) -> FLOAT);
[INFO] [stdout]     | ----------------------------------------------------------------------- in this macro invocation
[INFO] [stdout]     = help: consider importing this function:
[INFO] [stdout]             std::env::args
[INFO] [stdout]     = note: this error originates in the macro `gen_conversion_as_functions` (in Nightly builds, run with -Z macro-backtrace for more info)
[INFO] [stdout] 
[INFO] [stdout] 
[INFO] [stdout] error[E0425]: cannot find value `args` in this scope
[INFO] [stdout]    --> /opt/rustwide/cargo-home/registry/src/index.crates.io-1949cf8c6b5b557f/rhai-1.5.0/src/packages/math_basic.rs:632:60
[INFO] [stdout]     |
[INFO] [stdout] 632 | gen_conversion_as_functions!(numbers_to_float => to_float (i8, u8, i16, u16, i32, u32, i64, u64) -> FLOAT);
[INFO] [stdout]     |                                                            ^^ not found in this scope
[INFO] [stdout]     |
[INFO] [stdout] help: an identifier with the same name is defined here, but is not accessible due to macro hygiene
[INFO] [stdout]    --> /opt/rustwide/cargo-home/registry/src/index.crates.io-1949cf8c6b5b557f/rhai-1.5.0/src/packages/math_basic.rs:26:13
[INFO] [stdout]     |
[INFO] [stdout]  26 |             #[export_fn]
[INFO] [stdout]     |             ^^^^^^^^^^^^
[INFO] [stdout] ...
[INFO] [stdout] 632 | gen_conversion_as_functions!(numbers_to_float => to_float (i8, u8, i16, u16, i32, u32, i64, u64) -> FLOAT);
[INFO] [stdout]     | ---------------------------------------------------------------------------------------------------------- in this macro invocation
[INFO] [stdout]     = help: consider importing this function:
[INFO] [stdout]             std::env::args
[INFO] [stdout]     = note: this error originates in the macro `gen_conversion_as_functions` (in Nightly builds, run with -Z macro-backtrace for more info)
[INFO] [stdout] 
[INFO] [stdout] 
[INFO] [stdout] error[E0425]: cannot find value `args` in this scope
[INFO] [stdout]    --> /opt/rustwide/cargo-home/registry/src/index.crates.io-1949cf8c6b5b557f/rhai-1.5.0/src/packages/math_basic.rs:632:64
[INFO] [stdout]     |
[INFO] [stdout] 632 | gen_conversion_as_functions!(numbers_to_float => to_float (i8, u8, i16, u16, i32, u32, i64, u64) -> FLOAT);
[INFO] [stdout]     |                                                                ^^ not found in this scope
[INFO] [stdout]     |
[INFO] [stdout] help: an identifier with the same name is defined here, but is not accessible due to macro hygiene
[INFO] [stdout]    --> /opt/rustwide/cargo-home/registry/src/index.crates.io-1949cf8c6b5b557f/rhai-1.5.0/src/packages/math_basic.rs:26:13
[INFO] [stdout]     |
[INFO] [stdout]  26 |             #[export_fn]
[INFO] [stdout]     |             ^^^^^^^^^^^^
[INFO] [stdout] ...
[INFO] [stdout] 632 | gen_conversion_as_functions!(numbers_to_float => to_float (i8, u8, i16, u16, i32, u32, i64, u64) -> FLOAT);
[INFO] [stdout]     | ---------------------------------------------------------------------------------------------------------- in this macro invocation
[INFO] [stdout]     = help: consider importing this function:
[INFO] [stdout]             std::env::args
[INFO] [stdout]     = note: this error originates in the macro `gen_conversion_as_functions` (in Nightly builds, run with -Z macro-backtrace for more info)
[INFO] [stdout] 
[INFO] [stdout] 
[INFO] [stdout] error[E0425]: cannot find value `args` in this scope
[INFO] [stdout]    --> /opt/rustwide/cargo-home/registry/src/index.crates.io-1949cf8c6b5b557f/rhai-1.5.0/src/packages/math_basic.rs:632:68
[INFO] [stdout]     |
[INFO] [stdout] 632 | gen_conversion_as_functions!(numbers_to_float => to_float (i8, u8, i16, u16, i32, u32, i64, u64) -> FLOAT);
[INFO] [stdout]     |                                                                    ^^^ not found in this scope
[INFO] [stdout]     |
[INFO] [stdout] help: an identifier with the same name is defined here, but is not accessible due to macro hygiene
[INFO] [stdout]    --> /opt/rustwide/cargo-home/registry/src/index.crates.io-1949cf8c6b5b557f/rhai-1.5.0/src/packages/math_basic.rs:26:13
[INFO] [stdout]     |
[INFO] [stdout]  26 |             #[export_fn]
[INFO] [stdout]     |             ^^^^^^^^^^^^
[INFO] [stdout] ...
[INFO] [stdout] 632 | gen_conversion_as_functions!(numbers_to_float => to_float (i8, u8, i16, u16, i32, u32, i64, u64) -> FLOAT);
[INFO] [stdout]     | ---------------------------------------------------------------------------------------------------------- in this macro invocation
[INFO] [stdout]     = help: consider importing this function:
[INFO] [stdout]             std::env::args
[INFO] [stdout]     = note: this error originates in the macro `gen_conversion_as_functions` (in Nightly builds, run with -Z macro-backtrace for more info)
[INFO] [stdout] 
[INFO] [stdout] 
[INFO] [stdout] error[E0425]: cannot find value `args` in this scope
[INFO] [stdout]    --> /opt/rustwide/cargo-home/registry/src/index.crates.io-1949cf8c6b5b557f/rhai-1.5.0/src/packages/math_basic.rs:632:73
[INFO] [stdout]     |
[INFO] [stdout] 632 | gen_conversion_as_functions!(numbers_to_float => to_float (i8, u8, i16, u16, i32, u32, i64, u64) -> FLOAT);
[INFO] [stdout]     |                                                                         ^^^ not found in this scope
[INFO] [stdout]     |
[INFO] [stdout] help: an identifier with the same name is defined here, but is not accessible due to macro hygiene
[INFO] [stdout]    --> /opt/rustwide/cargo-home/registry/src/index.crates.io-1949cf8c6b5b557f/rhai-1.5.0/src/packages/math_basic.rs:26:13
[INFO] [stdout]     |
[INFO] [stdout]  26 |             #[export_fn]
[INFO] [stdout]     |             ^^^^^^^^^^^^
[INFO] [stdout] ...
[INFO] [stdout] 632 | gen_conversion_as_functions!(numbers_to_float => to_float (i8, u8, i16, u16, i32, u32, i64, u64) -> FLOAT);
[INFO] [stdout]     | ---------------------------------------------------------------------------------------------------------- in this macro invocation
[INFO] [stdout]     = help: consider importing this function:
[INFO] [stdout]             std::env::args
[INFO] [stdout]     = note: this error originates in the macro `gen_conversion_as_functions` (in Nightly builds, run with -Z macro-backtrace for more info)
[INFO] [stdout] 
[INFO] [stdout] 
[INFO] [stdout] error[E0425]: cannot find value `args` in this scope
[INFO] [stdout]    --> /opt/rustwide/cargo-home/registry/src/index.crates.io-1949cf8c6b5b557f/rhai-1.5.0/src/packages/math_basic.rs:632:78
[INFO] [stdout]     |
[INFO] [stdout] 632 | gen_conversion_as_functions!(numbers_to_float => to_float (i8, u8, i16, u16, i32, u32, i64, u64) -> FLOAT);
[INFO] [stdout]     |                                                                              ^^^ not found in this scope
[INFO] [stdout]     |
[INFO] [stdout] help: an identifier with the same name is defined here, but is not accessible due to macro hygiene
[INFO] [stdout]    --> /opt/rustwide/cargo-home/registry/src/index.crates.io-1949cf8c6b5b557f/rhai-1.5.0/src/packages/math_basic.rs:26:13
[INFO] [stdout]     |
[INFO] [stdout]  26 |             #[export_fn]
[INFO] [stdout]     |             ^^^^^^^^^^^^
[INFO] [stdout] ...
[INFO] [stdout] 632 | gen_conversion_as_functions!(numbers_to_float => to_float (i8, u8, i16, u16, i32, u32, i64, u64) -> FLOAT);
[INFO] [stdout]     | ---------------------------------------------------------------------------------------------------------- in this macro invocation
[INFO] [stdout]     = help: consider importing this function:
[INFO] [stdout]             std::env::args
[INFO] [stdout]     = note: this error originates in the macro `gen_conversion_as_functions` (in Nightly builds, run with -Z macro-backtrace for more info)
[INFO] [stdout] 
[INFO] [stdout] 
[INFO] [stdout] error[E0425]: cannot find value `args` in this scope
[INFO] [stdout]    --> /opt/rustwide/cargo-home/registry/src/index.crates.io-1949cf8c6b5b557f/rhai-1.5.0/src/packages/math_basic.rs:632:83
[INFO] [stdout]     |
[INFO] [stdout] 632 | gen_conversion_as_functions!(numbers_to_float => to_float (i8, u8, i16, u16, i32, u32, i64, u64) -> FLOAT);
[INFO] [stdout]     |                                                                                   ^^^ not found in this scope
[INFO] [stdout]     |
[INFO] [stdout] help: an identifier with the same name is defined here, but is not accessible due to macro hygiene
[INFO] [stdout]    --> /opt/rustwide/cargo-home/registry/src/index.crates.io-1949cf8c6b5b557f/rhai-1.5.0/src/packages/math_basic.rs:26:13
[INFO] [stdout]     |
[INFO] [stdout]  26 |             #[export_fn]
[INFO] [stdout]     |             ^^^^^^^^^^^^
[INFO] [stdout] ...
[INFO] [stdout] 632 | gen_conversion_as_functions!(numbers_to_float => to_float (i8, u8, i16, u16, i32, u32, i64, u64) -> FLOAT);
[INFO] [stdout]     | ---------------------------------------------------------------------------------------------------------- in this macro invocation
[INFO] [stdout]     = help: consider importing this function:
[INFO] [stdout]             std::env::args
[INFO] [stdout]     = note: this error originates in the macro `gen_conversion_as_functions` (in Nightly builds, run with -Z macro-backtrace for more info)
[INFO] [stdout] 
[INFO] [stdout] 
[INFO] [stdout] error[E0425]: cannot find value `args` in this scope
[INFO] [stdout]    --> /opt/rustwide/cargo-home/registry/src/index.crates.io-1949cf8c6b5b557f/rhai-1.5.0/src/packages/math_basic.rs:632:88
[INFO] [stdout]     |
[INFO] [stdout] 632 | gen_conversion_as_functions!(numbers_to_float => to_float (i8, u8, i16, u16, i32, u32, i64, u64) -> FLOAT);
[INFO] [stdout]     |                                                                                        ^^^ not found in this scope
[INFO] [stdout]     |
[INFO] [stdout] help: an identifier with the same name is defined here, but is not accessible due to macro hygiene
[INFO] [stdout]    --> /opt/rustwide/cargo-home/registry/src/index.crates.io-1949cf8c6b5b557f/rhai-1.5.0/src/packages/math_basic.rs:26:13
[INFO] [stdout]     |
[INFO] [stdout]  26 |             #[export_fn]
[INFO] [stdout]     |             ^^^^^^^^^^^^
[INFO] [stdout] ...
[INFO] [stdout] 632 | gen_conversion_as_functions!(numbers_to_float => to_float (i8, u8, i16, u16, i32, u32, i64, u64) -> FLOAT);
[INFO] [stdout]     | ---------------------------------------------------------------------------------------------------------- in this macro invocation
[INFO] [stdout]     = help: consider importing this function:
[INFO] [stdout]             std::env::args
[INFO] [stdout]     = note: this error originates in the macro `gen_conversion_as_functions` (in Nightly builds, run with -Z macro-backtrace for more info)
[INFO] [stdout] 
[INFO] [stdout] 
[INFO] [stdout] error[E0425]: cannot find value `args` in this scope
[INFO] [stdout]    --> /opt/rustwide/cargo-home/registry/src/index.crates.io-1949cf8c6b5b557f/rhai-1.5.0/src/packages/math_basic.rs:632:93
[INFO] [stdout]     |
[INFO] [stdout] 632 | gen_conversion_as_functions!(numbers_to_float => to_float (i8, u8, i16, u16, i32, u32, i64, u64) -> FLOAT);
[INFO] [stdout]     |                                                                                             ^^^ not found in this scope
[INFO] [stdout]     |
[INFO] [stdout] help: an identifier with the same name is defined here, but is not accessible due to macro hygiene
[INFO] [stdout]    --> /opt/rustwide/cargo-home/registry/src/index.crates.io-1949cf8c6b5b557f/rhai-1.5.0/src/packages/math_basic.rs:26:13
[INFO] [stdout]     |
[INFO] [stdout]  26 |             #[export_fn]
[INFO] [stdout]     |             ^^^^^^^^^^^^
[INFO] [stdout] ...
[INFO] [stdout] 632 | gen_conversion_as_functions!(numbers_to_float => to_float (i8, u8, i16, u16, i32, u32, i64, u64) -> FLOAT);
[INFO] [stdout]     | ---------------------------------------------------------------------------------------------------------- in this macro invocation
[INFO] [stdout]     = help: consider importing this function:
[INFO] [stdout]             std::env::args
[INFO] [stdout]     = note: this error originates in the macro `gen_conversion_as_functions` (in Nightly builds, run with -Z macro-backtrace for more info)
[INFO] [stdout] 
[INFO] [stdout] 
[INFO] [stdout] error[E0425]: cannot find value `args` in this scope
[INFO] [stdout]    --> /opt/rustwide/cargo-home/registry/src/index.crates.io-1949cf8c6b5b557f/rhai-1.5.0/src/packages/math_basic.rs:639:60
[INFO] [stdout]     |
[INFO] [stdout] 639 | gen_conversion_as_functions!(num_128_to_float => to_float (i128, u128) -> FLOAT);
[INFO] [stdout]     |                                                            ^^^^ not found in this scope
[INFO] [stdout]     |
[INFO] [stdout] help: an identifier with the same name is defined here, but is not accessible due to macro hygiene
[INFO] [stdout]    --> /opt/rustwide/cargo-home/registry/src/index.crates.io-1949cf8c6b5b557f/rhai-1.5.0/src/packages/math_basic.rs:26:13
[INFO] [stdout]     |
[INFO] [stdout]  26 |             #[export_fn]
[INFO] [stdout]     |             ^^^^^^^^^^^^
[INFO] [stdout] ...
[INFO] [stdout] 639 | gen_conversion_as_functions!(num_128_to_float => to_float (i128, u128) -> FLOAT);
[INFO] [stdout]     | -------------------------------------------------------------------------------- in this macro invocation
[INFO] [stdout]     = help: consider importing this function:
[INFO] [stdout]             std::env::args
[INFO] [stdout]     = note: this error originates in the macro `gen_conversion_as_functions` (in Nightly builds, run with -Z macro-backtrace for more info)
[INFO] [stdout] 
[INFO] [stdout] 
[INFO] [stdout] error[E0425]: cannot find value `args` in this scope
[INFO] [stdout]    --> /opt/rustwide/cargo-home/registry/src/index.crates.io-1949cf8c6b5b557f/rhai-1.5.0/src/packages/math_basic.rs:639:66
[INFO] [stdout]     |
[INFO] [stdout] 639 | gen_conversion_as_functions!(num_128_to_float => to_float (i128, u128) -> FLOAT);
[INFO] [stdout]     |                                                                  ^^^^ not found in this scope
[INFO] [stdout]     |
[INFO] [stdout] help: an identifier with the same name is defined here, but is not accessible due to macro hygiene
[INFO] [stdout]    --> /opt/rustwide/cargo-home/registry/src/index.crates.io-1949cf8c6b5b557f/rhai-1.5.0/src/packages/math_basic.rs:26:13
[INFO] [stdout]     |
[INFO] [stdout]  26 |             #[export_fn]
[INFO] [stdout]     |             ^^^^^^^^^^^^
[INFO] [stdout] ...
[INFO] [stdout] 639 | gen_conversion_as_functions!(num_128_to_float => to_float (i128, u128) -> FLOAT);
[INFO] [stdout]     | -------------------------------------------------------------------------------- in this macro invocation
[INFO] [stdout]     = help: consider importing this function:
[INFO] [stdout]             std::env::args
[INFO] [stdout]     = note: this error originates in the macro `gen_conversion_as_functions` (in Nightly builds, run with -Z macro-backtrace for more info)
[INFO] [stdout] 
[INFO] [stdout] 
[INFO] [stdout] error[E0425]: cannot find value `args` in this scope
[INFO] [stdout]    --> /opt/rustwide/cargo-home/registry/src/index.crates.io-1949cf8c6b5b557f/rhai-1.5.0/src/packages/math_basic.rs:641:54
[INFO] [stdout]     |
[INFO] [stdout] 641 | gen_conversion_as_functions!(basic_to_int => to_int (char) -> INT);
[INFO] [stdout]     |                                                      ^^^^ not found in this scope
[INFO] [stdout]     |
[INFO] [stdout] help: an identifier with the same name is defined here, but is not accessible due to macro hygiene
[INFO] [stdout]    --> /opt/rustwide/cargo-home/registry/src/index.crates.io-1949cf8c6b5b557f/rhai-1.5.0/src/packages/math_basic.rs:26:13
[INFO] [stdout]     |
[INFO] [stdout]  26 |             #[export_fn]
[INFO] [stdout]     |             ^^^^^^^^^^^^
[INFO] [stdout] ...
[INFO] [stdout] 641 | gen_conversion_as_functions!(basic_to_int => to_int (char) -> INT);
[INFO] [stdout]     | ------------------------------------------------------------------ in this macro invocation
[INFO] [stdout]     = help: consider importing this function:
[INFO] [stdout]             std::env::args
[INFO] [stdout]     = note: this error originates in the macro `gen_conversion_as_functions` (in Nightly builds, run with -Z macro-backtrace for more info)
[INFO] [stdout] 
[INFO] [stdout] 
[INFO] [stdout] error[E0425]: cannot find value `args` in this scope
[INFO] [stdout]    --> /opt/rustwide/cargo-home/registry/src/index.crates.io-1949cf8c6b5b557f/rhai-1.5.0/src/packages/math_basic.rs:645:56
[INFO] [stdout]     |
[INFO] [stdout] 645 | gen_conversion_as_functions!(numbers_to_int => to_int (i8, u8, i16, u16, i32, u32, i64, u64) -> INT);
[INFO] [stdout]     |                                                        ^^ not found in this scope
[INFO] [stdout]     |
[INFO] [stdout] help: an identifier with the same name is defined here, but is not accessible due to macro hygiene
[INFO] [stdout]    --> /opt/rustwide/cargo-home/registry/src/index.crates.io-1949cf8c6b5b557f/rhai-1.5.0/src/packages/math_basic.rs:26:13
[INFO] [stdout]     |
[INFO] [stdout]  26 |             #[export_fn]
[INFO] [stdout]     |             ^^^^^^^^^^^^
[INFO] [stdout] ...
[INFO] [stdout] 645 | gen_conversion_as_functions!(numbers_to_int => to_int (i8, u8, i16, u16, i32, u32, i64, u64) -> INT);
[INFO] [stdout]     | ---------------------------------------------------------------------------------------------------- in this macro invocation
[INFO] [stdout]     = help: consider importing this function:
[INFO] [stdout]             std::env::args
[INFO] [stdout]     = note: this error originates in the macro `gen_conversion_as_functions` (in Nightly builds, run with -Z macro-backtrace for more info)
[INFO] [stdout] 
[INFO] [stdout] 
[INFO] [stdout] error[E0425]: cannot find value `args` in this scope
[INFO] [stdout]    --> /opt/rustwide/cargo-home/registry/src/index.crates.io-1949cf8c6b5b557f/rhai-1.5.0/src/packages/math_basic.rs:645:60
[INFO] [stdout]     |
[INFO] [stdout] 645 | gen_conversion_as_functions!(numbers_to_int => to_int (i8, u8, i16, u16, i32, u32, i64, u64) -> INT);
[INFO] [stdout]     |                                                            ^^ not found in this scope
[INFO] [stdout]     |
[INFO] [stdout] help: an identifier with the same name is defined here, but is not accessible due to macro hygiene
[INFO] [stdout]    --> /opt/rustwide/cargo-home/registry/src/index.crates.io-1949cf8c6b5b557f/rhai-1.5.0/src/packages/math_basic.rs:26:13
[INFO] [stdout]     |
[INFO] [stdout]  26 |             #[export_fn]
[INFO] [stdout]     |             ^^^^^^^^^^^^
[INFO] [stdout] ...
[INFO] [stdout] 645 | gen_conversion_as_functions!(numbers_to_int => to_int (i8, u8, i16, u16, i32, u32, i64, u64) -> INT);
[INFO] [stdout]     | ---------------------------------------------------------------------------------------------------- in this macro invocation
[INFO] [stdout]     = help: consider importing this function:
[INFO] [stdout]             std::env::args
[INFO] [stdout]     = note: this error originates in the macro `gen_conversion_as_functions` (in Nightly builds, run with -Z macro-backtrace for more info)
[INFO] [stdout] 
[INFO] [stdout] 
[INFO] [stdout] error[E0425]: cannot find value `args` in this scope
[INFO] [stdout]    --> /opt/rustwide/cargo-home/registry/src/index.crates.io-1949cf8c6b5b557f/rhai-1.5.0/src/packages/math_basic.rs:645:64
[INFO] [stdout]     |
[INFO] [stdout] 645 | gen_conversion_as_functions!(numbers_to_int => to_int (i8, u8, i16, u16, i32, u32, i64, u64) -> INT);
[INFO] [stdout]     |                                                                ^^^ not found in this scope
[INFO] [stdout]     |
[INFO] [stdout] help: an identifier with the same name is defined here, but is not accessible due to macro hygiene
[INFO] [stdout]    --> /opt/rustwide/cargo-home/registry/src/index.crates.io-1949cf8c6b5b557f/rhai-1.5.0/src/packages/math_basic.rs:26:13
[INFO] [stdout]     |
[INFO] [stdout]  26 |             #[export_fn]
[INFO] [stdout]     |             ^^^^^^^^^^^^
[INFO] [stdout] ...
[INFO] [stdout] 645 | gen_conversion_as_functions!(numbers_to_int => to_int (i8, u8, i16, u16, i32, u32, i64, u64) -> INT);
[INFO] [stdout]     | ---------------------------------------------------------------------------------------------------- in this macro invocation
[INFO] [stdout]     = help: consider importing this function:
[INFO] [stdout]             std::env::args
[INFO] [stdout]     = note: this error originates in the macro `gen_conversion_as_functions` (in Nightly builds, run with -Z macro-backtrace for more info)
[INFO] [stdout] 
[INFO] [stdout] 
[INFO] [stdout] error[E0425]: cannot find value `args` in this scope
[INFO] [stdout]    --> /opt/rustwide/cargo-home/registry/src/index.crates.io-1949cf8c6b5b557f/rhai-1.5.0/src/packages/math_basic.rs:645:69
[INFO] [stdout]     |
[INFO] [stdout] 645 | gen_conversion_as_functions!(numbers_to_int => to_int (i8, u8, i16, u16, i32, u32, i64, u64) -> INT);
[INFO] [stdout]     |                                                                     ^^^ not found in this scope
[INFO] [stdout]     |
[INFO] [stdout] help: an identifier with the same name is defined here, but is not accessible due to macro hygiene
[INFO] [stdout]    --> /opt/rustwide/cargo-home/registry/src/index.crates.io-1949cf8c6b5b557f/rhai-1.5.0/src/packages/math_basic.rs:26:13
[INFO] [stdout]     |
[INFO] [stdout]  26 |             #[export_fn]
[INFO] [stdout]     |             ^^^^^^^^^^^^
[INFO] [stdout] ...
[INFO] [stdout] 645 | gen_conversion_as_functions!(numbers_to_int => to_int (i8, u8, i16, u16, i32, u32, i64, u64) -> INT);
[INFO] [stdout]     | ---------------------------------------------------------------------------------------------------- in this macro invocation
[INFO] [stdout]     = help: consider importing this function:
[INFO] [stdout]             std::env::args
[INFO] [stdout]     = note: this error originates in the macro `gen_conversion_as_functions` (in Nightly builds, run with -Z macro-backtrace for more info)
[INFO] [stdout] 
[INFO] [stdout] 
[INFO] [stdout] error[E0425]: cannot find value `args` in this scope
[INFO] [stdout]    --> /opt/rustwide/cargo-home/registry/src/index.crates.io-1949cf8c6b5b557f/rhai-1.5.0/src/packages/math_basic.rs:645:74
[INFO] [stdout]     |
[INFO] [stdout] 645 | gen_conversion_as_functions!(numbers_to_int => to_int (i8, u8, i16, u16, i32, u32, i64, u64) -> INT);
[INFO] [stdout]     |                                                                          ^^^ not found in this scope
[INFO] [stdout]     |
[INFO] [stdout] help: an identifier with the same name is defined here, but is not accessible due to macro hygiene
[INFO] [stdout]    --> /opt/rustwide/cargo-home/registry/src/index.crates.io-1949cf8c6b5b557f/rhai-1.5.0/src/packages/math_basic.rs:26:13
[INFO] [stdout]     |
[INFO] [stdout]  26 |             #[export_fn]
[INFO] [stdout]     |             ^^^^^^^^^^^^
[INFO] [stdout] ...
[INFO] [stdout] 645 | gen_conversion_as_functions!(numbers_to_int => to_int (i8, u8, i16, u16, i32, u32, i64, u64) -> INT);
[INFO] [stdout]     | ---------------------------------------------------------------------------------------------------- in this macro invocation
[INFO] [stdout]     = help: consider importing this function:
[INFO] [stdout]             std::env::args
[INFO] [stdout]     = note: this error originates in the macro `gen_conversion_as_functions` (in Nightly builds, run with -Z macro-backtrace for more info)
[INFO] [stdout] 
[INFO] [stdout] 
[INFO] [stdout] error[E0425]: cannot find value `args` in this scope
[INFO] [stdout]    --> /opt/rustwide/cargo-home/registry/src/index.crates.io-1949cf8c6b5b557f/rhai-1.5.0/src/packages/math_basic.rs:645:79
[INFO] [stdout]     |
[INFO] [stdout] 645 | gen_conversion_as_functions!(numbers_to_int => to_int (i8, u8, i16, u16, i32, u32, i64, u64) -> INT);
[INFO] [stdout]     |                                                                               ^^^ not found in this scope
[INFO] [stdout]     |
[INFO] [stdout] help: an identifier with the same name is defined here, but is not accessible due to macro hygiene
[INFO] [stdout]    --> /opt/rustwide/cargo-home/registry/src/index.crates.io-1949cf8c6b5b557f/rhai-1.5.0/src/packages/math_basic.rs:26:13
[INFO] [stdout]     |
[INFO] [stdout]  26 |             #[export_fn]
[INFO] [stdout]     |             ^^^^^^^^^^^^
[INFO] [stdout] ...
[INFO] [stdout] 645 | gen_conversion_as_functions!(numbers_to_int => to_int (i8, u8, i16, u16, i32, u32, i64, u64) -> INT);
[INFO] [stdout]     | ---------------------------------------------------------------------------------------------------- in this macro invocation
[INFO] [stdout]     = help: consider importing this function:
[INFO] [stdout]             std::env::args
[INFO] [stdout]     = note: this error originates in the macro `gen_conversion_as_functions` (in Nightly builds, run with -Z macro-backtrace for more info)
[INFO] [stdout] 
[INFO] [stdout] 
[INFO] [stdout] error[E0425]: cannot find value `args` in this scope
[INFO] [stdout]    --> /opt/rustwide/cargo-home/registry/src/index.crates.io-1949cf8c6b5b557f/rhai-1.5.0/src/packages/math_basic.rs:645:84
[INFO] [stdout]     |
[INFO] [stdout] 645 | gen_conversion_as_functions!(numbers_to_int => to_int (i8, u8, i16, u16, i32, u32, i64, u64) -> INT);
[INFO] [stdout]     |                                                                                    ^^^ not found in this scope
[INFO] [stdout]     |
[INFO] [stdout] help: an identifier with the same name is defined here, but is not accessible due to macro hygiene
[INFO] [stdout]    --> /opt/rustwide/cargo-home/registry/src/index.crates.io-1949cf8c6b5b557f/rhai-1.5.0/src/packages/math_basic.rs:26:13
[INFO] [stdout]     |
[INFO] [stdout]  26 |             #[export_fn]
[INFO] [stdout]     |             ^^^^^^^^^^^^
[INFO] [stdout] ...
[INFO] [stdout] 645 | gen_conversion_as_functions!(numbers_to_int => to_int (i8, u8, i16, u16, i32, u32, i64, u64) -> INT);
[INFO] [stdout]     | ---------------------------------------------------------------------------------------------------- in this macro invocation
[INFO] [stdout]     = help: consider importing this function:
[INFO] [stdout]             std::env::args
[INFO] [stdout]     = note: this error originates in the macro `gen_conversion_as_functions` (in Nightly builds, run with -Z macro-backtrace for more info)
[INFO] [stdout] 
[INFO] [stdout] 
[INFO] [stdout] error[E0425]: cannot find value `args` in this scope
[INFO] [stdout]    --> /opt/rustwide/cargo-home/registry/src/index.crates.io-1949cf8c6b5b557f/rhai-1.5.0/src/packages/math_basic.rs:645:89
[INFO] [stdout]     |
[INFO] [stdout] 645 | gen_conversion_as_functions!(numbers_to_int => to_int (i8, u8, i16, u16, i32, u32, i64, u64) -> INT);
[INFO] [stdout]     |                                                                                         ^^^ not found in this scope
[INFO] [stdout]     |
[INFO] [stdout] help: an identifier with the same name is defined here, but is not accessible due to macro hygiene
[INFO] [stdout]    --> /opt/rustwide/cargo-home/registry/src/index.crates.io-1949cf8c6b5b557f/rhai-1.5.0/src/packages/math_basic.rs:26:13
[INFO] [stdout]     |
[INFO] [stdout]  26 |             #[export_fn]
[INFO] [stdout]     |             ^^^^^^^^^^^^
[INFO] [stdout] ...
[INFO] [stdout] 645 | gen_conversion_as_functions!(numbers_to_int => to_int (i8, u8, i16, u16, i32, u32, i64, u64) -> INT);
[INFO] [stdout]     | ---------------------------------------------------------------------------------------------------- in this macro invocation
[INFO] [stdout]     = help: consider importing this function:
[INFO] [stdout]             std::env::args
[INFO] [stdout]     = note: this error originates in the macro `gen_conversion_as_functions` (in Nightly builds, run with -Z macro-backtrace for more info)
[INFO] [stdout] 
[INFO] [stdout] 
[INFO] [stdout] error[E0425]: cannot find value `args` in this scope
[INFO] [stdout]    --> /opt/rustwide/cargo-home/registry/src/index.crates.io-1949cf8c6b5b557f/rhai-1.5.0/src/packages/math_basic.rs:651:56
[INFO] [stdout]     |
[INFO] [stdout] 651 | gen_conversion_as_functions!(num_128_to_int => to_int (i128, u128) -> INT);
[INFO] [stdout]     |                                                        ^^^^ not found in this scope
[INFO] [stdout]     |
[INFO] [stdout] help: an identifier with the same name is defined here, but is not accessible due to macro hygiene
[INFO] [stdout]    --> /opt/rustwide/cargo-home/registry/src/index.crates.io-1949cf8c6b5b557f/rhai-1.5.0/src/packages/math_basic.rs:26:13
[INFO] [stdout]     |
[INFO] [stdout]  26 |             #[export_fn]
[INFO] [stdout]     |             ^^^^^^^^^^^^
[INFO] [stdout] ...
[INFO] [stdout] 651 | gen_conversion_as_functions!(num_128_to_int => to_int (i128, u128) -> INT);
[INFO] [stdout]     | -------------------------------------------------------------------------- in this macro invocation
[INFO] [stdout]     = help: consider importing this function:
[INFO] [stdout]             std::env::args
[INFO] [stdout]     = note: this error originates in the macro `gen_conversion_as_functions` (in Nightly builds, run with -Z macro-backtrace for more info)
[INFO] [stdout] 
[INFO] [stdout] 
[INFO] [stdout] error[E0425]: cannot find value `args` in this scope
[INFO] [stdout]    --> /opt/rustwide/cargo-home/registry/src/index.crates.io-1949cf8c6b5b557f/rhai-1.5.0/src/packages/math_basic.rs:651:62
[INFO] [stdout]     |
[INFO] [stdout] 651 | gen_conversion_as_functions!(num_128_to_int => to_int (i128, u128) -> INT);
[INFO] [stdout]     |                                                              ^^^^ not found in this scope
[INFO] [stdout]     |
[INFO] [stdout] help: an identifier with the same name is defined here, but is not accessible due to macro hygiene
[INFO] [stdout]    --> /opt/rustwide/cargo-home/registry/src/index.crates.io-1949cf8c6b5b557f/rhai-1.5.0/src/packages/math_basic.rs:26:13
[INFO] [stdout]     |
[INFO] [stdout]  26 |             #[export_fn]
[INFO] [stdout]     |             ^^^^^^^^^^^^
[INFO] [stdout] ...
[INFO] [stdout] 651 | gen_conversion_as_functions!(num_128_to_int => to_int (i128, u128) -> INT);
[INFO] [stdout]     | -------------------------------------------------------------------------- in this macro invocation
[INFO] [stdout]     = help: consider importing this function:
[INFO] [stdout]             std::env::args
[INFO] [stdout]     = note: this error originates in the macro `gen_conversion_as_functions` (in Nightly builds, run with -Z macro-backtrace for more info)
[INFO] [stdout] 
[INFO] [stdout] 
[INFO] [stdout] For more information about this error, try `rustc --explain E0425`.
[INFO] [stdout] 
[INFO] [stderr] error: could not compile `rhai` (lib) due to 47 previous errors
[INFO] running `Command { std: "docker" "inspect" "699d414edee9e9ec208d6cc0a93ebd7bfb5bf25c1e5c2caa25cdd4e82511380e", kill_on_drop: false }`
[INFO] running `Command { std: "docker" "rm" "-f" "699d414edee9e9ec208d6cc0a93ebd7bfb5bf25c1e5c2caa25cdd4e82511380e", kill_on_drop: false }`
[INFO] [stdout] 699d414edee9e9ec208d6cc0a93ebd7bfb5bf25c1e5c2caa25cdd4e82511380e
