[INFO] fetching crate hamming-resonate 0.4.0...
[INFO] testing hamming-resonate-0.4.0 against 1.99.0-beta.8+cargoflags=--release for beta-release-1.100-2
[INFO] extracting crate hamming-resonate 0.4.0 into /workspace/builds/worker-1-tc1/source
[INFO] started tweaking crates.io crate hamming-resonate 0.4.0
[INFO] removed 0 missing tests
[INFO] finished tweaking crates.io crate hamming-resonate 0.4.0
[INFO] tweaked toml for crates.io crate hamming-resonate 0.4.0 written to /workspace/builds/worker-1-tc1/source/Cargo.toml
[INFO] validating manifest of crates.io crate hamming-resonate 0.4.0 on toolchain 1.99.0-beta.8
[INFO] running `Command { std: CARGO_HOME="/workspace/cargo-home" RUSTUP_HOME="/workspace/rustup-home" "/workspace/cargo-home/bin/cargo" "+1.99.0-beta.8" "metadata" "--manifest-path" "Cargo.toml" "--no-deps", kill_on_drop: false }`
[INFO] crate crates.io crate hamming-resonate 0.4.0 already has a lockfile, it will not be regenerated
[INFO] running `Command { std: CARGO_HOME="/workspace/cargo-home" RUSTUP_HOME="/workspace/rustup-home" "/workspace/cargo-home/bin/cargo" "+1.99.0-beta.8" "fetch" "--manifest-path" "Cargo.toml", kill_on_drop: false }`
[INFO] running `Command { std: "docker" "create" "-v" "/var/lib/crater-agent-workspace/builds/worker-1-tc1/source:/opt/rustwide/workdir:ro,Z" "-v" "/var/lib/crater-agent-workspace/builds/worker-1-tc1/target:/opt/rustwide/target:rw,Z" "-v" "/var/lib/crater-agent-workspace/cargo-home:/opt/rustwide/cargo-home:ro,Z" "-v" "/var/lib/crater-agent-workspace/rustup-home:/opt/rustwide/rustup-home:ro,Z" "-m" "1610612736" "--network" "none" "ghcr.io/rust-lang/crates-build-env/linux@sha256:77db811e55d90add9212f6832c23229e3de5f1c1f9905e8cb07319ea15df73ac" "sleep" "infinity", kill_on_drop: false }`
[INFO] [stdout] 04442d2e0888eeec092cf18efe317ce720013b3217f07cdacc9fea443ff6c2fa
[INFO] running `Command { std: "docker" "start" "04442d2e0888eeec092cf18efe317ce720013b3217f07cdacc9fea443ff6c2fa", kill_on_drop: false }`
[INFO] running `Command { std: "docker" "inspect" "04442d2e0888eeec092cf18efe317ce720013b3217f07cdacc9fea443ff6c2fa", kill_on_drop: false }`
[INFO] running `Command { std: "docker" "exec" "-e" "SOURCE_DIR=/opt/rustwide/workdir" "-e" "CARGO_HOME=/opt/rustwide/cargo-home" "-e" "RUSTUP_HOME=/opt/rustwide/rustup-home" "-e" "CARGO_TARGET_DIR=/opt/rustwide/target" "-w" "/opt/rustwide/workdir" "--user" "0:0" "04442d2e0888eeec092cf18efe317ce720013b3217f07cdacc9fea443ff6c2fa" "/opt/rustwide/cargo-home/bin/cargo" "+1.99.0-beta.8" "metadata" "--no-deps" "--format-version=1", kill_on_drop: false }`
[INFO] running `Command { std: "docker" "inspect" "04442d2e0888eeec092cf18efe317ce720013b3217f07cdacc9fea443ff6c2fa", kill_on_drop: false }`
[INFO] running `Command { std: "docker" "exec" "-e" "SOURCE_DIR=/opt/rustwide/workdir" "-e" "CARGO_HOME=/opt/rustwide/cargo-home" "-e" "RUSTUP_HOME=/opt/rustwide/rustup-home" "-e" "CARGO_TARGET_DIR=/opt/rustwide/target" "-e" "CARGO_INCREMENTAL=0" "-e" "RUST_BACKTRACE=full" "-e" "RUSTFLAGS=--cap-lints=warn" "-e" "RUSTDOCFLAGS=--cap-lints=warn" "-w" "/opt/rustwide/workdir" "--user" "0:0" "04442d2e0888eeec092cf18efe317ce720013b3217f07cdacc9fea443ff6c2fa" "/opt/rustwide/cargo-home/bin/cargo" "+1.99.0-beta.8" "build" "--frozen" "--message-format=json" "--release", kill_on_drop: false }`
[INFO] [stderr]    Compiling quote v1.0.44
[INFO] [stderr]    Compiling regex-automata v0.4.14
[INFO] [stderr]    Compiling rayon v1.11.0
[INFO] [stderr]    Compiling syn v2.0.117
[INFO] [stderr]    Compiling bstr v1.12.1
[INFO] [stderr]    Compiling thiserror-impl v2.0.18
[INFO] [stderr]    Compiling thiserror v2.0.18
[INFO] [stderr]    Compiling hamming-resonate v0.4.0 (/opt/rustwide/workdir)
[INFO] [stderr]     Finished `release` profile [optimized] target(s) in 7.35s
[INFO] running `Command { std: "docker" "inspect" "04442d2e0888eeec092cf18efe317ce720013b3217f07cdacc9fea443ff6c2fa", kill_on_drop: false }`
[INFO] running `Command { std: "docker" "exec" "-e" "SOURCE_DIR=/opt/rustwide/workdir" "-e" "CARGO_HOME=/opt/rustwide/cargo-home" "-e" "RUSTUP_HOME=/opt/rustwide/rustup-home" "-e" "CARGO_TARGET_DIR=/opt/rustwide/target" "-e" "CARGO_INCREMENTAL=0" "-e" "RUST_BACKTRACE=full" "-e" "RUSTFLAGS=--cap-lints=warn" "-e" "RUSTDOCFLAGS=--cap-lints=warn" "-w" "/opt/rustwide/workdir" "--user" "0:0" "04442d2e0888eeec092cf18efe317ce720013b3217f07cdacc9fea443ff6c2fa" "/opt/rustwide/cargo-home/bin/cargo" "+1.99.0-beta.8" "test" "--frozen" "--no-run" "--message-format=json" "--release", kill_on_drop: false }`
[INFO] [stderr]    Compiling syn v2.0.117
[INFO] [stderr]    Compiling zerocopy v0.8.40
[INFO] [stderr]    Compiling regex-automata v0.4.14
[INFO] [stderr]    Compiling clap_builder v4.5.60
[INFO] [stderr]    Compiling itertools v0.10.5
[INFO] [stderr]    Compiling is-terminal v0.4.17
[INFO] [stderr]    Compiling plotters v0.3.7
[INFO] [stderr]    Compiling criterion-plot v0.5.0
[INFO] [stderr]    Compiling clap v4.5.60
[INFO] [stderr]    Compiling zerocopy-derive v0.8.40
[INFO] [stderr]    Compiling serde_derive v1.0.228
[INFO] [stderr]    Compiling thiserror-impl v2.0.18
[INFO] [stderr]    Compiling bstr v1.12.1
[INFO] [stderr]    Compiling regex v1.12.3
[INFO] [stderr]    Compiling thiserror v2.0.18
[INFO] [stderr]    Compiling hamming-resonate v0.4.0 (/opt/rustwide/workdir)
[INFO] [stderr]    Compiling serde v1.0.228
[INFO] [stderr]    Compiling tinytemplate v1.2.1
[INFO] [stderr]    Compiling half v2.7.1
[INFO] [stderr]    Compiling ciborium-ll v0.2.2
[INFO] [stderr]    Compiling ciborium v0.2.2
[INFO] [stderr]    Compiling criterion v0.5.1
[INFO] [stdout] error[E0308]: mismatched types
[INFO] [stdout]   --> tests/integration.rs:78:21
[INFO] [stdout]    |
[INFO] [stdout] 78 |     assert_eq!(hit, "AAAA".as_bytes().as_bstr());
[INFO] [stdout]    |                     ^^^^^^^^^^^^^^^^^^^^^^^^^^^ expected `(&BStr, u32, f32)`, found `&BStr`
[INFO] [stdout]    |
[INFO] [stdout]    = note:  expected tuple `(&BStr, u32, f32)`
[INFO] [stdout]            found reference `&BStr`
[INFO] [stdout] 
[INFO] [stdout] 
[INFO] [stdout] error[E0308]: mismatched types
[INFO] [stdout]   --> tests/integration.rs:87:25
[INFO] [stdout]    |
[INFO] [stdout] 87 |         assert_eq!(hit, "AAAC".as_bytes().as_bstr());
[INFO] [stdout]    |                         ^^^^^^^^^^^^^^^^^^^^^^^^^^^ expected `(&BStr, u32, f32)`, found `&BStr`
[INFO] [stdout]    |
[INFO] [stdout]    = note:  expected tuple `(&BStr, u32, f32)`
[INFO] [stdout]            found reference `&BStr`
[INFO] [stdout] 
[INFO] [stdout] 
[INFO] [stdout] error[E0308]: mismatched types
[INFO] [stdout]   --> tests/integration.rs:97:21
[INFO] [stdout]    |
[INFO] [stdout] 97 |     assert_eq!(hit, "AAAA".as_bytes().as_bstr());
[INFO] [stdout]    |                     ^^^^^^^^^^^^^^^^^^^^^^^^^^^ expected `(&BStr, u32, f32)`, found `&BStr`
[INFO] [stdout]    |
[INFO] [stdout]    = note:  expected tuple `(&BStr, u32, f32)`
[INFO] [stdout]            found reference `&BStr`
[INFO] [stdout] 
[INFO] [stdout] 
[INFO] [stdout] error[E0308]: mismatched types
[INFO] [stdout]    --> tests/integration.rs:106:25
[INFO] [stdout]     |
[INFO] [stdout] 106 |         assert_eq!(hit, "AAAC".as_bytes().as_bstr());
[INFO] [stdout]     |                         ^^^^^^^^^^^^^^^^^^^^^^^^^^^ expected `(&BStr, u32, f32)`, found `&BStr`
[INFO] [stdout]     |
[INFO] [stdout]     = note:  expected tuple `(&BStr, u32, f32)`
[INFO] [stdout]             found reference `&BStr`
[INFO] [stdout] 
[INFO] [stdout] 
[INFO] [stdout] error[E0308]: mismatched types
[INFO] [stdout]    --> tests/integration.rs:115:25
[INFO] [stdout]     |
[INFO] [stdout] 115 |         assert_eq!(hit, "TAAA".as_bytes().as_bstr());
[INFO] [stdout]     |                         ^^^^^^^^^^^^^^^^^^^^^^^^^^^ expected `(&BStr, u32, f32)`, found `&BStr`
[INFO] [stdout]     |
[INFO] [stdout]     = note:  expected tuple `(&BStr, u32, f32)`
[INFO] [stdout]             found reference `&BStr`
[INFO] [stdout] 
[INFO] [stdout] 
[INFO] [stdout] error[E0308]: mismatched types
[INFO] [stdout]    --> tests/integration.rs:124:21
[INFO] [stdout]     |
[INFO] [stdout] 124 |     assert_eq!(hit, "AAAA".as_bytes().as_bstr());
[INFO] [stdout]     |                     ^^^^^^^^^^^^^^^^^^^^^^^^^^^ expected `(&BStr, u32, f32)`, found `&BStr`
[INFO] [stdout]     |
[INFO] [stdout]     = note:  expected tuple `(&BStr, u32, f32)`
[INFO] [stdout]             found reference `&BStr`
[INFO] [stdout] 
[INFO] [stdout] 
[INFO] [stdout] error[E0308]: mismatched types
[INFO] [stdout]    --> tests/integration.rs:128:21
[INFO] [stdout]     |
[INFO] [stdout] 128 |     assert_eq!(hit, "AAAC".as_bytes().as_bstr());
[INFO] [stdout]     |                     ^^^^^^^^^^^^^^^^^^^^^^^^^^^ expected `(&BStr, u32, f32)`, found `&BStr`
[INFO] [stdout]     |
[INFO] [stdout]     = note:  expected tuple `(&BStr, u32, f32)`
[INFO] [stdout]             found reference `&BStr`
[INFO] [stdout] 
[INFO] [stdout] 
[INFO] [stdout] error[E0308]: mismatched types
[INFO] [stdout]    --> src/weighted.rs:191:25
[INFO] [stdout]     |
[INFO] [stdout] 191 |         assert_eq!(hit, "AAAA".as_bytes().as_bstr());
[INFO] [stdout]     |                         ^^^^^^^^^^^^^^^^^^^^^^^^^^^ expected `(&BStr, u32, f32)`, found `&BStr`
[INFO] [stdout]     |
[INFO] [stdout]     = note:  expected tuple `(&BStr, u32, f32)`
[INFO] [stdout]             found reference `&BStr`
[INFO] [stdout] 
[INFO] [stdout] 
[INFO] [stdout] error[E0308]: mismatched types
[INFO] [stdout]    --> src/weighted.rs:202:25
[INFO] [stdout]     |
[INFO] [stdout] 202 |         assert_eq!(hit, "AAAA".as_bytes().as_bstr());
[INFO] [stdout]     |                         ^^^^^^^^^^^^^^^^^^^^^^^^^^^ expected `(&BStr, u32, f32)`, found `&BStr`
[INFO] [stdout]     |
[INFO] [stdout]     = note:  expected tuple `(&BStr, u32, f32)`
[INFO] [stdout]             found reference `&BStr`
[INFO] [stdout] 
[INFO] [stdout] 
[INFO] [stdout] For more information about this error, try `rustc --explain E0308`.
[INFO] [stdout] 
[INFO] [stderr] error: could not compile `hamming-resonate` (test "integration") due to 7 previous errors
[INFO] [stderr] warning: build failed, waiting for other jobs to finish...
[INFO] [stdout] For more information about this error, try `rustc --explain E0308`.
[INFO] [stdout] 
[INFO] [stderr] error: could not compile `hamming-resonate` (lib test) due to 2 previous errors
[INFO] running `Command { std: "docker" "inspect" "04442d2e0888eeec092cf18efe317ce720013b3217f07cdacc9fea443ff6c2fa", kill_on_drop: false }`
[INFO] running `Command { std: "docker" "rm" "-f" "04442d2e0888eeec092cf18efe317ce720013b3217f07cdacc9fea443ff6c2fa", kill_on_drop: false }`
[INFO] [stdout] 04442d2e0888eeec092cf18efe317ce720013b3217f07cdacc9fea443ff6c2fa
