[INFO] fetching crate hakari 0.18.0...
[INFO] testing hakari-0.18.0 against 1.100.0-beta.1+cargoflags=--release for beta-release-1.100-2
[INFO] extracting crate hakari 0.18.0 into /workspace/builds/worker-1-tc2/source
[INFO] started tweaking crates.io crate hakari 0.18.0
[INFO] finished tweaking crates.io crate hakari 0.18.0
[INFO] tweaked toml for crates.io crate hakari 0.18.0 written to /workspace/builds/worker-1-tc2/source/Cargo.toml
[INFO] validating manifest of crates.io crate hakari 0.18.0 on toolchain 1.100.0-beta.1
[INFO] running `Command { std: CARGO_HOME="/workspace/cargo-home" RUSTUP_HOME="/workspace/rustup-home" "/workspace/cargo-home/bin/cargo" "+1.100.0-beta.1" "metadata" "--manifest-path" "Cargo.toml" "--no-deps", kill_on_drop: false }`
[INFO] crate crates.io crate hakari 0.18.0 already has a lockfile, it will not be regenerated
[INFO] running `Command { std: CARGO_HOME="/workspace/cargo-home" RUSTUP_HOME="/workspace/rustup-home" "/workspace/cargo-home/bin/cargo" "+1.100.0-beta.1" "fetch" "--manifest-path" "Cargo.toml", kill_on_drop: false }`
[INFO] running `Command { std: "docker" "create" "-v" "/var/lib/crater-agent-workspace/builds/worker-1-tc2/source:/opt/rustwide/workdir:ro,Z" "-v" "/var/lib/crater-agent-workspace/builds/worker-1-tc2/target:/opt/rustwide/target:rw,Z" "-v" "/var/lib/crater-agent-workspace/cargo-home:/opt/rustwide/cargo-home:ro,Z" "-v" "/var/lib/crater-agent-workspace/rustup-home:/opt/rustwide/rustup-home:ro,Z" "-m" "1610612736" "--network" "none" "ghcr.io/rust-lang/crates-build-env/linux@sha256:77db811e55d90add9212f6832c23229e3de5f1c1f9905e8cb07319ea15df73ac" "sleep" "infinity", kill_on_drop: false }`
[INFO] [stdout] 44333f5c840ddbc4e8758606538584107e889992ac337e6c2bf981a62e6ffb44
[INFO] running `Command { std: "docker" "start" "44333f5c840ddbc4e8758606538584107e889992ac337e6c2bf981a62e6ffb44", kill_on_drop: false }`
[INFO] running `Command { std: "docker" "inspect" "44333f5c840ddbc4e8758606538584107e889992ac337e6c2bf981a62e6ffb44", kill_on_drop: false }`
[INFO] running `Command { std: "docker" "exec" "-e" "SOURCE_DIR=/opt/rustwide/workdir" "-e" "CARGO_HOME=/opt/rustwide/cargo-home" "-e" "RUSTUP_HOME=/opt/rustwide/rustup-home" "-e" "CARGO_TARGET_DIR=/opt/rustwide/target" "-w" "/opt/rustwide/workdir" "--user" "0:0" "44333f5c840ddbc4e8758606538584107e889992ac337e6c2bf981a62e6ffb44" "/opt/rustwide/cargo-home/bin/cargo" "+1.100.0-beta.1" "metadata" "--no-deps" "--format-version=1", kill_on_drop: false }`
[INFO] running `Command { std: "docker" "inspect" "44333f5c840ddbc4e8758606538584107e889992ac337e6c2bf981a62e6ffb44", kill_on_drop: false }`
[INFO] running `Command { std: "docker" "exec" "-e" "SOURCE_DIR=/opt/rustwide/workdir" "-e" "CARGO_HOME=/opt/rustwide/cargo-home" "-e" "RUSTUP_HOME=/opt/rustwide/rustup-home" "-e" "CARGO_TARGET_DIR=/opt/rustwide/target" "-e" "CARGO_INCREMENTAL=0" "-e" "RUST_BACKTRACE=full" "-e" "RUSTFLAGS=--cap-lints=warn" "-e" "RUSTDOCFLAGS=--cap-lints=warn" "-w" "/opt/rustwide/workdir" "--user" "0:0" "44333f5c840ddbc4e8758606538584107e889992ac337e6c2bf981a62e6ffb44" "/opt/rustwide/cargo-home/bin/cargo" "+1.100.0-beta.1" "build" "--frozen" "--message-format=json" "--release", kill_on_drop: false }`
[INFO] [stderr]    Compiling serde_core v1.0.229
[INFO] [stderr]    Compiling libc v0.2.189
[INFO] [stderr]    Compiling crossbeam-utils v0.8.22
[INFO] [stderr]    Compiling foldhash v0.2.0
[INFO] [stderr]    Compiling crossbeam-epoch v0.9.20
[INFO] [stderr]    Compiling crossbeam-deque v0.8.7
[INFO] [stderr]    Compiling target-lexicon v0.13.5
[INFO] [stderr]    Compiling camino v1.2.6
[INFO] [stderr]    Compiling getrandom v0.4.3
[INFO] [stderr]    Compiling hashbrown v0.17.1
[INFO] [stderr]    Compiling guppy-workspace-hack v0.1.0
[INFO] [stderr]    Compiling zerocopy v0.8.56
[INFO] [stderr]    Compiling bitflags v2.13.1
[INFO] [stderr]    Compiling serde_json v1.0.151
[INFO] [stderr]    Compiling serde_derive v1.0.229
[INFO] [stderr]    Compiling smallvec v1.16.0
[INFO] [stderr]    Compiling target-spec v3.7.0
[INFO] [stderr]    Compiling either v1.18.0
[INFO] [stderr]    Compiling rustix v0.38.44
[INFO] [stderr]    Compiling indexmap v2.14.2
[INFO] [stderr]    Compiling rustix v1.1.4
[INFO] [stderr]    Compiling cfg-expr v0.20.9
[INFO] [stderr]    Compiling rayon-core v1.13.0
[INFO] [stderr]    Compiling getrandom v0.3.4
[INFO] [stderr]    Compiling fastrand v2.5.0
[INFO] [stderr]    Compiling fixedbitset v0.5.7
[INFO] [stderr]    Compiling winnow v1.0.4
[INFO] [stderr]    Compiling rayon v1.12.0
[INFO] [stderr]    Compiling petgraph v0.8.3
[INFO] [stderr]    Compiling tempfile v3.27.0
[INFO] [stderr]    Compiling serde v1.0.229
[INFO] [stderr]    Compiling cargo-platform v0.3.3
[INFO] [stderr]    Compiling semver v1.0.28
[INFO] [stderr]    Compiling pathdiff v0.2.3
[INFO] [stderr]    Compiling toml_parser v1.1.3+spec-1.1.0
[INFO] [stderr]    Compiling itertools v0.15.0
[INFO] [stderr]    Compiling toml_writer v1.1.2+spec-1.1.0
[INFO] [stderr]    Compiling debug-ignore v1.0.5
[INFO] [stderr]    Compiling toml_datetime v1.1.1+spec-1.1.0
[INFO] [stderr]    Compiling nested v0.1.1
[INFO] [stderr]    Compiling toml_edit v0.25.13+spec-1.1.0
[INFO] [stderr]    Compiling iddqd v0.5.0
[INFO] [stderr]    Compiling cargo_metadata v0.23.1
[INFO] [stderr]    Compiling ahash v0.8.12
[INFO] [stderr]    Compiling diffy v0.5.2
[INFO] [stderr]    Compiling twox-hash v2.1.4
[INFO] [stderr]    Compiling indenter v0.3.4
[INFO] [stderr]    Compiling atomicwrites v0.4.4
[INFO] [stderr]    Compiling guppy v0.19.0
[INFO] [stderr]    Compiling hakari v0.18.0 (/opt/rustwide/workdir)
[INFO] [stderr] warning: unused dependency `indenter`
[INFO] [stderr]   --> Cargo.toml:34:15
[INFO] [stderr]    |
[INFO] [stderr] 34 | [dependencies.indenter]
[INFO] [stderr]    |               ^^^^^^^^^
[INFO] [stderr]    |
[INFO] [stderr]    = note: `cargo::unused_dependencies` is set to `warn` by default
[INFO] [stderr] help: consider removing the dependency on `indenter`
[INFO] [stderr] warning: `hakari` (manifest) generated 1 warning
[INFO] [stderr]     Finished `release` profile [optimized] target(s) in 1m 34s
[INFO] running `Command { std: "docker" "inspect" "44333f5c840ddbc4e8758606538584107e889992ac337e6c2bf981a62e6ffb44", kill_on_drop: false }`
[INFO] running `Command { std: "docker" "exec" "-e" "SOURCE_DIR=/opt/rustwide/workdir" "-e" "CARGO_HOME=/opt/rustwide/cargo-home" "-e" "RUSTUP_HOME=/opt/rustwide/rustup-home" "-e" "CARGO_TARGET_DIR=/opt/rustwide/target" "-e" "CARGO_INCREMENTAL=0" "-e" "RUST_BACKTRACE=full" "-e" "RUSTFLAGS=--cap-lints=warn" "-e" "RUSTDOCFLAGS=--cap-lints=warn" "-w" "/opt/rustwide/workdir" "--user" "0:0" "44333f5c840ddbc4e8758606538584107e889992ac337e6c2bf981a62e6ffb44" "/opt/rustwide/cargo-home/bin/cargo" "+1.100.0-beta.1" "test" "--frozen" "--no-run" "--message-format=json" "--release", kill_on_drop: false }`
[INFO] [stderr]    Compiling hakari v0.18.0 (/opt/rustwide/workdir)
[INFO] [stdout] error[E0433]: cannot find module or crate `fixtures` in this scope
[INFO] [stdout]     --> src/hakari.rs:1765:9
[INFO] [stdout]      |
[INFO] [stdout] 1765 |     use fixtures::json::*;
[INFO] [stdout]      |         ^^^^^^^^ use of unresolved module or unlinked crate `fixtures`
[INFO] [stdout]      |
[INFO] [stdout]      = help: if you wanted to use a crate named `fixtures`, use `cargo add fixtures` to add it to your `Cargo.toml`
[INFO] [stdout] 
[INFO] [stdout] 
[INFO] [stdout] error[E0433]: cannot find module or crate `fixtures` in this scope
[INFO] [stdout]   --> src/helpers.rs:60:9
[INFO] [stdout]    |
[INFO] [stdout] 60 |     use fixtures::json::*;
[INFO] [stdout]    |         ^^^^^^^^ use of unresolved module or unlinked crate `fixtures`
[INFO] [stdout]    |
[INFO] [stdout]    = help: if you wanted to use a crate named `fixtures`, use `cargo add fixtures` to add it to your `Cargo.toml`
[INFO] [stdout] 
[INFO] [stdout] 
[INFO] [stdout] error[E0433]: cannot find module or crate `fixtures` in this scope
[INFO] [stdout]    --> src/toml_out.rs:694:9
[INFO] [stdout]     |
[INFO] [stdout] 694 |     use fixtures::json::*;
[INFO] [stdout]     |         ^^^^^^^^ use of unresolved module or unlinked crate `fixtures`
[INFO] [stdout]     |
[INFO] [stdout]     = help: if you wanted to use a crate named `fixtures`, use `cargo add fixtures` to add it to your `Cargo.toml`
[INFO] [stdout] 
[INFO] [stdout] 
[INFO] [stdout] error[E0425]: cannot find value `METADATA_HAKARI_REVERSE_DEP_MEMBER_DEV` in this scope
[INFO] [stdout]     --> src/hakari.rs:1812:44
[INFO] [stdout]      |
[INFO] [stdout] 1812 |         let member_dev_id = PackageId::new(METADATA_HAKARI_REVERSE_DEP_MEMBER_DEV);
[INFO] [stdout]      |                                            ^^^^^^^^^^^^^^^^^^^^^^^^^^^^^^^^^^^^^^ not found in this scope
[INFO] [stdout] 
[INFO] [stdout] 
[INFO] [stdout] error[E0425]: cannot find value `METADATA_HAKARI_REVERSE_DEP_MEMBER_UNLINKED` in this scope
[INFO] [stdout]     --> src/hakari.rs:1813:49
[INFO] [stdout]      |
[INFO] [stdout] 1813 |         let member_unlinked_id = PackageId::new(METADATA_HAKARI_REVERSE_DEP_MEMBER_UNLINKED);
[INFO] [stdout]      |                                                 ^^^^^^^^^^^^^^^^^^^^^^^^^^^^^^^^^^^^^^^^^^^ not found in this scope
[INFO] [stdout] 
[INFO] [stdout] 
[INFO] [stdout] error[E0425]: cannot find value `METADATA_HAKARI_REVERSE_DEP_VIA_MEMBER_DEV` in this scope
[INFO] [stdout]     --> src/hakari.rs:1829:13
[INFO] [stdout]      |
[INFO] [stdout] 1829 |             METADATA_HAKARI_REVERSE_DEP_VIA_MEMBER_DEV,
[INFO] [stdout]      |             ^^^^^^^^^^^^^^^^^^^^^^^^^^^^^^^^^^^^^^^^^^ not found in this scope
[INFO] [stdout] 
[INFO] [stdout] 
[INFO] [stdout] error[E0425]: cannot find value `METADATA_HAKARI_REVERSE_DEP_VIA_MEMBER_UNLINKED` in this scope
[INFO] [stdout]     --> src/hakari.rs:1830:13
[INFO] [stdout]      |
[INFO] [stdout] 1830 |             METADATA_HAKARI_REVERSE_DEP_VIA_MEMBER_UNLINKED,
[INFO] [stdout]      |             ^^^^^^^^^^^^^^^^^^^^^^^^^^^^^^^^^^^^^^^^^^^^^^^ not found in this scope
[INFO] [stdout] 
[INFO] [stdout] 
[INFO] [stdout] error[E0425]: cannot find value `METADATA_HAKARI_REVERSE_DEP_LEAF` in this scope
[INFO] [stdout]     --> src/hakari.rs:1865:38
[INFO] [stdout]      |
[INFO] [stdout] 1865 |         let leaf_id = PackageId::new(METADATA_HAKARI_REVERSE_DEP_LEAF);
[INFO] [stdout]      |                                      ^^^^^^^^^^^^^^^^^^^^^^^^^^^^^^^^ not found in this scope
[INFO] [stdout] 
[INFO] [stdout] 
[INFO] [stdout] error[E0425]: cannot find value `METADATA_HAKARI_REVERSE_DEP_MEMBER_DEV` in this scope
[INFO] [stdout]     --> src/hakari.rs:1965:44
[INFO] [stdout]      |
[INFO] [stdout] 1965 |         let member_dev_id = PackageId::new(METADATA_HAKARI_REVERSE_DEP_MEMBER_DEV);
[INFO] [stdout]      |                                            ^^^^^^^^^^^^^^^^^^^^^^^^^^^^^^^^^^^^^^ not found in this scope
[INFO] [stdout] 
[INFO] [stdout] 
[INFO] [stdout] error[E0425]: cannot find value `METADATA_HAKARI_REVERSE_DEP_MEMBER_UNLINKED` in this scope
[INFO] [stdout]     --> src/hakari.rs:1966:49
[INFO] [stdout]      |
[INFO] [stdout] 1966 |         let member_unlinked_id = PackageId::new(METADATA_HAKARI_REVERSE_DEP_MEMBER_UNLINKED);
[INFO] [stdout]      |                                                 ^^^^^^^^^^^^^^^^^^^^^^^^^^^^^^^^^^^^^^^^^^^ not found in this scope
[INFO] [stdout] 
[INFO] [stdout] 
[INFO] [stdout] error[E0425]: cannot find value `METADATA_HAKARI_REVERSE_DEP_VIA_MEMBER_PUBLISHED` in this scope
[INFO] [stdout]     --> src/hakari.rs:1983:28
[INFO] [stdout]      |
[INFO] [stdout] 1983 |             PackageId::new(METADATA_HAKARI_REVERSE_DEP_VIA_MEMBER_PUBLISHED);
[INFO] [stdout]      |                            ^^^^^^^^^^^^^^^^^^^^^^^^^^^^^^^^^^^^^^^^^^^^^^^^ not found in this scope
[INFO] [stdout] 
[INFO] [stdout] 
[INFO] [stdout] error[E0425]: cannot find value `METADATA_HAKARI_REVERSE_DEP_VIA_MEMBER_DEV` in this scope
[INFO] [stdout]     --> src/hakari.rs:1984:48
[INFO] [stdout]      |
[INFO] [stdout] 1984 |         let via_member_dev_id = PackageId::new(METADATA_HAKARI_REVERSE_DEP_VIA_MEMBER_DEV);
[INFO] [stdout]      |                                                ^^^^^^^^^^^^^^^^^^^^^^^^^^^^^^^^^^^^^^^^^^ not found in this scope
[INFO] [stdout] 
[INFO] [stdout] 
[INFO] [stdout] error[E0425]: cannot find value `METADATA_HAKARI_REVERSE_DEP_VIA_MEMBER_UNLINKED` in this scope
[INFO] [stdout]     --> src/hakari.rs:1986:28
[INFO] [stdout]      |
[INFO] [stdout] 1986 |             PackageId::new(METADATA_HAKARI_REVERSE_DEP_VIA_MEMBER_UNLINKED);
[INFO] [stdout]      |                            ^^^^^^^^^^^^^^^^^^^^^^^^^^^^^^^^^^^^^^^^^^^^^^^ not found in this scope
[INFO] [stdout] 
[INFO] [stdout] 
[INFO] [stdout] error[E0425]: cannot find value `METADATA_HAKARI_REVERSE_DEP_LEAF` in this scope
[INFO] [stdout]     --> src/hakari.rs:1987:38
[INFO] [stdout]      |
[INFO] [stdout] 1987 |         let leaf_id = PackageId::new(METADATA_HAKARI_REVERSE_DEP_LEAF);
[INFO] [stdout]      |                                      ^^^^^^^^^^^^^^^^^^^^^^^^^^^^^^^^ not found in this scope
[INFO] [stdout] 
[INFO] [stdout] 
[INFO] [stdout] error[E0425]: cannot find value `METADATA_HAKARI_REVERSE_DEP_LEAF` in this scope
[INFO] [stdout]     --> src/hakari.rs:2061:38
[INFO] [stdout]      |
[INFO] [stdout] 2061 |         let leaf_id = PackageId::new(METADATA_HAKARI_REVERSE_DEP_LEAF);
[INFO] [stdout]      |                                      ^^^^^^^^^^^^^^^^^^^^^^^^^^^^^^^^ not found in this scope
[INFO] [stdout] 
[INFO] [stdout] 
[INFO] [stdout] error[E0425]: cannot find value `METADATA_HAKARI_REVERSE_DEP_NORMAL_ON_HACK` in this scope
[INFO] [stdout]     --> src/hakari.rs:2081:13
[INFO] [stdout]      |
[INFO] [stdout] 2081 |             METADATA_HAKARI_REVERSE_DEP_NORMAL_ON_HACK,
[INFO] [stdout]      |             ^^^^^^^^^^^^^^^^^^^^^^^^^^^^^^^^^^^^^^^^^^ not found in this scope
[INFO] [stdout] 
[INFO] [stdout] 
[INFO] [stdout] error[E0425]: cannot find value `METADATA_HAKARI_REVERSE_DEP_VIA_NORMAL_ON_HACK` in this scope
[INFO] [stdout]     --> src/hakari.rs:2082:13
[INFO] [stdout]      |
[INFO] [stdout] 2082 |             METADATA_HAKARI_REVERSE_DEP_VIA_NORMAL_ON_HACK,
[INFO] [stdout]      |             ^^^^^^^^^^^^^^^^^^^^^^^^^^^^^^^^^^^^^^^^^^^^^^ not found in this scope
[INFO] [stdout] 
[INFO] [stdout] 
[INFO] [stdout] error[E0425]: cannot find value `METADATA_HAKARI_REVERSE_DEP_BUILD_ON_HACK` in this scope
[INFO] [stdout]     --> src/hakari.rs:2083:13
[INFO] [stdout]      |
[INFO] [stdout] 2083 |             METADATA_HAKARI_REVERSE_DEP_BUILD_ON_HACK,
[INFO] [stdout]      |             ^^^^^^^^^^^^^^^^^^^^^^^^^^^^^^^^^^^^^^^^^ not found in this scope
[INFO] [stdout] 
[INFO] [stdout] 
[INFO] [stdout] error[E0425]: cannot find value `METADATA_HAKARI_REVERSE_DEP_CFG_ON_HACK` in this scope
[INFO] [stdout]     --> src/hakari.rs:2084:13
[INFO] [stdout]      |
[INFO] [stdout] 2084 |             METADATA_HAKARI_REVERSE_DEP_CFG_ON_HACK,
[INFO] [stdout]      |             ^^^^^^^^^^^^^^^^^^^^^^^^^^^^^^^^^^^^^^^ not found in this scope
[INFO] [stdout] 
[INFO] [stdout] 
[INFO] [stdout] error[E0425]: cannot find value `METADATA_HAKARI_REVERSE_DEP_VIA_MEMBER_PUBLISHED` in this scope
[INFO] [stdout]     --> src/hakari.rs:2085:13
[INFO] [stdout]      |
[INFO] [stdout] 2085 |             METADATA_HAKARI_REVERSE_DEP_VIA_MEMBER_PUBLISHED,
[INFO] [stdout]      |             ^^^^^^^^^^^^^^^^^^^^^^^^^^^^^^^^^^^^^^^^^^^^^^^^ not found in this scope
[INFO] [stdout] 
[INFO] [stdout] 
[INFO] [stdout] error[E0425]: cannot find value `METADATA_HAKARI_REVERSE_DEP_VIA_MEMBER_DEV` in this scope
[INFO] [stdout]     --> src/hakari.rs:2086:13
[INFO] [stdout]      |
[INFO] [stdout] 2086 |             METADATA_HAKARI_REVERSE_DEP_VIA_MEMBER_DEV,
[INFO] [stdout]      |             ^^^^^^^^^^^^^^^^^^^^^^^^^^^^^^^^^^^^^^^^^^ not found in this scope
[INFO] [stdout] 
[INFO] [stdout] 
[INFO] [stdout] error[E0425]: cannot find value `METADATA_HAKARI_REVERSE_DEP_VIA_MEMBER_UNLINKED` in this scope
[INFO] [stdout]     --> src/hakari.rs:2087:13
[INFO] [stdout]      |
[INFO] [stdout] 2087 |             METADATA_HAKARI_REVERSE_DEP_VIA_MEMBER_UNLINKED,
[INFO] [stdout]      |             ^^^^^^^^^^^^^^^^^^^^^^^^^^^^^^^^^^^^^^^^^^^^^^^ not found in this scope
[INFO] [stdout] 
[INFO] [stdout] 
[INFO] [stdout] error[E0425]: cannot find value `METADATA_ALTERNATE_REGISTRY_URL` in this scope
[INFO] [stdout]    --> src/toml_out.rs:812:50
[INFO] [stdout]     |
[INFO] [stdout] 812 |         builder.add_registries([("alt-registry", METADATA_ALTERNATE_REGISTRY_URL)]);
[INFO] [stdout]     |                                                  ^^^^^^^^^^^^^^^^^^^^^^^^^^^^^^^ not found in this scope
[INFO] [stdout] 
[INFO] [stdout] 
[INFO] [stdout] error[E0433]: cannot find type `JsonFixture` in this scope
[INFO] [stdout]     --> src/hakari.rs:1771:49
[INFO] [stdout]      |
[INFO] [stdout] 1771 |         let res = UnifyTargetHost::Auto.to_impl(JsonFixture::metadata_guppy_78cb7e8().graph());
[INFO] [stdout]      |                                                 ^^^^^^^^^^^ use of undeclared type `JsonFixture`
[INFO] [stdout] 
[INFO] [stdout] 
[INFO] [stdout] error[E0433]: cannot find type `JsonFixture` in this scope
[INFO] [stdout]     --> src/hakari.rs:1780:49
[INFO] [stdout]      |
[INFO] [stdout] 1780 |         let res = UnifyTargetHost::Auto.to_impl(JsonFixture::metadata_libra_9ffd93b().graph());
[INFO] [stdout]      |                                                 ^^^^^^^^^^^ use of undeclared type `JsonFixture`
[INFO] [stdout] 
[INFO] [stdout] 
[INFO] [stdout] error[E0433]: cannot find type `JsonFixture` in this scope
[INFO] [stdout]     --> src/hakari.rs:1789:49
[INFO] [stdout]      |
[INFO] [stdout] 1789 |         let res = UnifyTargetHost::Auto.to_impl(JsonFixture::metadata_builddep().graph());
[INFO] [stdout]      |                                                 ^^^^^^^^^^^ use of undeclared type `JsonFixture`
[INFO] [stdout] 
[INFO] [stdout] 
[INFO] [stdout] error[E0433]: cannot find type `JsonFixture` in this scope
[INFO] [stdout]     --> src/hakari.rs:2031:23
[INFO] [stdout]      |
[INFO] [stdout] 2031 |         let fixture = JsonFixture::metadata_hakari_reverse_dep();
[INFO] [stdout]      |                       ^^^^^^^^^^^ use of undeclared type `JsonFixture`
[INFO] [stdout] 
[INFO] [stdout] 
[INFO] [stdout] error[E0433]: cannot find type `JsonFixture` in this scope
[INFO] [stdout]     --> src/hakari.rs:2095:23
[INFO] [stdout]      |
[INFO] [stdout] 2095 |         let fixture = JsonFixture::metadata_hakari_reverse_dep();
[INFO] [stdout]      |                       ^^^^^^^^^^^ use of undeclared type `JsonFixture`
[INFO] [stdout] 
[INFO] [stdout] 
[INFO] [stdout] error[E0433]: cannot find type `JsonFixture` in this scope
[INFO] [stdout]    --> src/helpers.rs:111:33
[INFO] [stdout]     |
[INFO] [stdout] 111 |         for (&name, fixture) in JsonFixture::all_fixtures() {
[INFO] [stdout]     |                                 ^^^^^^^^^^^ use of undeclared type `JsonFixture`
[INFO] [stdout] 
[INFO] [stdout] 
[INFO] [stdout] error[E0433]: cannot find type `JsonFixture` in this scope
[INFO] [stdout]    --> src/toml_out.rs:700:33
[INFO] [stdout]     |
[INFO] [stdout] 700 |         for (&name, fixture) in JsonFixture::all_fixtures() {
[INFO] [stdout]     |                                 ^^^^^^^^^^^ use of undeclared type `JsonFixture`
[INFO] [stdout] 
[INFO] [stdout] 
[INFO] [stdout] error[E0433]: cannot find type `JsonFixture` in this scope
[INFO] [stdout]    --> src/toml_out.rs:726:21
[INFO] [stdout]     |
[INFO] [stdout] 726 |         let graph = JsonFixture::metadata2().graph();
[INFO] [stdout]     |                     ^^^^^^^^^^^ use of undeclared type `JsonFixture`
[INFO] [stdout] 
[INFO] [stdout] 
[INFO] [stdout] error[E0433]: cannot find type `JsonFixture` in this scope
[INFO] [stdout]    --> src/toml_out.rs:797:23
[INFO] [stdout]     |
[INFO] [stdout] 797 |         let fixture = JsonFixture::metadata_alternate_registries();
[INFO] [stdout]     |                       ^^^^^^^^^^^ use of undeclared type `JsonFixture`
[INFO] [stdout] 
[INFO] [stdout] 
[INFO] [stdout] Some errors have detailed explanations: E0425, E0433.
[INFO] [stdout] 
[INFO] [stdout] For more information about an error, try `rustc --explain E0425`.
[INFO] [stdout] 
[INFO] [stderr] error: could not compile `hakari` (lib test) due to 32 previous errors
[INFO] [stderr] warning: unused dependency `indenter`
[INFO] [stderr]   --> Cargo.toml:34:15
[INFO] [stderr]    |
[INFO] [stderr] 34 | [dependencies.indenter]
[INFO] [stderr]    |               ^^^^^^^^^
[INFO] [stderr]    |
[INFO] [stderr]    = note: `cargo::unused_dependencies` is set to `warn` by default
[INFO] [stderr] help: consider removing the dependency on `indenter`
[INFO] [stderr] warning: `hakari` (manifest) generated 1 warning
[INFO] running `Command { std: "docker" "inspect" "44333f5c840ddbc4e8758606538584107e889992ac337e6c2bf981a62e6ffb44", kill_on_drop: false }`
[INFO] running `Command { std: "docker" "rm" "-f" "44333f5c840ddbc4e8758606538584107e889992ac337e6c2bf981a62e6ffb44", kill_on_drop: false }`
[INFO] [stdout] 44333f5c840ddbc4e8758606538584107e889992ac337e6c2bf981a62e6ffb44
