[INFO] fetching crate hacl-sys 0.0.3-pre.1...
[INFO] testing hacl-sys-0.0.3-pre.1 against 1.99.0-beta.8+cargoflags=--release for beta-release-1.100-2
[INFO] extracting crate hacl-sys 0.0.3-pre.1 into /workspace/builds/worker-2-tc1/source
[INFO] started tweaking crates.io crate hacl-sys 0.0.3-pre.1
[INFO] finished tweaking crates.io crate hacl-sys 0.0.3-pre.1
[INFO] tweaked toml for crates.io crate hacl-sys 0.0.3-pre.1 written to /workspace/builds/worker-2-tc1/source/Cargo.toml
[INFO] validating manifest of crates.io crate hacl-sys 0.0.3-pre.1 on toolchain 1.99.0-beta.8
[INFO] running `Command { std: CARGO_HOME="/workspace/cargo-home" RUSTUP_HOME="/workspace/rustup-home" "/workspace/cargo-home/bin/cargo" "+1.99.0-beta.8" "metadata" "--manifest-path" "Cargo.toml" "--no-deps", kill_on_drop: false }`
[INFO] running `Command { std: CARGO_HOME="/workspace/cargo-home" RUSTUP_HOME="/workspace/rustup-home" "/workspace/cargo-home/bin/cargo" "+1.99.0-beta.8" "generate-lockfile" "--manifest-path" "Cargo.toml", kill_on_drop: false }`
[INFO] [stderr]     Updating crates.io index
[INFO] [stderr]      Locking 47 packages to highest compatible versions
[INFO] [stderr]       Adding bindgen v0.65.1 (available: v0.73.2)
[INFO] running `Command { std: CARGO_HOME="/workspace/cargo-home" RUSTUP_HOME="/workspace/rustup-home" "/workspace/cargo-home/bin/cargo" "+1.99.0-beta.8" "fetch" "--manifest-path" "Cargo.toml", kill_on_drop: false }`
[INFO] [stderr]  Downloading crates ...
[INFO] [stderr]   Downloaded bindgen v0.65.1
[INFO] running `Command { std: "docker" "create" "-v" "/var/lib/crater-agent-workspace/builds/worker-2-tc1/source:/opt/rustwide/workdir:ro,Z" "-v" "/var/lib/crater-agent-workspace/builds/worker-2-tc1/target:/opt/rustwide/target:rw,Z" "-v" "/var/lib/crater-agent-workspace/cargo-home:/opt/rustwide/cargo-home:ro,Z" "-v" "/var/lib/crater-agent-workspace/rustup-home:/opt/rustwide/rustup-home:ro,Z" "-m" "1610612736" "--network" "none" "ghcr.io/rust-lang/crates-build-env/linux@sha256:77db811e55d90add9212f6832c23229e3de5f1c1f9905e8cb07319ea15df73ac" "sleep" "infinity", kill_on_drop: false }`
[INFO] [stdout] 3ac48e7757055e6d29baa6ac94f1f1d7feaac598bcb91bd87f8e70e2ab434c08
[INFO] running `Command { std: "docker" "start" "3ac48e7757055e6d29baa6ac94f1f1d7feaac598bcb91bd87f8e70e2ab434c08", kill_on_drop: false }`
[INFO] running `Command { std: "docker" "inspect" "3ac48e7757055e6d29baa6ac94f1f1d7feaac598bcb91bd87f8e70e2ab434c08", kill_on_drop: false }`
[INFO] running `Command { std: "docker" "exec" "-e" "SOURCE_DIR=/opt/rustwide/workdir" "-e" "CARGO_HOME=/opt/rustwide/cargo-home" "-e" "RUSTUP_HOME=/opt/rustwide/rustup-home" "-e" "CARGO_TARGET_DIR=/opt/rustwide/target" "-w" "/opt/rustwide/workdir" "--user" "0:0" "3ac48e7757055e6d29baa6ac94f1f1d7feaac598bcb91bd87f8e70e2ab434c08" "/opt/rustwide/cargo-home/bin/cargo" "+1.99.0-beta.8" "metadata" "--no-deps" "--format-version=1", kill_on_drop: false }`
[INFO] running `Command { std: "docker" "inspect" "3ac48e7757055e6d29baa6ac94f1f1d7feaac598bcb91bd87f8e70e2ab434c08", kill_on_drop: false }`
[INFO] running `Command { std: "docker" "exec" "-e" "SOURCE_DIR=/opt/rustwide/workdir" "-e" "CARGO_HOME=/opt/rustwide/cargo-home" "-e" "RUSTUP_HOME=/opt/rustwide/rustup-home" "-e" "CARGO_TARGET_DIR=/opt/rustwide/target" "-e" "CARGO_INCREMENTAL=0" "-e" "RUST_BACKTRACE=full" "-e" "RUSTFLAGS=--cap-lints=warn" "-e" "RUSTDOCFLAGS=--cap-lints=warn" "-w" "/opt/rustwide/workdir" "--user" "0:0" "3ac48e7757055e6d29baa6ac94f1f1d7feaac598bcb91bd87f8e70e2ab434c08" "/opt/rustwide/cargo-home/bin/cargo" "+1.99.0-beta.8" "build" "--frozen" "--message-format=json" "--release", kill_on_drop: false }`
[INFO] [stderr]    Compiling libc v0.2.191
[INFO] [stderr]    Compiling cfg-if v1.0.5
[INFO] [stderr]    Compiling regex-syntax v0.8.11
[INFO] [stderr]    Compiling bitflags v2.13.2
[INFO] [stderr]    Compiling home v0.5.12
[INFO] [stderr]    Compiling bindgen v0.65.1
[INFO] [stderr]    Compiling clang-sys v1.9.1
[INFO] [stderr]    Compiling log v0.4.34
[INFO] [stderr]    Compiling syn v2.0.119
[INFO] [stderr]    Compiling bitflags v1.3.2
[INFO] [stderr]    Compiling libloading v0.8.9
[INFO] [stderr]    Compiling rustix v0.38.44
[INFO] [stderr]    Compiling regex-automata v0.4.18
[INFO] [stderr]    Compiling which v4.4.2
[INFO] [stderr]    Compiling regex v1.13.1
[INFO] [stderr]    Compiling prettyplease v0.2.37
[INFO] [stderr]    Compiling hacl-sys v0.0.3-pre.1 (/opt/rustwide/workdir)
[INFO] [stdout] warning: unexpected `cfg` condition name: `nobindgen`
[INFO] [stdout]  --> build.rs:3:29
[INFO] [stdout]   |
[INFO] [stdout] 3 | #[cfg(all(not(windows), not(nobindgen)))]
[INFO] [stdout]   |                             ^^^^^^^^^
[INFO] [stdout]   |
[INFO] [stdout]   = help: expected names are: `docsrs`, `feature`, and `test` and 34 more
[INFO] [stdout]   = help: consider using a Cargo feature instead
[INFO] [stdout]   = help: or consider adding in `Cargo.toml` the `check-cfg` lint config for the lint:
[INFO] [stdout]            [lints.rust]
[INFO] [stdout]            unexpected_cfgs = { level = "warn", check-cfg = ['cfg(nobindgen)'] }
[INFO] [stdout]   = note: see <https://doc.rust-lang.org/nightly/rustc/check-cfg/cargo-specifics.html> for more information about checking conditional configuration
[INFO] [stdout]   = note: `#[warn(unexpected_cfgs)]` on by default
[INFO] [stdout] 
[INFO] [stdout] 
[INFO] [stdout] warning: unexpected `cfg` condition name: `nobindgen`
[INFO] [stdout]   --> build.rs:69:20
[INFO] [stdout]    |
[INFO] [stdout] 69 | #[cfg(any(windows, nobindgen))]
[INFO] [stdout]    |                    ^^^^^^^^^
[INFO] [stdout]    |
[INFO] [stdout]    = help: consider using a Cargo feature instead
[INFO] [stdout]    = help: or consider adding in `Cargo.toml` the `check-cfg` lint config for the lint:
[INFO] [stdout]             [lints.rust]
[INFO] [stdout]             unexpected_cfgs = { level = "warn", check-cfg = ['cfg(nobindgen)'] }
[INFO] [stdout]    = note: see <https://doc.rust-lang.org/nightly/rustc/check-cfg/cargo-specifics.html> for more information about checking conditional configuration
[INFO] [stdout] 
[INFO] [stdout] 
[INFO] [stderr] error: failed to run custom build command for `hacl-sys v0.0.3-pre.1 (/opt/rustwide/workdir)`
[INFO] [stderr] note: To improve backtraces for build dependencies, set the CARGO_PROFILE_RELEASE_BUILD_OVERRIDE_DEBUG=true environment variable to enable debug information generation.
[INFO] [stderr] 
[INFO] [stderr] Caused by:
[INFO] [stderr]   process didn't exit successfully: `/opt/rustwide/target/release/build/hacl-sys-cba264422fd0bf89/build-script-build` (exit status: 101)
[INFO] [stderr]   --- stdout
[INFO] [stderr]   -- The C compiler identification is GNU 15.2.0
[INFO] [stderr]   -- The CXX compiler identification is GNU 15.2.0
[INFO] [stderr]   -- Detecting C compiler ABI info
[INFO] [stderr]   -- Detecting C compiler ABI info - done
[INFO] [stderr]   -- Check for working C compiler: /usr/bin/cc - skipped
[INFO] [stderr]   -- Detecting C compile features
[INFO] [stderr]   -- Detecting C compile features - done
[INFO] [stderr]   -- Detecting CXX compiler ABI info
[INFO] [stderr]   -- Detecting CXX compiler ABI info - done
[INFO] [stderr]   -- Check for working CXX compiler: /usr/bin/c++ - skipped
[INFO] [stderr]   -- Detecting CXX compile features
[INFO] [stderr]   -- Detecting CXX compile features - done
[INFO] [stderr]   -- The ASM compiler identification is GNU
[INFO] [stderr]   -- Found assembler: /usr/bin/cc
[INFO] [stderr]   -- Bug 81300 check: FALSE
[INFO] [stderr]   -- int128 support: TRUE
[INFO] [stderr]   -- explicit_bzero support: TRUE
[INFO] [stderr]   -- vec128 support: TRUE
[INFO] [stderr]   -- vec256 support: TRUE
[INFO] [stderr]   -- Detected vale support
[INFO] [stderr]   -- Detected inline assembly support
[INFO] [stderr]   -- Detected intrinsics support
[INFO] [stderr]   -- Detected an x64 architecture
[INFO] [stderr]   -- Configuring done (2.6s)
[INFO] [stderr]   -- Generating done (0.0s)
[INFO] [stderr]   -- Build files have been written to: /opt/rustwide/target/release/build/hacl-sys-3a6d3fc33d870c2e/out/c/build
[INFO] [stderr]   ninja: Entering directory `build'
[INFO] [stderr]   [1/153] Building C object CMakeFiles/hacl_vec128.dir/src/Hacl_Chacha20Poly1305_128.c.o
[INFO] [stderr]   [2/153] Building C object CMakeFiles/hacl_vec128.dir/src/Hacl_HKDF_Blake2s_128.c.o
[INFO] [stderr]   [3/153] Building C object CMakeFiles/hacl_vec128.dir/src/Hacl_HPKE_Curve51_CP128_SHA256.c.o
[INFO] [stderr]   FAILED: [code=1] CMakeFiles/hacl_vec128.dir/src/Hacl_HPKE_Curve51_CP128_SHA256.c.o 
[INFO] [stderr]   /usr/bin/cc  -I/opt/rustwide/target/release/build/hacl-sys-3a6d3fc33d870c2e/out/c/include -I/opt/rustwide/target/release/build/hacl-sys-3a6d3fc33d870c2e/out/c/build -I/opt/rustwide/target/release/build/hacl-sys-3a6d3fc33d870c2e/out/c/karamel/include -I/opt/rustwide/target/release/build/hacl-sys-3a6d3fc33d870c2e/out/c/karamel/krmllib/dist/minimal -I/opt/rustwide/target/release/build/hacl-sys-3a6d3fc33d870c2e/out/c/vale/include -O3 -DNDEBUG -std=gnu11 -O3 -fPIC -DHACL_CAN_COMPILE_VEC128 -msse2 -msse3 -msse4.1 -msse4.2 -MD -MT CMakeFiles/hacl_vec128.dir/src/Hacl_HPKE_Curve51_CP128_SHA256.c.o -MF CMakeFiles/hacl_vec128.dir/src/Hacl_HPKE_Curve51_CP128_SHA256.c.o.d -o CMakeFiles/hacl_vec128.dir/src/Hacl_HPKE_Curve51_CP128_SHA256.c.o -c /opt/rustwide/target/release/build/hacl-sys-3a6d3fc33d870c2e/out/c/src/Hacl_HPKE_Curve51_CP128_SHA256.c
[INFO] [stderr]   cc: fatal error: Killed signal terminated program cc1
[INFO] [stderr]   compilation terminated.
[INFO] [stderr]   [4/153] Building C object CMakeFiles/hacl_vec256.dir/src/Hacl_Hash_Blake2b_256.c.o
[INFO] [stderr]   FAILED: [code=1] CMakeFiles/hacl_vec256.dir/src/Hacl_Hash_Blake2b_256.c.o 
[INFO] [stderr]   /usr/bin/cc  -I/opt/rustwide/target/release/build/hacl-sys-3a6d3fc33d870c2e/out/c/include -I/opt/rustwide/target/release/build/hacl-sys-3a6d3fc33d870c2e/out/c/build -I/opt/rustwide/target/release/build/hacl-sys-3a6d3fc33d870c2e/out/c/karamel/include -I/opt/rustwide/target/release/build/hacl-sys-3a6d3fc33d870c2e/out/c/karamel/krmllib/dist/minimal -I/opt/rustwide/target/release/build/hacl-sys-3a6d3fc33d870c2e/out/c/vale/include -O3 -DNDEBUG -std=gnu11 -O3 -fPIC -DHACL_CAN_COMPILE_VEC128 -DHACL_CAN_COMPILE_VEC256 -mavx -mavx2 -MD -MT CMakeFiles/hacl_vec256.dir/src/Hacl_Hash_Blake2b_256.c.o -MF CMakeFiles/hacl_vec256.dir/src/Hacl_Hash_Blake2b_256.c.o.d -o CMakeFiles/hacl_vec256.dir/src/Hacl_Hash_Blake2b_256.c.o -c /opt/rustwide/target/release/build/hacl-sys-3a6d3fc33d870c2e/out/c/src/Hacl_Hash_Blake2b_256.c
[INFO] [stderr]   cc: fatal error: Killed signal terminated program cc1
[INFO] [stderr]   compilation terminated.
[INFO] [stderr]   [5/153] Building C object CMakeFiles/hacl_vec128.dir/src/Hacl_SHA2_Vec128.c.o
[INFO] [stderr]   FAILED: [code=1] CMakeFiles/hacl_vec128.dir/src/Hacl_SHA2_Vec128.c.o 
[INFO] [stderr]   /usr/bin/cc  -I/opt/rustwide/target/release/build/hacl-sys-3a6d3fc33d870c2e/out/c/include -I/opt/rustwide/target/release/build/hacl-sys-3a6d3fc33d870c2e/out/c/build -I/opt/rustwide/target/release/build/hacl-sys-3a6d3fc33d870c2e/out/c/karamel/include -I/opt/rustwide/target/release/build/hacl-sys-3a6d3fc33d870c2e/out/c/karamel/krmllib/dist/minimal -I/opt/rustwide/target/release/build/hacl-sys-3a6d3fc33d870c2e/out/c/vale/include -O3 -DNDEBUG -std=gnu11 -O3 -fPIC -DHACL_CAN_COMPILE_VEC128 -msse2 -msse3 -msse4.1 -msse4.2 -MD -MT CMakeFiles/hacl_vec128.dir/src/Hacl_SHA2_Vec128.c.o -MF CMakeFiles/hacl_vec128.dir/src/Hacl_SHA2_Vec128.c.o.d -o CMakeFiles/hacl_vec128.dir/src/Hacl_SHA2_Vec128.c.o -c /opt/rustwide/target/release/build/hacl-sys-3a6d3fc33d870c2e/out/c/src/Hacl_SHA2_Vec128.c
[INFO] [stderr]   cc: fatal error: Killed signal terminated program cc1
[INFO] [stderr]   compilation terminated.
[INFO] [stderr]   [6/153] Building C object CMakeFiles/hacl_vec128.dir/src/Hacl_Poly1305_128.c.o
[INFO] [stderr]   FAILED: [code=1] CMakeFiles/hacl_vec128.dir/src/Hacl_Poly1305_128.c.o 
[INFO] [stderr]   /usr/bin/cc  -I/opt/rustwide/target/release/build/hacl-sys-3a6d3fc33d870c2e/out/c/include -I/opt/rustwide/target/release/build/hacl-sys-3a6d3fc33d870c2e/out/c/build -I/opt/rustwide/target/release/build/hacl-sys-3a6d3fc33d870c2e/out/c/karamel/include -I/opt/rustwide/target/release/build/hacl-sys-3a6d3fc33d870c2e/out/c/karamel/krmllib/dist/minimal -I/opt/rustwide/target/release/build/hacl-sys-3a6d3fc33d870c2e/out/c/vale/include -O3 -DNDEBUG -std=gnu11 -O3 -fPIC -DHACL_CAN_COMPILE_VEC128 -msse2 -msse3 -msse4.1 -msse4.2 -MD -MT CMakeFiles/hacl_vec128.dir/src/Hacl_Poly1305_128.c.o -MF CMakeFiles/hacl_vec128.dir/src/Hacl_Poly1305_128.c.o.d -o CMakeFiles/hacl_vec128.dir/src/Hacl_Poly1305_128.c.o -c /opt/rustwide/target/release/build/hacl-sys-3a6d3fc33d870c2e/out/c/src/Hacl_Poly1305_128.c
[INFO] [stderr]   cc: fatal error: Killed signal terminated program cc1
[INFO] [stderr]   compilation terminated.
[INFO] [stderr]   [7/153] Building C object CMakeFiles/hacl_vec128.dir/src/Hacl_Streaming_Blake2s_128.c.o
[INFO] [stderr]   [8/153] Building C object CMakeFiles/hacl_vec128.dir/src/Hacl_HMAC_Blake2s_128.c.o
[INFO] [stderr]   [9/153] Building C object CMakeFiles/hacl_vec128.dir/src/Hacl_Streaming_Poly1305_128.c.o
[INFO] [stderr]   [10/153] Building C object CMakeFiles/hacl_vec128.dir/src/Hacl_HPKE_Curve64_CP128_SHA512.c.o
[INFO] [stderr]   [11/153] Building C object CMakeFiles/hacl_vec128.dir/src/Hacl_HPKE_P256_CP128_SHA256.c.o
[INFO] [stderr]   [12/153] Building C object CMakeFiles/hacl_vec128.dir/src/Hacl_HPKE_Curve64_CP128_SHA256.c.o
[INFO] [stderr]   [13/153] Building C object CMakeFiles/hacl_vec128.dir/src/Hacl_HPKE_Curve51_CP128_SHA512.c.o
[INFO] [stderr]   [14/153] Building C object CMakeFiles/hacl_vec128.dir/src/Hacl_Hash_Blake2s_128.c.o
[INFO] [stderr]   [15/153] Building C object CMakeFiles/hacl_vec128.dir/src/Hacl_Bignum64.c.o
[INFO] [stderr]   [16/153] Building C object CMakeFiles/hacl_vec256.dir/src/Hacl_Streaming_Blake2b_256.c.o
[INFO] [stderr]   [17/153] Building C object CMakeFiles/hacl_vec256.dir/src/Hacl_Chacha20Poly1305_256.c.o
[INFO] [stderr]   [18/153] Building C object CMakeFiles/hacl_vec128.dir/src/Hacl_Chacha20_Vec128.c.o
[INFO] [stderr]   [19/153] Building C object CMakeFiles/hacl_vec128.dir/src/Hacl_GenericField64.c.o
[INFO] [stderr]   [20/153] Building C object CMakeFiles/hacl_vec128.dir/src/Hacl_Bignum4096.c.o
[INFO] [stderr]   ninja: build stopped: subcommand failed.
[INFO] [stderr] 
[INFO] [stderr]   --- stderr
[INFO] [stderr]   mach_build: false
[INFO] [stderr]    >>> Copying HACL C file
[INFO] [stderr]        from /opt/rustwide/workdir/.c
[INFO] [stderr]        to /opt/rustwide/target/release/build/hacl-sys-3a6d3fc33d870c2e/out/c
[INFO] [stderr]    >>> Building HACL C in /opt/rustwide/target/release/build/hacl-sys-3a6d3fc33d870c2e/out/c
[INFO] [stderr]    >>> CMAKE: cd "/opt/rustwide/target/release/build/hacl-sys-3a6d3fc33d870c2e/out/c" && "cmake" "-B" "build" "-G" "Ninja" "-D" "CMAKE_BUILD_TYPE=Release"
[INFO] [stderr] 
[INFO] [stderr]   thread 'main' (365) panicked at build.rs:123:9:
[INFO] [stderr]   Failed to run ninja.
[INFO] [stderr]   stack backtrace:
[INFO] [stderr]      0:     0x6318fa3c5501 - <<std[70759c8f55707aa4]::sys::backtrace::BacktraceLock>::print::DisplayBacktrace as core[df12db4294e9bfd3]::fmt::Display>::fmt
[INFO] [stderr]      1:     0x6318fa3dca6a - core[df12db4294e9bfd3]::fmt::write
[INFO] [stderr]      2:     0x6318fa3cb8fc - <std[70759c8f55707aa4]::sys::stdio::unix::Stderr as core[df12db4294e9bfd3]::io::write::Write>::write_fmt
[INFO] [stderr]      3:     0x6318fa3a0716 - std[70759c8f55707aa4]::panicking::default_hook::{closure#0}
[INFO] [stderr]      4:     0x6318fa3bc451 - std[70759c8f55707aa4]::panicking::default_hook
[INFO] [stderr]      5:     0x6318fa3bc77b - std[70759c8f55707aa4]::panicking::panic_with_hook
[INFO] [stderr]      6:     0x6318fa3a07f4 - std[70759c8f55707aa4]::panicking::panic_handler::{closure#0}
[INFO] [stderr]      7:     0x6318fa399359 - std[70759c8f55707aa4]::sys::backtrace::__rust_end_short_backtrace::<std[70759c8f55707aa4]::panicking::panic_handler::{closure#0}, !>
[INFO] [stderr]      8:     0x6318fa3a13ad - __rustc[8fa7c3cbc660c2b3]::rust_begin_unwind
[INFO] [stderr]      9:     0x6318fa3dd28c - core[df12db4294e9bfd3]::panicking::panic_fmt
[INFO] [stderr]     10:     0x6318f9f1c9a9 - build_script_build[134f8299db97a437]::build_hacl_c
[INFO] [stderr]     11:     0x6318f9f1f71a - build_script_build[134f8299db97a437]::main
[INFO] [stderr]     12:     0x6318f9f21da3 - <fn() as core[df12db4294e9bfd3]::ops::function::FnOnce<()>>::call_once
[INFO] [stderr]     13:     0x6318f9f1bdae - std[70759c8f55707aa4]::sys::backtrace::__rust_begin_short_backtrace::<fn(), ()>
[INFO] [stderr]     14:     0x6318f9f1c019 - std[70759c8f55707aa4]::rt::lang_start::<()>::{closure#0}
[INFO] [stderr]     15:     0x6318fa3bb549 - std[70759c8f55707aa4]::rt::lang_start_internal
[INFO] [stderr]     16:     0x6318f9f1bb81 - std[70759c8f55707aa4]::rt::lang_start::<()>
[INFO] [stderr]     17:     0x6318f9f22135 - main
[INFO] [stderr]     18:     0x7176dd26e601 - <unknown>
[INFO] [stderr]     19:     0x7176dd26e718 - __libc_start_main
[INFO] [stderr]     20:     0x6318f9f157d5 - _start
[INFO] [stderr]     21:                0x0 - <unknown>
[INFO] running `Command { std: "docker" "inspect" "3ac48e7757055e6d29baa6ac94f1f1d7feaac598bcb91bd87f8e70e2ab434c08", kill_on_drop: false }`
[INFO] running `Command { std: "docker" "rm" "-f" "3ac48e7757055e6d29baa6ac94f1f1d7feaac598bcb91bd87f8e70e2ab434c08", kill_on_drop: false }`
[INFO] [stdout] 3ac48e7757055e6d29baa6ac94f1f1d7feaac598bcb91bd87f8e70e2ab434c08
