[INFO] fetching crate habitica_rust_client 0.1.8...
[INFO] testing habitica_rust_client-0.1.8 against 1.99.0-beta.8+cargoflags=--release for beta-release-1.100-2
[INFO] extracting crate habitica_rust_client 0.1.8 into /workspace/builds/worker-0-tc1/source
[INFO] started tweaking crates.io crate habitica_rust_client 0.1.8
[INFO] finished tweaking crates.io crate habitica_rust_client 0.1.8
[INFO] tweaked toml for crates.io crate habitica_rust_client 0.1.8 written to /workspace/builds/worker-0-tc1/source/Cargo.toml
[INFO] validating manifest of crates.io crate habitica_rust_client 0.1.8 on toolchain 1.99.0-beta.8
[INFO] running `Command { std: CARGO_HOME="/workspace/cargo-home" RUSTUP_HOME="/workspace/rustup-home" "/workspace/cargo-home/bin/cargo" "+1.99.0-beta.8" "metadata" "--manifest-path" "Cargo.toml" "--no-deps", kill_on_drop: false }`
[INFO] running `Command { std: CARGO_HOME="/workspace/cargo-home" RUSTUP_HOME="/workspace/rustup-home" "/workspace/cargo-home/bin/cargo" "+1.99.0-beta.8" "generate-lockfile" "--manifest-path" "Cargo.toml", kill_on_drop: false }`
[INFO] [stderr]     Updating crates.io index
[INFO] [stderr]      Locking 153 packages to highest compatible versions
[INFO] [stderr]       Adding reqwest v0.11.27 (available: v0.13.5)
[INFO] running `Command { std: CARGO_HOME="/workspace/cargo-home" RUSTUP_HOME="/workspace/rustup-home" "/workspace/cargo-home/bin/cargo" "+1.99.0-beta.8" "fetch" "--manifest-path" "Cargo.toml", kill_on_drop: false }`
[INFO] running `Command { std: "docker" "create" "-v" "/var/lib/crater-agent-workspace/builds/worker-0-tc1/source:/opt/rustwide/workdir:ro,Z" "-v" "/var/lib/crater-agent-workspace/builds/worker-0-tc1/target:/opt/rustwide/target:rw,Z" "-v" "/var/lib/crater-agent-workspace/cargo-home:/opt/rustwide/cargo-home:ro,Z" "-v" "/var/lib/crater-agent-workspace/rustup-home:/opt/rustwide/rustup-home:ro,Z" "-m" "1610612736" "--network" "none" "ghcr.io/rust-lang/crates-build-env/linux@sha256:77db811e55d90add9212f6832c23229e3de5f1c1f9905e8cb07319ea15df73ac" "sleep" "infinity", kill_on_drop: false }`
[INFO] [stdout] 8ea2023efe0652d5653b5d7b62993de19db34dc2e55762501472a83e1fe00e1a
[INFO] running `Command { std: "docker" "start" "8ea2023efe0652d5653b5d7b62993de19db34dc2e55762501472a83e1fe00e1a", kill_on_drop: false }`
[INFO] running `Command { std: "docker" "inspect" "8ea2023efe0652d5653b5d7b62993de19db34dc2e55762501472a83e1fe00e1a", kill_on_drop: false }`
[INFO] running `Command { std: "docker" "exec" "-e" "SOURCE_DIR=/opt/rustwide/workdir" "-e" "CARGO_HOME=/opt/rustwide/cargo-home" "-e" "RUSTUP_HOME=/opt/rustwide/rustup-home" "-e" "CARGO_TARGET_DIR=/opt/rustwide/target" "-w" "/opt/rustwide/workdir" "--user" "0:0" "8ea2023efe0652d5653b5d7b62993de19db34dc2e55762501472a83e1fe00e1a" "/opt/rustwide/cargo-home/bin/cargo" "+1.99.0-beta.8" "metadata" "--no-deps" "--format-version=1", kill_on_drop: false }`
[INFO] running `Command { std: "docker" "inspect" "8ea2023efe0652d5653b5d7b62993de19db34dc2e55762501472a83e1fe00e1a", kill_on_drop: false }`
[INFO] running `Command { std: "docker" "exec" "-e" "SOURCE_DIR=/opt/rustwide/workdir" "-e" "CARGO_HOME=/opt/rustwide/cargo-home" "-e" "RUSTUP_HOME=/opt/rustwide/rustup-home" "-e" "CARGO_TARGET_DIR=/opt/rustwide/target" "-e" "CARGO_INCREMENTAL=0" "-e" "RUST_BACKTRACE=full" "-e" "RUSTFLAGS=--cap-lints=warn" "-e" "RUSTDOCFLAGS=--cap-lints=warn" "-w" "/opt/rustwide/workdir" "--user" "0:0" "8ea2023efe0652d5653b5d7b62993de19db34dc2e55762501472a83e1fe00e1a" "/opt/rustwide/cargo-home/bin/cargo" "+1.99.0-beta.8" "build" "--frozen" "--message-format=json" "--release", kill_on_drop: false }`
[INFO] [stderr]    Compiling synstructure v0.14.0
[INFO] [stderr]    Compiling zerovec-derive v0.11.6
[INFO] [stderr]    Compiling displaydoc v0.2.7
[INFO] [stderr]    Compiling futures-macro v0.3.34
[INFO] [stderr]    Compiling futures-io v0.3.34
[INFO] [stderr]    Compiling openssl-sys v0.9.117
[INFO] [stderr]    Compiling openssl-macros v0.1.1
[INFO] [stderr]    Compiling http v0.2.12
[INFO] [stderr]    Compiling tokio v1.53.3
[INFO] [stderr]    Compiling bitflags v2.13.2
[INFO] [stderr]    Compiling smallvec v1.16.3
[INFO] [stderr]    Compiling serde v1.0.229
[INFO] [stderr]    Compiling encoding_rs v0.8.42
[INFO] [stderr]    Compiling socket2 v0.5.10
[INFO] [stderr]    Compiling simdutf8 v0.1.5
[INFO] [stderr]    Compiling multiversion_no_op v1.0.0
[INFO] [stderr]    Compiling core_detect v1.0.0
[INFO] [stderr]    Compiling sync_wrapper v0.1.2
[INFO] [stderr]    Compiling ipnet v2.12.2
[INFO] [stderr]    Compiling serde_json v1.0.154
[INFO] [stderr]    Compiling async-trait v0.1.92
[INFO] [stderr]    Compiling serde_derive v1.0.229
[INFO] [stderr]    Compiling openssl v0.10.81
[INFO] [stderr]    Compiling native-tls v0.2.18
[INFO] [stderr]    Compiling futures-util v0.3.34
[INFO] [stderr]    Compiling zerofrom-derive v0.1.8
[INFO] [stderr]    Compiling yoke-derive v0.8.4
[INFO] [stderr]    Compiling serde_urlencoded v0.7.1
[INFO] [stderr]    Compiling http-body v0.4.6
[INFO] [stderr]    Compiling zerofrom v0.1.8
[INFO] [stderr]    Compiling yoke v0.8.3
[INFO] [stderr]    Compiling zerovec v0.11.8
[INFO] [stderr]    Compiling zerotrie v0.2.5
[INFO] [stderr]    Compiling tinystr v0.8.4
[INFO] [stderr]    Compiling potential_utf v0.1.6
[INFO] [stderr]    Compiling icu_collections v2.3.0
[INFO] [stderr]    Compiling icu_locale_core v2.3.0
[INFO] [stderr]    Compiling icu_provider v2.3.1
[INFO] [stderr]    Compiling icu_properties v2.3.0
[INFO] [stderr]    Compiling icu_normalizer v2.3.0
[INFO] [stderr]    Compiling tokio-util v0.7.20
[INFO] [stderr]    Compiling futures-executor v0.3.34
[INFO] [stderr]    Compiling futures v0.3.34
[INFO] [stderr]    Compiling idna_adapter v1.2.2
[INFO] [stderr]    Compiling idna v1.1.0
[INFO] [stderr]    Compiling h2 v0.3.27
[INFO] [stderr]    Compiling url v2.5.8
[INFO] [stderr]    Compiling tokio-native-tls v0.3.1
[INFO] [stderr]    Compiling hyper v0.14.32
[INFO] [stderr]    Compiling hyper-tls v0.5.0
[INFO] [stderr]    Compiling reqwest v0.11.27
[INFO] [stderr]    Compiling habitica_rust_client v0.1.8 (/opt/rustwide/workdir)
[INFO] [stderr]     Finished `release` profile [optimized] target(s) in 53.77s
[INFO] running `Command { std: "docker" "inspect" "8ea2023efe0652d5653b5d7b62993de19db34dc2e55762501472a83e1fe00e1a", kill_on_drop: false }`
[INFO] running `Command { std: "docker" "exec" "-e" "SOURCE_DIR=/opt/rustwide/workdir" "-e" "CARGO_HOME=/opt/rustwide/cargo-home" "-e" "RUSTUP_HOME=/opt/rustwide/rustup-home" "-e" "CARGO_TARGET_DIR=/opt/rustwide/target" "-e" "CARGO_INCREMENTAL=0" "-e" "RUST_BACKTRACE=full" "-e" "RUSTFLAGS=--cap-lints=warn" "-e" "RUSTDOCFLAGS=--cap-lints=warn" "-w" "/opt/rustwide/workdir" "--user" "0:0" "8ea2023efe0652d5653b5d7b62993de19db34dc2e55762501472a83e1fe00e1a" "/opt/rustwide/cargo-home/bin/cargo" "+1.99.0-beta.8" "test" "--frozen" "--no-run" "--message-format=json" "--release", kill_on_drop: false }`
[INFO] [stderr]    Compiling habitica_rust_client v0.1.8 (/opt/rustwide/workdir)
[INFO] [stdout] error[E0195]: lifetime parameters or bounds on method `get` do not match the trait declaration
[INFO] [stdout]    --> src/task/habitica_client.rs:101:15
[INFO] [stdout]     |
[INFO] [stdout] 101 |         fn get(&self, _url: &str) -> Result<Value, RestClientError> {
[INFO] [stdout]     |               ^ lifetimes do not match method in trait
[INFO] [stdout]     |
[INFO] [stdout]    ::: src/task/rest_client.rs:9:1
[INFO] [stdout]     |
[INFO] [stdout]   9 | #[async_trait]
[INFO] [stdout]     | -------------- this bound might be missing in the impl
[INFO] [stdout]  10 | pub trait RestOperations {
[INFO] [stdout]  11 |     async fn get(&self, url: &str) -> Result<Value, RestClientError>;
[INFO] [stdout]     |              ---------------------
[INFO] [stdout]     |              |   |           |
[INFO] [stdout]     |              |   |           this bound might be missing in the impl
[INFO] [stdout]     |              |   this bound might be missing in the impl
[INFO] [stdout]     |              lifetimes in impl do not match this method in trait
[INFO] [stdout] 
[INFO] [stdout] 
[INFO] [stdout] error[E0195]: lifetime parameters or bounds on method `get` do not match the trait declaration
[INFO] [stdout]    --> src/task/habitica_client.rs:107:15
[INFO] [stdout]     |
[INFO] [stdout] 107 |         fn get(&self, _url: &str) -> Result<Value, RestClientError> {
[INFO] [stdout]     |               ^ lifetimes do not match method in trait
[INFO] [stdout]     |
[INFO] [stdout]    ::: src/task/rest_client.rs:9:1
[INFO] [stdout]     |
[INFO] [stdout]   9 | #[async_trait]
[INFO] [stdout]     | -------------- this bound might be missing in the impl
[INFO] [stdout]  10 | pub trait RestOperations {
[INFO] [stdout]  11 |     async fn get(&self, url: &str) -> Result<Value, RestClientError>;
[INFO] [stdout]     |              ---------------------
[INFO] [stdout]     |              |   |           |
[INFO] [stdout]     |              |   |           this bound might be missing in the impl
[INFO] [stdout]     |              |   this bound might be missing in the impl
[INFO] [stdout]     |              lifetimes in impl do not match this method in trait
[INFO] [stdout] 
[INFO] [stdout] 
[INFO] [stdout] error[E0599]: no method named `is_ok` found for opaque type `impl Future<Output = Result<tasks::Tasks, rest_client::RestClientError>>` in the current scope
[INFO] [stdout]    --> src/task/habitica_client.rs:82:23
[INFO] [stdout]     |
[INFO] [stdout]  82 |         assert!(tasks.is_ok());
[INFO] [stdout]     |                       ^^^^^
[INFO] [stdout]     |
[INFO] [stdout] help: there is a method `inspect_ok` with a similar name, but with different arguments
[INFO] [stdout]    --> /opt/rustwide/cargo-home/registry/src/index.crates.io-1949cf8c6b5b557f/futures-util-0.3.34/src/future/try_future/mod.rs:467:5
[INFO] [stdout]     |
[INFO] [stdout] 467 | /     fn inspect_ok<F>(self, f: F) -> InspectOk<Self, F>
[INFO] [stdout] 468 | |     where
[INFO] [stdout] 469 | |         F: FnOnce(&Self::Ok),
[INFO] [stdout] 470 | |         Self: Sized,
[INFO] [stdout]     | |____________________^
[INFO] [stdout] help: consider `await`ing on the `Future` and calling the method on its `Output`
[INFO] [stdout]     |
[INFO] [stdout]  82 |         assert!(tasks.await.is_ok());
[INFO] [stdout]     |                       ++++++
[INFO] [stdout] 
[INFO] [stdout] 
[INFO] [stdout] error[E0599]: no method named `unwrap` found for opaque type `impl Future<Output = Result<Tasks, habitica_rust_client::task::rest_client::RestClientError>>` in the current scope
[INFO] [stdout]   --> tests/task_integration_test.rs:17:19
[INFO] [stdout]    |
[INFO] [stdout] 17 |     assert!(tasks.unwrap().get_tasks().len() > 1);
[INFO] [stdout]    |                   ^^^^^^ method not found in `impl Future<Output = Result<Tasks, habitica_rust_client::task::rest_client::RestClientError>>`
[INFO] [stdout]    |
[INFO] [stdout] help: consider `await`ing on the `Future` and calling the method on its `Output`
[INFO] [stdout]    |
[INFO] [stdout] 17 |     assert!(tasks.await.unwrap().get_tasks().len() > 1);
[INFO] [stdout]    |                   ++++++
[INFO] [stdout] 
[INFO] [stdout] 
[INFO] [stdout] error[E0599]: no method named `is_err` found for opaque type `impl Future<Output = Result<tasks::Tasks, rest_client::RestClientError>>` in the current scope
[INFO] [stdout]    --> src/task/habitica_client.rs:94:23
[INFO] [stdout]     |
[INFO] [stdout]  94 |         assert!(tasks.is_err());
[INFO] [stdout]     |                       ^^^^^^
[INFO] [stdout]     |
[INFO] [stdout] help: there is a method `inspect_err` with a similar name, but with different arguments
[INFO] [stdout]    --> /opt/rustwide/cargo-home/registry/src/index.crates.io-1949cf8c6b5b557f/futures-util-0.3.34/src/future/try_future/mod.rs:493:5
[INFO] [stdout]     |
[INFO] [stdout] 493 | /     fn inspect_err<F>(self, f: F) -> InspectErr<Self, F>
[INFO] [stdout] 494 | |     where
[INFO] [stdout] 495 | |         F: FnOnce(&Self::Error),
[INFO] [stdout] 496 | |         Self: Sized,
[INFO] [stdout]     | |____________________^
[INFO] [stdout] help: consider `await`ing on the `Future` and calling the method on its `Output`
[INFO] [stdout]     |
[INFO] [stdout]  94 |         assert!(tasks.await.is_err());
[INFO] [stdout]     |                       ++++++
[INFO] [stdout] 
[INFO] [stdout] 
[INFO] [stdout] For more information about this error, try `rustc --explain E0599`.
[INFO] [stdout] 
[INFO] [stderr] error: could not compile `habitica_rust_client` (test "task_integration_test") due to 1 previous error
[INFO] [stderr] warning: build failed, waiting for other jobs to finish...
[INFO] [stdout] Some errors have detailed explanations: E0195, E0599.
[INFO] [stdout] 
[INFO] [stdout] For more information about an error, try `rustc --explain E0195`.
[INFO] [stdout] 
[INFO] [stderr] error: could not compile `habitica_rust_client` (lib test) due to 4 previous errors
[INFO] running `Command { std: "docker" "inspect" "8ea2023efe0652d5653b5d7b62993de19db34dc2e55762501472a83e1fe00e1a", kill_on_drop: false }`
[INFO] running `Command { std: "docker" "rm" "-f" "8ea2023efe0652d5653b5d7b62993de19db34dc2e55762501472a83e1fe00e1a", kill_on_drop: false }`
[INFO] [stdout] 8ea2023efe0652d5653b5d7b62993de19db34dc2e55762501472a83e1fe00e1a
