[INFO] fetching crate gz-transport-rs 0.1.0...
[INFO] testing gz-transport-rs-0.1.0 against 1.100.0-beta.1+cargoflags=--release for beta-release-1.100-2
[INFO] extracting crate gz-transport-rs 0.1.0 into /workspace/builds/worker-7-tc2/source
[INFO] started tweaking crates.io crate gz-transport-rs 0.1.0
[INFO] removed 0 missing examples
[INFO] removed 0 missing tests
[INFO] finished tweaking crates.io crate gz-transport-rs 0.1.0
[INFO] tweaked toml for crates.io crate gz-transport-rs 0.1.0 written to /workspace/builds/worker-7-tc2/source/Cargo.toml
[INFO] validating manifest of crates.io crate gz-transport-rs 0.1.0 on toolchain 1.100.0-beta.1
[INFO] running `Command { std: CARGO_HOME="/workspace/cargo-home" RUSTUP_HOME="/workspace/rustup-home" "/workspace/cargo-home/bin/cargo" "+1.100.0-beta.1" "metadata" "--manifest-path" "Cargo.toml" "--no-deps", kill_on_drop: false }`
[INFO] crate crates.io crate gz-transport-rs 0.1.0 already has a lockfile, it will not be regenerated
[INFO] running `Command { std: CARGO_HOME="/workspace/cargo-home" RUSTUP_HOME="/workspace/rustup-home" "/workspace/cargo-home/bin/cargo" "+1.100.0-beta.1" "fetch" "--manifest-path" "Cargo.toml", kill_on_drop: false }`
[INFO] running `Command { std: "docker" "create" "-v" "/var/lib/crater-agent-workspace/builds/worker-7-tc2/source:/opt/rustwide/workdir:ro,Z" "-v" "/var/lib/crater-agent-workspace/builds/worker-7-tc2/target:/opt/rustwide/target:rw,Z" "-v" "/var/lib/crater-agent-workspace/cargo-home:/opt/rustwide/cargo-home:ro,Z" "-v" "/var/lib/crater-agent-workspace/rustup-home:/opt/rustwide/rustup-home:ro,Z" "-m" "1610612736" "--network" "none" "ghcr.io/rust-lang/crates-build-env/linux@sha256:77db811e55d90add9212f6832c23229e3de5f1c1f9905e8cb07319ea15df73ac" "sleep" "infinity", kill_on_drop: false }`
[INFO] [stdout] 2b312e1c7a163227839b1b22c0a37e428014e3a48722bd2d8c5cf2a7e3eda339
[INFO] running `Command { std: "docker" "start" "2b312e1c7a163227839b1b22c0a37e428014e3a48722bd2d8c5cf2a7e3eda339", kill_on_drop: false }`
[INFO] running `Command { std: "docker" "inspect" "2b312e1c7a163227839b1b22c0a37e428014e3a48722bd2d8c5cf2a7e3eda339", kill_on_drop: false }`
[INFO] running `Command { std: "docker" "exec" "-e" "SOURCE_DIR=/opt/rustwide/workdir" "-e" "CARGO_HOME=/opt/rustwide/cargo-home" "-e" "RUSTUP_HOME=/opt/rustwide/rustup-home" "-e" "CARGO_TARGET_DIR=/opt/rustwide/target" "-w" "/opt/rustwide/workdir" "--user" "0:0" "2b312e1c7a163227839b1b22c0a37e428014e3a48722bd2d8c5cf2a7e3eda339" "/opt/rustwide/cargo-home/bin/cargo" "+1.100.0-beta.1" "metadata" "--no-deps" "--format-version=1", kill_on_drop: false }`
[INFO] running `Command { std: "docker" "inspect" "2b312e1c7a163227839b1b22c0a37e428014e3a48722bd2d8c5cf2a7e3eda339", kill_on_drop: false }`
[INFO] running `Command { std: "docker" "exec" "-e" "SOURCE_DIR=/opt/rustwide/workdir" "-e" "CARGO_HOME=/opt/rustwide/cargo-home" "-e" "RUSTUP_HOME=/opt/rustwide/rustup-home" "-e" "CARGO_TARGET_DIR=/opt/rustwide/target" "-e" "CARGO_INCREMENTAL=0" "-e" "RUST_BACKTRACE=full" "-e" "RUSTFLAGS=--cap-lints=warn" "-e" "RUSTDOCFLAGS=--cap-lints=warn" "-w" "/opt/rustwide/workdir" "--user" "0:0" "2b312e1c7a163227839b1b22c0a37e428014e3a48722bd2d8c5cf2a7e3eda339" "/opt/rustwide/cargo-home/bin/cargo" "+1.100.0-beta.1" "build" "--frozen" "--message-format=json" "--release", kill_on_drop: false }`
[INFO] [stderr]    Compiling libc v0.2.183
[INFO] [stderr]    Compiling log v0.4.29
[INFO] [stderr]    Compiling crossbeam-utils v0.8.21
[INFO] [stderr]    Compiling rayon-core v1.13.0
[INFO] [stderr]    Compiling winnow v0.7.15
[INFO] [stderr]    Compiling syn v2.0.117
[INFO] [stderr]    Compiling getrandom v0.4.2
[INFO] [stderr]    Compiling bytes v1.11.1
[INFO] [stderr]    Compiling cfg-expr v0.15.8
[INFO] [stderr]    Compiling rustix v1.1.4
[INFO] [stderr]    Compiling regex-syntax v0.8.10
[INFO] [stderr]    Compiling linux-raw-sys v0.12.1
[INFO] [stderr]    Compiling bitflags v2.11.0
[INFO] [stderr]    Compiling toml_datetime v0.6.11
[INFO] [stderr]    Compiling fastrand v2.3.0
[INFO] [stderr]    Compiling petgraph v0.7.1
[INFO] [stderr]    Compiling multimap v0.10.1
[INFO] [stderr]    Compiling zmq v0.10.0
[INFO] [stderr]    Compiling parking_lot_core v0.9.12
[INFO] [stderr]    Compiling hostname v0.4.2
[INFO] [stderr]    Compiling socket2 v0.5.10
[INFO] [stderr]    Compiling whoami v1.6.1
[INFO] [stderr]    Compiling uuid v1.22.0
[INFO] [stderr]    Compiling parking_lot v0.12.5
[INFO] [stderr]    Compiling crossbeam-epoch v0.9.18
[INFO] [stderr]    Compiling crossbeam-queue v0.3.12
[INFO] [stderr]    Compiling crossbeam-channel v0.5.15
[INFO] [stderr]    Compiling crossbeam-deque v0.8.6
[INFO] [stderr]    Compiling crossbeam v0.8.4
[INFO] [stderr]    Compiling jobserver v0.1.34
[INFO] [stderr]    Compiling rayon v1.11.0
[INFO] [stderr]    Compiling cc v1.2.57
[INFO] [stderr]    Compiling regex-automata v0.4.14
[INFO] [stderr]    Compiling toml_edit v0.22.27
[INFO] [stderr]    Compiling tempfile v3.27.0
[INFO] [stderr]    Compiling regex v1.12.3
[INFO] [stderr]    Compiling jwalk v0.8.1
[INFO] [stderr]    Compiling prettyplease v0.2.37
[INFO] [stderr]    Compiling dircpy v0.3.19
[INFO] [stderr]    Compiling prost-derive v0.13.5
[INFO] [stderr]    Compiling tokio-macros v2.6.1
[INFO] [stderr]    Compiling thiserror-impl v1.0.69
[INFO] [stderr]    Compiling tracing-attributes v0.1.31
[INFO] [stderr]    Compiling zeromq-src v0.2.6+4.3.4
[INFO] [stderr]    Compiling toml v0.8.23
[INFO] [stderr]    Compiling tokio v1.50.0
[INFO] [stderr]    Compiling tracing v0.1.44
[INFO] [stderr]    Compiling system-deps v6.2.2
[INFO] [stderr]    Compiling prost v0.13.5
[INFO] [stderr]    Compiling thiserror v1.0.69
[INFO] [stderr]    Compiling prost-types v0.13.5
[INFO] [stderr]    Compiling zmq-sys v0.12.0
[INFO] [stderr]    Compiling prost-build v0.13.5
[INFO] [stderr]    Compiling gz-transport-rs v0.1.0 (/opt/rustwide/workdir)
[INFO] [stderr] warning: unused dependency `prost-types`
[INFO] [stderr]   --> Cargo.toml:16:15
[INFO] [stderr]    |
[INFO] [stderr] 16 | [dependencies.prost-types]
[INFO] [stderr]    |               ^^^^^^^^^^^^
[INFO] [stderr]    |
[INFO] [stderr]    = note: `cargo::unused_dependencies` is set to `warn` by default
[INFO] [stderr] help: consider removing the dependency on `prost-types`
[INFO] [stderr] warning: `gz-transport-rs` (manifest) generated 1 warning
[INFO] [stderr]     Finished `release` profile [optimized] target(s) in 1m 14s
[INFO] running `Command { std: "docker" "inspect" "2b312e1c7a163227839b1b22c0a37e428014e3a48722bd2d8c5cf2a7e3eda339", kill_on_drop: false }`
[INFO] running `Command { std: "docker" "exec" "-e" "SOURCE_DIR=/opt/rustwide/workdir" "-e" "CARGO_HOME=/opt/rustwide/cargo-home" "-e" "RUSTUP_HOME=/opt/rustwide/rustup-home" "-e" "CARGO_TARGET_DIR=/opt/rustwide/target" "-e" "CARGO_INCREMENTAL=0" "-e" "RUST_BACKTRACE=full" "-e" "RUSTFLAGS=--cap-lints=warn" "-e" "RUSTDOCFLAGS=--cap-lints=warn" "-w" "/opt/rustwide/workdir" "--user" "0:0" "2b312e1c7a163227839b1b22c0a37e428014e3a48722bd2d8c5cf2a7e3eda339" "/opt/rustwide/cargo-home/bin/cargo" "+1.100.0-beta.1" "test" "--frozen" "--no-run" "--message-format=json" "--release", kill_on_drop: false }`
[INFO] [stderr]    Compiling tokio v1.50.0
[INFO] [stderr]    Compiling tracing v0.1.44
[INFO] [stderr]    Compiling tracing-log v0.2.0
[INFO] [stderr]    Compiling tracing-subscriber v0.3.23
[INFO] [stderr]    Compiling tokio-stream v0.1.18
[INFO] [stderr]    Compiling gz-transport-rs v0.1.0 (/opt/rustwide/workdir)
[INFO] [stderr]    Compiling tokio-test v0.4.5
[INFO] [stdout] error[E0433]: cannot find module or crate `gz_transport` in this scope
[INFO] [stdout]  --> examples/pause_world.rs:8:5
[INFO] [stdout]   |
[INFO] [stdout] 8 | use gz_transport::msgs::{Boolean, WorldControl, WorldReset};
[INFO] [stdout]   |     ^^^^^^^^^^^^ use of unresolved module or unlinked crate `gz_transport`
[INFO] [stdout]   |
[INFO] [stdout] help: there is a crate or module with a similar name
[INFO] [stdout]   |
[INFO] [stdout] 8 | use gz_transport_rs::msgs::{Boolean, WorldControl, WorldReset};
[INFO] [stdout]   |                 +++
[INFO] [stdout] 
[INFO] [stdout] 
[INFO] [stdout] error[E0433]: cannot find module or crate `gz_transport` in this scope
[INFO] [stdout]  --> tests/discovery_tests.rs:6:5
[INFO] [stdout]   |
[INFO] [stdout] 6 | use gz_transport::msgs::{Discovery, discovery};
[INFO] [stdout]   |     ^^^^^^^^^^^^ use of unresolved module or unlinked crate `gz_transport`
[INFO] [stdout]   |
[INFO] [stdout] help: there is a crate or module with a similar name
[INFO] [stdout]   |
[INFO] [stdout] 6 | use gz_transport_rs::msgs::{Discovery, discovery};
[INFO] [stdout]   |                 +++
[INFO] [stdout] 
[INFO] [stdout] 
[INFO] [stdout] error[E0433]: cannot find module or crate `gz_transport` in this scope
[INFO] [stdout]    --> tests/discovery_tests.rs:263:9
[INFO] [stdout]     |
[INFO] [stdout] 263 |     use gz_transport::config::{DEFAULT_MSG_DISCOVERY_PORT, DEFAULT_SRV_DISCOVERY_PORT};
[INFO] [stdout]     |         ^^^^^^^^^^^^ use of unresolved module or unlinked crate `gz_transport`
[INFO] [stdout]     |
[INFO] [stdout] help: there is a crate or module with a similar name
[INFO] [stdout]     |
[INFO] [stdout] 263 |     use gz_transport_rs::config::{DEFAULT_MSG_DISCOVERY_PORT, DEFAULT_SRV_DISCOVERY_PORT};
[INFO] [stdout]     |                     +++
[INFO] [stdout] 
[INFO] [stdout] 
[INFO] [stdout] error[E0433]: cannot find module or crate `gz_transport` in this scope
[INFO] [stdout]  --> examples/echo_poses.rs:8:5
[INFO] [stdout]   |
[INFO] [stdout] 8 | use gz_transport::msgs::PoseV;
[INFO] [stdout]   |     ^^^^^^^^^^^^ use of unresolved module or unlinked crate `gz_transport`
[INFO] [stdout]   |
[INFO] [stdout] help: there is a crate or module with a similar name
[INFO] [stdout]   |
[INFO] [stdout] 8 | use gz_transport_rs::msgs::PoseV;
[INFO] [stdout]   |                 +++
[INFO] [stdout] 
[INFO] [stdout] 
[INFO] [stdout] error[E0433]: cannot find module or crate `gz_transport` in this scope
[INFO] [stdout]  --> tests/integration_tests.rs:9:5
[INFO] [stdout]   |
[INFO] [stdout] 9 | use gz_transport::msgs::{Clock, PoseV};
[INFO] [stdout]   |     ^^^^^^^^^^^^ use of unresolved module or unlinked crate `gz_transport`
[INFO] [stdout]   |
[INFO] [stdout] help: there is a crate or module with a similar name
[INFO] [stdout]   |
[INFO] [stdout] 9 | use gz_transport_rs::msgs::{Clock, PoseV};
[INFO] [stdout]   |                 +++
[INFO] [stdout] 
[INFO] [stdout] 
[INFO] [stdout] error[E0432]: unresolved import `gz_transport`
[INFO] [stdout]  --> examples/echo_poses.rs:9:5
[INFO] [stdout]   |
[INFO] [stdout] 9 | use gz_transport::{Config, Node, Result};
[INFO] [stdout]   |     ^^^^^^^^^^^^ use of unresolved module or unlinked crate `gz_transport`
[INFO] [stdout]   |
[INFO] [stdout] help: there is a crate or module with a similar name
[INFO] [stdout]   |
[INFO] [stdout] 9 | use gz_transport_rs::{Config, Node, Result};
[INFO] [stdout]   |                 +++
[INFO] [stdout] 
[INFO] [stdout] 
[INFO] [stdout] error[E0433]: cannot find module or crate `gz_transport` in this scope
[INFO] [stdout]    --> tests/integration_tests.rs:166:9
[INFO] [stdout]     |
[INFO] [stdout] 166 |     use gz_transport::msgs::{Boolean, WorldControl};
[INFO] [stdout]     |         ^^^^^^^^^^^^ use of unresolved module or unlinked crate `gz_transport`
[INFO] [stdout]     |
[INFO] [stdout] help: there is a crate or module with a similar name
[INFO] [stdout]     |
[INFO] [stdout] 166 |     use gz_transport_rs::msgs::{Boolean, WorldControl};
[INFO] [stdout]     |                     +++
[INFO] [stdout] 
[INFO] [stdout] 
[INFO] [stdout] error[E0432]: unresolved import `gz_transport`
[INFO] [stdout]   --> tests/integration_tests.rs:10:5
[INFO] [stdout]    |
[INFO] [stdout] 10 | use gz_transport::{Config, Node};
[INFO] [stdout]    |     ^^^^^^^^^^^^ use of unresolved module or unlinked crate `gz_transport`
[INFO] [stdout]    |
[INFO] [stdout] help: there is a crate or module with a similar name
[INFO] [stdout]    |
[INFO] [stdout] 10 | use gz_transport_rs::{Config, Node};
[INFO] [stdout]    |                 +++
[INFO] [stdout] 
[INFO] [stdout] 
[INFO] [stdout] warning: method call on a diverging inference variable
[INFO] [stdout]   --> examples/echo_poses.rs:32:31
[INFO] [stdout]    |
[INFO] [stdout] 32 |     let mut subscriber = node.subscribe::<PoseV>(&pose_topic).await?;
[INFO] [stdout]    |                               ^^^^^^^^^
[INFO] [stdout]    |
[INFO] [stdout]    = help: consider providing a type annotation
[INFO] [stdout]    = warning: this was previously accepted by the compiler but is being phased out; it will become a hard error in a future release!
[INFO] [stdout]    = note: for more information, see issue #156047 <https://github.com/rust-lang/rust/issues/156047>
[INFO] [stdout]    = note: `#[warn(method_call_on_diverging_infer_var)]` (part of `#[warn(future_incompatible)]`) on by default
[INFO] [stdout] 
[INFO] [stdout] 
[INFO] [stdout] error[E0433]: cannot find module or crate `gz_transport` in this scope
[INFO] [stdout]   --> tests/publisher_tests.rs:13:24
[INFO] [stdout]    |
[INFO] [stdout] 13 |     let mut pub_node = gz_transport::Node::new(Some(partition)).await.unwrap();
[INFO] [stdout]    |                        ^^^^^^^^^^^^ use of unresolved module or unlinked crate `gz_transport`
[INFO] [stdout]    |
[INFO] [stdout] help: there is a crate or module with a similar name
[INFO] [stdout]    |
[INFO] [stdout] 13 |     let mut pub_node = gz_transport_rs::Node::new(Some(partition)).await.unwrap();
[INFO] [stdout]    |                                    +++
[INFO] [stdout] 
[INFO] [stdout] 
[INFO] [stdout] error[E0599]: no method named `subscribe` found for type `!` in the current scope
[INFO] [stdout]   --> examples/echo_poses.rs:32:31
[INFO] [stdout]    |
[INFO] [stdout] 32 |     let mut subscriber = node.subscribe::<PoseV>(&pose_topic).await?;
[INFO] [stdout]    |                               ^^^^^^^^^
[INFO] [stdout]    |
[INFO] [stdout] help: there is a method `with_subscriber` with a similar name
[INFO] [stdout]    |
[INFO] [stdout] 32 -     let mut subscriber = node.subscribe::<PoseV>(&pose_topic).await?;
[INFO] [stdout] 32 +     let mut subscriber = node.with_subscriber::<PoseV>(&pose_topic).await?;
[INFO] [stdout]    |
[INFO] [stdout] 
[INFO] [stdout] 
[INFO] [stdout] warning: method call on a diverging inference variable
[INFO] [stdout]   --> examples/echo_poses.rs:37:48
[INFO] [stdout]    |
[INFO] [stdout] 37 |     while let Some((poses, meta)) = subscriber.recv().await {
[INFO] [stdout]    |                                                ^^^^
[INFO] [stdout]    |
[INFO] [stdout]    = help: consider providing a type annotation
[INFO] [stdout]    = warning: this was previously accepted by the compiler but is being phased out; it will become a hard error in a future release!
[INFO] [stdout]    = note: for more information, see issue #156047 <https://github.com/rust-lang/rust/issues/156047>
[INFO] [stdout] 
[INFO] [stdout] 
[INFO] [stdout] error[E0599]: no method named `recv` found for type `!` in the current scope
[INFO] [stdout]   --> examples/echo_poses.rs:37:48
[INFO] [stdout]    |
[INFO] [stdout] 37 |     while let Some((poses, meta)) = subscriber.recv().await {
[INFO] [stdout]    |                                                ^^^^ method not found in `!`
[INFO] [stdout] 
[INFO] [stdout] 
[INFO] [stdout] Some errors have detailed explanations: E0432, E0433.
[INFO] [stdout] 
[INFO] [stdout] For more information about an error, try `rustc --explain E0432`.
[INFO] [stdout] 
[INFO] [stdout] Some errors have detailed explanations: E0432, E0433, E0599.
[INFO] [stdout] 
[INFO] [stdout] For more information about an error, try `rustc --explain E0432`.
[INFO] [stdout] 
[INFO] [stdout] error[E0433]: cannot find module or crate `gz_transport` in this scope
[INFO] [stdout]   --> tests/publisher_tests.rs:15:22
[INFO] [stdout]    |
[INFO] [stdout] 15 |         .advertise::<gz_transport::msgs::Clock>("/test/roundtrip", "gz.msgs.Clock")
[INFO] [stdout]    |                      ^^^^^^^^^^^^ use of unresolved module or unlinked crate `gz_transport`
[INFO] [stdout]    |
[INFO] [stdout] help: there is a crate or module with a similar name
[INFO] [stdout]    |
[INFO] [stdout] 15 |         .advertise::<gz_transport_rs::msgs::Clock>("/test/roundtrip", "gz.msgs.Clock")
[INFO] [stdout]    |                                  +++
[INFO] [stdout] 
[INFO] [stdout] 
[INFO] [stderr] error: could not compile `gz-transport-rs` (test "integration_tests") due to 3 previous errors
[INFO] [stderr] warning: build failed, waiting for other jobs to finish...
[INFO] [stdout] For more information about this error, try `rustc --explain E0433`.
[INFO] [stdout] 
[INFO] [stderr] error: could not compile `gz-transport-rs` (example "echo_poses") due to 4 previous errors; 4 warnings emitted
[INFO] [stderr] error: could not compile `gz-transport-rs` (test "discovery_tests") due to 2 previous errors
[INFO] [stdout] error[E0433]: cannot find module or crate `gz_transport` in this scope
[INFO] [stdout]   --> tests/publisher_tests.rs:23:24
[INFO] [stdout]    |
[INFO] [stdout] 23 |     let mut sub_node = gz_transport::Node::new(Some(partition)).await.unwrap();
[INFO] [stdout]    |                        ^^^^^^^^^^^^ use of unresolved module or unlinked crate `gz_transport`
[INFO] [stdout]    |
[INFO] [stdout] help: there is a crate or module with a similar name
[INFO] [stdout]    |
[INFO] [stdout] 23 |     let mut sub_node = gz_transport_rs::Node::new(Some(partition)).await.unwrap();
[INFO] [stdout]    |                                    +++
[INFO] [stdout] 
[INFO] [stdout] 
[INFO] [stdout] error[E0432]: unresolved import `gz_transport`
[INFO] [stdout]  --> examples/pause_world.rs:9:5
[INFO] [stdout]   |
[INFO] [stdout] 9 | use gz_transport::{Node, Result};
[INFO] [stdout]   |     ^^^^^^^^^^^^ use of unresolved module or unlinked crate `gz_transport`
[INFO] [stdout]   |
[INFO] [stdout] help: there is a crate or module with a similar name
[INFO] [stdout]   |
[INFO] [stdout] 9 | use gz_transport_rs::{Node, Result};
[INFO] [stdout]   |                 +++
[INFO] [stdout] 
[INFO] [stdout] 
[INFO] [stdout] warning: method call on a diverging inference variable
[INFO] [stdout]   --> examples/pause_world.rs:76:10
[INFO] [stdout]    |
[INFO] [stdout] 76 |         .call_service_with_timeout(&service, request, Duration::from_secs(5))
[INFO] [stdout]    |          ^^^^^^^^^^^^^^^^^^^^^^^^^
[INFO] [stdout]    |
[INFO] [stdout]    = help: consider providing a type annotation
[INFO] [stdout]    = warning: this was previously accepted by the compiler but is being phased out; it will become a hard error in a future release!
[INFO] [stdout]    = note: for more information, see issue #156047 <https://github.com/rust-lang/rust/issues/156047>
[INFO] [stdout]    = note: `#[warn(method_call_on_diverging_infer_var)]` (part of `#[warn(future_incompatible)]`) on by default
[INFO] [stdout] 
[INFO] [stdout] 
[INFO] [stdout] error[E0432]: unresolved import `gz_transport`
[INFO] [stdout]  --> examples/list_topics.rs:8:5
[INFO] [stdout]   |
[INFO] [stdout] 8 | use gz_transport::{Node, Result};
[INFO] [stdout]   |     ^^^^^^^^^^^^ use of unresolved module or unlinked crate `gz_transport`
[INFO] [stdout]   |
[INFO] [stdout] help: there is a crate or module with a similar name
[INFO] [stdout]   |
[INFO] [stdout] 8 | use gz_transport_rs::{Node, Result};
[INFO] [stdout]   |                 +++
[INFO] [stdout] 
[INFO] [stdout] 
[INFO] [stdout] error[E0433]: cannot find module or crate `gz_transport` in this scope
[INFO] [stdout]   --> tests/publisher_tests.rs:25:22
[INFO] [stdout]    |
[INFO] [stdout] 25 |         .subscribe::<gz_transport::msgs::Clock>("/test/roundtrip")
[INFO] [stdout]    |                      ^^^^^^^^^^^^ use of unresolved module or unlinked crate `gz_transport`
[INFO] [stdout]    |
[INFO] [stdout] help: there is a crate or module with a similar name
[INFO] [stdout]    |
[INFO] [stdout] 25 |         .subscribe::<gz_transport_rs::msgs::Clock>("/test/roundtrip")
[INFO] [stdout]    |                                  +++
[INFO] [stdout] 
[INFO] [stdout] 
[INFO] [stdout] warning: method call on a diverging inference variable
[INFO] [stdout]   --> examples/list_topics.rs:28:23
[INFO] [stdout]    |
[INFO] [stdout] 28 |     let topics = node.topics();
[INFO] [stdout]    |                       ^^^^^^
[INFO] [stdout]    |
[INFO] [stdout]    = help: consider providing a type annotation
[INFO] [stdout]    = warning: this was previously accepted by the compiler but is being phased out; it will become a hard error in a future release!
[INFO] [stdout]    = note: for more information, see issue #156047 <https://github.com/rust-lang/rust/issues/156047>
[INFO] [stdout]    = note: `#[warn(method_call_on_diverging_infer_var)]` (part of `#[warn(future_incompatible)]`) on by default
[INFO] [stdout] 
[INFO] [stdout] 
[INFO] [stdout] error[E0433]: cannot find module or crate `gz_transport` in this scope
[INFO] [stdout]   --> tests/publisher_tests.rs:33:17
[INFO] [stdout]    |
[INFO] [stdout] 33 |     let clock = gz_transport::msgs::Clock {
[INFO] [stdout]    |                 ^^^^^^^^^^^^ use of unresolved module or unlinked crate `gz_transport`
[INFO] [stdout]    |
[INFO] [stdout] help: there is a crate or module with a similar name
[INFO] [stdout]    |
[INFO] [stdout] 33 |     let clock = gz_transport_rs::msgs::Clock {
[INFO] [stdout]    |                             +++
[INFO] [stdout] 
[INFO] [stdout] 
[INFO] [stdout] error[E0433]: cannot find module or crate `gz_transport` in this scope
[INFO] [stdout]   --> tests/publisher_tests.rs:35:19
[INFO] [stdout]    |
[INFO] [stdout] 35 |         sim: Some(gz_transport::msgs::Time { sec: 42, nsec: 123 }),
[INFO] [stdout]    |                   ^^^^^^^^^^^^ use of unresolved module or unlinked crate `gz_transport`
[INFO] [stdout]    |
[INFO] [stdout] help: there is a crate or module with a similar name
[INFO] [stdout]    |
[INFO] [stdout] 35 |         sim: Some(gz_transport_rs::msgs::Time { sec: 42, nsec: 123 }),
[INFO] [stdout]    |                               +++
[INFO] [stdout] 
[INFO] [stdout] 
[INFO] [stdout] error[E0599]: no method named `topics` found for type `!` in the current scope
[INFO] [stdout]   --> examples/list_topics.rs:28:23
[INFO] [stdout]    |
[INFO] [stdout] 28 |     let topics = node.topics();
[INFO] [stdout]    |                       ^^^^^^ method not found in `!`
[INFO] [stdout] 
[INFO] [stdout] 
[INFO] [stdout] error[E0433]: cannot find module or crate `gz_transport` in this scope
[INFO] [stdout]   --> tests/publisher_tests.rs:63:20
[INFO] [stdout]    |
[INFO] [stdout] 63 |     let mut node = gz_transport::Node::new(Some("no_sub_test")).await.unwrap();
[INFO] [stdout]    |                    ^^^^^^^^^^^^ use of unresolved module or unlinked crate `gz_transport`
[INFO] [stdout]    |
[INFO] [stdout] help: there is a crate or module with a similar name
[INFO] [stdout]    |
[INFO] [stdout] 63 |     let mut node = gz_transport_rs::Node::new(Some("no_sub_test")).await.unwrap();
[INFO] [stdout]    |                                +++
[INFO] [stdout] 
[INFO] [stdout] 
[INFO] [stdout] error[E0599]: no method named `services` found for type `!` in the current scope
[INFO] [stdout]   --> examples/list_topics.rs:43:25
[INFO] [stdout]    |
[INFO] [stdout] 43 |     let services = node.services();
[INFO] [stdout]    |                         ^^^^^^^^ method not found in `!`
[INFO] [stdout] 
[INFO] [stdout] 
[INFO] [stdout] warning: unreachable call
[INFO] [stdout]   --> examples/list_topics.rs:43:25
[INFO] [stdout]    |
[INFO] [stdout] 43 |     let services = node.services();
[INFO] [stdout]    |                    ---- ^^^^^^^^ unreachable call
[INFO] [stdout]    |                    |
[INFO] [stdout]    |                    any code following this expression is unreachable
[INFO] [stdout]    |
[INFO] [stdout]    = note: `#[warn(unreachable_code)]` (part of `#[warn(unused)]`) on by default
[INFO] [stdout] 
[INFO] [stdout] 
[INFO] [stdout] error[E0599]: no method named `call_service_with_timeout` found for type `!` in the current scope
[INFO] [stdout]   --> examples/pause_world.rs:76:10
[INFO] [stdout]    |
[INFO] [stdout] 75 |     let response: Boolean = node
[INFO] [stdout] 76 |         .call_service_with_timeout(&service, request, Duration::from_secs(5))
[INFO] [stdout]    |          ^^^^^^^^^^^^^^^^^^^^^^^^^ method not found in `!`
[INFO] [stdout] 
[INFO] [stdout] 
[INFO] [stdout] error[E0433]: cannot find module or crate `gz_transport` in this scope
[INFO] [stdout]   --> tests/publisher_tests.rs:65:22
[INFO] [stdout]    |
[INFO] [stdout] 65 |         .advertise::<gz_transport::msgs::Clock>("/test/no_sub", "gz.msgs.Clock")
[INFO] [stdout]    |                      ^^^^^^^^^^^^ use of unresolved module or unlinked crate `gz_transport`
[INFO] [stdout]    |
[INFO] [stdout] help: there is a crate or module with a similar name
[INFO] [stdout]    |
[INFO] [stdout] 65 |         .advertise::<gz_transport_rs::msgs::Clock>("/test/no_sub", "gz.msgs.Clock")
[INFO] [stdout]    |                                  +++
[INFO] [stdout] 
[INFO] [stdout] 
[INFO] [stdout] Some errors have detailed explanations: E0432, E0599.
[INFO] [stdout] 
[INFO] [stdout] For more information about an error, try `rustc --explain E0432`.
[INFO] [stdout] 
[INFO] [stderr] error: could not compile `gz-transport-rs` (example "list_topics") due to 3 previous errors; 3 warnings emitted
[INFO] [stdout] error[E0433]: cannot find module or crate `gz_transport` in this scope
[INFO] [stdout]   --> tests/publisher_tests.rs:69:17
[INFO] [stdout]    |
[INFO] [stdout] 69 |     let clock = gz_transport::msgs::Clock {
[INFO] [stdout]    |                 ^^^^^^^^^^^^ use of unresolved module or unlinked crate `gz_transport`
[INFO] [stdout]    |
[INFO] [stdout] help: there is a crate or module with a similar name
[INFO] [stdout]    |
[INFO] [stdout] 69 |     let clock = gz_transport_rs::msgs::Clock {
[INFO] [stdout]    |                             +++
[INFO] [stdout] 
[INFO] [stdout] 
[INFO] [stdout] Some errors have detailed explanations: E0432, E0433, E0599.
[INFO] [stdout] 
[INFO] [stdout] For more information about an error, try `rustc --explain E0432`.
[INFO] [stdout] 
[INFO] [stdout] error[E0433]: cannot find module or crate `gz_transport` in this scope
[INFO] [stdout]   --> tests/publisher_tests.rs:71:19
[INFO] [stdout]    |
[INFO] [stdout] 71 |         sim: Some(gz_transport::msgs::Time { sec: 1, nsec: 0 }),
[INFO] [stdout]    |                   ^^^^^^^^^^^^ use of unresolved module or unlinked crate `gz_transport`
[INFO] [stdout]    |
[INFO] [stdout] help: there is a crate or module with a similar name
[INFO] [stdout]    |
[INFO] [stdout] 71 |         sim: Some(gz_transport_rs::msgs::Time { sec: 1, nsec: 0 }),
[INFO] [stdout]    |                               +++
[INFO] [stdout] 
[INFO] [stdout] 
[INFO] [stderr] error: could not compile `gz-transport-rs` (example "pause_world") due to 3 previous errors; 2 warnings emitted
[INFO] [stdout] error[E0433]: cannot find module or crate `gz_transport` in this scope
[INFO] [stdout]   --> tests/publisher_tests.rs:82:20
[INFO] [stdout]    |
[INFO] [stdout] 82 |     let mut node = gz_transport::Node::new(Some("adv_test")).await.unwrap();
[INFO] [stdout]    |                    ^^^^^^^^^^^^ use of unresolved module or unlinked crate `gz_transport`
[INFO] [stdout]    |
[INFO] [stdout] help: there is a crate or module with a similar name
[INFO] [stdout]    |
[INFO] [stdout] 82 |     let mut node = gz_transport_rs::Node::new(Some("adv_test")).await.unwrap();
[INFO] [stdout]    |                                +++
[INFO] [stdout] 
[INFO] [stdout] 
[INFO] [stdout] For more information about this error, try `rustc --explain E0433`.
[INFO] [stdout] 
[INFO] [stderr] error: could not compile `gz-transport-rs` (test "publisher_tests") due to 11 previous errors
[INFO] [stderr] warning: unused dependency `prost-types`
[INFO] [stderr]   --> Cargo.toml:16:15
[INFO] [stderr]    |
[INFO] [stderr] 16 | [dependencies.prost-types]
[INFO] [stderr]    |               ^^^^^^^^^^^^
[INFO] [stderr]    |
[INFO] [stderr]    = note: `cargo::unused_dependencies` is set to `warn` by default
[INFO] [stderr] help: consider removing the dependency on `prost-types`
[INFO] [stderr] help: to still use for development builds, move to `dev-dependencies`
[INFO] [stderr] warning: `gz-transport-rs` (manifest) generated 1 warning
[INFO] running `Command { std: "docker" "inspect" "2b312e1c7a163227839b1b22c0a37e428014e3a48722bd2d8c5cf2a7e3eda339", kill_on_drop: false }`
[INFO] running `Command { std: "docker" "rm" "-f" "2b312e1c7a163227839b1b22c0a37e428014e3a48722bd2d8c5cf2a7e3eda339", kill_on_drop: false }`
[INFO] [stdout] 2b312e1c7a163227839b1b22c0a37e428014e3a48722bd2d8c5cf2a7e3eda339
