[INFO] fetching crate gym 2.2.1...
[INFO] testing gym-2.2.1 against 1.99.0-beta.8+cargoflags=--release for beta-release-1.100-2
[INFO] extracting crate gym 2.2.1 into /workspace/builds/worker-7-tc1/source
[INFO] started tweaking crates.io crate gym 2.2.1
[INFO] finished tweaking crates.io crate gym 2.2.1
[INFO] tweaked toml for crates.io crate gym 2.2.1 written to /workspace/builds/worker-7-tc1/source/Cargo.toml
[INFO] validating manifest of crates.io crate gym 2.2.1 on toolchain 1.99.0-beta.8
[INFO] running `Command { std: CARGO_HOME="/workspace/cargo-home" RUSTUP_HOME="/workspace/rustup-home" "/workspace/cargo-home/bin/cargo" "+1.99.0-beta.8" "metadata" "--manifest-path" "Cargo.toml" "--no-deps", kill_on_drop: false }`
[INFO] crate crates.io crate gym 2.2.1 already has a lockfile, it will not be regenerated
[INFO] running `Command { std: CARGO_HOME="/workspace/cargo-home" RUSTUP_HOME="/workspace/rustup-home" "/workspace/cargo-home/bin/cargo" "+1.99.0-beta.8" "fetch" "--manifest-path" "Cargo.toml", kill_on_drop: false }`
[INFO] [stderr]     Updating crates.io index
[INFO] [stderr]  Downloading crates ...
[INFO] [stderr]   Downloaded ppv-lite86 v0.2.5
[INFO] [stderr]   Downloaded c2-chacha v0.2.2
[INFO] [stderr]   Downloaded getrandom v0.1.10
[INFO] [stderr]   Downloaded wasi v0.5.0
[INFO] [stderr]   Downloaded num-traits v0.2.10
[INFO] [stderr]   Downloaded autocfg v0.1.6
[INFO] [stderr]   Downloaded failure_derive v0.1.6
[INFO] [stderr]   Downloaded synstructure v0.12.3
[INFO] [stderr]   Downloaded quote v1.0.2
[INFO] [stderr]   Downloaded memchr v2.2.1
[INFO] [stderr]   Downloaded num-integer v0.1.41
[INFO] [stderr]   Downloaded num-complex v0.2.3
[INFO] [stderr]   Downloaded proc-macro2 v1.0.6
[INFO] [stderr]   Downloaded python3-sys v0.4.1
[INFO] [stderr]   Downloaded cc v1.0.47
[INFO] [stderr]   Downloaded failure v0.1.6
[INFO] [stderr]   Downloaded backtrace v0.3.40
[INFO] [stderr]   Downloaded ndarray v0.13.0
[INFO] [stderr]   Downloaded cpython v0.4.1
[INFO] [stderr]   Downloaded aho-corasick v0.7.6
[INFO] [stderr]   Downloaded syn v1.0.9
[INFO] [stderr]   Downloaded regex v1.3.1
[INFO] [stderr]   Downloaded regex-syntax v0.6.12
[INFO] [stderr]   Downloaded backtrace-sys v0.1.32
[INFO] running `Command { std: "docker" "create" "-v" "/var/lib/crater-agent-workspace/builds/worker-7-tc1/source:/opt/rustwide/workdir:ro,Z" "-v" "/var/lib/crater-agent-workspace/builds/worker-7-tc1/target:/opt/rustwide/target:rw,Z" "-v" "/var/lib/crater-agent-workspace/cargo-home:/opt/rustwide/cargo-home:ro,Z" "-v" "/var/lib/crater-agent-workspace/rustup-home:/opt/rustwide/rustup-home:ro,Z" "-m" "1610612736" "--network" "none" "ghcr.io/rust-lang/crates-build-env/linux@sha256:77db811e55d90add9212f6832c23229e3de5f1c1f9905e8cb07319ea15df73ac" "sleep" "infinity", kill_on_drop: false }`
[INFO] [stdout] 99906935ee76873477a7eda0b2f5ebfb83f3b54d2f3ac59b844d069cc09620aa
[INFO] running `Command { std: "docker" "start" "99906935ee76873477a7eda0b2f5ebfb83f3b54d2f3ac59b844d069cc09620aa", kill_on_drop: false }`
[INFO] running `Command { std: "docker" "inspect" "99906935ee76873477a7eda0b2f5ebfb83f3b54d2f3ac59b844d069cc09620aa", kill_on_drop: false }`
[INFO] running `Command { std: "docker" "exec" "-e" "SOURCE_DIR=/opt/rustwide/workdir" "-e" "CARGO_HOME=/opt/rustwide/cargo-home" "-e" "RUSTUP_HOME=/opt/rustwide/rustup-home" "-e" "CARGO_TARGET_DIR=/opt/rustwide/target" "-w" "/opt/rustwide/workdir" "--user" "0:0" "99906935ee76873477a7eda0b2f5ebfb83f3b54d2f3ac59b844d069cc09620aa" "/opt/rustwide/cargo-home/bin/cargo" "+1.99.0-beta.8" "metadata" "--no-deps" "--format-version=1", kill_on_drop: false }`
[INFO] running `Command { std: "docker" "inspect" "99906935ee76873477a7eda0b2f5ebfb83f3b54d2f3ac59b844d069cc09620aa", kill_on_drop: false }`
[INFO] running `Command { std: "docker" "exec" "-e" "SOURCE_DIR=/opt/rustwide/workdir" "-e" "CARGO_HOME=/opt/rustwide/cargo-home" "-e" "RUSTUP_HOME=/opt/rustwide/rustup-home" "-e" "CARGO_TARGET_DIR=/opt/rustwide/target" "-e" "CARGO_INCREMENTAL=0" "-e" "RUST_BACKTRACE=full" "-e" "RUSTFLAGS=--cap-lints=warn" "-e" "RUSTDOCFLAGS=--cap-lints=warn" "-w" "/opt/rustwide/workdir" "--user" "0:0" "99906935ee76873477a7eda0b2f5ebfb83f3b54d2f3ac59b844d069cc09620aa" "/opt/rustwide/cargo-home/bin/cargo" "+1.99.0-beta.8" "build" "--frozen" "--message-format=json" "--release", kill_on_drop: false }`
[INFO] [stderr]    Compiling autocfg v0.1.6
[INFO] [stderr]    Compiling libc v0.2.66
[INFO] [stderr]    Compiling memchr v2.2.1
[INFO] [stderr]    Compiling lazy_static v1.4.0
[INFO] [stderr]    Compiling proc-macro2 v1.0.6
[INFO] [stderr]    Compiling regex-syntax v0.6.12
[INFO] [stderr]    Compiling unicode-xid v0.2.0
[INFO] [stderr]    Compiling cfg-if v0.1.9
[INFO] [stderr]    Compiling cc v1.0.47
[INFO] [stderr]    Compiling thread_local v0.3.6
[INFO] [stderr]    Compiling getrandom v0.1.10
[INFO] [stderr]    Compiling syn v1.0.9
[INFO] [stderr]    Compiling num-traits v0.2.10
[INFO] [stderr]    Compiling num-integer v0.1.41
[INFO] [stderr]    Compiling aho-corasick v0.7.6
[INFO] [stderr]    Compiling num-complex v0.2.3
[INFO] [stderr]    Compiling ppv-lite86 v0.2.5
[INFO] [stderr]    Compiling failure_derive v0.1.6
[INFO] [stderr]    Compiling quote v1.0.2
[INFO] [stderr]    Compiling c2-chacha v0.2.2
[INFO] [stderr]    Compiling rand_core v0.5.1
[INFO] [stderr]    Compiling cpython v0.4.1
[INFO] [stderr]    Compiling backtrace-sys v0.1.32
[INFO] [stderr]    Compiling ndarray v0.13.0
[INFO] [stderr]    Compiling either v1.5.3
[INFO] [stderr]    Compiling matrixmultiply v0.2.3
[INFO] [stderr]    Compiling itertools v0.8.2
[INFO] [stderr]    Compiling rand_chacha v0.2.1
[INFO] [stderr]    Compiling rand v0.7.2
[INFO] [stderr]    Compiling regex v1.3.1
[INFO] [stderr]    Compiling synstructure v0.12.3
[INFO] [stderr]    Compiling python3-sys v0.4.1
[INFO] [stderr]    Compiling backtrace v0.3.40
[INFO] [stderr]    Compiling failure v0.1.6
[INFO] [stderr]    Compiling gym v2.2.1 (/opt/rustwide/workdir)
[INFO] [stdout] warning: unused `#[macro_use]` import
[INFO] [stdout]  --> src/lib.rs:1:1
[INFO] [stdout]   |
[INFO] [stdout] 1 | #[macro_use]
[INFO] [stdout]   | ^^^^^^^^^^^^
[INFO] [stdout]   |
[INFO] [stdout]   = note: `#[warn(unused_imports)]` (part of `#[warn(unused)]`) on by default
[INFO] [stdout] 
[INFO] [stdout] 
[INFO] [stdout] warning: non-local `impl` definition, `impl` blocks should be written at the same level as their item
[INFO] [stdout]   --> src/lib.rs:17:17
[INFO] [stdout]    |
[INFO] [stdout] 17 | #[derive(Debug, Fail)]
[INFO] [stdout]    |                 ^---
[INFO] [stdout]    |                 |
[INFO] [stdout]    |                 `Fail` is not local
[INFO] [stdout]    |                 move the `impl` block outside of this constant `_DERIVE_failure_Fail_FOR_GymError`
[INFO] [stdout] 18 | pub enum GymError {
[INFO] [stdout]    |          -------- `GymError` is not local
[INFO] [stdout]    |
[INFO] [stdout]    = note: the derive macro `Fail` defines the non-local `impl`, and may need to be changed
[INFO] [stdout]    = note: the derive macro `Fail` may come from an old version of the `failure_derive` crate, try updating your dependency with `cargo update -p failure_derive`
[INFO] [stdout]    = note: an `impl` is never scoped, even when it is nested inside an item, as it may impact type checking outside of that item, which can be the case if neither the trait or the self type are at the same nesting level as the `impl`
[INFO] [stdout]    = note: items in an anonymous const item (`const _: () = { ... }`) are treated as in the same scope as the anonymous const's declaration for the purpose of this lint
[INFO] [stdout]    = note: `#[warn(non_local_definitions)]` on by default
[INFO] [stdout]    = note: this warning originates in the derive macro `Fail` (in Nightly builds, run with -Z macro-backtrace for more info)
[INFO] [stdout] 
[INFO] [stdout] 
[INFO] [stdout] warning: non-local `impl` definition, `impl` blocks should be written at the same level as their item
[INFO] [stdout]   --> src/lib.rs:17:17
[INFO] [stdout]    |
[INFO] [stdout] 17 | #[derive(Debug, Fail)]
[INFO] [stdout]    |                 ^---
[INFO] [stdout]    |                 |
[INFO] [stdout]    |                 `Display` is not local
[INFO] [stdout]    |                 move the `impl` block outside of this constant `_DERIVE_failure_core_fmt_Display_FOR_GymError`
[INFO] [stdout] 18 | pub enum GymError {
[INFO] [stdout]    |          -------- `GymError` is not local
[INFO] [stdout]    |
[INFO] [stdout]    = note: the derive macro `Fail` defines the non-local `impl`, and may need to be changed
[INFO] [stdout]    = note: the derive macro `Fail` may come from an old version of the `failure_derive` crate, try updating your dependency with `cargo update -p failure_derive`
[INFO] [stdout]    = note: an `impl` is never scoped, even when it is nested inside an item, as it may impact type checking outside of that item, which can be the case if neither the trait or the self type are at the same nesting level as the `impl`
[INFO] [stdout]    = note: items in an anonymous const item (`const _: () = { ... }`) are treated as in the same scope as the anonymous const's declaration for the purpose of this lint
[INFO] [stdout]    = note: this warning originates in the derive macro `Fail` (in Nightly builds, run with -Z macro-backtrace for more info)
[INFO] [stdout] 
[INFO] [stdout] 
[INFO] [stdout] warning: hiding a lifetime that's elided elsewhere is confusing
[INFO] [stdout]    --> src/lib.rs:358:14
[INFO] [stdout]     |
[INFO] [stdout] 358 |     pub fn make(&self, env_id: &str) -> Environment {
[INFO] [stdout]     |                 ^^^^^                   ^^^^^^^^^^^ the same lifetime is hidden here
[INFO] [stdout]     |                 |
[INFO] [stdout]     |                 the lifetime is elided here
[INFO] [stdout]     |
[INFO] [stdout]     = help: the same lifetime is referred to in inconsistent ways, making the signature confusing
[INFO] [stdout]     = note: `#[warn(mismatched_lifetime_syntaxes)]` on by default
[INFO] [stdout] help: use `'_` for type paths
[INFO] [stdout]     |
[INFO] [stdout] 358 |     pub fn make(&self, env_id: &str) -> Environment<'_> {
[INFO] [stdout]     |                                                    ++++
[INFO] [stdout] 
[INFO] [stdout] 
[INFO] [stderr]     Finished `release` profile [optimized] target(s) in 32.73s
[INFO] [stderr] warning: the following packages contain code that will be rejected by a future version of Rust: python3-sys v0.4.1
[INFO] [stderr] note: to see what the problems were, use the option `--future-incompat-report`, or run `cargo report future-incompatibilities --id 4`
[INFO] running `Command { std: "docker" "inspect" "99906935ee76873477a7eda0b2f5ebfb83f3b54d2f3ac59b844d069cc09620aa", kill_on_drop: false }`
[INFO] running `Command { std: "docker" "exec" "-e" "SOURCE_DIR=/opt/rustwide/workdir" "-e" "CARGO_HOME=/opt/rustwide/cargo-home" "-e" "RUSTUP_HOME=/opt/rustwide/rustup-home" "-e" "CARGO_TARGET_DIR=/opt/rustwide/target" "-e" "CARGO_INCREMENTAL=0" "-e" "RUST_BACKTRACE=full" "-e" "RUSTFLAGS=--cap-lints=warn" "-e" "RUSTDOCFLAGS=--cap-lints=warn" "-w" "/opt/rustwide/workdir" "--user" "0:0" "99906935ee76873477a7eda0b2f5ebfb83f3b54d2f3ac59b844d069cc09620aa" "/opt/rustwide/cargo-home/bin/cargo" "+1.99.0-beta.8" "test" "--frozen" "--no-run" "--message-format=json" "--release", kill_on_drop: false }`
[INFO] [stdout] warning: unused `#[macro_use]` import
[INFO] [stdout]  --> src/lib.rs:1:1
[INFO] [stdout]   |
[INFO] [stdout] 1 | #[macro_use]
[INFO] [stdout]   | ^^^^^^^^^^^^
[INFO] [stdout]   |
[INFO] [stdout]   = note: `#[warn(unused_imports)]` (part of `#[warn(unused)]`) on by default
[INFO] [stdout] 
[INFO] [stdout] 
[INFO] [stdout] warning: non-local `impl` definition, `impl` blocks should be written at the same level as their item
[INFO] [stdout]   --> src/lib.rs:17:17
[INFO] [stdout]    |
[INFO] [stdout] 17 | #[derive(Debug, Fail)]
[INFO] [stdout]    |                 ^---
[INFO] [stdout]    |                 |
[INFO] [stdout]    |                 `Fail` is not local
[INFO] [stdout]    |                 move the `impl` block outside of this constant `_DERIVE_failure_Fail_FOR_GymError`
[INFO] [stdout] 18 | pub enum GymError {
[INFO] [stdout]    |          -------- `GymError` is not local
[INFO] [stdout]    |
[INFO] [stdout]    = note: the derive macro `Fail` defines the non-local `impl`, and may need to be changed
[INFO] [stdout]    = note: the derive macro `Fail` may come from an old version of the `failure_derive` crate, try updating your dependency with `cargo update -p failure_derive`
[INFO] [stdout]    = note: an `impl` is never scoped, even when it is nested inside an item, as it may impact type checking outside of that item, which can be the case if neither the trait or the self type are at the same nesting level as the `impl`
[INFO] [stdout]    = note: items in an anonymous const item (`const _: () = { ... }`) are treated as in the same scope as the anonymous const's declaration for the purpose of this lint
[INFO] [stdout]    = note: `#[warn(non_local_definitions)]` on by default
[INFO] [stdout]    = note: this warning originates in the derive macro `Fail` (in Nightly builds, run with -Z macro-backtrace for more info)
[INFO] [stdout] 
[INFO] [stdout] 
[INFO] [stdout] warning: non-local `impl` definition, `impl` blocks should be written at the same level as their item
[INFO] [stdout]   --> src/lib.rs:17:17
[INFO] [stdout]    |
[INFO] [stdout] 17 | #[derive(Debug, Fail)]
[INFO] [stdout]    |                 ^---
[INFO] [stdout]    |                 |
[INFO] [stdout]    |                 `Display` is not local
[INFO] [stdout]    |                 move the `impl` block outside of this constant `_DERIVE_failure_core_fmt_Display_FOR_GymError`
[INFO] [stdout] 18 | pub enum GymError {
[INFO] [stdout]    |          -------- `GymError` is not local
[INFO] [stdout]    |
[INFO] [stdout]    = note: the derive macro `Fail` defines the non-local `impl`, and may need to be changed
[INFO] [stdout]    = note: the derive macro `Fail` may come from an old version of the `failure_derive` crate, try updating your dependency with `cargo update -p failure_derive`
[INFO] [stdout]    = note: an `impl` is never scoped, even when it is nested inside an item, as it may impact type checking outside of that item, which can be the case if neither the trait or the self type are at the same nesting level as the `impl`
[INFO] [stdout]    = note: items in an anonymous const item (`const _: () = { ... }`) are treated as in the same scope as the anonymous const's declaration for the purpose of this lint
[INFO] [stdout]    = note: this warning originates in the derive macro `Fail` (in Nightly builds, run with -Z macro-backtrace for more info)
[INFO] [stdout] 
[INFO] [stdout] 
[INFO] [stdout] warning: hiding a lifetime that's elided elsewhere is confusing
[INFO] [stdout]    --> src/lib.rs:358:14
[INFO] [stdout]     |
[INFO] [stdout] 358 |     pub fn make(&self, env_id: &str) -> Environment {
[INFO] [stdout]     |                 ^^^^^                   ^^^^^^^^^^^ the same lifetime is hidden here
[INFO] [stdout]     |                 |
[INFO] [stdout]     |                 the lifetime is elided here
[INFO] [stdout]     |
[INFO] [stdout]     = help: the same lifetime is referred to in inconsistent ways, making the signature confusing
[INFO] [stdout]     = note: `#[warn(mismatched_lifetime_syntaxes)]` on by default
[INFO] [stdout] help: use `'_` for type paths
[INFO] [stdout]     |
[INFO] [stdout] 358 |     pub fn make(&self, env_id: &str) -> Environment<'_> {
[INFO] [stdout]     |                                                    ++++
[INFO] [stdout] 
[INFO] [stdout] 
[INFO] [stderr]    Compiling gym v2.2.1 (/opt/rustwide/workdir)
[INFO] [stdout] warning: unused `#[macro_use]` import
[INFO] [stdout]  --> src/lib.rs:1:1
[INFO] [stdout]   |
[INFO] [stdout] 1 | #[macro_use]
[INFO] [stdout]   | ^^^^^^^^^^^^
[INFO] [stdout]   |
[INFO] [stdout]   = note: `#[warn(unused_imports)]` (part of `#[warn(unused)]`) on by default
[INFO] [stdout] 
[INFO] [stdout] 
[INFO] [stdout] error: linking with `cc` failed: exit status: 1
[INFO] [stdout]   |
[INFO] [stdout]   = note:  "cc" "-m64" "/opt/rustwide/target/release/examples/rustcZwcvjQ/symbols.o" "<2 object files omitted>" "-Wl,--as-needed" "-Wl,-Bstatic" "/opt/rustwide/target/release/deps/{libgym-d71fc53cd9a2e27f,librand-35a11cd9ea82db7b,librand_chacha-81a09d7d0d0d7344,libc2_chacha-5a8959a41a10ad8d,libppv_lite86-1ef2b30703a1e13c,liblazy_static-480433dca0d17907,librand_core-5e266191284306aa,libgetrandom-fc4ebb4bc9eae9fc,libndarray-9aa64dd6dffa6b72,libmatrixmultiply-8a7e9a36c77946f8,libnum_complex-7d29f47833bc0936,libnum_integer-fa89190ebe4f241c,libitertools-7df5b5937aa13f49,libeither-1a310a4d94a60acb,librawpointer-e637704b8109ab79,libcpython-876161987db1107c,libnum_traits-e04b1eb632409902,libpython3_sys-091dba7d531f267c,libfailure-a04d28ab79dfa825,libbacktrace-80871eb0cd16e8cd,libbacktrace_sys-69b635c4e4e788ce,liblibc-709bd232e9dd8899,libcfg_if-df08ee56d532f251,librustc_demangle-6f503c0c870134b9}.rlib" "<sysroot>/lib/rustlib/x86_64-unknown-linux-gnu/lib/{libstd-*,libpanic_unwind-*,libobject-*,libmemchr-*,libaddr2line-*,libgimli-*,libcfg_if-*,librustc_demangle-*,libstd_detect-*,libhashbrown-*,librustc_std_workspace_alloc-*,libminiz_oxide-*,libadler2-*,libunwind-*,liblibc-*,librustc_std_workspace_core-*,liballoc-*,libcore-*,libcompiler_builtins-*}.rlib" "-Wl,-Bdynamic" "-lpython3.14" "-lutil" "-lgcc_s" "-lutil" "-lrt" "-lpthread" "-lm" "-ldl" "-lc" "-L" "/opt/rustwide/target/release/examples/rustcZwcvjQ/raw-dylibs" "-B<sysroot>/lib/rustlib/x86_64-unknown-linux-gnu/bin/gcc-ld" "-fuse-ld=lld" "-Wl,--eh-frame-hdr" "-Wl,-z,noexecstack" "-L" "/opt/rustwide/target/release/build/backtrace-sys-9a31d658be4e489b/out" "-L" "/usr/lib/x86_64-linux-gnu" "-L" "<sysroot>/lib/rustlib/x86_64-unknown-linux-gnu/lib" "-o" "/opt/rustwide/target/release/examples/basic-ece2a12781361183" "-Wl,--gc-sections" "-pie" "-Wl,-z,relro,-z,now" "-Wl,-O1" "-Wl,--strip-debug" "-nodefaultlibs"
[INFO] [stdout]   = note: some arguments are omitted. use `--verbose` to show all linker arguments
[INFO] [stdout]   = note: rust-lld: error: undefined symbol: _PyObject_NextNotImplemented
[INFO] [stdout]           >>> referenced by cpython.1ebddc7693531c4b-cgu.0
[INFO] [stdout]           >>>               cpython-876161987db1107c.cpython.1ebddc7693531c4b-cgu.0.rcgu.o:(<cpython::objects::iterator::PyIterator>::from_object) in archive /opt/rustwide/target/release/deps/libcpython-876161987db1107c.rlib
[INFO] [stdout]           collect2: error: ld returned 1 exit status
[INFO] [stdout]           
[INFO] [stdout] 
[INFO] [stdout] 
[INFO] [stderr] error: could not compile `gym` (example "basic") due to 1 previous error
[INFO] [stderr] warning: build failed, waiting for other jobs to finish...
[INFO] [stdout] warning: non-local `impl` definition, `impl` blocks should be written at the same level as their item
[INFO] [stdout]   --> src/lib.rs:17:17
[INFO] [stdout]    |
[INFO] [stdout] 17 | #[derive(Debug, Fail)]
[INFO] [stdout]    |                 ^---
[INFO] [stdout]    |                 |
[INFO] [stdout]    |                 `Fail` is not local
[INFO] [stdout]    |                 move the `impl` block outside of this constant `_DERIVE_failure_Fail_FOR_GymError`
[INFO] [stdout] 18 | pub enum GymError {
[INFO] [stdout]    |          -------- `GymError` is not local
[INFO] [stdout]    |
[INFO] [stdout]    = note: the derive macro `Fail` defines the non-local `impl`, and may need to be changed
[INFO] [stdout]    = note: the derive macro `Fail` may come from an old version of the `failure_derive` crate, try updating your dependency with `cargo update -p failure_derive`
[INFO] [stdout]    = note: an `impl` is never scoped, even when it is nested inside an item, as it may impact type checking outside of that item, which can be the case if neither the trait or the self type are at the same nesting level as the `impl`
[INFO] [stdout]    = note: items in an anonymous const item (`const _: () = { ... }`) are treated as in the same scope as the anonymous const's declaration for the purpose of this lint
[INFO] [stdout]    = note: `#[warn(non_local_definitions)]` on by default
[INFO] [stdout]    = note: this warning originates in the derive macro `Fail` (in Nightly builds, run with -Z macro-backtrace for more info)
[INFO] [stdout] 
[INFO] [stdout] 
[INFO] [stdout] warning: non-local `impl` definition, `impl` blocks should be written at the same level as their item
[INFO] [stdout]   --> src/lib.rs:17:17
[INFO] [stdout]    |
[INFO] [stdout] 17 | #[derive(Debug, Fail)]
[INFO] [stdout]    |                 ^---
[INFO] [stdout]    |                 |
[INFO] [stdout]    |                 `Display` is not local
[INFO] [stdout]    |                 move the `impl` block outside of this constant `_DERIVE_failure_core_fmt_Display_FOR_GymError`
[INFO] [stdout] 18 | pub enum GymError {
[INFO] [stdout]    |          -------- `GymError` is not local
[INFO] [stdout]    |
[INFO] [stdout]    = note: the derive macro `Fail` defines the non-local `impl`, and may need to be changed
[INFO] [stdout]    = note: the derive macro `Fail` may come from an old version of the `failure_derive` crate, try updating your dependency with `cargo update -p failure_derive`
[INFO] [stdout]    = note: an `impl` is never scoped, even when it is nested inside an item, as it may impact type checking outside of that item, which can be the case if neither the trait or the self type are at the same nesting level as the `impl`
[INFO] [stdout]    = note: items in an anonymous const item (`const _: () = { ... }`) are treated as in the same scope as the anonymous const's declaration for the purpose of this lint
[INFO] [stdout]    = note: this warning originates in the derive macro `Fail` (in Nightly builds, run with -Z macro-backtrace for more info)
[INFO] [stdout] 
[INFO] [stdout] 
[INFO] [stdout] warning: hiding a lifetime that's elided elsewhere is confusing
[INFO] [stdout]    --> src/lib.rs:358:14
[INFO] [stdout]     |
[INFO] [stdout] 358 |     pub fn make(&self, env_id: &str) -> Environment {
[INFO] [stdout]     |                 ^^^^^                   ^^^^^^^^^^^ the same lifetime is hidden here
[INFO] [stdout]     |                 |
[INFO] [stdout]     |                 the lifetime is elided here
[INFO] [stdout]     |
[INFO] [stdout]     = help: the same lifetime is referred to in inconsistent ways, making the signature confusing
[INFO] [stdout]     = note: `#[warn(mismatched_lifetime_syntaxes)]` on by default
[INFO] [stdout] help: use `'_` for type paths
[INFO] [stdout]     |
[INFO] [stdout] 358 |     pub fn make(&self, env_id: &str) -> Environment<'_> {
[INFO] [stdout]     |                                                    ++++
[INFO] [stdout] 
[INFO] [stdout] 
[INFO] [stdout] error: linking with `cc` failed: exit status: 1
[INFO] [stdout]   |
[INFO] [stdout]   = note:  "cc" "-m64" "/opt/rustwide/target/release/examples/rustcew36nt/symbols.o" "<2 object files omitted>" "-Wl,--as-needed" "-Wl,-Bstatic" "/opt/rustwide/target/release/deps/{libgym-d71fc53cd9a2e27f,librand-35a11cd9ea82db7b,librand_chacha-81a09d7d0d0d7344,libc2_chacha-5a8959a41a10ad8d,libppv_lite86-1ef2b30703a1e13c,liblazy_static-480433dca0d17907,librand_core-5e266191284306aa,libgetrandom-fc4ebb4bc9eae9fc,libndarray-9aa64dd6dffa6b72,libmatrixmultiply-8a7e9a36c77946f8,libnum_complex-7d29f47833bc0936,libnum_integer-fa89190ebe4f241c,libitertools-7df5b5937aa13f49,libeither-1a310a4d94a60acb,librawpointer-e637704b8109ab79,libcpython-876161987db1107c,libnum_traits-e04b1eb632409902,libpython3_sys-091dba7d531f267c,libfailure-a04d28ab79dfa825,libbacktrace-80871eb0cd16e8cd,libbacktrace_sys-69b635c4e4e788ce,liblibc-709bd232e9dd8899,libcfg_if-df08ee56d532f251,librustc_demangle-6f503c0c870134b9}.rlib" "<sysroot>/lib/rustlib/x86_64-unknown-linux-gnu/lib/{libstd-*,libpanic_unwind-*,libobject-*,libmemchr-*,libaddr2line-*,libgimli-*,libcfg_if-*,librustc_demangle-*,libstd_detect-*,libhashbrown-*,librustc_std_workspace_alloc-*,libminiz_oxide-*,libadler2-*,libunwind-*,liblibc-*,librustc_std_workspace_core-*,liballoc-*,libcore-*,libcompiler_builtins-*}.rlib" "-Wl,-Bdynamic" "-lpython3.14" "-lutil" "-lgcc_s" "-lutil" "-lrt" "-lpthread" "-lm" "-ldl" "-lc" "-L" "/opt/rustwide/target/release/examples/rustcew36nt/raw-dylibs" "-B<sysroot>/lib/rustlib/x86_64-unknown-linux-gnu/bin/gcc-ld" "-fuse-ld=lld" "-Wl,--eh-frame-hdr" "-Wl,-z,noexecstack" "-L" "/opt/rustwide/target/release/build/backtrace-sys-9a31d658be4e489b/out" "-L" "/usr/lib/x86_64-linux-gnu" "-L" "<sysroot>/lib/rustlib/x86_64-unknown-linux-gnu/lib" "-o" "/opt/rustwide/target/release/examples/agent-1f081bc35eaf2282" "-Wl,--gc-sections" "-pie" "-Wl,-z,relro,-z,now" "-Wl,-O1" "-Wl,--strip-debug" "-nodefaultlibs"
[INFO] [stdout]   = note: some arguments are omitted. use `--verbose` to show all linker arguments
[INFO] [stdout]   = note: rust-lld: error: undefined symbol: _PyObject_NextNotImplemented
[INFO] [stdout]           >>> referenced by cpython.1ebddc7693531c4b-cgu.0
[INFO] [stdout]           >>>               cpython-876161987db1107c.cpython.1ebddc7693531c4b-cgu.0.rcgu.o:(<cpython::objects::iterator::PyIterator>::from_object) in archive /opt/rustwide/target/release/deps/libcpython-876161987db1107c.rlib
[INFO] [stdout]           collect2: error: ld returned 1 exit status
[INFO] [stdout]           
[INFO] [stdout] 
[INFO] [stdout] 
[INFO] [stderr] error: could not compile `gym` (example "agent") due to 1 previous error
[INFO] [stdout] error: linking with `cc` failed: exit status: 1
[INFO] [stdout]   |
[INFO] [stdout]   = note:  "cc" "-m64" "/opt/rustwide/target/release/deps/rustcjvqZHl/symbols.o" "<4 object files omitted>" "-Wl,--as-needed" "-Wl,-Bstatic" "<sysroot>/lib/rustlib/x86_64-unknown-linux-gnu/lib/{libtest-*,libgetopts-*,librustc_std_workspace_std-*}.rlib" "/opt/rustwide/target/release/deps/{librand-35a11cd9ea82db7b,librand_chacha-81a09d7d0d0d7344,libc2_chacha-5a8959a41a10ad8d,libppv_lite86-1ef2b30703a1e13c,liblazy_static-480433dca0d17907,librand_core-5e266191284306aa,libgetrandom-fc4ebb4bc9eae9fc,libndarray-9aa64dd6dffa6b72,libmatrixmultiply-8a7e9a36c77946f8,libnum_complex-7d29f47833bc0936,libnum_integer-fa89190ebe4f241c,libitertools-7df5b5937aa13f49,libeither-1a310a4d94a60acb,librawpointer-e637704b8109ab79,libcpython-876161987db1107c,libnum_traits-e04b1eb632409902,libpython3_sys-091dba7d531f267c,libfailure-a04d28ab79dfa825,libbacktrace-80871eb0cd16e8cd,libbacktrace_sys-69b635c4e4e788ce,liblibc-709bd232e9dd8899,libcfg_if-df08ee56d532f251,librustc_demangle-6f503c0c870134b9}.rlib" "<sysroot>/lib/rustlib/x86_64-unknown-linux-gnu/lib/{libstd-*,libpanic_unwind-*,libobject-*,libmemchr-*,libaddr2line-*,libgimli-*,libcfg_if-*,librustc_demangle-*,libstd_detect-*,libhashbrown-*,librustc_std_workspace_alloc-*,libminiz_oxide-*,libadler2-*,libunwind-*,liblibc-*,librustc_std_workspace_core-*,liballoc-*,libcore-*,libcompiler_builtins-*}.rlib" "-Wl,-Bdynamic" "-lpython3.14" "-lutil" "-lgcc_s" "-lutil" "-lrt" "-lpthread" "-lm" "-ldl" "-lc" "-L" "/opt/rustwide/target/release/deps/rustcjvqZHl/raw-dylibs" "-B<sysroot>/lib/rustlib/x86_64-unknown-linux-gnu/bin/gcc-ld" "-fuse-ld=lld" "-Wl,--eh-frame-hdr" "-Wl,-z,noexecstack" "-L" "/opt/rustwide/target/release/build/backtrace-sys-9a31d658be4e489b/out" "-L" "/usr/lib/x86_64-linux-gnu" "-L" "<sysroot>/lib/rustlib/x86_64-unknown-linux-gnu/lib" "-o" "/opt/rustwide/target/release/deps/gym-be9ff23ffd8e60ee" "-Wl,--gc-sections" "-pie" "-Wl,-z,relro,-z,now" "-Wl,-O1" "-Wl,--strip-debug" "-nodefaultlibs"
[INFO] [stdout]   = note: some arguments are omitted. use `--verbose` to show all linker arguments
[INFO] [stdout]   = note: rust-lld: error: undefined symbol: _PyObject_NextNotImplemented
[INFO] [stdout]           >>> referenced by cpython.1ebddc7693531c4b-cgu.0
[INFO] [stdout]           >>>               cpython-876161987db1107c.cpython.1ebddc7693531c4b-cgu.0.rcgu.o:(<cpython::objects::iterator::PyIterator>::from_object) in archive /opt/rustwide/target/release/deps/libcpython-876161987db1107c.rlib
[INFO] [stdout]           collect2: error: ld returned 1 exit status
[INFO] [stdout]           
[INFO] [stdout] 
[INFO] [stdout] 
[INFO] [stderr] error: could not compile `gym` (lib test) due to 1 previous error; 4 warnings emitted
[INFO] running `Command { std: "docker" "inspect" "99906935ee76873477a7eda0b2f5ebfb83f3b54d2f3ac59b844d069cc09620aa", kill_on_drop: false }`
[INFO] running `Command { std: "docker" "rm" "-f" "99906935ee76873477a7eda0b2f5ebfb83f3b54d2f3ac59b844d069cc09620aa", kill_on_drop: false }`
[INFO] [stdout] 99906935ee76873477a7eda0b2f5ebfb83f3b54d2f3ac59b844d069cc09620aa
