[INFO] fetching crate guidon-cli 0.4.4...
[INFO] testing guidon-cli-0.4.4 against 1.99.0-beta.8+cargoflags=--release for beta-release-1.100-2
[INFO] extracting crate guidon-cli 0.4.4 into /workspace/builds/worker-5-tc1/source
[INFO] started tweaking crates.io crate guidon-cli 0.4.4
[INFO] finished tweaking crates.io crate guidon-cli 0.4.4
[INFO] tweaked toml for crates.io crate guidon-cli 0.4.4 written to /workspace/builds/worker-5-tc1/source/Cargo.toml
[INFO] validating manifest of crates.io crate guidon-cli 0.4.4 on toolchain 1.99.0-beta.8
[INFO] running `Command { std: CARGO_HOME="/workspace/cargo-home" RUSTUP_HOME="/workspace/rustup-home" "/workspace/cargo-home/bin/cargo" "+1.99.0-beta.8" "metadata" "--manifest-path" "Cargo.toml" "--no-deps", kill_on_drop: false }`
[INFO] crate crates.io crate guidon-cli 0.4.4 already has a lockfile, it will not be regenerated
[INFO] running `Command { std: CARGO_HOME="/workspace/cargo-home" RUSTUP_HOME="/workspace/rustup-home" "/workspace/cargo-home/bin/cargo" "+1.99.0-beta.8" "fetch" "--manifest-path" "Cargo.toml", kill_on_drop: false }`
[INFO] [stderr]     Updating crates.io index
[INFO] [stderr]  Downloading crates ...
[INFO] [stderr]   Downloaded stderrlog v0.5.1
[INFO] [stderr]   Downloaded gumdrop_derive v0.8.0
[INFO] [stderr]   Downloaded gumdrop v0.8.0
[INFO] [stderr]   Downloaded guidon v0.4.1
[INFO] [stderr]   Downloaded quick-error v2.0.0
[INFO] [stderr]   Downloaded jobserver v0.1.22
[INFO] [stderr]   Downloaded ansible-vault v0.2.0
[INFO] [stderr]   Downloaded openssl-sys v0.9.62
[INFO] [stderr]   Downloaded url v2.2.1
[INFO] [stderr]   Downloaded handlebars v3.5.4
[INFO] [stderr]   Downloaded pbkdf2 v0.7.5
[INFO] [stderr]   Downloaded base64ct v1.0.0
[INFO] [stderr]   Downloaded getrandom v0.2.2
[INFO] [stderr]   Downloaded password-hash v0.1.4
[INFO] [stderr]   Downloaded aes-ctr v0.6.0
[INFO] [stderr]   Downloaded syn v1.0.71
[INFO] [stderr]   Downloaded git2 v0.13.18
[INFO] [stderr]   Downloaded libssh2-sys v0.2.21
[INFO] [stderr]   Downloaded libgit2-sys v0.12.19+1.1.0
[INFO] running `Command { std: "docker" "create" "-v" "/var/lib/crater-agent-workspace/builds/worker-5-tc1/source:/opt/rustwide/workdir:ro,Z" "-v" "/var/lib/crater-agent-workspace/builds/worker-5-tc1/target:/opt/rustwide/target:rw,Z" "-v" "/var/lib/crater-agent-workspace/cargo-home:/opt/rustwide/cargo-home:ro,Z" "-v" "/var/lib/crater-agent-workspace/rustup-home:/opt/rustwide/rustup-home:ro,Z" "-m" "1610612736" "--network" "none" "ghcr.io/rust-lang/crates-build-env/linux@sha256:77db811e55d90add9212f6832c23229e3de5f1c1f9905e8cb07319ea15df73ac" "sleep" "infinity", kill_on_drop: false }`
[INFO] [stdout] 13dd8a1f675eb3e237b69a91340ddd7b8ba78c68f93e957e1c570fe077790af7
[INFO] running `Command { std: "docker" "start" "13dd8a1f675eb3e237b69a91340ddd7b8ba78c68f93e957e1c570fe077790af7", kill_on_drop: false }`
[INFO] running `Command { std: "docker" "inspect" "13dd8a1f675eb3e237b69a91340ddd7b8ba78c68f93e957e1c570fe077790af7", kill_on_drop: false }`
[INFO] running `Command { std: "docker" "exec" "-e" "SOURCE_DIR=/opt/rustwide/workdir" "-e" "CARGO_HOME=/opt/rustwide/cargo-home" "-e" "RUSTUP_HOME=/opt/rustwide/rustup-home" "-e" "CARGO_TARGET_DIR=/opt/rustwide/target" "-w" "/opt/rustwide/workdir" "--user" "0:0" "13dd8a1f675eb3e237b69a91340ddd7b8ba78c68f93e957e1c570fe077790af7" "/opt/rustwide/cargo-home/bin/cargo" "+1.99.0-beta.8" "metadata" "--no-deps" "--format-version=1", kill_on_drop: false }`
[INFO] running `Command { std: "docker" "inspect" "13dd8a1f675eb3e237b69a91340ddd7b8ba78c68f93e957e1c570fe077790af7", kill_on_drop: false }`
[INFO] running `Command { std: "docker" "exec" "-e" "SOURCE_DIR=/opt/rustwide/workdir" "-e" "CARGO_HOME=/opt/rustwide/cargo-home" "-e" "RUSTUP_HOME=/opt/rustwide/rustup-home" "-e" "CARGO_TARGET_DIR=/opt/rustwide/target" "-e" "CARGO_INCREMENTAL=0" "-e" "RUST_BACKTRACE=full" "-e" "RUSTFLAGS=--cap-lints=warn" "-e" "RUSTDOCFLAGS=--cap-lints=warn" "-w" "/opt/rustwide/workdir" "--user" "0:0" "13dd8a1f675eb3e237b69a91340ddd7b8ba78c68f93e957e1c570fe077790af7" "/opt/rustwide/cargo-home/bin/cargo" "+1.99.0-beta.8" "build" "--frozen" "--message-format=json" "--release", kill_on_drop: false }`
[INFO] [stderr]    Compiling libc v0.2.94
[INFO] [stderr]    Compiling proc-macro2 v1.0.26
[INFO] [stderr]    Compiling typenum v1.13.0
[INFO] [stderr]    Compiling syn v1.0.71
[INFO] [stderr]    Compiling pkg-config v0.3.19
[INFO] [stderr]    Compiling getrandom v0.2.2
[INFO] [stderr]    Compiling serde v1.0.125
[INFO] [stderr]    Compiling ucd-trie v0.1.3
[INFO] [stderr]    Compiling strsim v0.9.3
[INFO] [stderr]    Compiling tinyvec v1.2.0
[INFO] [stderr]    Compiling subtle v2.4.0
[INFO] [stderr]    Compiling maplit v1.0.2
[INFO] [stderr]    Compiling unicode-bidi v0.3.5
[INFO] [stderr]    Compiling base64ct v1.0.0
[INFO] [stderr]    Compiling serde_json v1.0.64
[INFO] [stderr]    Compiling cpuid-bool v0.1.2
[INFO] [stderr]    Compiling form_urlencoded v1.0.1
[INFO] [stderr]    Compiling derive_builder v0.9.0
[INFO] [stderr]    Compiling itoa v0.4.7
[INFO] [stderr]    Compiling serde_derive v1.0.125
[INFO] [stderr]    Compiling quick-error v2.0.0
[INFO] [stderr]    Compiling pest v2.1.3
[INFO] [stderr]    Compiling block-padding v0.2.1
[INFO] [stderr]    Compiling openssl-probe v0.1.2
[INFO] [stderr]    Compiling thread_local v1.0.1
[INFO] [stderr]    Compiling termcolor v1.1.2
[INFO] [stderr]    Compiling unicode-normalization v0.1.17
[INFO] [stderr]    Compiling quote v1.0.9
[INFO] [stderr]    Compiling jobserver v0.1.22
[INFO] [stderr]    Compiling pest_meta v2.1.3
[INFO] [stderr]    Compiling cc v1.0.67
[INFO] [stderr]    Compiling generic-array v0.14.4
[INFO] [stderr]    Compiling time v0.1.43
[INFO] [stderr]    Compiling atty v0.2.14
[INFO] [stderr]    Compiling rand_core v0.6.2
[INFO] [stderr]    Compiling chrono v0.4.19
[INFO] [stderr]    Compiling cipher v0.2.5
[INFO] [stderr]    Compiling digest v0.9.0
[INFO] [stderr]    Compiling crypto-mac v0.10.0
[INFO] [stderr]    Compiling block-buffer v0.9.0
[INFO] [stderr]    Compiling rand_chacha v0.3.0
[INFO] [stderr]    Compiling password-hash v0.1.4
[INFO] [stderr]    Compiling rand v0.8.3
[INFO] [stderr]    Compiling hmac v0.10.1
[INFO] [stderr]    Compiling sha2 v0.9.3
[INFO] [stderr]    Compiling aes-soft v0.6.4
[INFO] [stderr]    Compiling ctr v0.6.0
[INFO] [stderr]    Compiling idna v0.2.3
[INFO] [stderr]    Compiling openssl-sys v0.9.62
[INFO] [stderr]    Compiling libz-sys v1.1.3
[INFO] [stderr]    Compiling libssh2-sys v0.2.21
[INFO] [stderr]    Compiling libgit2-sys v0.12.19+1.1.0
[INFO] [stderr]    Compiling aes-ctr v0.6.0
[INFO] [stderr]    Compiling pbkdf2 v0.7.5
[INFO] [stderr] warning: openssl-sys@0.9.62: build/expando.c:4:24: error: pasting "RUST_VERSION_OPENSSL_" and "(" does not give a valid preprocessing token
[INFO] [stderr] warning: openssl-sys@0.9.62:     4 | #define VERSION2(n, v) RUST_VERSION_##n##_##v
[INFO] [stderr] warning: openssl-sys@0.9.62:       |                        ^~~~~~~~~~~~~
[INFO] [stderr] warning: openssl-sys@0.9.62: build/expando.c:5:23: note: in expansion of macro 'VERSION2'
[INFO] [stderr] warning: openssl-sys@0.9.62:     5 | #define VERSION(n, v) VERSION2(n, v)
[INFO] [stderr] warning: openssl-sys@0.9.62:       |                       ^~~~~~~~
[INFO] [stderr] warning: openssl-sys@0.9.62: build/expando.c:10:1: note: in expansion of macro 'VERSION'
[INFO] [stderr] warning: openssl-sys@0.9.62:    10 | VERSION(OPENSSL, OPENSSL_VERSION_NUMBER)
[INFO] [stderr] warning: openssl-sys@0.9.62:       | ^~~~~~~
[INFO] [stderr] error: failed to run custom build command for `openssl-sys v0.9.62`
[INFO] [stderr] note: To improve backtraces for build dependencies, set the CARGO_PROFILE_RELEASE_BUILD_OVERRIDE_DEBUG=true environment variable to enable debug information generation.
[INFO] [stderr] 
[INFO] [stderr] Caused by:
[INFO] [stderr]   process didn't exit successfully: `/opt/rustwide/target/release/build/openssl-sys-01aa7fca53556dad/build-script-main` (exit status: 101)
[INFO] [stderr]   --- stdout
[INFO] [stderr]   cargo:rustc-cfg=const_fn
[INFO] [stderr]   cargo:rerun-if-env-changed=X86_64_UNKNOWN_LINUX_GNU_OPENSSL_LIB_DIR
[INFO] [stderr]   X86_64_UNKNOWN_LINUX_GNU_OPENSSL_LIB_DIR unset
[INFO] [stderr]   cargo:rerun-if-env-changed=OPENSSL_LIB_DIR
[INFO] [stderr]   OPENSSL_LIB_DIR unset
[INFO] [stderr]   cargo:rerun-if-env-changed=X86_64_UNKNOWN_LINUX_GNU_OPENSSL_INCLUDE_DIR
[INFO] [stderr]   X86_64_UNKNOWN_LINUX_GNU_OPENSSL_INCLUDE_DIR unset
[INFO] [stderr]   cargo:rerun-if-env-changed=OPENSSL_INCLUDE_DIR
[INFO] [stderr]   OPENSSL_INCLUDE_DIR unset
[INFO] [stderr]   cargo:rerun-if-env-changed=X86_64_UNKNOWN_LINUX_GNU_OPENSSL_DIR
[INFO] [stderr]   X86_64_UNKNOWN_LINUX_GNU_OPENSSL_DIR unset
[INFO] [stderr]   cargo:rerun-if-env-changed=OPENSSL_DIR
[INFO] [stderr]   OPENSSL_DIR unset
[INFO] [stderr]   cargo:rerun-if-env-changed=OPENSSL_NO_PKG_CONFIG
[INFO] [stderr]   cargo:rerun-if-env-changed=PKG_CONFIG
[INFO] [stderr]   cargo:rerun-if-env-changed=OPENSSL_STATIC
[INFO] [stderr]   cargo:rerun-if-env-changed=OPENSSL_DYNAMIC
[INFO] [stderr]   cargo:rerun-if-env-changed=PKG_CONFIG_ALL_STATIC
[INFO] [stderr]   cargo:rerun-if-env-changed=PKG_CONFIG_ALL_DYNAMIC
[INFO] [stderr]   cargo:rerun-if-env-changed=PKG_CONFIG_PATH_x86_64-unknown-linux-gnu
[INFO] [stderr]   cargo:rerun-if-env-changed=PKG_CONFIG_PATH_x86_64_unknown_linux_gnu
[INFO] [stderr]   cargo:rerun-if-env-changed=HOST_PKG_CONFIG_PATH
[INFO] [stderr]   cargo:rerun-if-env-changed=PKG_CONFIG_PATH
[INFO] [stderr]   cargo:rerun-if-env-changed=PKG_CONFIG_LIBDIR_x86_64-unknown-linux-gnu
[INFO] [stderr]   cargo:rerun-if-env-changed=PKG_CONFIG_LIBDIR_x86_64_unknown_linux_gnu
[INFO] [stderr]   cargo:rerun-if-env-changed=HOST_PKG_CONFIG_LIBDIR
[INFO] [stderr]   cargo:rerun-if-env-changed=PKG_CONFIG_LIBDIR
[INFO] [stderr]   cargo:rerun-if-env-changed=PKG_CONFIG_SYSROOT_DIR_x86_64-unknown-linux-gnu
[INFO] [stderr]   cargo:rerun-if-env-changed=PKG_CONFIG_SYSROOT_DIR_x86_64_unknown_linux_gnu
[INFO] [stderr]   cargo:rerun-if-env-changed=HOST_PKG_CONFIG_SYSROOT_DIR
[INFO] [stderr]   cargo:rerun-if-env-changed=PKG_CONFIG_SYSROOT_DIR
[INFO] [stderr]   cargo:rerun-if-env-changed=PKG_CONFIG_SYSROOT_DIR
[INFO] [stderr]   cargo:rerun-if-env-changed=SYSROOT
[INFO] [stderr]   cargo:rerun-if-env-changed=OPENSSL_STATIC
[INFO] [stderr]   cargo:rerun-if-env-changed=OPENSSL_DYNAMIC
[INFO] [stderr]   cargo:rerun-if-env-changed=PKG_CONFIG_ALL_STATIC
[INFO] [stderr]   cargo:rerun-if-env-changed=PKG_CONFIG_ALL_DYNAMIC
[INFO] [stderr]   cargo:rustc-link-lib=ssl
[INFO] [stderr]   cargo:rustc-link-lib=crypto
[INFO] [stderr]   cargo:rerun-if-env-changed=PKG_CONFIG
[INFO] [stderr]   cargo:rerun-if-env-changed=OPENSSL_STATIC
[INFO] [stderr]   cargo:rerun-if-env-changed=OPENSSL_DYNAMIC
[INFO] [stderr]   cargo:rerun-if-env-changed=PKG_CONFIG_ALL_STATIC
[INFO] [stderr]   cargo:rerun-if-env-changed=PKG_CONFIG_ALL_DYNAMIC
[INFO] [stderr]   cargo:rerun-if-env-changed=PKG_CONFIG_PATH_x86_64-unknown-linux-gnu
[INFO] [stderr]   cargo:rerun-if-env-changed=PKG_CONFIG_PATH_x86_64_unknown_linux_gnu
[INFO] [stderr]   cargo:rerun-if-env-changed=HOST_PKG_CONFIG_PATH
[INFO] [stderr]   cargo:rerun-if-env-changed=PKG_CONFIG_PATH
[INFO] [stderr]   cargo:rerun-if-env-changed=PKG_CONFIG_LIBDIR_x86_64-unknown-linux-gnu
[INFO] [stderr]   cargo:rerun-if-env-changed=PKG_CONFIG_LIBDIR_x86_64_unknown_linux_gnu
[INFO] [stderr]   cargo:rerun-if-env-changed=HOST_PKG_CONFIG_LIBDIR
[INFO] [stderr]   cargo:rerun-if-env-changed=PKG_CONFIG_LIBDIR
[INFO] [stderr]   cargo:rerun-if-env-changed=PKG_CONFIG_SYSROOT_DIR_x86_64-unknown-linux-gnu
[INFO] [stderr]   cargo:rerun-if-env-changed=PKG_CONFIG_SYSROOT_DIR_x86_64_unknown_linux_gnu
[INFO] [stderr]   cargo:rerun-if-env-changed=HOST_PKG_CONFIG_SYSROOT_DIR
[INFO] [stderr]   cargo:rerun-if-env-changed=PKG_CONFIG_SYSROOT_DIR
[INFO] [stderr]   OPT_LEVEL = Some("3")
[INFO] [stderr]   TARGET = Some("x86_64-unknown-linux-gnu")
[INFO] [stderr]   HOST = Some("x86_64-unknown-linux-gnu")
[INFO] [stderr]   CC_x86_64-unknown-linux-gnu = None
[INFO] [stderr]   CC_x86_64_unknown_linux_gnu = None
[INFO] [stderr]   HOST_CC = None
[INFO] [stderr]   CC = None
[INFO] [stderr]   CFLAGS_x86_64-unknown-linux-gnu = None
[INFO] [stderr]   CFLAGS_x86_64_unknown_linux_gnu = None
[INFO] [stderr]   HOST_CFLAGS = None
[INFO] [stderr]   CFLAGS = None
[INFO] [stderr]   CRATE_CC_NO_DEFAULTS = None
[INFO] [stderr]   DEBUG = Some("false")
[INFO] [stderr]   CARGO_CFG_TARGET_FEATURE = Some("fxsr,sse,sse2")
[INFO] [stderr]   running: "cc" "-O3" "-ffunction-sections" "-fdata-sections" "-fPIC" "-m64" "-I" "/usr/include" "-Wall" "-Wextra" "-E" "build/expando.c"
[INFO] [stderr]   cargo:warning=build/expando.c:4:24: error: pasting "RUST_VERSION_OPENSSL_" and "(" does not give a valid preprocessing token
[INFO] [stderr]   cargo:warning=    4 | #define VERSION2(n, v) RUST_VERSION_##n##_##v
[INFO] [stderr]   cargo:warning=      |                        ^~~~~~~~~~~~~
[INFO] [stderr]   cargo:warning=build/expando.c:5:23: note: in expansion of macro 'VERSION2'
[INFO] [stderr]   cargo:warning=    5 | #define VERSION(n, v) VERSION2(n, v)
[INFO] [stderr]   cargo:warning=      |                       ^~~~~~~~
[INFO] [stderr]   cargo:warning=build/expando.c:10:1: note: in expansion of macro 'VERSION'
[INFO] [stderr]   cargo:warning=   10 | VERSION(OPENSSL, OPENSSL_VERSION_NUMBER)
[INFO] [stderr]   cargo:warning=      | ^~~~~~~
[INFO] [stderr]   exit status: 1
[INFO] [stderr] 
[INFO] [stderr]   --- stderr
[INFO] [stderr] 
[INFO] [stderr]   thread 'main' (875) panicked at /opt/rustwide/cargo-home/registry/src/index.crates.io-1949cf8c6b5b557f/openssl-sys-0.9.62/build/main.rs:147:13:
[INFO] [stderr] 
[INFO] [stderr]   Header expansion error:
[INFO] [stderr]   Error { kind: ToolExecError, message: "Command \"cc\" \"-O3\" \"-ffunction-sections\" \"-fdata-sections\" \"-fPIC\" \"-m64\" \"-I\" \"/usr/include\" \"-Wall\" \"-Wextra\" \"-E\" \"build/expando.c\" with args \"cc\" did not execute successfully (status code exit status: 1)." }
[INFO] [stderr] 
[INFO] [stderr]   Failed to find OpenSSL development headers.
[INFO] [stderr] 
[INFO] [stderr]   You can try fixing this setting the `OPENSSL_DIR` environment variable
[INFO] [stderr]   pointing to your OpenSSL installation or installing OpenSSL headers package
[INFO] [stderr]   specific to your distribution:
[INFO] [stderr] 
[INFO] [stderr]       # On Ubuntu
[INFO] [stderr]       sudo apt-get install libssl-dev
[INFO] [stderr]       # On Arch Linux
[INFO] [stderr]       sudo pacman -S openssl
[INFO] [stderr]       # On Fedora
[INFO] [stderr]       sudo dnf install openssl-devel
[INFO] [stderr] 
[INFO] [stderr]   See rust-openssl README for more information:
[INFO] [stderr] 
[INFO] [stderr]       https://github.com/sfackler/rust-openssl#linux
[INFO] [stderr] 
[INFO] [stderr]   stack backtrace:
[INFO] [stderr]      0:     0x6333641783a1 - <<std[70759c8f55707aa4]::sys::backtrace::BacktraceLock>::print::DisplayBacktrace as core[df12db4294e9bfd3]::fmt::Display>::fmt
[INFO] [stderr]      1:     0x63336418cd2a - core[df12db4294e9bfd3]::fmt::write
[INFO] [stderr]      2:     0x63336417e51c - <std[70759c8f55707aa4]::sys::stdio::unix::Stderr as core[df12db4294e9bfd3]::io::write::Write>::write_fmt
[INFO] [stderr]      3:     0x6333641577a6 - std[70759c8f55707aa4]::panicking::default_hook::{closure#0}
[INFO] [stderr]      4:     0x6333641730b1 - std[70759c8f55707aa4]::panicking::default_hook
[INFO] [stderr]      5:     0x63336417326b - std[70759c8f55707aa4]::panicking::panic_with_hook
[INFO] [stderr]      6:     0x633364157852 - std[70759c8f55707aa4]::panicking::panic_handler::{closure#0}
[INFO] [stderr]      7:     0x6333641502c9 - std[70759c8f55707aa4]::sys::backtrace::__rust_end_short_backtrace::<std[70759c8f55707aa4]::panicking::panic_handler::{closure#0}, !>
[INFO] [stderr]      8:     0x63336415810d - __rustc[8fa7c3cbc660c2b3]::rust_begin_unwind
[INFO] [stderr]      9:     0x63336418d49c - core[df12db4294e9bfd3]::panicking::panic_fmt
[INFO] [stderr]     10:     0x6333640e51d9 - build_script_main[ae2b1e9a1e070bc6]::validate_headers
[INFO] [stderr]     11:     0x6333640ecdc3 - build_script_main[ae2b1e9a1e070bc6]::find_normal::try_pkg_config
[INFO] [stderr]     12:     0x6333640ed180 - build_script_main[ae2b1e9a1e070bc6]::find_normal::find_openssl_dir
[INFO] [stderr]     13:     0x6333640eb5f7 - build_script_main[ae2b1e9a1e070bc6]::find_normal::get_openssl::{closure#0}
[INFO] [stderr]     14:     0x6333640e1aa0 - <core[df12db4294e9bfd3]::option::Option<std[70759c8f55707aa4]::ffi::os_str::OsString>>::unwrap_or_else::<build_script_main[ae2b1e9a1e070bc6]::find_normal::get_openssl::{closure#0}>
[INFO] [stderr]     15:     0x6333640ec68c - build_script_main[ae2b1e9a1e070bc6]::find_normal::get_openssl
[INFO] [stderr]     16:     0x6333640e350d - build_script_main[ae2b1e9a1e070bc6]::find_openssl
[INFO] [stderr]     17:     0x6333640e57f1 - build_script_main[ae2b1e9a1e070bc6]::main
[INFO] [stderr]     18:     0x6333640e9143 - <fn() as core[df12db4294e9bfd3]::ops::function::FnOnce<()>>::call_once
[INFO] [stderr]     19:     0x6333640e225e - std[70759c8f55707aa4]::sys::backtrace::__rust_begin_short_backtrace::<fn(), ()>
[INFO] [stderr]     20:     0x6333640e2989 - std[70759c8f55707aa4]::rt::lang_start::<()>::{closure#0}
[INFO] [stderr]     21:     0x633364172479 - std[70759c8f55707aa4]::rt::lang_start_internal
[INFO] [stderr]     22:     0x6333640e1fa1 - std[70759c8f55707aa4]::rt::lang_start::<()>
[INFO] [stderr]     23:     0x6333640e9335 - main
[INFO] [stderr]     24:     0x70567e096601 - <unknown>
[INFO] [stderr]     25:     0x70567e096718 - __libc_start_main
[INFO] [stderr]     26:     0x6333640e1805 - _start
[INFO] [stderr]     27:                0x0 - <unknown>
[INFO] [stderr] warning: build failed, waiting for other jobs to finish...
[INFO] running `Command { std: "docker" "inspect" "13dd8a1f675eb3e237b69a91340ddd7b8ba78c68f93e957e1c570fe077790af7", kill_on_drop: false }`
[INFO] running `Command { std: "docker" "rm" "-f" "13dd8a1f675eb3e237b69a91340ddd7b8ba78c68f93e957e1c570fe077790af7", kill_on_drop: false }`
[INFO] [stdout] 13dd8a1f675eb3e237b69a91340ddd7b8ba78c68f93e957e1c570fe077790af7
