[INFO] fetching crate grust-ladybug 0.9.1...
[INFO] testing grust-ladybug-0.9.1 against 1.99.0-beta.8+cargoflags=--release for beta-release-1.100-2
[INFO] extracting crate grust-ladybug 0.9.1 into /workspace/builds/worker-2-tc1/source
[INFO] started tweaking crates.io crate grust-ladybug 0.9.1
[INFO] finished tweaking crates.io crate grust-ladybug 0.9.1
[INFO] tweaked toml for crates.io crate grust-ladybug 0.9.1 written to /workspace/builds/worker-2-tc1/source/Cargo.toml
[INFO] validating manifest of crates.io crate grust-ladybug 0.9.1 on toolchain 1.99.0-beta.8
[INFO] running `Command { std: CARGO_HOME="/workspace/cargo-home" RUSTUP_HOME="/workspace/rustup-home" "/workspace/cargo-home/bin/cargo" "+1.99.0-beta.8" "metadata" "--manifest-path" "Cargo.toml" "--no-deps", kill_on_drop: false }`
[INFO] crate crates.io crate grust-ladybug 0.9.1 already has a lockfile, it will not be regenerated
[INFO] running `Command { std: CARGO_HOME="/workspace/cargo-home" RUSTUP_HOME="/workspace/rustup-home" "/workspace/cargo-home/bin/cargo" "+1.99.0-beta.8" "fetch" "--manifest-path" "Cargo.toml", kill_on_drop: false }`
[INFO] [stderr]     Updating crates.io index
[INFO] [stderr]  Downloading crates ...
[INFO] [stderr]   Downloaded cxxbridge-flags v1.0.138
[INFO] [stderr]   Downloaded cxx-build v1.0.138
[INFO] [stderr]   Downloaded cxxbridge-macro v1.0.138
[INFO] [stderr]   Downloaded cxxbridge-cmd v1.0.138
[INFO] [stderr]   Downloaded grust-core v0.9.1
[INFO] [stderr]   Downloaded cxx v1.0.138
[INFO] [stderr]   Downloaded lbug v0.17.1
[INFO] running `Command { std: "docker" "create" "-v" "/var/lib/crater-agent-workspace/builds/worker-2-tc1/source:/opt/rustwide/workdir:ro,Z" "-v" "/var/lib/crater-agent-workspace/builds/worker-2-tc1/target:/opt/rustwide/target:rw,Z" "-v" "/var/lib/crater-agent-workspace/cargo-home:/opt/rustwide/cargo-home:ro,Z" "-v" "/var/lib/crater-agent-workspace/rustup-home:/opt/rustwide/rustup-home:ro,Z" "-m" "1610612736" "--network" "none" "ghcr.io/rust-lang/crates-build-env/linux@sha256:77db811e55d90add9212f6832c23229e3de5f1c1f9905e8cb07319ea15df73ac" "sleep" "infinity", kill_on_drop: false }`
[INFO] [stdout] e36c2d14591fed1c06f6caf6ae87a5213181b2f8103161783fddaaaf36e04b39
[INFO] running `Command { std: "docker" "start" "e36c2d14591fed1c06f6caf6ae87a5213181b2f8103161783fddaaaf36e04b39", kill_on_drop: false }`
[INFO] running `Command { std: "docker" "inspect" "e36c2d14591fed1c06f6caf6ae87a5213181b2f8103161783fddaaaf36e04b39", kill_on_drop: false }`
[INFO] running `Command { std: "docker" "exec" "-e" "SOURCE_DIR=/opt/rustwide/workdir" "-e" "CARGO_HOME=/opt/rustwide/cargo-home" "-e" "RUSTUP_HOME=/opt/rustwide/rustup-home" "-e" "CARGO_TARGET_DIR=/opt/rustwide/target" "-w" "/opt/rustwide/workdir" "--user" "0:0" "e36c2d14591fed1c06f6caf6ae87a5213181b2f8103161783fddaaaf36e04b39" "/opt/rustwide/cargo-home/bin/cargo" "+1.99.0-beta.8" "metadata" "--no-deps" "--format-version=1", kill_on_drop: false }`
[INFO] running `Command { std: "docker" "inspect" "e36c2d14591fed1c06f6caf6ae87a5213181b2f8103161783fddaaaf36e04b39", kill_on_drop: false }`
[INFO] running `Command { std: "docker" "exec" "-e" "SOURCE_DIR=/opt/rustwide/workdir" "-e" "CARGO_HOME=/opt/rustwide/cargo-home" "-e" "RUSTUP_HOME=/opt/rustwide/rustup-home" "-e" "CARGO_TARGET_DIR=/opt/rustwide/target" "-e" "CARGO_INCREMENTAL=0" "-e" "RUST_BACKTRACE=full" "-e" "RUSTFLAGS=--cap-lints=warn" "-e" "RUSTDOCFLAGS=--cap-lints=warn" "-w" "/opt/rustwide/workdir" "--user" "0:0" "e36c2d14591fed1c06f6caf6ae87a5213181b2f8103161783fddaaaf36e04b39" "/opt/rustwide/cargo-home/bin/cargo" "+1.99.0-beta.8" "build" "--frozen" "--message-format=json" "--release", kill_on_drop: false }`
[INFO] [stderr]    Compiling scratch v1.0.9
[INFO] [stderr]    Compiling cxxbridge-flags v1.0.138
[INFO] [stderr]    Compiling memchr v2.8.1
[INFO] [stderr]    Compiling cc v1.2.63
[INFO] [stderr]    Compiling num-traits v0.2.19
[INFO] [stderr]    Compiling syn v2.0.117
[INFO] [stderr]    Compiling rust_decimal v1.42.0
[INFO] [stderr]    Compiling foldhash v0.1.5
[INFO] [stderr]    Compiling uuid v1.23.2
[INFO] [stderr]    Compiling time v0.3.47
[INFO] [stderr]    Compiling serde_json v1.0.150
[INFO] [stderr]    Compiling cmake v0.1.58
[INFO] [stderr]    Compiling link-cplusplus v1.0.12
[INFO] [stderr]    Compiling cxx v1.0.138
[INFO] [stderr]    Compiling cxx-build v1.0.138
[INFO] [stderr]    Compiling serde_derive v1.0.228
[INFO] [stderr]    Compiling cxxbridge-macro v1.0.138
[INFO] [stderr]    Compiling thiserror-impl v2.0.18
[INFO] [stderr]    Compiling async-trait v0.1.89
[INFO] [stderr]    Compiling thiserror v2.0.18
[INFO] [stderr]    Compiling lbug v0.17.1
[INFO] [stderr]    Compiling serde v1.0.228
[INFO] [stderr]    Compiling serde_yaml v0.9.34+deprecated
[INFO] [stderr]    Compiling quick-xml v0.40.1
[INFO] [stderr]    Compiling grust-core v0.9.1
[INFO] [stderr] error: could not compile `grust-core` (lib)
[INFO] [stderr] 
[INFO] [stderr] Caused by:
[INFO] [stderr]   process didn't exit successfully: `/opt/rustwide/rustup-home/toolchains/1.99.0-beta.8-x86_64-unknown-linux-gnu/bin/rustc --crate-name grust_core --edition=2024 /opt/rustwide/cargo-home/registry/src/index.crates.io-1949cf8c6b5b557f/grust-core-0.9.1/src/lib.rs --error-format=json --json=diagnostic-rendered-ansi,artifacts,future-incompat --crate-type lib --emit=dep-info,metadata,link -C opt-level=3 -C embed-bitcode=no --cfg 'feature="default"' --check-cfg 'cfg(docsrs,test)' --check-cfg 'cfg(feature, values("default", "typed-garde", "typed-zod-rs"))' -C metadata=35b4632c77d53ea5 -C extra-filename=-fc260a12dd46e6cf --out-dir /opt/rustwide/target/release/deps -C strip=debuginfo -L dependency=/opt/rustwide/target/release/deps --extern async_trait=/opt/rustwide/target/release/deps/libasync_trait-3fd34e928bff0466.so --extern quick_xml=/opt/rustwide/target/release/deps/libquick_xml-7fcde8e1fd8aedea.rmeta --extern serde=/opt/rustwide/target/release/deps/libserde-ebffd9395054c2bf.rmeta --extern serde_json=/opt/rustwide/target/release/deps/libserde_json-16fbff032a8e7750.rmeta --extern serde_yaml=/opt/rustwide/target/release/deps/libserde_yaml-feea21b3031c49c8.rmeta --extern thiserror=/opt/rustwide/target/release/deps/libthiserror-d0730c0d6d6c5e27.rmeta --cap-lints allow --cap-lints=warn` (signal: 9, SIGKILL: kill)
[INFO] [stderr] warning: build failed, waiting for other jobs to finish...
[INFO] [stderr] warning: lbug@0.17.1: Prebuilt liblbug download failed with status exit status: 1; building from source
[INFO] [stderr] error: failed to run custom build command for `lbug v0.17.1`
[INFO] [stderr] note: To improve backtraces for build dependencies, set the CARGO_PROFILE_RELEASE_BUILD_OVERRIDE_DEBUG=true environment variable to enable debug information generation.
[INFO] [stderr] 
[INFO] [stderr] Caused by:
[INFO] [stderr]   process didn't exit successfully: `/opt/rustwide/target/release/build/lbug-3be77a820d3f56eb/build-script-build` (exit status: 101)
[INFO] [stderr]   --- stdout
[INFO] [stderr]   cargo:rerun-if-env-changed=LBUG_PRECOMPILED_RUN_ID
[INFO] [stderr]   cargo:rerun-if-env-changed=LBUG_VERSION
[INFO] [stderr]   cargo:rerun-if-env-changed=LBUG_GITHUB_REPOSITORY
[INFO] [stderr]   cargo:rerun-if-env-changed=LBUG_LINUX_VARIANT
[INFO] [stderr]   cargo:rerun-if-env-changed=LBUG_LIB_KIND
[INFO] [stderr]   cargo:rerun-if-env-changed=LBUG_BUILD_FROM_SOURCE
[INFO] [stderr]   cargo:rerun-if-env-changed=LBUG_RUST_BUILD_FROM_SOURCE
[INFO] [stderr]   cargo:warning=Prebuilt liblbug download failed with status exit status: 1; building from source
[INFO] [stderr]   CMAKE_TOOLCHAIN_FILE_x86_64-unknown-linux-gnu = None
[INFO] [stderr]   CMAKE_TOOLCHAIN_FILE_x86_64_unknown_linux_gnu = None
[INFO] [stderr]   HOST_CMAKE_TOOLCHAIN_FILE = None
[INFO] [stderr]   CMAKE_TOOLCHAIN_FILE = None
[INFO] [stderr]   CMAKE_GENERATOR_x86_64-unknown-linux-gnu = None
[INFO] [stderr]   CMAKE_GENERATOR_x86_64_unknown_linux_gnu = None
[INFO] [stderr]   HOST_CMAKE_GENERATOR = None
[INFO] [stderr]   CMAKE_GENERATOR = None
[INFO] [stderr]   CMAKE_PREFIX_PATH_x86_64-unknown-linux-gnu = None
[INFO] [stderr]   CMAKE_PREFIX_PATH_x86_64_unknown_linux_gnu = None
[INFO] [stderr]   HOST_CMAKE_PREFIX_PATH = None
[INFO] [stderr]   CMAKE_PREFIX_PATH = None
[INFO] [stderr]   CMAKE_x86_64-unknown-linux-gnu = None
[INFO] [stderr]   CMAKE_x86_64_unknown_linux_gnu = None
[INFO] [stderr]   HOST_CMAKE = None
[INFO] [stderr]   CMAKE = None
[INFO] [stderr]   -- The CXX compiler identification is GNU 15.2.0
[INFO] [stderr]   -- The C compiler identification is GNU 15.2.0
[INFO] [stderr]   -- Detecting CXX compiler ABI info
[INFO] [stderr]   -- Detecting CXX compiler ABI info - done
[INFO] [stderr]   -- Check for working CXX compiler: /usr/bin/c++ - skipped
[INFO] [stderr]   -- Detecting CXX compile features
[INFO] [stderr]   -- Detecting CXX compile features - done
[INFO] [stderr]   -- Detecting C compiler ABI info
[INFO] [stderr]   -- Detecting C compiler ABI info - done
[INFO] [stderr]   -- Check for working C compiler: /usr/bin/cc - skipped
[INFO] [stderr]   -- Detecting C compile features
[INFO] [stderr]   -- Detecting C compile features - done
[INFO] [stderr]   -- Multi-threaded mode is enabled: CMAKE_BUILD_PARALLEL_LEVEL=16
[INFO] [stderr]   -- Performing Test CMAKE_HAVE_LIBC_PTHREAD
[INFO] [stderr]   -- Performing Test CMAKE_HAVE_LIBC_PTHREAD - Success
[INFO] [stderr]   -- Found Threads: TRUE
[INFO] [stderr]   -- 64-bit architecture detected
[INFO] [stderr]   -- LBUG_PAGE_SIZE_LOG2: 12
[INFO] [stderr]   -- LBUG_VECTOR_CAPACITY_LOG2: 11
[INFO] [stderr]   -- LBUG_NODE_GROUP_SIZE_LOG2: 17
[INFO] [stderr]   -- LBUG_MAX_SEGMENT_SIZE_LOG2: 18
[INFO] [stderr]   -- Looking for F_FULLFSYNC
[INFO] [stderr]   -- Looking for F_FULLFSYNC - not found
[INFO] [stderr]   -- Looking for fdatasync
[INFO] [stderr]   -- Looking for fdatasync - found
[INFO] [stderr]   -- ✗ F_FULLFSYNC not available
[INFO] [stderr]   -- ✓ fdatasync will be used on this platform
[INFO] [stderr]   -- Build type is 'Release'
[INFO] [stderr]   -- Performing Test BROTLI_EMSCRIPTEN
[INFO] [stderr]   -- Performing Test BROTLI_EMSCRIPTEN - Failed
[INFO] [stderr]   -- Looking for log2 in m
[INFO] [stderr]   -- Looking for log2 in m - found
[INFO] [stderr]   -- Configuring done (3.5s)
[INFO] [stderr]   -- Generating done (1.5s)
[INFO] [stderr]   -- Build files have been written to: /opt/rustwide/target/release/build/lbug-4dae36e4e2a7eb47/out/build
[INFO] [stderr]   [  0%] Building C object third_party/brotli/CMakeFiles/brotlicommon.dir/c/common/constants.c.o
[INFO] [stderr]   [  0%] Building CXX object third_party/mbedtls/CMakeFiles/mbedtls.dir/library/aes.cpp.o
[INFO] [stderr]   [  0%] Building CXX object third_party/antlr4_runtime/CMakeFiles/antlr4_runtime.dir/src/ANTLRErrorListener.cpp.o
[INFO] [stderr]   [  0%] Building CXX object third_party/re2/CMakeFiles/re2.dir/bitstate.cpp.o
[INFO] [stderr]   [  0%] Building C object third_party/simsimd/CMakeFiles/simsimd.dir/lib.c.o
[INFO] [stderr]   [  0%] Building CXX object third_party/thrift/CMakeFiles/thrift.dir/protocol/TProtocol.cpp.o
[INFO] [stderr]   [  0%] Building CXX object third_party/fastpfor/CMakeFiles/fastpfor.dir/fastpfor/bitpacking.cpp.o
[INFO] [stderr]   [  0%] Building C object third_party/roaring_bitmap/CMakeFiles/roaring_bitmap.dir/roaring.c.o
[INFO] [stderr]   [  0%] Building C object third_party/brotli/CMakeFiles/brotlicommon.dir/c/common/context.c.o
[INFO] [stderr]   [  0%] Building CXX object third_party/utf8proc/CMakeFiles/utf8proc.dir/utf8proc.cpp.o
[INFO] [stderr]   [  0%] Building CXX object third_party/lz4/CMakeFiles/lz4.dir/lz4.cpp.o
[INFO] [stderr]   [  0%] Building C object third_party/yyjson/CMakeFiles/yyjson.dir/src/yyjson.c.o
[INFO] [stderr]   [  0%] Building CXX object src/extension/CMakeFiles/lbug_extension.dir/catalog_extension.cpp.o
[INFO] [stderr]   [  0%] Building CXX object third_party/snappy/CMakeFiles/snappy.dir/snappy.cc.o
[INFO] [stderr]   [  1%] Building CXX object third_party/parquet/CMakeFiles/parquet.dir/parquet_constants.cpp.o
[INFO] [stderr]   [  1%] Building CXX object third_party/miniz/CMakeFiles/miniz.dir/miniz.cpp.o
[INFO] [stderr]   [  1%] Building CXX object third_party/zstd/CMakeFiles/zstd.dir/common/entropy_common.cpp.o
[INFO] [stderr]   [  1%] Building C object third_party/brotli/CMakeFiles/brotlicommon.dir/c/common/dictionary.c.o
[INFO] [stderr]   [  1%] Building C object third_party/brotli/CMakeFiles/brotlicommon.dir/c/common/platform.c.o
[INFO] [stderr]   [  1%] Building C object third_party/brotli/CMakeFiles/brotlicommon.dir/c/common/shared_dictionary.c.o
[INFO] [stderr]   [  1%] Building C object third_party/brotli/CMakeFiles/brotlicommon.dir/c/common/transform.c.o
[INFO] [stderr]   [  2%] Building CXX object third_party/zstd/CMakeFiles/zstd.dir/common/error_private.cpp.o
[INFO] [stderr]   [  2%] Building CXX object third_party/zstd/CMakeFiles/zstd.dir/common/fse_decompress.cpp.o
[INFO] [stderr]   [  2%] Linking C static library libbrotlicommon.a
[INFO] [stderr]   [  2%] Built target brotlicommon
[INFO] [stderr]   [  2%] Building CXX object third_party/snappy/CMakeFiles/snappy.dir/snappy-sinksource.cc.o
[INFO] [stderr]   [  2%] Building CXX object third_party/antlr4_runtime/CMakeFiles/antlr4_runtime.dir/src/ANTLRErrorStrategy.cpp.o
[INFO] [stderr]   [  2%] Building CXX object third_party/mbedtls/CMakeFiles/mbedtls.dir/library/aria.cpp.o
[INFO] [stderr]   [  2%] Building CXX object third_party/re2/CMakeFiles/re2.dir/compile.cpp.o
[INFO] [stderr]   [  2%] Building CXX object third_party/mbedtls/CMakeFiles/mbedtls.dir/library/asn1parse.cpp.o
[INFO] [stderr]   [  2%] Building CXX object third_party/thrift/CMakeFiles/thrift.dir/transport/TTransportException.cpp.o
[INFO] [stderr]   [  2%] Building CXX object third_party/parquet/CMakeFiles/parquet.dir/parquet_types.cpp.o
[INFO] [stderr]   [  2%] Building CXX object third_party/zstd/CMakeFiles/zstd.dir/common/xxhash.cpp.o
[INFO] [stderr]   [  2%] Building CXX object third_party/mbedtls/CMakeFiles/mbedtls.dir/library/base64.cpp.o
[INFO] [stderr]   [  2%] Building CXX object third_party/mbedtls/CMakeFiles/mbedtls.dir/library/bignum.cpp.o
[INFO] [stderr]   [  2%] Building CXX object third_party/zstd/CMakeFiles/zstd.dir/common/zstd_common.cpp.o
[INFO] [stderr]   [  2%] Building CXX object third_party/utf8proc/CMakeFiles/utf8proc.dir/utf8proc_wrapper.cpp.o
[INFO] [stderr]   [  2%] Building CXX object third_party/zstd/CMakeFiles/zstd.dir/compress/fse_compress.cpp.o
[INFO] [stderr]   [  2%] Building CXX object third_party/mbedtls/CMakeFiles/mbedtls.dir/library/camellia.cpp.o
[INFO] [stderr]   [  2%] Building CXX object third_party/thrift/CMakeFiles/thrift.dir/transport/TBufferTransports.cpp.o
[INFO] [stderr]   [  2%] Building CXX object third_party/antlr4_runtime/CMakeFiles/antlr4_runtime.dir/src/ANTLRFileStream.cpp.o
[INFO] [stderr]   [  2%] Building CXX object third_party/re2/CMakeFiles/re2.dir/dfa.cpp.o
[INFO] [stderr]   [  3%] Linking CXX static library libsnappy.a
[INFO] [stderr]   [  3%] Linking CXX static library libutf8proc.a
[INFO] [stderr]   [  3%] Built target utf8proc
[INFO] [stderr]   [  3%] Built target snappy
[INFO] [stderr]   [  3%] Building CXX object third_party/zstd/CMakeFiles/zstd.dir/compress/hist.cpp.o
[INFO] [stderr]   [  4%] Building CXX object third_party/mbedtls/CMakeFiles/mbedtls.dir/library/cipher.cpp.o
[INFO] [stderr]   [  4%] Building CXX object third_party/zstd/CMakeFiles/zstd.dir/compress/huf_compress.cpp.o
[INFO] [stderr]   [  4%] Building CXX object third_party/antlr4_runtime/CMakeFiles/antlr4_runtime.dir/src/atn/ActionTransition.cpp.o
[INFO] [stderr]   [  4%] Building CXX object third_party/antlr4_runtime/CMakeFiles/antlr4_runtime.dir/src/ANTLRInputStream.cpp.o
[INFO] [stderr]   [  4%] Building CXX object third_party/re2/CMakeFiles/re2.dir/filtered_re2.cpp.o
[INFO] [stderr]   [  4%] Building CXX object third_party/mbedtls/CMakeFiles/mbedtls.dir/library/cipher_wrap.cpp.o
[INFO] [stderr]   [  4%] Building CXX object third_party/zstd/CMakeFiles/zstd.dir/compress/zstd_compress.cpp.o
[INFO] [stderr]   [  4%] Linking CXX static library libthrift.a
[INFO] [stderr]   [  4%] Building CXX object third_party/mbedtls/CMakeFiles/mbedtls.dir/library/constant_time.cpp.o
[INFO] [stderr]   [  4%] Built target thrift
[INFO] [stderr]   [  4%] Building CXX object third_party/re2/CMakeFiles/re2.dir/mimics_pcre.cpp.o
[INFO] [stderr]   [  4%] Building CXX object third_party/zstd/CMakeFiles/zstd.dir/compress/zstd_compress_literals.cpp.o
[INFO] [stderr]   [  4%] Building CXX object third_party/zstd/CMakeFiles/zstd.dir/compress/zstd_compress_sequences.cpp.o
[INFO] [stderr]   [  4%] Building CXX object third_party/re2/CMakeFiles/re2.dir/nfa.cpp.o
[INFO] [stderr]   [  4%] Building CXX object third_party/mbedtls/CMakeFiles/mbedtls.dir/library/entropy.cpp.o
[INFO] [stderr]   [  4%] Building CXX object third_party/mbedtls/CMakeFiles/mbedtls.dir/library/entropy_poll.cpp.o
[INFO] [stderr]   [  4%] Building CXX object third_party/mbedtls/CMakeFiles/mbedtls.dir/library/gcm.cpp.o
[INFO] [stderr]   [  4%] Building CXX object third_party/re2/CMakeFiles/re2.dir/onepass.cpp.o
[INFO] [stderr]   [  4%] Building CXX object third_party/zstd/CMakeFiles/zstd.dir/compress/zstd_compress_superblock.cpp.o
[INFO] [stderr]   [  5%] Building CXX object third_party/zstd/CMakeFiles/zstd.dir/compress/zstd_double_fast.cpp.o
[INFO] [stderr]   [  5%] Building CXX object third_party/mbedtls/CMakeFiles/mbedtls.dir/library/md.cpp.o
[INFO] [stderr]   [  5%] Building CXX object third_party/re2/CMakeFiles/re2.dir/parse.cpp.o
[INFO] [stderr]   [  5%] Building CXX object third_party/zstd/CMakeFiles/zstd.dir/compress/zstd_fast.cpp.o
[INFO] [stderr]   [  5%] Building CXX object third_party/mbedtls/CMakeFiles/mbedtls.dir/library/oid.cpp.o
[INFO] [stderr]   [  5%] Building CXX object third_party/zstd/CMakeFiles/zstd.dir/compress/zstd_lazy.cpp.o
[INFO] [stderr]   [  5%] Building CXX object third_party/zstd/CMakeFiles/zstd.dir/compress/zstd_ldm.cpp.o
[INFO] [stderr]   [  6%] Building CXX object third_party/re2/CMakeFiles/re2.dir/perl_groups.cpp.o
[INFO] [stderr]   [  6%] Building CXX object third_party/re2/CMakeFiles/re2.dir/prefilter.cpp.o
[INFO] [stderr]   [  6%] Building CXX object third_party/mbedtls/CMakeFiles/mbedtls.dir/library/pem.cpp.o
[INFO] [stderr]   [  6%] Building CXX object third_party/mbedtls/CMakeFiles/mbedtls.dir/library/pk.cpp.o
[INFO] [stderr]   [  6%] Linking CXX static library libminiz.a
[INFO] [stderr]   [  6%] Building CXX object third_party/mbedtls/CMakeFiles/mbedtls.dir/library/pk_wrap.cpp.o
[INFO] [stderr]   [  6%] Built target miniz
[INFO] [stderr]   [  6%] Building CXX object third_party/zstd/CMakeFiles/zstd.dir/compress/zstd_opt.cpp.o
[INFO] [stderr]   [  7%] Building CXX object third_party/mbedtls/CMakeFiles/mbedtls.dir/library/pkparse.cpp.o
[INFO] [stderr]   [  7%] Building CXX object third_party/mbedtls/CMakeFiles/mbedtls.dir/library/platform_util.cpp.o
[INFO] [stderr]   [  7%] Building CXX object third_party/mbedtls/CMakeFiles/mbedtls.dir/library/rsa.cpp.o
[INFO] [stderr]   [  7%] Building CXX object third_party/zstd/CMakeFiles/zstd.dir/compress/zstd_preSplit.cpp.o
[INFO] [stderr]   [  7%] Building CXX object third_party/zstd/CMakeFiles/zstd.dir/decompress/huf_decompress.cpp.o
[INFO] [stderr]   [  7%] Building CXX object third_party/mbedtls/CMakeFiles/mbedtls.dir/library/rsa_alt_helpers.cpp.o
[INFO] [stderr]   [  7%] Building CXX object third_party/mbedtls/CMakeFiles/mbedtls.dir/library/sha1.cpp.o
[INFO] [stderr]   [  7%] Building CXX object third_party/mbedtls/CMakeFiles/mbedtls.dir/library/sha256.cpp.o
[INFO] [stderr]   [  7%] Building CXX object third_party/mbedtls/CMakeFiles/mbedtls.dir/library/sha512.cpp.o
[INFO] [stderr]   [  7%] Building CXX object third_party/zstd/CMakeFiles/zstd.dir/decompress/zstd_ddict.cpp.o
[INFO] [stderr]   [  7%] Building CXX object third_party/re2/CMakeFiles/re2.dir/prefilter_tree.cpp.o
[INFO] [stderr]   [  7%] Building CXX object third_party/re2/CMakeFiles/re2.dir/prog.cpp.o
[INFO] [stderr]   [  7%] Building CXX object third_party/re2/CMakeFiles/re2.dir/re2.cpp.o
[INFO] [stderr]   [  7%] Building CXX object third_party/zstd/CMakeFiles/zstd.dir/decompress/zstd_decompress.cpp.o
[INFO] [stderr]   [  7%] Linking CXX static library libmbedtls.a
[INFO] [stderr]   [  7%] Building CXX object third_party/re2/CMakeFiles/re2.dir/regexp.cpp.o
[INFO] [stderr]   [  7%] Built target mbedtls
[INFO] [stderr]   [  7%] Building CXX object third_party/zstd/CMakeFiles/zstd.dir/decompress/zstd_decompress_block.cpp.o
[INFO] [stderr]   [  7%] Building CXX object third_party/re2/CMakeFiles/re2.dir/set.cpp.o
[INFO] [stderr]   [  7%] Building CXX object third_party/re2/CMakeFiles/re2.dir/simplify.cpp.o
[INFO] [stderr]   [  7%] Building CXX object third_party/re2/CMakeFiles/re2.dir/stringpiece.cpp.o
[INFO] [stderr]   [  7%] Building CXX object third_party/re2/CMakeFiles/re2.dir/tostring.cpp.o
[INFO] [stderr]   [  7%] Linking CXX static library liblz4.a
[INFO] [stderr]   [  7%] Building CXX object third_party/re2/CMakeFiles/re2.dir/unicode_casefold.cpp.o
[INFO] [stderr]   [  7%] Built target lz4
[INFO] [stderr]   [  8%] Building CXX object third_party/re2/CMakeFiles/re2.dir/unicode_groups.cpp.o
[INFO] [stderr]   [  8%] Building CXX object third_party/re2/CMakeFiles/re2.dir/strutil.cpp.o
[INFO] [stderr]   [  8%] Building CXX object third_party/re2/CMakeFiles/re2.dir/rune.cpp.o
[INFO] [stderr]   [  8%] Linking CXX static library libre2.a
[INFO] [stderr]   [  8%] Built target re2
[INFO] [stderr]   [  8%] Linking C static library libyyjson.a
[INFO] [stderr]   [  8%] Built target yyjson
[INFO] [stderr]   [  9%] Linking CXX static library libzstd.a
[INFO] [stderr]   [  9%] Built target zstd
[INFO] [stderr] 
[INFO] [stderr]   --- stderr
[INFO] [stderr]   mkdir: Read-only file system
[INFO] [stderr]   running: cd "/opt/rustwide/target/release/build/lbug-4dae36e4e2a7eb47/out/build" && CMAKE_PREFIX_PATH="" LC_ALL="C" "cmake" "/opt/rustwide/cargo-home/registry/src/index.crates.io-1949cf8c6b5b557f/lbug-0.17.1/lbug-src" "-B" "/opt/rustwide/target/release/build/lbug-4dae36e4e2a7eb47/out/build" "-DBUILD_SHELL=OFF" "-DBUILD_SINGLE_FILE_HEADER=OFF" "-DAUTO_UPDATE_GRAMMAR=OFF" "-DCMAKE_INSTALL_PREFIX=/opt/rustwide/target/release/build/lbug-4dae36e4e2a7eb47/out" "-DCMAKE_C_FLAGS= -ffunction-sections -fdata-sections -fPIC -m64 -w" "-DCMAKE_C_COMPILER=/usr/bin/cc" "-DCMAKE_CXX_FLAGS= -ffunction-sections -fdata-sections -fPIC -m64 -w" "-DCMAKE_CXX_COMPILER=/usr/bin/c++" "-DCMAKE_ASM_FLAGS= -ffunction-sections -fdata-sections -fPIC -m64 -w" "-DCMAKE_ASM_COMPILER=/usr/bin/cc" "-DCMAKE_BUILD_TYPE=Release"
[INFO] [stderr]   -- Compiler is not EMSCRIPTEN
[INFO] [stderr]   CMake Warning:
[INFO] [stderr]     Manually-specified variables were not used by the project:
[INFO] [stderr] 
[INFO] [stderr]       CMAKE_ASM_COMPILER
[INFO] [stderr]       CMAKE_ASM_FLAGS
[INFO] [stderr] 
[INFO] [stderr] 
[INFO] [stderr]   running: cd "/opt/rustwide/target/release/build/lbug-4dae36e4e2a7eb47/out/build" && LC_ALL="C" MAKEFLAGS="-j --jobserver-fds=4,5 --jobserver-auth=4,5" "cmake" "--build" "/opt/rustwide/target/release/build/lbug-4dae36e4e2a7eb47/out/build" "--config" "Release"
[INFO] [stderr]   gmake: warning: -j16 forced in submake: resetting jobserver mode.
[INFO] [stderr]   c++: fatal error: Killed signal terminated program cc1plus
[INFO] [stderr]   compilation terminated.
[INFO] [stderr]   c++: fatal error: Killed signal terminated program cc1plus
[INFO] [stderr]   compilation terminated.
[INFO] [stderr]   gmake[2]: *** [src/extension/CMakeFiles/lbug_extension.dir/build.make:79: src/extension/CMakeFiles/lbug_extension.dir/catalog_extension.cpp.o] Error 1
[INFO] [stderr]   gmake[1]: *** [CMakeFiles/Makefile2:7754: src/extension/CMakeFiles/lbug_extension.dir/all] Error 2
[INFO] [stderr]   gmake[1]: *** Waiting for unfinished jobs....
[INFO] [stderr]   gmake[2]: *** [third_party/fastpfor/CMakeFiles/fastpfor.dir/build.make:79: third_party/fastpfor/CMakeFiles/fastpfor.dir/fastpfor/bitpacking.cpp.o] Error 1
[INFO] [stderr]   gmake[1]: *** [CMakeFiles/Makefile2:3046: third_party/fastpfor/CMakeFiles/fastpfor.dir/all] Error 2
[INFO] [stderr]   cc: fatal error: Killed signal terminated program cc1
[INFO] [stderr]   compilation terminated.
[INFO] [stderr]   gmake[2]: *** [third_party/roaring_bitmap/CMakeFiles/roaring_bitmap.dir/build.make:79: third_party/roaring_bitmap/CMakeFiles/roaring_bitmap.dir/roaring.c.o] Error 1
[INFO] [stderr]   gmake[1]: *** [CMakeFiles/Makefile2:4134: third_party/roaring_bitmap/CMakeFiles/roaring_bitmap.dir/all] Error 2
[INFO] [stderr]   c++: fatal error: Killed signal terminated program cc1plus
[INFO] [stderr]   compilation terminated.
[INFO] [stderr]   gmake[2]: *** [third_party/antlr4_runtime/CMakeFiles/antlr4_runtime.dir/build.make:93: third_party/antlr4_runtime/CMakeFiles/antlr4_runtime.dir/src/ANTLRErrorStrategy.cpp.o] Error 1
[INFO] [stderr]   gmake[2]: *** Waiting for unfinished jobs....
[INFO] [stderr]   cc: fatal error: Killed signal terminated program cc1
[INFO] [stderr]   compilation terminated.
[INFO] [stderr]   gmake[2]: *** [third_party/simsimd/CMakeFiles/simsimd.dir/build.make:79: third_party/simsimd/CMakeFiles/simsimd.dir/lib.c.o] Error 1
[INFO] [stderr]   gmake[1]: *** [CMakeFiles/Makefile2:4166: third_party/simsimd/CMakeFiles/simsimd.dir/all] Error 2
[INFO] [stderr]   c++: fatal error: Killed signal terminated program cc1plus
[INFO] [stderr]   compilation terminated.
[INFO] [stderr]   gmake[2]: *** [third_party/parquet/CMakeFiles/parquet.dir/build.make:93: third_party/parquet/CMakeFiles/parquet.dir/parquet_types.cpp.o] Error 1
[INFO] [stderr]   gmake[1]: *** [CMakeFiles/Makefile2:3174: third_party/parquet/CMakeFiles/parquet.dir/all] Error 2
[INFO] [stderr]   gmake[1]: *** [CMakeFiles/Makefile2:2918: third_party/antlr4_runtime/CMakeFiles/antlr4_runtime.dir/all] Error 2
[INFO] [stderr]   gmake: *** [Makefile:136: all] Error 2
[INFO] [stderr] 
[INFO] [stderr]   thread 'main' (507) panicked at /opt/rustwide/cargo-home/registry/src/index.crates.io-1949cf8c6b5b557f/cmake-0.1.58/src/lib.rs:1132:5:
[INFO] [stderr] 
[INFO] [stderr]   command did not execute successfully, got: exit status: 2
[INFO] [stderr] 
[INFO] [stderr]   build script failed, must exit now
[INFO] [stderr]   stack backtrace:
[INFO] [stderr]      0:     0x58f6219afea1 - <<std[70759c8f55707aa4]::sys::backtrace::BacktraceLock>::print::DisplayBacktrace as core[df12db4294e9bfd3]::fmt::Display>::fmt
[INFO] [stderr]      1:     0x58f6219c5eba - core[df12db4294e9bfd3]::fmt::write
[INFO] [stderr]      2:     0x58f6219b64dc - <std[70759c8f55707aa4]::sys::stdio::unix::Stderr as core[df12db4294e9bfd3]::io::write::Write>::write_fmt
[INFO] [stderr]      3:     0x58f62198c986 - std[70759c8f55707aa4]::panicking::default_hook::{closure#0}
[INFO] [stderr]      4:     0x58f6219a90e1 - std[70759c8f55707aa4]::panicking::default_hook
[INFO] [stderr]      5:     0x58f6219a940b - std[70759c8f55707aa4]::panicking::panic_with_hook
[INFO] [stderr]      6:     0x58f62198ca32 - std[70759c8f55707aa4]::panicking::panic_handler::{closure#0}
[INFO] [stderr]      7:     0x58f6219850c9 - std[70759c8f55707aa4]::sys::backtrace::__rust_end_short_backtrace::<std[70759c8f55707aa4]::panicking::panic_handler::{closure#0}, !>
[INFO] [stderr]      8:     0x58f62198d54d - __rustc[8fa7c3cbc660c2b3]::rust_begin_unwind
[INFO] [stderr]      9:     0x58f6219c66dc - core[df12db4294e9bfd3]::panicking::panic_fmt
[INFO] [stderr]     10:     0x58f62190ad37 - cmake[2693b1c8e63fd3d8]::fail
[INFO] [stderr]     11:     0x58f62190a9c3 - cmake[2693b1c8e63fd3d8]::run
[INFO] [stderr]     12:     0x58f6219109a5 - <cmake[2693b1c8e63fd3d8]::Config>::build
[INFO] [stderr]     13:     0x58f6216db0eb - build_script_build[1fc0699e28ad5e69]::build_bundled_cmake
[INFO] [stderr]     14:     0x58f6216dd35b - build_script_build[1fc0699e28ad5e69]::main
[INFO] [stderr]     15:     0x58f6216dffe3 - <fn() as core[df12db4294e9bfd3]::ops::function::FnOnce<()>>::call_once
[INFO] [stderr]     16:     0x58f6216d87c6 - std[70759c8f55707aa4]::sys::backtrace::__rust_begin_short_backtrace::<fn(), ()>
[INFO] [stderr]     17:     0x58f6216d8c89 - std[70759c8f55707aa4]::rt::lang_start::<()>::{closure#0}
[INFO] [stderr]     18:     0x58f6219a8399 - std[70759c8f55707aa4]::rt::lang_start_internal
[INFO] [stderr]     19:     0x58f6216d80b1 - std[70759c8f55707aa4]::rt::lang_start::<()>
[INFO] [stderr]     20:     0x58f6216e0125 - main
[INFO] [stderr]     21:     0x79ca67bf6601 - <unknown>
[INFO] [stderr]     22:     0x79ca67bf6718 - __libc_start_main
[INFO] [stderr]     23:     0x58f6216d5d75 - _start
[INFO] [stderr]     24:                0x0 - <unknown>
[INFO] running `Command { std: "docker" "inspect" "e36c2d14591fed1c06f6caf6ae87a5213181b2f8103161783fddaaaf36e04b39", kill_on_drop: false }`
[INFO] running `Command { std: "docker" "rm" "-f" "e36c2d14591fed1c06f6caf6ae87a5213181b2f8103161783fddaaaf36e04b39", kill_on_drop: false }`
[INFO] [stdout] e36c2d14591fed1c06f6caf6ae87a5213181b2f8103161783fddaaaf36e04b39
