[INFO] fetching crate growthbook-sdk-rust 0.1.1...
[INFO] testing growthbook-sdk-rust-0.1.1 against 1.99.0-beta.8+cargoflags=--release for beta-release-1.100-2
[INFO] extracting crate growthbook-sdk-rust 0.1.1 into /workspace/builds/worker-1-tc1/source
[INFO] removed /workspace/builds/worker-1-tc1/source/rust-toolchain
[INFO] started tweaking crates.io crate growthbook-sdk-rust 0.1.1
[INFO] removed 0 missing tests
[INFO] finished tweaking crates.io crate growthbook-sdk-rust 0.1.1
[INFO] tweaked toml for crates.io crate growthbook-sdk-rust 0.1.1 written to /workspace/builds/worker-1-tc1/source/Cargo.toml
[INFO] validating manifest of crates.io crate growthbook-sdk-rust 0.1.1 on toolchain 1.99.0-beta.8
[INFO] running `Command { std: CARGO_HOME="/workspace/cargo-home" RUSTUP_HOME="/workspace/rustup-home" "/workspace/cargo-home/bin/cargo" "+1.99.0-beta.8" "metadata" "--manifest-path" "Cargo.toml" "--no-deps", kill_on_drop: false }`
[INFO] running `Command { std: CARGO_HOME="/workspace/cargo-home" RUSTUP_HOME="/workspace/rustup-home" "/workspace/cargo-home/bin/cargo" "+1.99.0-beta.8" "generate-lockfile" "--manifest-path" "Cargo.toml", kill_on_drop: false }`
[INFO] [stderr]     Updating crates.io index
[INFO] [stderr]      Locking 225 packages to highest compatible versions
[INFO] [stderr]       Adding rand v0.8.8 (available: v0.10.3)
[INFO] [stderr]       Adding reqwest v0.12.28 (available: v0.13.5)
[INFO] [stderr]       Adding reqwest-middleware v0.4.2 (available: v0.5.2)
[INFO] [stderr]       Adding reqwest-tracing v0.5.8 (available: v0.7.1)
[INFO] [stderr]       Adding rstest v0.21.0 (available: v0.27.0)
[INFO] [stderr]       Adding strum v0.26.3 (available: v0.28.0)
[INFO] [stderr]       Adding strum_macros v0.26.4 (available: v0.28.0)
[INFO] [stderr]       Adding test-context v0.3.0 (available: v0.5.8)
[INFO] [stderr]       Adding tower v0.4.13 (available: v0.5.3)
[INFO] running `Command { std: CARGO_HOME="/workspace/cargo-home" RUSTUP_HOME="/workspace/rustup-home" "/workspace/cargo-home/bin/cargo" "+1.99.0-beta.8" "fetch" "--manifest-path" "Cargo.toml", kill_on_drop: false }`
[INFO] [stderr]  Downloading crates ...
[INFO] [stderr]   Downloaded test-context v0.3.0
[INFO] [stderr]   Downloaded test-context-macros v0.3.0
[INFO] [stderr]   Downloaded rstest v0.21.0
[INFO] [stderr]   Downloaded reqwest-tracing v0.5.8
[INFO] [stderr]   Downloaded rstest_macros v0.21.0
[INFO] [stderr]   Downloaded reqwest-middleware v0.4.2
[INFO] [stderr]   Downloaded matchit v0.8.6
[INFO] [stderr]   Downloaded opentelemetry v0.21.0
[INFO] [stderr]   Downloaded opentelemetry_sdk v0.21.2
[INFO] [stderr]   Downloaded tracing-opentelemetry v0.22.0
[INFO] running `Command { std: "docker" "create" "-v" "/var/lib/crater-agent-workspace/builds/worker-1-tc1/source:/opt/rustwide/workdir:ro,Z" "-v" "/var/lib/crater-agent-workspace/builds/worker-1-tc1/target:/opt/rustwide/target:rw,Z" "-v" "/var/lib/crater-agent-workspace/cargo-home:/opt/rustwide/cargo-home:ro,Z" "-v" "/var/lib/crater-agent-workspace/rustup-home:/opt/rustwide/rustup-home:ro,Z" "-m" "1610612736" "--network" "none" "ghcr.io/rust-lang/crates-build-env/linux@sha256:77db811e55d90add9212f6832c23229e3de5f1c1f9905e8cb07319ea15df73ac" "sleep" "infinity", kill_on_drop: false }`
[INFO] [stdout] efc1e516d26604631a14976c895872e89492e3c9e390f57e3eeac09c5998d0c8
[INFO] running `Command { std: "docker" "start" "efc1e516d26604631a14976c895872e89492e3c9e390f57e3eeac09c5998d0c8", kill_on_drop: false }`
[INFO] running `Command { std: "docker" "inspect" "efc1e516d26604631a14976c895872e89492e3c9e390f57e3eeac09c5998d0c8", kill_on_drop: false }`
[INFO] running `Command { std: "docker" "exec" "-e" "SOURCE_DIR=/opt/rustwide/workdir" "-e" "CARGO_HOME=/opt/rustwide/cargo-home" "-e" "RUSTUP_HOME=/opt/rustwide/rustup-home" "-e" "CARGO_TARGET_DIR=/opt/rustwide/target" "-w" "/opt/rustwide/workdir" "--user" "0:0" "efc1e516d26604631a14976c895872e89492e3c9e390f57e3eeac09c5998d0c8" "/opt/rustwide/cargo-home/bin/cargo" "+1.99.0-beta.8" "metadata" "--no-deps" "--format-version=1", kill_on_drop: false }`
[INFO] running `Command { std: "docker" "inspect" "efc1e516d26604631a14976c895872e89492e3c9e390f57e3eeac09c5998d0c8", kill_on_drop: false }`
[INFO] running `Command { std: "docker" "exec" "-e" "SOURCE_DIR=/opt/rustwide/workdir" "-e" "CARGO_HOME=/opt/rustwide/cargo-home" "-e" "RUSTUP_HOME=/opt/rustwide/rustup-home" "-e" "CARGO_TARGET_DIR=/opt/rustwide/target" "-e" "CARGO_INCREMENTAL=0" "-e" "RUST_BACKTRACE=full" "-e" "RUSTFLAGS=--cap-lints=warn" "-e" "RUSTDOCFLAGS=--cap-lints=warn" "-w" "/opt/rustwide/workdir" "--user" "0:0" "efc1e516d26604631a14976c895872e89492e3c9e390f57e3eeac09c5998d0c8" "/opt/rustwide/cargo-home/bin/cargo" "+1.99.0-beta.8" "build" "--frozen" "--message-format=json" "--release", kill_on_drop: false }`
[INFO] [stderr]    Compiling ring v0.17.14
[INFO] [stderr]    Compiling zeroize v1.9.1
[INFO] [stderr]    Compiling parking_lot_core v0.9.12
[INFO] [stderr]    Compiling tokio-macros v2.7.2
[INFO] [stderr]    Compiling rustls v0.23.46
[INFO] [stderr]    Compiling futures-util v0.3.34
[INFO] [stderr]    Compiling tracing v0.1.44
[INFO] [stderr]    Compiling ipnet v2.12.2
[INFO] [stderr]    Compiling serde_json v1.0.154
[INFO] [stderr]    Compiling serde v1.0.229
[INFO] [stderr]    Compiling sharded-slab v0.1.7
[INFO] [stderr]    Compiling opentelemetry v0.21.0
[INFO] [stderr]    Compiling ordered-float v4.6.0
[INFO] [stderr]    Compiling icu_normalizer v2.3.0
[INFO] [stderr]    Compiling tracing-log v0.2.0
[INFO] [stderr]    Compiling matchit v0.8.6
[INFO] [stderr]    Compiling chrono v0.4.45
[INFO] [stderr]    Compiling rustls-pki-types v1.15.1
[INFO] [stderr]    Compiling parking_lot v0.12.5
[INFO] [stderr]    Compiling strum_macros v0.26.4
[INFO] [stderr]    Compiling hashers v1.0.1
[INFO] [stderr]    Compiling idna_adapter v1.2.2
[INFO] [stderr]    Compiling webpki-roots v1.0.9
[INFO] [stderr]    Compiling tokio v1.53.3
[INFO] [stderr]    Compiling idna v1.1.0
[INFO] [stderr]    Compiling tracing-subscriber v0.3.23
[INFO] [stderr]    Compiling strum v0.26.3
[INFO] [stderr]    Compiling serde_urlencoded v0.7.1
[INFO] [stderr]    Compiling url v2.5.8
[INFO] [stderr]    Compiling futures-executor v0.3.34
[INFO] [stderr]    Compiling opentelemetry_sdk v0.21.2
[INFO] [stderr]    Compiling tracing-opentelemetry v0.22.0
[INFO] [stderr]    Compiling hyper v1.12.0
[INFO] [stderr]    Compiling tower v0.5.3
[INFO] [stderr]    Compiling tower-http v0.6.11
[INFO] [stderr]    Compiling hyper-util v0.1.21
[INFO] [stderr]    Compiling rustls-webpki v0.103.15
[INFO] [stderr]    Compiling tokio-rustls v0.26.6
[INFO] [stderr]    Compiling hyper-rustls v0.27.10
[INFO] [stderr]    Compiling reqwest v0.12.28
[INFO] [stderr]    Compiling reqwest-middleware v0.4.2
[INFO] [stderr]    Compiling reqwest-tracing v0.5.8
[INFO] [stderr]    Compiling growthbook-sdk-rust v0.1.1 (/opt/rustwide/workdir)
[INFO] [stderr]     Finished `release` profile [optimized] target(s) in 1m 13s
[INFO] running `Command { std: "docker" "inspect" "efc1e516d26604631a14976c895872e89492e3c9e390f57e3eeac09c5998d0c8", kill_on_drop: false }`
[INFO] running `Command { std: "docker" "exec" "-e" "SOURCE_DIR=/opt/rustwide/workdir" "-e" "CARGO_HOME=/opt/rustwide/cargo-home" "-e" "RUSTUP_HOME=/opt/rustwide/rustup-home" "-e" "CARGO_TARGET_DIR=/opt/rustwide/target" "-e" "CARGO_INCREMENTAL=0" "-e" "RUST_BACKTRACE=full" "-e" "RUSTFLAGS=--cap-lints=warn" "-e" "RUSTDOCFLAGS=--cap-lints=warn" "-w" "/opt/rustwide/workdir" "--user" "0:0" "efc1e516d26604631a14976c895872e89492e3c9e390f57e3eeac09c5998d0c8" "/opt/rustwide/cargo-home/bin/cargo" "+1.99.0-beta.8" "test" "--frozen" "--no-run" "--message-format=json" "--release", kill_on_drop: false }`
[INFO] [stderr]    Compiling futures-util v0.3.34
[INFO] [stderr]    Compiling tracing v0.1.44
[INFO] [stderr]    Compiling tokio-util v0.7.20
[INFO] [stderr]    Compiling thiserror-impl v1.0.69
[INFO] [stderr]    Compiling serde_json v1.0.154
[INFO] [stderr]    Compiling rand v0.8.8
[INFO] [stderr]    Compiling toml_parser v1.1.5+spec-1.1.0
[INFO] [stderr]    Compiling toml_datetime v1.1.2+spec-1.1.0
[INFO] [stderr]    Compiling rstest_macros v0.21.0
[INFO] [stderr]    Compiling deadpool-runtime v0.1.4
[INFO] [stderr]    Compiling relative-path v1.9.3
[INFO] [stderr]    Compiling getrandom v0.4.3
[INFO] [stderr]    Compiling strum_macros v0.26.4
[INFO] [stderr]    Compiling test-context-macros v0.3.0
[INFO] [stderr]    Compiling futures-timer v3.0.4
[INFO] [stderr]    Compiling deadpool v0.12.3
[INFO] [stderr]    Compiling uuid v1.28.0
[INFO] [stderr]    Compiling toml_edit v0.25.17+spec-1.1.0
[INFO] [stderr]    Compiling h2 v0.4.20
[INFO] [stderr]    Compiling thiserror v1.0.69
[INFO] [stderr]    Compiling opentelemetry v0.21.0
[INFO] [stderr]    Compiling assert-json-diff v2.0.2
[INFO] [stderr]    Compiling proc-macro-crate v3.5.0
[INFO] [stderr]    Compiling futures-executor v0.3.34
[INFO] [stderr]    Compiling tower v0.5.3
[INFO] [stderr]    Compiling tower v0.4.13
[INFO] [stderr]    Compiling opentelemetry_sdk v0.21.2
[INFO] [stderr]    Compiling futures v0.3.34
[INFO] [stderr]    Compiling test-context v0.3.0
[INFO] [stderr]    Compiling rstest v0.21.0
[INFO] [stderr]    Compiling tower-http v0.6.11
[INFO] [stderr]    Compiling tracing-opentelemetry v0.22.0
[INFO] [stderr]    Compiling hyper v1.12.0
[INFO] [stderr]    Compiling hyper-util v0.1.21
[INFO] [stderr]    Compiling hyper-rustls v0.27.10
[INFO] [stderr]    Compiling wiremock v0.6.5
[INFO] [stderr]    Compiling reqwest v0.12.28
[INFO] [stderr]    Compiling reqwest-middleware v0.4.2
[INFO] [stderr]    Compiling reqwest-tracing v0.5.8
[INFO] [stderr]    Compiling growthbook-sdk-rust v0.1.1 (/opt/rustwide/workdir)
[INFO] [stdout] error[E0433]: cannot find module or crate `growthbook_rust_sdk` in this scope
[INFO] [stdout]  --> tests/commons.rs:3:5
[INFO] [stdout]   |
[INFO] [stdout] 3 | use growthbook_rust_sdk::client::GrowthBookClient;
[INFO] [stdout]   |     ^^^^^^^^^^^^^^^^^^^ use of unresolved module or unlinked crate `growthbook_rust_sdk`
[INFO] [stdout]   |
[INFO] [stdout] help: there is a crate or module with a similar name
[INFO] [stdout]   |
[INFO] [stdout] 3 - use growthbook_rust_sdk::client::GrowthBookClient;
[INFO] [stdout] 3 + use growthbook_sdk_rust::client::GrowthBookClient;
[INFO] [stdout]   |
[INFO] [stdout] 
[INFO] [stdout] 
[INFO] [stdout] error[E0433]: cannot find module or crate `growthbook_rust_sdk` in this scope
[INFO] [stdout]  --> tests/commons.rs:3:5
[INFO] [stdout]   |
[INFO] [stdout] 3 | use growthbook_rust_sdk::client::GrowthBookClient;
[INFO] [stdout]   |     ^^^^^^^^^^^^^^^^^^^ use of unresolved module or unlinked crate `growthbook_rust_sdk`
[INFO] [stdout]   |
[INFO] [stdout] help: there is a crate or module with a similar name
[INFO] [stdout]   |
[INFO] [stdout] 3 - use growthbook_rust_sdk::client::GrowthBookClient;
[INFO] [stdout] 3 + use growthbook_sdk_rust::client::GrowthBookClient;
[INFO] [stdout]   |
[INFO] [stdout] 
[INFO] [stdout] 
[INFO] [stdout] error[E0433]: cannot find module or crate `growthbook_rust_sdk` in this scope
[INFO] [stdout]  --> tests/is_on_condition_gt.rs:5:9
[INFO] [stdout]   |
[INFO] [stdout] 5 |     use growthbook_rust_sdk::model_public::GrowthBookAttribute;
[INFO] [stdout]   |         ^^^^^^^^^^^^^^^^^^^ use of unresolved module or unlinked crate `growthbook_rust_sdk`
[INFO] [stdout]   |
[INFO] [stdout] help: there is a crate or module with a similar name
[INFO] [stdout]   |
[INFO] [stdout] 5 -     use growthbook_rust_sdk::model_public::GrowthBookAttribute;
[INFO] [stdout] 5 +     use growthbook_sdk_rust::model_public::GrowthBookAttribute;
[INFO] [stdout]   |
[INFO] [stdout] 
[INFO] [stdout] 
[INFO] [stdout] error[E0433]: cannot find module or crate `growthbook_rust_sdk` in this scope
[INFO] [stdout]  --> tests/commons.rs:3:5
[INFO] [stdout]   |
[INFO] [stdout] 3 | use growthbook_rust_sdk::client::GrowthBookClient;
[INFO] [stdout]   |     ^^^^^^^^^^^^^^^^^^^ use of unresolved module or unlinked crate `growthbook_rust_sdk`
[INFO] [stdout]   |
[INFO] [stdout] help: there is a crate or module with a similar name
[INFO] [stdout]   |
[INFO] [stdout] 3 - use growthbook_rust_sdk::client::GrowthBookClient;
[INFO] [stdout] 3 + use growthbook_sdk_rust::client::GrowthBookClient;
[INFO] [stdout]   |
[INFO] [stdout] 
[INFO] [stdout] 
[INFO] [stdout] error[E0433]: cannot find module or crate `growthbook_rust_sdk` in this scope
[INFO] [stdout]  --> tests/is_on_condition_lt.rs:5:9
[INFO] [stdout]   |
[INFO] [stdout] 5 |     use growthbook_rust_sdk::model_public::GrowthBookAttribute;
[INFO] [stdout]   |         ^^^^^^^^^^^^^^^^^^^ use of unresolved module or unlinked crate `growthbook_rust_sdk`
[INFO] [stdout]   |
[INFO] [stdout] help: there is a crate or module with a similar name
[INFO] [stdout]   |
[INFO] [stdout] 5 -     use growthbook_rust_sdk::model_public::GrowthBookAttribute;
[INFO] [stdout] 5 +     use growthbook_sdk_rust::model_public::GrowthBookAttribute;
[INFO] [stdout]   |
[INFO] [stdout] 
[INFO] [stdout] 
[INFO] [stdout] error[E0433]: cannot find module or crate `growthbook_rust_sdk` in this scope
[INFO] [stdout]  --> tests/commons.rs:3:5
[INFO] [stdout]   |
[INFO] [stdout] 3 | use growthbook_rust_sdk::client::GrowthBookClient;
[INFO] [stdout]   |     ^^^^^^^^^^^^^^^^^^^ use of unresolved module or unlinked crate `growthbook_rust_sdk`
[INFO] [stdout]   |
[INFO] [stdout] help: there is a crate or module with a similar name
[INFO] [stdout]   |
[INFO] [stdout] 3 - use growthbook_rust_sdk::client::GrowthBookClient;
[INFO] [stdout] 3 + use growthbook_sdk_rust::client::GrowthBookClient;
[INFO] [stdout]   |
[INFO] [stdout] 
[INFO] [stdout] 
[INFO] [stdout] error[E0433]: cannot find module or crate `growthbook_rust_sdk` in this scope
[INFO] [stdout]  --> tests/is_on_condition_gte.rs:5:9
[INFO] [stdout]   |
[INFO] [stdout] 5 |     use growthbook_rust_sdk::model_public::GrowthBookAttribute;
[INFO] [stdout]   |         ^^^^^^^^^^^^^^^^^^^ use of unresolved module or unlinked crate `growthbook_rust_sdk`
[INFO] [stdout]   |
[INFO] [stdout] help: there is a crate or module with a similar name
[INFO] [stdout]   |
[INFO] [stdout] 5 -     use growthbook_rust_sdk::model_public::GrowthBookAttribute;
[INFO] [stdout] 5 +     use growthbook_sdk_rust::model_public::GrowthBookAttribute;
[INFO] [stdout]   |
[INFO] [stdout] 
[INFO] [stdout] 
[INFO] [stdout] error[E0433]: cannot find module or crate `growthbook_rust_sdk` in this scope
[INFO] [stdout]  --> tests/commons.rs:3:5
[INFO] [stdout]   |
[INFO] [stdout] 3 | use growthbook_rust_sdk::client::GrowthBookClient;
[INFO] [stdout]   |     ^^^^^^^^^^^^^^^^^^^ use of unresolved module or unlinked crate `growthbook_rust_sdk`
[INFO] [stdout]   |
[INFO] [stdout] help: there is a crate or module with a similar name
[INFO] [stdout]   |
[INFO] [stdout] 3 - use growthbook_rust_sdk::client::GrowthBookClient;
[INFO] [stdout] 3 + use growthbook_sdk_rust::client::GrowthBookClient;
[INFO] [stdout]   |
[INFO] [stdout] 
[INFO] [stdout] 
[INFO] [stdout] error[E0433]: cannot find module or crate `growthbook_rust_sdk` in this scope
[INFO] [stdout]  --> tests/update_features_worker.rs:7:9
[INFO] [stdout]   |
[INFO] [stdout] 7 |     use growthbook_rust_sdk::client::GrowthBookClient;
[INFO] [stdout]   |         ^^^^^^^^^^^^^^^^^^^ use of unresolved module or unlinked crate `growthbook_rust_sdk`
[INFO] [stdout]   |
[INFO] [stdout] help: there is a crate or module with a similar name
[INFO] [stdout]   |
[INFO] [stdout] 7 -     use growthbook_rust_sdk::client::GrowthBookClient;
[INFO] [stdout] 7 +     use growthbook_sdk_rust::client::GrowthBookClient;
[INFO] [stdout]   |
[INFO] [stdout] 
[INFO] [stdout] 
[INFO] [stdout] error[E0433]: cannot find module or crate `growthbook_rust_sdk` in this scope
[INFO] [stdout]  --> tests/commons.rs:3:5
[INFO] [stdout]   |
[INFO] [stdout] 3 | use growthbook_rust_sdk::client::GrowthBookClient;
[INFO] [stdout]   |     ^^^^^^^^^^^^^^^^^^^ use of unresolved module or unlinked crate `growthbook_rust_sdk`
[INFO] [stdout]   |
[INFO] [stdout] help: there is a crate or module with a similar name
[INFO] [stdout]   |
[INFO] [stdout] 3 - use growthbook_rust_sdk::client::GrowthBookClient;
[INFO] [stdout] 3 + use growthbook_sdk_rust::client::GrowthBookClient;
[INFO] [stdout]   |
[INFO] [stdout] 
[INFO] [stdout] 
[INFO] [stdout] error[E0433]: cannot find module or crate `growthbook_rust_sdk` in this scope
[INFO] [stdout]  --> tests/feature_result_rule_experiment.rs:5:9
[INFO] [stdout]   |
[INFO] [stdout] 5 |     use growthbook_rust_sdk::model_public::GrowthBookAttribute;
[INFO] [stdout]   |         ^^^^^^^^^^^^^^^^^^^ use of unresolved module or unlinked crate `growthbook_rust_sdk`
[INFO] [stdout]   |
[INFO] [stdout] help: there is a crate or module with a similar name
[INFO] [stdout]   |
[INFO] [stdout] 5 -     use growthbook_rust_sdk::model_public::GrowthBookAttribute;
[INFO] [stdout] 5 +     use growthbook_sdk_rust::model_public::GrowthBookAttribute;
[INFO] [stdout]   |
[INFO] [stdout] 
[INFO] [stdout] 
[INFO] [stdout] error[E0433]: cannot find module or crate `growthbook_rust_sdk` in this scope
[INFO] [stdout]  --> tests/commons.rs:3:5
[INFO] [stdout]   |
[INFO] [stdout] 3 | use growthbook_rust_sdk::client::GrowthBookClient;
[INFO] [stdout]   |     ^^^^^^^^^^^^^^^^^^^ use of unresolved module or unlinked crate `growthbook_rust_sdk`
[INFO] [stdout]   |
[INFO] [stdout] help: there is a crate or module with a similar name
[INFO] [stdout]   |
[INFO] [stdout] 3 - use growthbook_rust_sdk::client::GrowthBookClient;
[INFO] [stdout] 3 + use growthbook_sdk_rust::client::GrowthBookClient;
[INFO] [stdout]   |
[INFO] [stdout] 
[INFO] [stdout] 
[INFO] [stdout] error[E0433]: cannot find module or crate `growthbook_rust_sdk` in this scope
[INFO] [stdout]  --> tests/is_on_condition_not_elem_match_eq.rs:5:9
[INFO] [stdout]   |
[INFO] [stdout] 5 |     use growthbook_rust_sdk::model_public::GrowthBookAttribute;
[INFO] [stdout]   |         ^^^^^^^^^^^^^^^^^^^ use of unresolved module or unlinked crate `growthbook_rust_sdk`
[INFO] [stdout]   |
[INFO] [stdout] help: there is a crate or module with a similar name
[INFO] [stdout]   |
[INFO] [stdout] 5 -     use growthbook_rust_sdk::model_public::GrowthBookAttribute;
[INFO] [stdout] 5 +     use growthbook_sdk_rust::model_public::GrowthBookAttribute;
[INFO] [stdout]   |
[INFO] [stdout] 
[INFO] [stdout] 
[INFO] [stdout] error[E0433]: cannot find module or crate `growthbook_rust_sdk` in this scope
[INFO] [stdout]  --> tests/commons.rs:3:5
[INFO] [stdout]   |
[INFO] [stdout] 3 | use growthbook_rust_sdk::client::GrowthBookClient;
[INFO] [stdout]   |     ^^^^^^^^^^^^^^^^^^^ use of unresolved module or unlinked crate `growthbook_rust_sdk`
[INFO] [stdout]   |
[INFO] [stdout] help: there is a crate or module with a similar name
[INFO] [stdout]   |
[INFO] [stdout] 3 - use growthbook_rust_sdk::client::GrowthBookClient;
[INFO] [stdout] 3 + use growthbook_sdk_rust::client::GrowthBookClient;
[INFO] [stdout]   |
[INFO] [stdout] 
[INFO] [stdout] 
[INFO] [stdout] error[E0433]: cannot find module or crate `growthbook_rust_sdk` in this scope
[INFO] [stdout]  --> tests/is_on_rule_rollout.rs:5:9
[INFO] [stdout]   |
[INFO] [stdout] 5 |     use growthbook_rust_sdk::model_public::GrowthBookAttribute;
[INFO] [stdout]   |         ^^^^^^^^^^^^^^^^^^^ use of unresolved module or unlinked crate `growthbook_rust_sdk`
[INFO] [stdout]   |
[INFO] [stdout] help: there is a crate or module with a similar name
[INFO] [stdout]   |
[INFO] [stdout] 5 -     use growthbook_rust_sdk::model_public::GrowthBookAttribute;
[INFO] [stdout] 5 +     use growthbook_sdk_rust::model_public::GrowthBookAttribute;
[INFO] [stdout]   |
[INFO] [stdout] 
[INFO] [stdout] 
[INFO] [stdout] error[E0433]: cannot find module or crate `growthbook_rust_sdk` in this scope
[INFO] [stdout]  --> tests/commons.rs:3:5
[INFO] [stdout]   |
[INFO] [stdout] 3 | use growthbook_rust_sdk::client::GrowthBookClient;
[INFO] [stdout]   |     ^^^^^^^^^^^^^^^^^^^ use of unresolved module or unlinked crate `growthbook_rust_sdk`
[INFO] [stdout]   |
[INFO] [stdout] help: there is a crate or module with a similar name
[INFO] [stdout]   |
[INFO] [stdout] 3 - use growthbook_rust_sdk::client::GrowthBookClient;
[INFO] [stdout] 3 + use growthbook_sdk_rust::client::GrowthBookClient;
[INFO] [stdout]   |
[INFO] [stdout] 
[INFO] [stdout] 
[INFO] [stdout] error[E0433]: cannot find module or crate `growthbook_rust_sdk` in this scope
[INFO] [stdout]  --> tests/commons.rs:3:5
[INFO] [stdout]   |
[INFO] [stdout] 3 | use growthbook_rust_sdk::client::GrowthBookClient;
[INFO] [stdout]   |     ^^^^^^^^^^^^^^^^^^^ use of unresolved module or unlinked crate `growthbook_rust_sdk`
[INFO] [stdout]   |
[INFO] [stdout] help: there is a crate or module with a similar name
[INFO] [stdout]   |
[INFO] [stdout] 3 - use growthbook_rust_sdk::client::GrowthBookClient;
[INFO] [stdout] 3 + use growthbook_sdk_rust::client::GrowthBookClient;
[INFO] [stdout]   |
[INFO] [stdout] 
[INFO] [stdout] 
[INFO] [stdout] error[E0433]: cannot find module or crate `growthbook_rust_sdk` in this scope
[INFO] [stdout]  --> tests/is_on_rule_experiment.rs:5:9
[INFO] [stdout]   |
[INFO] [stdout] 5 |     use growthbook_rust_sdk::model_public::GrowthBookAttribute;
[INFO] [stdout]   |         ^^^^^^^^^^^^^^^^^^^ use of unresolved module or unlinked crate `growthbook_rust_sdk`
[INFO] [stdout]   |
[INFO] [stdout] help: there is a crate or module with a similar name
[INFO] [stdout]   |
[INFO] [stdout] 5 -     use growthbook_rust_sdk::model_public::GrowthBookAttribute;
[INFO] [stdout] 5 +     use growthbook_sdk_rust::model_public::GrowthBookAttribute;
[INFO] [stdout]   |
[INFO] [stdout] 
[INFO] [stdout] 
[INFO] [stdout] error[E0433]: cannot find module or crate `growthbook_rust_sdk` in this scope
[INFO] [stdout]  --> tests/is_on_condition_lte.rs:5:9
[INFO] [stdout]   |
[INFO] [stdout] 5 |     use growthbook_rust_sdk::model_public::GrowthBookAttribute;
[INFO] [stdout]   |         ^^^^^^^^^^^^^^^^^^^ use of unresolved module or unlinked crate `growthbook_rust_sdk`
[INFO] [stdout]   |
[INFO] [stdout] help: there is a crate or module with a similar name
[INFO] [stdout]   |
[INFO] [stdout] 5 -     use growthbook_rust_sdk::model_public::GrowthBookAttribute;
[INFO] [stdout] 5 +     use growthbook_sdk_rust::model_public::GrowthBookAttribute;
[INFO] [stdout]   |
[INFO] [stdout] 
[INFO] [stdout] 
[INFO] [stdout] error[E0433]: cannot find module or crate `growthbook_rust_sdk` in this scope
[INFO] [stdout]  --> tests/commons.rs:3:5
[INFO] [stdout]   |
[INFO] [stdout] 3 | use growthbook_rust_sdk::client::GrowthBookClient;
[INFO] [stdout]   |     ^^^^^^^^^^^^^^^^^^^ use of unresolved module or unlinked crate `growthbook_rust_sdk`
[INFO] [stdout]   |
[INFO] [stdout] help: there is a crate or module with a similar name
[INFO] [stdout]   |
[INFO] [stdout] 3 - use growthbook_rust_sdk::client::GrowthBookClient;
[INFO] [stdout] 3 + use growthbook_sdk_rust::client::GrowthBookClient;
[INFO] [stdout]   |
[INFO] [stdout] 
[INFO] [stdout] 
[INFO] [stdout] error[E0433]: cannot find module or crate `growthbook_rust_sdk` in this scope
[INFO] [stdout]  --> tests/is_on_condition_regex.rs:5:9
[INFO] [stdout]   |
[INFO] [stdout] 5 |     use growthbook_rust_sdk::model_public::GrowthBookAttribute;
[INFO] [stdout]   |         ^^^^^^^^^^^^^^^^^^^ use of unresolved module or unlinked crate `growthbook_rust_sdk`
[INFO] [stdout]   |
[INFO] [stdout] help: there is a crate or module with a similar name
[INFO] [stdout]   |
[INFO] [stdout] 5 -     use growthbook_rust_sdk::model_public::GrowthBookAttribute;
[INFO] [stdout] 5 +     use growthbook_sdk_rust::model_public::GrowthBookAttribute;
[INFO] [stdout]   |
[INFO] [stdout] 
[INFO] [stdout] 
[INFO] [stdout] error[E0433]: cannot find module or crate `growthbook_rust_sdk` in this scope
[INFO] [stdout]  --> tests/commons.rs:3:5
[INFO] [stdout]   |
[INFO] [stdout] 3 | use growthbook_rust_sdk::client::GrowthBookClient;
[INFO] [stdout]   |     ^^^^^^^^^^^^^^^^^^^ use of unresolved module or unlinked crate `growthbook_rust_sdk`
[INFO] [stdout]   |
[INFO] [stdout] help: there is a crate or module with a similar name
[INFO] [stdout]   |
[INFO] [stdout] 3 - use growthbook_rust_sdk::client::GrowthBookClient;
[INFO] [stdout] 3 + use growthbook_sdk_rust::client::GrowthBookClient;
[INFO] [stdout]   |
[INFO] [stdout] 
[INFO] [stdout] 
[INFO] [stdout] error[E0433]: cannot find module or crate `growthbook_rust_sdk` in this scope
[INFO] [stdout]  --> tests/commons.rs:3:5
[INFO] [stdout]   |
[INFO] [stdout] 3 | use growthbook_rust_sdk::client::GrowthBookClient;
[INFO] [stdout]   |     ^^^^^^^^^^^^^^^^^^^ use of unresolved module or unlinked crate `growthbook_rust_sdk`
[INFO] [stdout]   |
[INFO] [stdout] help: there is a crate or module with a similar name
[INFO] [stdout]   |
[INFO] [stdout] 3 - use growthbook_rust_sdk::client::GrowthBookClient;
[INFO] [stdout] 3 + use growthbook_sdk_rust::client::GrowthBookClient;
[INFO] [stdout]   |
[INFO] [stdout] 
[INFO] [stdout] 
[INFO] [stdout] error[E0433]: cannot find module or crate `growthbook_rust_sdk` in this scope
[INFO] [stdout]  --> tests/is_on_rule_force.rs:5:9
[INFO] [stdout]   |
[INFO] [stdout] 5 |     use growthbook_rust_sdk::model_public::GrowthBookAttribute;
[INFO] [stdout]   |         ^^^^^^^^^^^^^^^^^^^ use of unresolved module or unlinked crate `growthbook_rust_sdk`
[INFO] [stdout]   |
[INFO] [stdout] help: there is a crate or module with a similar name
[INFO] [stdout]   |
[INFO] [stdout] 5 -     use growthbook_rust_sdk::model_public::GrowthBookAttribute;
[INFO] [stdout] 5 +     use growthbook_sdk_rust::model_public::GrowthBookAttribute;
[INFO] [stdout]   |
[INFO] [stdout] 
[INFO] [stdout] 
[INFO] [stdout] error[E0433]: cannot find module or crate `growthbook_rust_sdk` in this scope
[INFO] [stdout]  --> tests/commons.rs:3:5
[INFO] [stdout]   |
[INFO] [stdout] 3 | use growthbook_rust_sdk::client::GrowthBookClient;
[INFO] [stdout]   |     ^^^^^^^^^^^^^^^^^^^ use of unresolved module or unlinked crate `growthbook_rust_sdk`
[INFO] [stdout]   |
[INFO] [stdout] help: there is a crate or module with a similar name
[INFO] [stdout]   |
[INFO] [stdout] 3 - use growthbook_rust_sdk::client::GrowthBookClient;
[INFO] [stdout] 3 + use growthbook_sdk_rust::client::GrowthBookClient;
[INFO] [stdout]   |
[INFO] [stdout] 
[INFO] [stdout] 
[INFO] [stdout] error[E0433]: cannot find module or crate `growthbook_rust_sdk` in this scope
[INFO] [stdout]  --> tests/is_on_condition_multiple_strings.rs:5:9
[INFO] [stdout]   |
[INFO] [stdout] 5 |     use growthbook_rust_sdk::model_public::GrowthBookAttribute;
[INFO] [stdout]   |         ^^^^^^^^^^^^^^^^^^^ use of unresolved module or unlinked crate `growthbook_rust_sdk`
[INFO] [stdout]   |
[INFO] [stdout] help: there is a crate or module with a similar name
[INFO] [stdout]   |
[INFO] [stdout] 5 -     use growthbook_rust_sdk::model_public::GrowthBookAttribute;
[INFO] [stdout] 5 +     use growthbook_sdk_rust::model_public::GrowthBookAttribute;
[INFO] [stdout]   |
[INFO] [stdout] 
[INFO] [stdout] 
[INFO] [stdout] error[E0433]: cannot find module or crate `growthbook_rust_sdk` in this scope
[INFO] [stdout]  --> tests/commons.rs:3:5
[INFO] [stdout]   |
[INFO] [stdout] 3 | use growthbook_rust_sdk::client::GrowthBookClient;
[INFO] [stdout]   |     ^^^^^^^^^^^^^^^^^^^ use of unresolved module or unlinked crate `growthbook_rust_sdk`
[INFO] [stdout]   |
[INFO] [stdout] help: there is a crate or module with a similar name
[INFO] [stdout]   |
[INFO] [stdout] 3 - use growthbook_rust_sdk::client::GrowthBookClient;
[INFO] [stdout] 3 + use growthbook_sdk_rust::client::GrowthBookClient;
[INFO] [stdout]   |
[INFO] [stdout] 
[INFO] [stdout] 
[INFO] [stdout] error[E0433]: cannot find module or crate `growthbook_rust_sdk` in this scope
[INFO] [stdout]  --> tests/is_on_condition_elem_match_eq.rs:5:9
[INFO] [stdout]   |
[INFO] [stdout] 5 |     use growthbook_rust_sdk::model_public::GrowthBookAttribute;
[INFO] [stdout]   |         ^^^^^^^^^^^^^^^^^^^ use of unresolved module or unlinked crate `growthbook_rust_sdk`
[INFO] [stdout]   |
[INFO] [stdout] help: there is a crate or module with a similar name
[INFO] [stdout]   |
[INFO] [stdout] 5 -     use growthbook_rust_sdk::model_public::GrowthBookAttribute;
[INFO] [stdout] 5 +     use growthbook_sdk_rust::model_public::GrowthBookAttribute;
[INFO] [stdout]   |
[INFO] [stdout] 
[INFO] [stdout] 
[INFO] [stdout] For more information about this error, try `rustc --explain E0433`.
[INFO] [stdout] 
[INFO] [stderr] error: could not compile `growthbook-sdk-rust` (test "is_on_condition_gt") due to 2 previous errors
[INFO] [stderr] warning: build failed, waiting for other jobs to finish...
[INFO] [stdout] For more information about this error, try `rustc --explain E0433`.
[INFO] [stdout] 
[INFO] [stderr] error: could not compile `growthbook-sdk-rust` (test "is_on_condition_multiple_strings") due to 2 previous errors
[INFO] [stdout] warning: method call on a diverging inference variable
[INFO] [stdout]   --> tests/update_features_worker.rs:63:35
[INFO] [stdout]    |
[INFO] [stdout] 63 |         let first_result = client.is_on("new_feature", None);
[INFO] [stdout]    |                                   ^^^^^
[INFO] [stdout]    |
[INFO] [stdout]    = help: consider providing a type annotation
[INFO] [stdout]    = warning: this was previously accepted by the compiler but is being phased out; it will become a hard error in a future release!
[INFO] [stdout]    = note: for more information, see issue #156047 <https://github.com/rust-lang/rust/issues/156047>
[INFO] [stdout]    = note: `#[warn(method_call_on_diverging_infer_var)]` (part of `#[warn(future_incompatible)]`) on by default
[INFO] [stdout] 
[INFO] [stdout] 
[INFO] [stdout] For more information about this error, try `rustc --explain E0433`.
[INFO] [stdout] 
[INFO] [stderr] error: could not compile `growthbook-sdk-rust` (test "is_on_condition_lt") due to 2 previous errors
[INFO] [stdout] For more information about this error, try `rustc --explain E0433`.
[INFO] [stdout] 
[INFO] [stderr] error: could not compile `growthbook-sdk-rust` (test "get_string_value") due to 1 previous error
[INFO] [stdout] For more information about this error, try `rustc --explain E0433`.
[INFO] [stdout] 
[INFO] [stdout] error[E0599]: no method named `is_on` found for type `!` in the current scope
[INFO] [stdout]   --> tests/update_features_worker.rs:63:35
[INFO] [stdout]    |
[INFO] [stdout] 63 |         let first_result = client.is_on("new_feature", None);
[INFO] [stdout]    |                                   ^^^^^ method not found in `!`
[INFO] [stdout] 
[INFO] [stdout] 
[INFO] [stderr] error: could not compile `growthbook-sdk-rust` (test "is_on_rule_rollout") due to 2 previous errors
[INFO] [stdout] For more information about this error, try `rustc --explain E0433`.
[INFO] [stdout] 
[INFO] [stderr] error: could not compile `growthbook-sdk-rust` (test "is_on_condition_regex") due to 2 previous errors
[INFO] [stdout] error[E0599]: no method named `is_on` found for type `!` in the current scope
[INFO] [stdout]   --> tests/update_features_worker.rs:68:29
[INFO] [stdout]    |
[INFO] [stdout] 68 |         let result = client.is_on("another_feature", None);
[INFO] [stdout]    |                             ^^^^^ method not found in `!`
[INFO] [stdout] 
[INFO] [stdout] 
[INFO] [stdout] warning: unreachable expression
[INFO] [stdout]   --> tests/update_features_worker.rs:68:35
[INFO] [stdout]    |
[INFO] [stdout] 68 |         let result = client.is_on("another_feature", None);
[INFO] [stdout]    |                      ------       ^^^^^^^^^^^^^^^^^ unreachable expression
[INFO] [stdout]    |                      |
[INFO] [stdout]    |                      any code following this expression is unreachable
[INFO] [stdout]    |
[INFO] [stdout]    = note: `#[warn(unreachable_code)]` (part of `#[warn(unused)]`) on by default
[INFO] [stdout] 
[INFO] [stdout] 
[INFO] [stdout] For more information about this error, try `rustc --explain E0433`.
[INFO] [stdout] 
[INFO] [stdout] For more information about this error, try `rustc --explain E0433`.
[INFO] [stdout] 
[INFO] [stderr] error: could not compile `growthbook-sdk-rust` (test "feature_result_rule_experiment") due to 2 previous errors
[INFO] [stderr] error: could not compile `growthbook-sdk-rust` (test "is_on_condition_gte") due to 2 previous errors
[INFO] [stdout] For more information about this error, try `rustc --explain E0433`.
[INFO] [stdout] 
[INFO] [stderr] error: could not compile `growthbook-sdk-rust` (test "is_on_condition_lte") due to 2 previous errors
[INFO] [stdout] For more information about this error, try `rustc --explain E0433`.
[INFO] [stdout] 
[INFO] [stderr] error: could not compile `growthbook-sdk-rust` (test "is_on_condition_not_elem_match_eq") due to 2 previous errors
[INFO] [stdout] Some errors have detailed explanations: E0433, E0599.
[INFO] [stdout] 
[INFO] [stdout] For more information about an error, try `rustc --explain E0433`.
[INFO] [stdout] 
[INFO] [stdout] For more information about this error, try `rustc --explain E0433`.
[INFO] [stdout] 
[INFO] [stdout] For more information about this error, try `rustc --explain E0433`.
[INFO] [stdout] 
[INFO] [stderr] error: could not compile `growthbook-sdk-rust` (test "is_on_condition_elem_match_eq") due to 2 previous errors
[INFO] [stderr] error: could not compile `growthbook-sdk-rust` (test "update_features_worker") due to 4 previous errors; 3 warnings emitted
[INFO] [stderr] error: could not compile `growthbook-sdk-rust` (test "is_on_rule_experiment") due to 2 previous errors
[INFO] [stdout] For more information about this error, try `rustc --explain E0433`.
[INFO] [stdout] 
[INFO] [stderr] error: could not compile `growthbook-sdk-rust` (test "get_object_value") due to 1 previous error
[INFO] [stdout] For more information about this error, try `rustc --explain E0433`.
[INFO] [stdout] 
[INFO] [stderr] error: could not compile `growthbook-sdk-rust` (test "is_on_rule_force") due to 2 previous errors
[INFO] running `Command { std: "docker" "inspect" "efc1e516d26604631a14976c895872e89492e3c9e390f57e3eeac09c5998d0c8", kill_on_drop: false }`
[INFO] running `Command { std: "docker" "rm" "-f" "efc1e516d26604631a14976c895872e89492e3c9e390f57e3eeac09c5998d0c8", kill_on_drop: false }`
[INFO] [stdout] efc1e516d26604631a14976c895872e89492e3c9e390f57e3eeac09c5998d0c8
