[INFO] fetching crate greenthread-future 0.1.0...
[INFO] testing greenthread-future-0.1.0 against 1.100.0-beta.1+cargoflags=--release for beta-release-1.100-2
[INFO] extracting crate greenthread-future 0.1.0 into /workspace/builds/worker-1-tc2/source
[INFO] removed /workspace/builds/worker-1-tc2/source/rust-toolchain
[INFO] started tweaking crates.io crate greenthread-future 0.1.0
[INFO] finished tweaking crates.io crate greenthread-future 0.1.0
[INFO] tweaked toml for crates.io crate greenthread-future 0.1.0 written to /workspace/builds/worker-1-tc2/source/Cargo.toml
[INFO] validating manifest of crates.io crate greenthread-future 0.1.0 on toolchain 1.100.0-beta.1
[INFO] running `Command { std: CARGO_HOME="/workspace/cargo-home" RUSTUP_HOME="/workspace/rustup-home" "/workspace/cargo-home/bin/cargo" "+1.100.0-beta.1" "metadata" "--manifest-path" "Cargo.toml" "--no-deps", kill_on_drop: false }`
[INFO] running `Command { std: CARGO_HOME="/workspace/cargo-home" RUSTUP_HOME="/workspace/rustup-home" "/workspace/cargo-home/bin/cargo" "+1.100.0-beta.1" "generate-lockfile" "--manifest-path" "Cargo.toml", kill_on_drop: false }`
[INFO] [stderr]     Updating crates.io index
[INFO] [stderr]      Locking 12 packages to highest compatible versions
[INFO] [stderr]       Adding tokio v0.2.25 (available: v1.53.3)
[INFO] running `Command { std: CARGO_HOME="/workspace/cargo-home" RUSTUP_HOME="/workspace/rustup-home" "/workspace/cargo-home/bin/cargo" "+1.100.0-beta.1" "fetch" "--manifest-path" "Cargo.toml", kill_on_drop: false }`
[INFO] [stderr] warning: `package.homepage` is redundant with `package.repository`
[INFO] [stderr]   --> Cargo.toml:16:12
[INFO] [stderr]    |
[INFO] [stderr] 16 | homepage = "https://github.com/wangrunji0408/greenthread-future-rs"
[INFO] [stderr]    |            ^^^^^^^^^^^^^^^^^^^^^^^^^^^^^^^^^^^^^^^^^^^^^^^^^^^^^^^^
[INFO] [stderr] ...
[INFO] [stderr] 21 | repository = "https://github.com/wangrunji0408/greenthread-future-rs"
[INFO] [stderr]    |              --------------------------------------------------------
[INFO] [stderr]    |
[INFO] [stderr]    = note: `cargo::redundant_homepage` is set to `warn` by default
[INFO] [stderr] help: consider removing `package.homepage`
[INFO] [stderr] warning: `greenthread-future` (manifest) generated 1 warning
[INFO] running `Command { std: "docker" "create" "-v" "/var/lib/crater-agent-workspace/builds/worker-1-tc2/source:/opt/rustwide/workdir:ro,Z" "-v" "/var/lib/crater-agent-workspace/builds/worker-1-tc2/target:/opt/rustwide/target:rw,Z" "-v" "/var/lib/crater-agent-workspace/cargo-home:/opt/rustwide/cargo-home:ro,Z" "-v" "/var/lib/crater-agent-workspace/rustup-home:/opt/rustwide/rustup-home:ro,Z" "-m" "1610612736" "--network" "none" "ghcr.io/rust-lang/crates-build-env/linux@sha256:77db811e55d90add9212f6832c23229e3de5f1c1f9905e8cb07319ea15df73ac" "sleep" "infinity", kill_on_drop: false }`
[INFO] [stdout] 3db412c5644be04a48713dc80effbf2e9e5a9810a1cba771576acbfb56e95ece
[INFO] running `Command { std: "docker" "start" "3db412c5644be04a48713dc80effbf2e9e5a9810a1cba771576acbfb56e95ece", kill_on_drop: false }`
[INFO] running `Command { std: "docker" "inspect" "3db412c5644be04a48713dc80effbf2e9e5a9810a1cba771576acbfb56e95ece", kill_on_drop: false }`
[INFO] running `Command { std: "docker" "exec" "-e" "SOURCE_DIR=/opt/rustwide/workdir" "-e" "CARGO_HOME=/opt/rustwide/cargo-home" "-e" "RUSTUP_HOME=/opt/rustwide/rustup-home" "-e" "CARGO_TARGET_DIR=/opt/rustwide/target" "-w" "/opt/rustwide/workdir" "--user" "0:0" "3db412c5644be04a48713dc80effbf2e9e5a9810a1cba771576acbfb56e95ece" "/opt/rustwide/cargo-home/bin/cargo" "+1.100.0-beta.1" "metadata" "--no-deps" "--format-version=1", kill_on_drop: false }`
[INFO] running `Command { std: "docker" "inspect" "3db412c5644be04a48713dc80effbf2e9e5a9810a1cba771576acbfb56e95ece", kill_on_drop: false }`
[INFO] running `Command { std: "docker" "exec" "-e" "SOURCE_DIR=/opt/rustwide/workdir" "-e" "CARGO_HOME=/opt/rustwide/cargo-home" "-e" "RUSTUP_HOME=/opt/rustwide/rustup-home" "-e" "CARGO_TARGET_DIR=/opt/rustwide/target" "-e" "CARGO_INCREMENTAL=0" "-e" "RUST_BACKTRACE=full" "-e" "RUSTFLAGS=--cap-lints=warn" "-e" "RUSTDOCFLAGS=--cap-lints=warn" "-w" "/opt/rustwide/workdir" "--user" "0:0" "3db412c5644be04a48713dc80effbf2e9e5a9810a1cba771576acbfb56e95ece" "/opt/rustwide/cargo-home/bin/cargo" "+1.100.0-beta.1" "build" "--frozen" "--message-format=json" "--release", kill_on_drop: false }`
[INFO] [stderr] warning: `package.homepage` is redundant with `package.repository`
[INFO] [stderr]   --> Cargo.toml:16:12
[INFO] [stderr]    |
[INFO] [stderr] 16 | homepage = "https://github.com/wangrunji0408/greenthread-future-rs"
[INFO] [stderr]    |            ^^^^^^^^^^^^^^^^^^^^^^^^^^^^^^^^^^^^^^^^^^^^^^^^^^^^^^^^
[INFO] [stderr] ...
[INFO] [stderr] 21 | repository = "https://github.com/wangrunji0408/greenthread-future-rs"
[INFO] [stderr]    |              --------------------------------------------------------
[INFO] [stderr]    |
[INFO] [stderr]    = note: `cargo::redundant_homepage` is set to `warn` by default
[INFO] [stderr] help: consider removing `package.homepage`
[INFO] [stderr] warning: `greenthread-future` (manifest) generated 1 warning
[INFO] [stderr]    Compiling greenthread-future v0.1.0 (/opt/rustwide/workdir)
[INFO] [stdout] error[E0557]: feature has been removed
[INFO] [stdout]  --> src/lib.rs:6:12
[INFO] [stdout]   |
[INFO] [stdout] 6 | #![feature(untagged_unions)]
[INFO] [stdout]   |            ^^^^^^^^^^^^^^^ feature has been removed
[INFO] [stdout]   |
[INFO] [stdout]   = note: removed in 1.64.0; see <https://github.com/rust-lang/rust/pull/97995> for more information
[INFO] [stdout]   = note: unions with `Copy` and `ManuallyDrop` fields are stable; there is no intent to stabilize more
[INFO] [stdout] 
[INFO] [stdout] 
[INFO] [stdout] error: cannot find macro `asm` in this scope
[INFO] [stdout]   --> src/lib.rs:51:9
[INFO] [stdout]    |
[INFO] [stdout] 51 |         asm!("" : "={rsp}"(rsp));
[INFO] [stdout]    |         ^^^
[INFO] [stdout]    |
[INFO] [stdout] help: consider importing this macro
[INFO] [stdout]    |
[INFO] [stdout]  9 + use core::arch::asm;
[INFO] [stdout]    |
[INFO] [stdout] 
[INFO] [stdout] 
[INFO] [stdout] error: cannot find macro `asm` in this scope
[INFO] [stdout]   --> src/lib.rs:98:9
[INFO] [stdout]    |
[INFO] [stdout] 98 |         asm!(r#"
[INFO] [stdout]    |         ^^^
[INFO] [stdout]    |
[INFO] [stdout] help: consider importing this macro
[INFO] [stdout]    |
[INFO] [stdout]  9 + use core::arch::asm;
[INFO] [stdout]    |
[INFO] [stdout] 
[INFO] [stdout] 
[INFO] [stdout] error[E0554]: `#![feature]` may not be used on the beta release channel
[INFO] [stdout]  --> src/lib.rs:4:1
[INFO] [stdout]   |
[INFO] [stdout] 4 | #![feature(asm)]
[INFO] [stdout]   | ^^^^^^^^^^^^^^^^
[INFO] [stdout]   |
[INFO] [stdout]   = help: the feature `naked_functions` has been stable since `1.88.0` and no longer requires an attribute to enable
[INFO] [stdout] 
[INFO] [stdout] 
[INFO] [stdout] error: unsafe attribute used without unsafe
[INFO] [stdout]   --> src/lib.rs:95:7
[INFO] [stdout]    |
[INFO] [stdout] 95 |     #[naked]
[INFO] [stdout]    |       ^^^^^ usage of unsafe attribute
[INFO] [stdout]    |
[INFO] [stdout] help: wrap the attribute in `unsafe(...)`
[INFO] [stdout]    |
[INFO] [stdout] 95 |     #[unsafe(naked)]
[INFO] [stdout]    |       +++++++     +
[INFO] [stdout] 
[INFO] [stdout] 
[INFO] [stdout] error[E0736]: attribute incompatible with `#[unsafe(naked)]`
[INFO] [stdout]   --> src/lib.rs:96:7
[INFO] [stdout]    |
[INFO] [stdout] 95 |     #[naked]
[INFO] [stdout]    |     -------- function marked with `#[unsafe(naked)]` here
[INFO] [stdout] 96 |     #[inline(never)]
[INFO] [stdout]    |       ^^^^^^ the `inline` attribute is incompatible with `#[unsafe(naked)]`
[INFO] [stdout] 
[INFO] [stdout] 
[INFO] [stdout] warning: the feature `naked_functions` has been stable since 1.88.0 and no longer requires an attribute to enable
[INFO] [stdout]  --> src/lib.rs:5:12
[INFO] [stdout]   |
[INFO] [stdout] 5 | #![feature(naked_functions)]
[INFO] [stdout]   |            ^^^^^^^^^^^^^^^
[INFO] [stdout]   |
[INFO] [stdout] note: the lint level is defined here
[INFO] [stdout]  --> src/lib.rs:7:9
[INFO] [stdout]   |
[INFO] [stdout] 7 | #![deny(warnings)]
[INFO] [stdout]   |         ^^^^^^^^
[INFO] [stdout]   = note: `#[warn(stable_features)]` implied by `#[warn(warnings)]`
[INFO] [stdout] 
[INFO] [stdout] 
[INFO] [stdout] warning: the feature `asm` has been stable since 1.59.0 and no longer requires an attribute to enable
[INFO] [stdout]  --> src/lib.rs:4:12
[INFO] [stdout]   |
[INFO] [stdout] 4 | #![feature(asm)]
[INFO] [stdout]   |            ^^^
[INFO] [stdout] 
[INFO] [stdout] 
[INFO] [stdout] Some errors have detailed explanations: E0554, E0557, E0736.
[INFO] [stdout] 
[INFO] [stdout] For more information about an error, try `rustc --explain E0554`.
[INFO] [stdout] 
[INFO] [stderr] error: could not compile `greenthread-future` (lib) due to 6 previous errors; 2 warnings emitted
[INFO] running `Command { std: "docker" "inspect" "3db412c5644be04a48713dc80effbf2e9e5a9810a1cba771576acbfb56e95ece", kill_on_drop: false }`
[INFO] running `Command { std: "docker" "rm" "-f" "3db412c5644be04a48713dc80effbf2e9e5a9810a1cba771576acbfb56e95ece", kill_on_drop: false }`
[INFO] [stdout] 3db412c5644be04a48713dc80effbf2e9e5a9810a1cba771576acbfb56e95ece
