[INFO] fetching crate greenglas 0.3.0...
[INFO] testing greenglas-0.3.0 against 1.99.0-beta.8+cargoflags=--release for beta-release-1.100-2
[INFO] extracting crate greenglas 0.3.0 into /workspace/builds/worker-7-tc1/source
[INFO] started tweaking crates.io crate greenglas 0.3.0
[INFO] finished tweaking crates.io crate greenglas 0.3.0
[INFO] tweaked toml for crates.io crate greenglas 0.3.0 written to /workspace/builds/worker-7-tc1/source/Cargo.toml
[INFO] validating manifest of crates.io crate greenglas 0.3.0 on toolchain 1.99.0-beta.8
[INFO] running `Command { std: CARGO_HOME="/workspace/cargo-home" RUSTUP_HOME="/workspace/rustup-home" "/workspace/cargo-home/bin/cargo" "+1.99.0-beta.8" "metadata" "--manifest-path" "Cargo.toml" "--no-deps", kill_on_drop: false }`
[INFO] running `Command { std: CARGO_HOME="/workspace/cargo-home" RUSTUP_HOME="/workspace/rustup-home" "/workspace/cargo-home/bin/cargo" "+1.99.0-beta.8" "generate-lockfile" "--manifest-path" "Cargo.toml", kill_on_drop: false }`
[INFO] [stderr]     Blocking waiting for file lock on package cache
[INFO] [stderr]     Updating crates.io index
[INFO] [stderr]      Locking 52 packages to highest compatible versions
[INFO] [stderr]       Adding image v0.23.12 (available: v0.23.14)
[INFO] running `Command { std: CARGO_HOME="/workspace/cargo-home" RUSTUP_HOME="/workspace/rustup-home" "/workspace/cargo-home/bin/cargo" "+1.99.0-beta.8" "fetch" "--manifest-path" "Cargo.toml", kill_on_drop: false }`
[INFO] [stderr]  Downloading crates ...
[INFO] [stderr]   Downloaded modifier v0.1.0
[INFO] [stderr]   Downloaded rcublas v0.6.0
[INFO] [stderr]   Downloaded enum_primitive v0.1.1
[INFO] [stderr]   Downloaded rcublas-sys v0.5.0
[INFO] [stderr]   Downloaded rcudnn v1.8.0
[INFO] [stderr]   Downloaded image v0.23.12
[INFO] [stderr]   Downloaded coaster v0.2.0
[INFO] [stderr]   Downloaded rcudnn-sys v0.5.0
[INFO] [stderr]   Downloaded gif v0.11.4
[INFO] running `Command { std: "docker" "create" "-v" "/var/lib/crater-agent-workspace/builds/worker-7-tc1/source:/opt/rustwide/workdir:ro,Z" "-v" "/var/lib/crater-agent-workspace/builds/worker-7-tc1/target:/opt/rustwide/target:rw,Z" "-v" "/var/lib/crater-agent-workspace/cargo-home:/opt/rustwide/cargo-home:ro,Z" "-v" "/var/lib/crater-agent-workspace/rustup-home:/opt/rustwide/rustup-home:ro,Z" "-m" "1610612736" "--network" "none" "ghcr.io/rust-lang/crates-build-env/linux@sha256:77db811e55d90add9212f6832c23229e3de5f1c1f9905e8cb07319ea15df73ac" "sleep" "infinity", kill_on_drop: false }`
[INFO] [stdout] d7d9d3cb28bce94f285f79da8c1e594f28e7855a0f7f9785da306b21f80c8aed
[INFO] running `Command { std: "docker" "start" "d7d9d3cb28bce94f285f79da8c1e594f28e7855a0f7f9785da306b21f80c8aed", kill_on_drop: false }`
[INFO] running `Command { std: "docker" "inspect" "d7d9d3cb28bce94f285f79da8c1e594f28e7855a0f7f9785da306b21f80c8aed", kill_on_drop: false }`
[INFO] running `Command { std: "docker" "exec" "-e" "SOURCE_DIR=/opt/rustwide/workdir" "-e" "CARGO_HOME=/opt/rustwide/cargo-home" "-e" "RUSTUP_HOME=/opt/rustwide/rustup-home" "-e" "CARGO_TARGET_DIR=/opt/rustwide/target" "-w" "/opt/rustwide/workdir" "--user" "0:0" "d7d9d3cb28bce94f285f79da8c1e594f28e7855a0f7f9785da306b21f80c8aed" "/opt/rustwide/cargo-home/bin/cargo" "+1.99.0-beta.8" "metadata" "--no-deps" "--format-version=1", kill_on_drop: false }`
[INFO] running `Command { std: "docker" "inspect" "d7d9d3cb28bce94f285f79da8c1e594f28e7855a0f7f9785da306b21f80c8aed", kill_on_drop: false }`
[INFO] running `Command { std: "docker" "exec" "-e" "SOURCE_DIR=/opt/rustwide/workdir" "-e" "CARGO_HOME=/opt/rustwide/cargo-home" "-e" "RUSTUP_HOME=/opt/rustwide/rustup-home" "-e" "CARGO_TARGET_DIR=/opt/rustwide/target" "-e" "CARGO_INCREMENTAL=0" "-e" "RUST_BACKTRACE=full" "-e" "RUSTFLAGS=--cap-lints=warn" "-e" "RUSTDOCFLAGS=--cap-lints=warn" "-w" "/opt/rustwide/workdir" "--user" "0:0" "d7d9d3cb28bce94f285f79da8c1e594f28e7855a0f7f9785da306b21f80c8aed" "/opt/rustwide/cargo-home/bin/cargo" "+1.99.0-beta.8" "build" "--frozen" "--message-format=json" "--release", kill_on_drop: false }`
[INFO] [stderr]    Compiling syn v2.0.119
[INFO] [stderr]    Compiling num-bigint v0.4.8
[INFO] [stderr]    Compiling num-iter v0.1.46
[INFO] [stderr]    Compiling rcublas-sys v0.5.0
[INFO] [stderr]    Compiling rcudnn-sys v0.5.0
[INFO] [stderr]    Compiling miniz_oxide v0.4.4
[INFO] [stderr]    Compiling adler32 v1.2.0
[INFO] [stderr]    Compiling num-complex v0.4.6
[INFO] [stderr]    Compiling num-rational v0.3.2
[INFO] [stderr]    Compiling adler v1.0.2
[INFO] [stderr]    Compiling num-traits v0.1.43
[INFO] [stderr]    Compiling jpeg-decoder v0.1.22
[INFO] [stderr]    Compiling gif v0.11.4
[INFO] [stderr]    Compiling scoped_threadpool v0.1.9
[INFO] [stderr]    Compiling bytemuck v1.25.2
[INFO] [stderr]    Compiling murmurhash3 v0.0.5
[INFO] [stderr]    Compiling miniz_oxide v0.3.7
[INFO] [stderr]    Compiling deflate v0.8.6
[INFO] [stderr]    Compiling enum_primitive v0.1.1
[INFO] [stderr]    Compiling modifier v0.1.0
[INFO] [stderr]    Compiling png v0.16.8
[INFO] [stderr]    Compiling tiff v0.6.1
[INFO] [stderr]    Compiling image v0.23.12
[INFO] [stderr]    Compiling num-rational v0.4.2
[INFO] [stderr]    Compiling num v0.4.3
[INFO] [stderr]    Compiling thiserror-impl v1.0.69
[INFO] [stderr]    Compiling thiserror v1.0.69
[INFO] [stderr]    Compiling rcudnn v1.8.0
[INFO] [stderr]    Compiling rcublas v0.6.0
[INFO] [stderr]    Compiling coaster v0.2.0
[INFO] [stderr]    Compiling greenglas v0.3.0 (/opt/rustwide/workdir)
[INFO] [stderr]     Finished `release` profile [optimized] target(s) in 25.22s
[INFO] running `Command { std: "docker" "inspect" "d7d9d3cb28bce94f285f79da8c1e594f28e7855a0f7f9785da306b21f80c8aed", kill_on_drop: false }`
[INFO] running `Command { std: "docker" "exec" "-e" "SOURCE_DIR=/opt/rustwide/workdir" "-e" "CARGO_HOME=/opt/rustwide/cargo-home" "-e" "RUSTUP_HOME=/opt/rustwide/rustup-home" "-e" "CARGO_TARGET_DIR=/opt/rustwide/target" "-e" "CARGO_INCREMENTAL=0" "-e" "RUST_BACKTRACE=full" "-e" "RUSTFLAGS=--cap-lints=warn" "-e" "RUSTDOCFLAGS=--cap-lints=warn" "-w" "/opt/rustwide/workdir" "--user" "0:0" "d7d9d3cb28bce94f285f79da8c1e594f28e7855a0f7f9785da306b21f80c8aed" "/opt/rustwide/cargo-home/bin/cargo" "+1.99.0-beta.8" "test" "--frozen" "--no-run" "--message-format=json" "--release", kill_on_drop: false }`
[INFO] [stderr]    Compiling greenglas v0.3.0 (/opt/rustwide/workdir)
[INFO] [stderr] error: could not compile `greenglas` (lib test) due to 1 previous error
[INFO] [stdout] error: linking with `cc` failed: exit status: 1
[INFO] [stdout]   |
[INFO] [stdout]   = note:  "cc" "-m64" "/opt/rustwide/target/release/deps/rustc2R77A6/symbols.o" "<2 object files omitted>" "-Wl,--as-needed" "-Wl,-Bstatic" "<sysroot>/lib/rustlib/x86_64-unknown-linux-gnu/lib/{libtest-*,libgetopts-*,librustc_std_workspace_std-*}.rlib" "/opt/rustwide/target/release/deps/{libmodifier-4ed66a54f4443e56,libmurmurhash3-94726ea7bc1abafc,libimage-29f89217ccc0d269,libbytemuck-f9c7332aedb9e09f,libpng-c22fd93a528825d9,libminiz_oxide-e29de0a0406168ba,libcrc32fast-1d893af413bfc913,libcfg_if-aebc73b2fc35ea49,libdeflate-9e409ad9ed442148,libadler32-048832263efdfe96,libscoped_threadpool-ff740bda07dcd259,libnum_rational-08f725440b3a438e,libgif-b601a78a16857eae,libcolor_quant-9e2536de46fec9df,libtiff-10070d03ebd32a4e,libweezl-573094d67e63c5af,libminiz_oxide-11c20a55f199f089,libadler-f334a75a447e9ef2,libjpeg_decoder-ac65cf8426c8c53e,librayon-94f852b105df48b1,librayon_core-bab21ae090daaef7,libcrossbeam_deque-ac8078006dde899d,libcrossbeam_epoch-7420e210a99d3865,libcrossbeam_utils-8cf2abe19b635897,libeither-45ce052f19b3c455,libcoaster-f71f70424f58fc56,librcudnn-dbbdc705cc454848,librcudnn_sys-4143c542975a0656,librcublas-6ab7ba28d0b20691,libthiserror-f6159b61ae3c4a67,liblog-3c55b5043a18cee7,librcublas_sys-9ef4c8009a23077b,libnum-a1c969935d1af89d,libnum_iter-fe97ba46a2ffa7f6,libnum_rational-41ffb07d962a1253,libnum_complex-a646e27c1e6e484e,libnum_bigint-48ea14aeb3f1e38c,libnum_integer-b0ca112c8cdb7d0c,libbyteorder-612182941aaee0f7,liblibc-a0a6e54f1566fa83,liblazy_static-149e86038c126fb0,libenum_primitive-7ca589a569f9801c,libnum_traits-baf4fb29afb1bbf3,libnum_traits-e3a070e9a3cdac24,libbitflags-68973b8086863992}.rlib" "<sysroot>/lib/rustlib/x86_64-unknown-linux-gnu/lib/{libstd-*,libpanic_unwind-*,libobject-*,libmemchr-*,libaddr2line-*,libgimli-*,libcfg_if-*,librustc_demangle-*,libstd_detect-*,libhashbrown-*,librustc_std_workspace_alloc-*,libminiz_oxide-*,libadler2-*,libunwind-*,liblibc-*,librustc_std_workspace_core-*,liballoc-*,libcore-*,libcompiler_builtins-*}.rlib" "-Wl,-Bdynamic" "-lcuda" "-lcudnn" "-lcudart" "-lcuda" "-lcublas" "-lgcc_s" "-lutil" "-lrt" "-lpthread" "-lm" "-ldl" "-lc" "-L" "/opt/rustwide/target/release/deps/rustc2R77A6/raw-dylibs" "-B<sysroot>/lib/rustlib/x86_64-unknown-linux-gnu/bin/gcc-ld" "-fuse-ld=lld" "-Wl,--eh-frame-hdr" "-Wl,-z,noexecstack" "-L" "<sysroot>/lib/rustlib/x86_64-unknown-linux-gnu/lib" "-o" "/opt/rustwide/target/release/deps/greenglas-837c43be113a1340" "-Wl,--gc-sections" "-pie" "-Wl,-z,relro,-z,now" "-Wl,-O1" "-Wl,--strip-debug" "-nodefaultlibs"
[INFO] [stdout]   = note: some arguments are omitted. use `--verbose` to show all linker arguments
[INFO] [stdout]   = note: rust-lld: error: unable to find library -lcuda
[INFO] [stdout]           rust-lld: error: unable to find library -lcudnn
[INFO] [stdout]           rust-lld: error: unable to find library -lcudart
[INFO] [stdout]           rust-lld: error: unable to find library -lcuda
[INFO] [stdout]           rust-lld: error: unable to find library -lcublas
[INFO] [stdout]           collect2: error: ld returned 1 exit status
[INFO] [stdout]           
[INFO] [stdout] 
[INFO] [stdout] 
[INFO] [stderr] warning: build failed, waiting for other jobs to finish...
[INFO] [stdout] error: linking with `cc` failed: exit status: 1
[INFO] [stdout]   |
[INFO] [stdout]   = note:  "cc" "-m64" "/opt/rustwide/target/release/deps/rustcNkfcdg/symbols.o" "<2 object files omitted>" "-Wl,--as-needed" "-Wl,-Bstatic" "<sysroot>/lib/rustlib/x86_64-unknown-linux-gnu/lib/{libtest-*,libgetopts-*,librustc_std_workspace_std-*}.rlib" "/opt/rustwide/target/release/deps/{libgreenglas-23e210a19987dcfd,libmodifier-4ed66a54f4443e56,libmurmurhash3-94726ea7bc1abafc,libimage-29f89217ccc0d269,libbytemuck-f9c7332aedb9e09f,libpng-c22fd93a528825d9,libminiz_oxide-e29de0a0406168ba,libcrc32fast-1d893af413bfc913,libcfg_if-aebc73b2fc35ea49,libdeflate-9e409ad9ed442148,libadler32-048832263efdfe96,libscoped_threadpool-ff740bda07dcd259,libnum_rational-08f725440b3a438e,libgif-b601a78a16857eae,libcolor_quant-9e2536de46fec9df,libtiff-10070d03ebd32a4e,libweezl-573094d67e63c5af,libminiz_oxide-11c20a55f199f089,libadler-f334a75a447e9ef2,libjpeg_decoder-ac65cf8426c8c53e,librayon-94f852b105df48b1,librayon_core-bab21ae090daaef7,libcrossbeam_deque-ac8078006dde899d,libcrossbeam_epoch-7420e210a99d3865,libcrossbeam_utils-8cf2abe19b635897,libeither-45ce052f19b3c455,libcoaster-f71f70424f58fc56,librcudnn-dbbdc705cc454848,librcudnn_sys-4143c542975a0656,librcublas-6ab7ba28d0b20691,libthiserror-f6159b61ae3c4a67,liblog-3c55b5043a18cee7,librcublas_sys-9ef4c8009a23077b,libnum-a1c969935d1af89d,libnum_iter-fe97ba46a2ffa7f6,libnum_rational-41ffb07d962a1253,libnum_complex-a646e27c1e6e484e,libnum_bigint-48ea14aeb3f1e38c,libnum_integer-b0ca112c8cdb7d0c,libbyteorder-612182941aaee0f7,liblibc-a0a6e54f1566fa83,liblazy_static-149e86038c126fb0,libenum_primitive-7ca589a569f9801c,libnum_traits-baf4fb29afb1bbf3,libnum_traits-e3a070e9a3cdac24,libbitflags-68973b8086863992}.rlib" "<sysroot>/lib/rustlib/x86_64-unknown-linux-gnu/lib/{libstd-*,libpanic_unwind-*,libobject-*,libmemchr-*,libaddr2line-*,libgimli-*,libcfg_if-*,librustc_demangle-*,libstd_detect-*,libhashbrown-*,librustc_std_workspace_alloc-*,libminiz_oxide-*,libadler2-*,libunwind-*,liblibc-*,librustc_std_workspace_core-*,liballoc-*,libcore-*,libcompiler_builtins-*}.rlib" "-Wl,-Bdynamic" "-lcuda" "-lcudnn" "-lcudart" "-lcuda" "-lcublas" "-lgcc_s" "-lutil" "-lrt" "-lpthread" "-lm" "-ldl" "-lc" "-L" "/opt/rustwide/target/release/deps/rustcNkfcdg/raw-dylibs" "-B<sysroot>/lib/rustlib/x86_64-unknown-linux-gnu/bin/gcc-ld" "-fuse-ld=lld" "-Wl,--eh-frame-hdr" "-Wl,-z,noexecstack" "-L" "<sysroot>/lib/rustlib/x86_64-unknown-linux-gnu/lib" "-o" "/opt/rustwide/target/release/deps/word_spec-597c57ef57be995b" "-Wl,--gc-sections" "-pie" "-Wl,-z,relro,-z,now" "-Wl,-O1" "-Wl,--strip-debug" "-nodefaultlibs"
[INFO] [stdout]   = note: some arguments are omitted. use `--verbose` to show all linker arguments
[INFO] [stdout]   = note: rust-lld: error: unable to find library -lcuda
[INFO] [stdout]           rust-lld: error: unable to find library -lcudnn
[INFO] [stdout]           rust-lld: error: unable to find library -lcudart
[INFO] [stdout]           rust-lld: error: unable to find library -lcuda
[INFO] [stdout]           rust-lld: error: unable to find library -lcublas
[INFO] [stdout]           collect2: error: ld returned 1 exit status
[INFO] [stdout]           
[INFO] [stdout] 
[INFO] [stdout] 
[INFO] [stderr] error: could not compile `greenglas` (test "word_spec") due to 1 previous error
[INFO] [stdout] error: linking with `cc` failed: exit status: 1
[INFO] [stdout]   |
[INFO] [stdout]   = note:  "cc" "-m64" "/opt/rustwide/target/release/deps/rustcljQRqs/symbols.o" "<2 object files omitted>" "-Wl,--as-needed" "-Wl,-Bstatic" "<sysroot>/lib/rustlib/x86_64-unknown-linux-gnu/lib/{libtest-*,libgetopts-*,librustc_std_workspace_std-*}.rlib" "/opt/rustwide/target/release/deps/{libgreenglas-23e210a19987dcfd,libmodifier-4ed66a54f4443e56,libmurmurhash3-94726ea7bc1abafc,libimage-29f89217ccc0d269,libbytemuck-f9c7332aedb9e09f,libpng-c22fd93a528825d9,libminiz_oxide-e29de0a0406168ba,libcrc32fast-1d893af413bfc913,libcfg_if-aebc73b2fc35ea49,libdeflate-9e409ad9ed442148,libadler32-048832263efdfe96,libscoped_threadpool-ff740bda07dcd259,libnum_rational-08f725440b3a438e,libgif-b601a78a16857eae,libcolor_quant-9e2536de46fec9df,libtiff-10070d03ebd32a4e,libweezl-573094d67e63c5af,libminiz_oxide-11c20a55f199f089,libadler-f334a75a447e9ef2,libjpeg_decoder-ac65cf8426c8c53e,librayon-94f852b105df48b1,librayon_core-bab21ae090daaef7,libcrossbeam_deque-ac8078006dde899d,libcrossbeam_epoch-7420e210a99d3865,libcrossbeam_utils-8cf2abe19b635897,libeither-45ce052f19b3c455,libcoaster-f71f70424f58fc56,librcudnn-dbbdc705cc454848,librcudnn_sys-4143c542975a0656,librcublas-6ab7ba28d0b20691,libthiserror-f6159b61ae3c4a67,liblog-3c55b5043a18cee7,librcublas_sys-9ef4c8009a23077b,libnum-a1c969935d1af89d,libnum_iter-fe97ba46a2ffa7f6,libnum_rational-41ffb07d962a1253,libnum_complex-a646e27c1e6e484e,libnum_bigint-48ea14aeb3f1e38c,libnum_integer-b0ca112c8cdb7d0c,libbyteorder-612182941aaee0f7,liblibc-a0a6e54f1566fa83,liblazy_static-149e86038c126fb0,libenum_primitive-7ca589a569f9801c,libnum_traits-baf4fb29afb1bbf3,libnum_traits-e3a070e9a3cdac24,libbitflags-68973b8086863992}.rlib" "<sysroot>/lib/rustlib/x86_64-unknown-linux-gnu/lib/{libstd-*,libpanic_unwind-*,libobject-*,libmemchr-*,libaddr2line-*,libgimli-*,libcfg_if-*,librustc_demangle-*,libstd_detect-*,libhashbrown-*,librustc_std_workspace_alloc-*,libminiz_oxide-*,libadler2-*,libunwind-*,liblibc-*,librustc_std_workspace_core-*,liballoc-*,libcore-*,libcompiler_builtins-*}.rlib" "-Wl,-Bdynamic" "-lcuda" "-lcudnn" "-lcudart" "-lcuda" "-lcublas" "-lgcc_s" "-lutil" "-lrt" "-lpthread" "-lm" "-ldl" "-lc" "-L" "/opt/rustwide/target/release/deps/rustcljQRqs/raw-dylibs" "-B<sysroot>/lib/rustlib/x86_64-unknown-linux-gnu/bin/gcc-ld" "-fuse-ld=lld" "-Wl,--eh-frame-hdr" "-Wl,-z,noexecstack" "-L" "<sysroot>/lib/rustlib/x86_64-unknown-linux-gnu/lib" "-o" "/opt/rustwide/target/release/deps/image_spec-6187bcc613960134" "-Wl,--gc-sections" "-pie" "-Wl,-z,relro,-z,now" "-Wl,-O1" "-Wl,--strip-debug" "-nodefaultlibs"
[INFO] [stdout]   = note: some arguments are omitted. use `--verbose` to show all linker arguments
[INFO] [stdout]   = note: rust-lld: error: unable to find library -lcuda
[INFO] [stdout]           rust-lld: error: unable to find library -lcudnn
[INFO] [stdout]           rust-lld: error: unable to find library -lcudart
[INFO] [stdout]           rust-lld: error: unable to find library -lcuda
[INFO] [stdout]           rust-lld: error: unable to find library -lcublas
[INFO] [stdout]           collect2: error: ld returned 1 exit status
[INFO] [stdout]           
[INFO] [stdout] 
[INFO] [stdout] 
[INFO] [stderr] error: could not compile `greenglas` (test "image_spec") due to 1 previous error
[INFO] [stdout] error: linking with `cc` failed: exit status: 1
[INFO] [stdout]   |
[INFO] [stdout]   = note:  "cc" "-m64" "/opt/rustwide/target/release/deps/rustcwVKPUQ/symbols.o" "<2 object files omitted>" "-Wl,--as-needed" "-Wl,-Bstatic" "<sysroot>/lib/rustlib/x86_64-unknown-linux-gnu/lib/{libtest-*,libgetopts-*,librustc_std_workspace_std-*}.rlib" "/opt/rustwide/target/release/deps/{libgreenglas-23e210a19987dcfd,libmodifier-4ed66a54f4443e56,libmurmurhash3-94726ea7bc1abafc,libimage-29f89217ccc0d269,libbytemuck-f9c7332aedb9e09f,libpng-c22fd93a528825d9,libminiz_oxide-e29de0a0406168ba,libcrc32fast-1d893af413bfc913,libcfg_if-aebc73b2fc35ea49,libdeflate-9e409ad9ed442148,libadler32-048832263efdfe96,libscoped_threadpool-ff740bda07dcd259,libnum_rational-08f725440b3a438e,libgif-b601a78a16857eae,libcolor_quant-9e2536de46fec9df,libtiff-10070d03ebd32a4e,libweezl-573094d67e63c5af,libminiz_oxide-11c20a55f199f089,libadler-f334a75a447e9ef2,libjpeg_decoder-ac65cf8426c8c53e,librayon-94f852b105df48b1,librayon_core-bab21ae090daaef7,libcrossbeam_deque-ac8078006dde899d,libcrossbeam_epoch-7420e210a99d3865,libcrossbeam_utils-8cf2abe19b635897,libeither-45ce052f19b3c455,libcoaster-f71f70424f58fc56,librcudnn-dbbdc705cc454848,librcudnn_sys-4143c542975a0656,librcublas-6ab7ba28d0b20691,libthiserror-f6159b61ae3c4a67,liblog-3c55b5043a18cee7,librcublas_sys-9ef4c8009a23077b,libnum-a1c969935d1af89d,libnum_iter-fe97ba46a2ffa7f6,libnum_rational-41ffb07d962a1253,libnum_complex-a646e27c1e6e484e,libnum_bigint-48ea14aeb3f1e38c,libnum_integer-b0ca112c8cdb7d0c,libbyteorder-612182941aaee0f7,liblibc-a0a6e54f1566fa83,liblazy_static-149e86038c126fb0,libenum_primitive-7ca589a569f9801c,libnum_traits-baf4fb29afb1bbf3,libnum_traits-e3a070e9a3cdac24,libbitflags-68973b8086863992}.rlib" "<sysroot>/lib/rustlib/x86_64-unknown-linux-gnu/lib/{libstd-*,libpanic_unwind-*,libobject-*,libmemchr-*,libaddr2line-*,libgimli-*,libcfg_if-*,librustc_demangle-*,libstd_detect-*,libhashbrown-*,librustc_std_workspace_alloc-*,libminiz_oxide-*,libadler2-*,libunwind-*,liblibc-*,librustc_std_workspace_core-*,liballoc-*,libcore-*,libcompiler_builtins-*}.rlib" "-Wl,-Bdynamic" "-lcuda" "-lcudnn" "-lcudart" "-lcuda" "-lcublas" "-lgcc_s" "-lutil" "-lrt" "-lpthread" "-lm" "-ldl" "-lc" "-L" "/opt/rustwide/target/release/deps/rustcwVKPUQ/raw-dylibs" "-B<sysroot>/lib/rustlib/x86_64-unknown-linux-gnu/bin/gcc-ld" "-fuse-ld=lld" "-Wl,--eh-frame-hdr" "-Wl,-z,noexecstack" "-L" "<sysroot>/lib/rustlib/x86_64-unknown-linux-gnu/lib" "-o" "/opt/rustwide/target/release/deps/transformer_spec-adafa9f0ec606ad8" "-Wl,--gc-sections" "-pie" "-Wl,-z,relro,-z,now" "-Wl,-O1" "-Wl,--strip-debug" "-nodefaultlibs"
[INFO] [stdout]   = note: some arguments are omitted. use `--verbose` to show all linker arguments
[INFO] [stdout]   = note: rust-lld: error: unable to find library -lcuda
[INFO] [stdout]           rust-lld: error: unable to find library -lcudnn
[INFO] [stdout]           rust-lld: error: unable to find library -lcudart
[INFO] [stdout]           rust-lld: error: unable to find library -lcuda
[INFO] [stdout]           rust-lld: error: unable to find library -lcublas
[INFO] [stdout]           collect2: error: ld returned 1 exit status
[INFO] [stdout]           
[INFO] [stdout] 
[INFO] [stdout] 
[INFO] [stderr] error: could not compile `greenglas` (test "transformer_spec") due to 1 previous error
[INFO] running `Command { std: "docker" "inspect" "d7d9d3cb28bce94f285f79da8c1e594f28e7855a0f7f9785da306b21f80c8aed", kill_on_drop: false }`
[INFO] running `Command { std: "docker" "rm" "-f" "d7d9d3cb28bce94f285f79da8c1e594f28e7855a0f7f9785da306b21f80c8aed", kill_on_drop: false }`
[INFO] [stdout] d7d9d3cb28bce94f285f79da8c1e594f28e7855a0f7f9785da306b21f80c8aed
