[INFO] fetching crate graphql-ws-client 0.13.0...
[INFO] testing graphql-ws-client-0.13.0 against 1.100.0-beta.1+cargoflags=--release for beta-release-1.100-2
[INFO] extracting crate graphql-ws-client 0.13.0 into /workspace/builds/worker-7-tc2/source
[INFO] started tweaking crates.io crate graphql-ws-client 0.13.0
[INFO] removed 0 missing tests
[INFO] finished tweaking crates.io crate graphql-ws-client 0.13.0
[INFO] tweaked toml for crates.io crate graphql-ws-client 0.13.0 written to /workspace/builds/worker-7-tc2/source/Cargo.toml
[INFO] validating manifest of crates.io crate graphql-ws-client 0.13.0 on toolchain 1.100.0-beta.1
[INFO] running `Command { std: CARGO_HOME="/workspace/cargo-home" RUSTUP_HOME="/workspace/rustup-home" "/workspace/cargo-home/bin/cargo" "+1.100.0-beta.1" "metadata" "--manifest-path" "Cargo.toml" "--no-deps", kill_on_drop: false }`
[INFO] crate crates.io crate graphql-ws-client 0.13.0 already has a lockfile, it will not be regenerated
[INFO] running `Command { std: CARGO_HOME="/workspace/cargo-home" RUSTUP_HOME="/workspace/rustup-home" "/workspace/cargo-home/bin/cargo" "+1.100.0-beta.1" "fetch" "--manifest-path" "Cargo.toml", kill_on_drop: false }`
[INFO] running `Command { std: "docker" "create" "-v" "/var/lib/crater-agent-workspace/builds/worker-7-tc2/source:/opt/rustwide/workdir:ro,Z" "-v" "/var/lib/crater-agent-workspace/builds/worker-7-tc2/target:/opt/rustwide/target:rw,Z" "-v" "/var/lib/crater-agent-workspace/cargo-home:/opt/rustwide/cargo-home:ro,Z" "-v" "/var/lib/crater-agent-workspace/rustup-home:/opt/rustwide/rustup-home:ro,Z" "-m" "1610612736" "--network" "none" "ghcr.io/rust-lang/crates-build-env/linux@sha256:77db811e55d90add9212f6832c23229e3de5f1c1f9905e8cb07319ea15df73ac" "sleep" "infinity", kill_on_drop: false }`
[INFO] [stdout] 9e8174961187c1efbd2e3e9b9225f89564adae2272e10bb75e98507f77619e0e
[INFO] running `Command { std: "docker" "start" "9e8174961187c1efbd2e3e9b9225f89564adae2272e10bb75e98507f77619e0e", kill_on_drop: false }`
[INFO] running `Command { std: "docker" "inspect" "9e8174961187c1efbd2e3e9b9225f89564adae2272e10bb75e98507f77619e0e", kill_on_drop: false }`
[INFO] running `Command { std: "docker" "exec" "-e" "SOURCE_DIR=/opt/rustwide/workdir" "-e" "CARGO_HOME=/opt/rustwide/cargo-home" "-e" "RUSTUP_HOME=/opt/rustwide/rustup-home" "-e" "CARGO_TARGET_DIR=/opt/rustwide/target" "-w" "/opt/rustwide/workdir" "--user" "0:0" "9e8174961187c1efbd2e3e9b9225f89564adae2272e10bb75e98507f77619e0e" "/opt/rustwide/cargo-home/bin/cargo" "+1.100.0-beta.1" "metadata" "--no-deps" "--format-version=1", kill_on_drop: false }`
[INFO] running `Command { std: "docker" "inspect" "9e8174961187c1efbd2e3e9b9225f89564adae2272e10bb75e98507f77619e0e", kill_on_drop: false }`
[INFO] running `Command { std: "docker" "exec" "-e" "SOURCE_DIR=/opt/rustwide/workdir" "-e" "CARGO_HOME=/opt/rustwide/cargo-home" "-e" "RUSTUP_HOME=/opt/rustwide/rustup-home" "-e" "CARGO_TARGET_DIR=/opt/rustwide/target" "-e" "CARGO_INCREMENTAL=0" "-e" "RUST_BACKTRACE=full" "-e" "RUSTFLAGS=--cap-lints=warn" "-e" "RUSTDOCFLAGS=--cap-lints=warn" "-w" "/opt/rustwide/workdir" "--user" "0:0" "9e8174961187c1efbd2e3e9b9225f89564adae2272e10bb75e98507f77619e0e" "/opt/rustwide/cargo-home/bin/cargo" "+1.100.0-beta.1" "build" "--frozen" "--message-format=json" "--release", kill_on_drop: false }`
[INFO] [stderr]    Compiling quote v1.0.40
[INFO] [stderr]    Compiling futures-core v0.3.31
[INFO] [stderr]    Compiling thiserror v2.0.16
[INFO] [stderr]    Compiling futures-io v0.3.31
[INFO] [stderr]    Compiling futures-timer v3.0.3
[INFO] [stderr]    Compiling log v0.4.28
[INFO] [stderr]    Compiling serde_json v1.0.145
[INFO] [stderr]    Compiling event-listener v5.4.1
[INFO] [stderr]    Compiling futures-lite v2.6.1
[INFO] [stderr]    Compiling syn v2.0.106
[INFO] [stderr]    Compiling event-listener-strategy v0.5.4
[INFO] [stderr]    Compiling async-channel v2.5.0
[INFO] [stderr]    Compiling pin-project-internal v1.1.10
[INFO] [stderr]    Compiling serde_derive v1.0.228
[INFO] [stderr]    Compiling thiserror-impl v2.0.16
[INFO] [stderr]    Compiling pin-project v1.1.10
[INFO] [stderr]    Compiling serde v1.0.228
[INFO] [stderr]    Compiling graphql-ws-client v0.13.0 (/opt/rustwide/workdir)
[INFO] [stderr] warning: unused dependency `futures-sink`
[INFO] [stderr]   --> Cargo.toml:11:15
[INFO] [stderr]    |
[INFO] [stderr] 11 | [dependencies.futures-sink]
[INFO] [stderr]    |               ^^^^^^^^^^^^^
[INFO] [stderr]    |
[INFO] [stderr]    = note: `cargo::unused_dependencies` is set to `warn` by default
[INFO] [stderr] help: consider removing the dependency on `futures-sink`
[INFO] [stderr] warning: `graphql-ws-client` (manifest) generated 1 warning
[INFO] [stderr]     Finished `release` profile [optimized] target(s) in 13.27s
[INFO] running `Command { std: "docker" "inspect" "9e8174961187c1efbd2e3e9b9225f89564adae2272e10bb75e98507f77619e0e", kill_on_drop: false }`
[INFO] running `Command { std: "docker" "exec" "-e" "SOURCE_DIR=/opt/rustwide/workdir" "-e" "CARGO_HOME=/opt/rustwide/cargo-home" "-e" "RUSTUP_HOME=/opt/rustwide/rustup-home" "-e" "CARGO_TARGET_DIR=/opt/rustwide/target" "-e" "CARGO_INCREMENTAL=0" "-e" "RUST_BACKTRACE=full" "-e" "RUSTFLAGS=--cap-lints=warn" "-e" "RUSTDOCFLAGS=--cap-lints=warn" "-w" "/opt/rustwide/workdir" "--user" "0:0" "9e8174961187c1efbd2e3e9b9225f89564adae2272e10bb75e98507f77619e0e" "/opt/rustwide/cargo-home/bin/cargo" "+1.100.0-beta.1" "test" "--frozen" "--no-run" "--message-format=json" "--release", kill_on_drop: false }`
[INFO] [stderr]    Compiling libc v0.2.176
[INFO] [stderr]    Compiling memchr v2.7.6
[INFO] [stderr]    Compiling cfg-if v1.0.3
[INFO] [stderr]    Compiling regex-syntax v0.8.6
[INFO] [stderr]    Compiling hashbrown v0.16.0
[INFO] [stderr]    Compiling zerocopy v0.8.27
[INFO] [stderr]    Compiling syn v2.0.106
[INFO] [stderr]    Compiling thiserror v2.0.16
[INFO] [stderr]    Compiling serde_json v1.0.145
[INFO] [stderr]    Compiling serde v1.0.228
[INFO] [stderr]    Compiling proc-macro2-diagnostics v0.10.1
[INFO] [stderr]    Compiling beef v0.5.2
[INFO] [stderr]    Compiling aho-corasick v1.1.3
[INFO] [stderr]    Compiling sha1 v0.10.6
[INFO] [stderr]    Compiling utf-8 v0.7.6
[INFO] [stderr]    Compiling data-encoding v2.9.0
[INFO] [stderr]    Compiling ryu v1.0.20
[INFO] [stderr]    Compiling yansi v1.0.1
[INFO] [stderr]    Compiling itoa v1.0.15
[INFO] [stderr]    Compiling winnow v0.7.13
[INFO] [stderr]    Compiling rustix v1.1.2
[INFO] [stderr]    Compiling ucd-trie v0.1.7
[INFO] [stderr]    Compiling fastrand v2.3.0
[INFO] [stderr]    Compiling toml_datetime v0.7.2
[INFO] [stderr]    Compiling heck v0.4.1
[INFO] [stderr]    Compiling tracing v0.1.41
[INFO] [stderr]    Compiling lalrpop-util v0.22.2
[INFO] [stderr]    Compiling multer v3.1.0
[INFO] [stderr]    Compiling futures-channel v0.3.31
[INFO] [stderr]    Compiling indexmap v2.11.4
[INFO] [stderr]    Compiling linux-raw-sys v0.11.0
[INFO] [stderr]    Compiling static_assertions v1.1.0
[INFO] [stderr]    Compiling aliasable v0.1.3
[INFO] [stderr]    Compiling bitflags v2.9.4
[INFO] [stderr]    Compiling getrandom v0.3.3
[INFO] [stderr]    Compiling mio v1.0.4
[INFO] [stderr]    Compiling socket2 v0.6.0
[INFO] [stderr]    Compiling sync_wrapper v1.0.2
[INFO] [stderr]    Compiling encoding_rs v0.8.35
[INFO] [stderr]    Compiling rand_core v0.9.3
[INFO] [stderr]    Compiling spin v0.9.8
[INFO] [stderr]    Compiling ref-cast v1.0.24
[INFO] [stderr]    Compiling once_cell v1.21.3
[INFO] [stderr]    Compiling ascii_utils v0.9.3
[INFO] [stderr]    Compiling strsim v0.10.0
[INFO] [stderr]    Compiling fast_chemail v0.9.6
[INFO] [stderr]    Compiling serde_path_to_error v0.1.20
[INFO] [stderr]    Compiling static_assertions_next v1.1.2
[INFO] [stderr]    Compiling matchit v0.8.4
[INFO] [stderr]    Compiling async-channel v2.5.0
[INFO] [stderr]    Compiling regex-automata v0.4.11
[INFO] [stderr]    Compiling futures-lite v2.6.1
[INFO] [stderr]    Compiling assert_matches v1.5.0
[INFO] [stderr]    Compiling toml_parser v1.0.3
[INFO] [stderr]    Compiling ppv-lite86 v0.2.21
[INFO] [stderr]    Compiling toml_edit v0.23.6
[INFO] [stderr]    Compiling tempfile v3.23.0
[INFO] [stderr]    Compiling rand_chacha v0.9.0
[INFO] [stderr]    Compiling rand v0.9.2
[INFO] [stderr]    Compiling proc-macro-crate v3.4.0
[INFO] [stderr]    Compiling regex v1.11.3
[INFO] [stderr]    Compiling Inflector v0.11.4
[INFO] [stderr]    Compiling darling_core v0.20.11
[INFO] [stderr]    Compiling logos-codegen v0.14.4
[INFO] [stderr]    Compiling serde_derive v1.0.228
[INFO] [stderr]    Compiling thiserror-impl v2.0.16
[INFO] [stderr]    Compiling tokio-macros v2.5.0
[INFO] [stderr]    Compiling thiserror-impl v1.0.69
[INFO] [stderr]    Compiling futures-macro v0.3.31
[INFO] [stderr]    Compiling strum_macros v0.26.4
[INFO] [stderr]    Compiling ouroboros_macro v0.18.5
[INFO] [stderr]    Compiling async-stream-impl v0.3.6
[INFO] [stderr]    Compiling async-trait v0.1.89
[INFO] [stderr]    Compiling pin-project-internal v1.1.10
[INFO] [stderr]    Compiling ref-cast-impl v1.0.24
[INFO] [stderr]    Compiling axum-macros v0.5.0
[INFO] [stderr]    Compiling async-stream v0.3.6
[INFO] [stderr]    Compiling thiserror v1.0.69
[INFO] [stderr]    Compiling pin-project v1.1.10
[INFO] [stderr]    Compiling futures-util v0.3.31
[INFO] [stderr]    Compiling pest v2.8.2
[INFO] [stderr]    Compiling ouroboros v0.18.5
[INFO] [stderr]    Compiling logos-derive v0.14.4
[INFO] [stderr]    Compiling logos v0.14.4
[INFO] [stderr]    Compiling cynic-parser v0.10.0
[INFO] [stderr]    Compiling strum v0.26.3
[INFO] [stderr]    Compiling pest_meta v2.8.2
[INFO] [stderr]    Compiling darling_macro v0.20.11
[INFO] [stderr]    Compiling darling v0.20.11
[INFO] [stderr]    Compiling cynic-codegen v3.12.0
[INFO] [stderr]    Compiling pest_generator v2.8.2
[INFO] [stderr]    Compiling bytes v1.10.1
[INFO] [stderr]    Compiling serde_urlencoded v0.7.1
[INFO] [stderr]    Compiling graphql-ws-client v0.13.0 (/opt/rustwide/workdir)
[INFO] [stderr]    Compiling async-graphql-value v7.0.16
[INFO] [stderr]    Compiling pest_derive v2.8.2
[INFO] [stderr]    Compiling async-graphql-parser v7.0.16
[INFO] [stderr]    Compiling handlebars v5.1.2
[INFO] [stderr]    Compiling http v1.3.1
[INFO] [stderr]    Compiling tokio v1.47.1
[INFO] [stderr]    Compiling http-body v1.0.1
[INFO] [stderr]    Compiling tungstenite v0.26.2
[INFO] [stderr]    Compiling tungstenite v0.27.0
[INFO] [stderr]    Compiling http-body-util v0.1.3
[INFO] [stderr]    Compiling axum-core v0.5.2
[INFO] [stderr]    Compiling async-graphql-derive v7.0.16
[INFO] [stderr]    Compiling cynic-proc-macros v3.12.0
[INFO] [stderr]    Compiling cynic v3.12.0
[INFO] [stderr]    Compiling hyper v1.7.0
[INFO] [stderr]    Compiling tokio-tungstenite v0.26.2
[INFO] [stderr]    Compiling tokio-util v0.7.16
[INFO] [stderr]    Compiling tower v0.5.2
[INFO] [stderr]    Compiling async-tungstenite v0.31.0
[INFO] [stderr]    Compiling tokio-stream v0.1.17
[INFO] [stderr]    Compiling hyper-util v0.1.17
[INFO] [stderr]    Compiling axum v0.8.4
[INFO] [stderr]    Compiling async-graphql v7.0.16
[INFO] [stderr]    Compiling async-graphql-axum v7.0.16
[INFO] [stdout] error[E0433]: cannot find module or crate `tungstenite_0_27` in this scope
[INFO] [stdout]   --> tests/subscription_server/mod.rs:19:5
[INFO] [stdout]    |
[INFO] [stdout] 19 | use tungstenite_0_27::client::IntoClientRequest;
[INFO] [stdout]    |     ^^^^^^^^^^^^^^^^ use of unresolved module or unlinked crate `tungstenite_0_27`
[INFO] [stdout]    |
[INFO] [stdout]    = help: if you wanted to use a crate named `tungstenite_0_27`, use `cargo add tungstenite_0_27` to add it to your `Cargo.toml`
[INFO] [stdout] 
[INFO] [stdout] 
[INFO] [stdout] error[E0432]: unresolved import `graphql_ws_client::graphql::StreamingOperation`
[INFO] [stdout]   --> tests/graphql-client-tests.rs:7:5
[INFO] [stdout]    |
[INFO] [stdout]  7 | use graphql_ws_client::graphql::StreamingOperation;
[INFO] [stdout]    |     ^^^^^^^^^^^^^^^^^^^^^^^^^^^^------------------
[INFO] [stdout]    |                                 |
[INFO] [stdout]    |                                 no `StreamingOperation` in `graphql`
[INFO] [stdout]    |
[INFO] [stdout] note: found an item that was configured out
[INFO] [stdout]   --> src/graphql.rs:46:31
[INFO] [stdout]    |
[INFO] [stdout] 45 | #[cfg(feature = "client-graphql-client")]
[INFO] [stdout]    |       --------------------------------- the item is gated behind the `client-graphql-client` feature
[INFO] [stdout] 46 | pub use self::graphql_client::StreamingOperation;
[INFO] [stdout]    |                               ^^^^^^^^^^^^^^^^^^
[INFO] [stdout] 
[INFO] [stdout] 
[INFO] [stdout] error[E0433]: cannot find module or crate `tungstenite_0_27` in this scope
[INFO] [stdout]   --> tests/subscription_server/mod.rs:19:5
[INFO] [stdout]    |
[INFO] [stdout] 19 | use tungstenite_0_27::client::IntoClientRequest;
[INFO] [stdout]    |     ^^^^^^^^^^^^^^^^ use of unresolved module or unlinked crate `tungstenite_0_27`
[INFO] [stdout]    |
[INFO] [stdout]    = help: if you wanted to use a crate named `tungstenite_0_27`, use `cargo add tungstenite_0_27` to add it to your `Cargo.toml`
[INFO] [stdout] 
[INFO] [stdout] 
[INFO] [stdout] error[E0432]: unresolved import `graphql_client`
[INFO] [stdout]  --> tests/graphql-client-tests.rs:6:5
[INFO] [stdout]   |
[INFO] [stdout] 6 | use graphql_client::GraphQLQuery;
[INFO] [stdout]   |     ^^^^^^^^^^^^^^ use of unresolved module or unlinked crate `graphql_client`
[INFO] [stdout]   |
[INFO] [stdout] help: there is a crate or module with a similar name
[INFO] [stdout]   |
[INFO] [stdout] 6 | use graphql_ws_client::GraphQLQuery;
[INFO] [stdout]   |             +++
[INFO] [stdout] 
[INFO] [stdout] 
[INFO] [stdout] error: cannot find attribute `graphql` in this scope
[INFO] [stdout]   --> tests/graphql-client-tests.rs:14:3
[INFO] [stdout]    |
[INFO] [stdout] 14 | #[graphql(
[INFO] [stdout]    |   ^^^^^^^
[INFO] [stdout]    |
[INFO] [stdout] help: `graphql` is an attribute that can be used by the derive macros `Description`, `Enum`, `InputObject`, `Interface`, `MergedObject`, `MergedSubscription`, `NewType`, `OneofObject`, `SimpleObject` and `Union`, you might be missing a `derive` attribute
[INFO] [stdout]    |
[INFO] [stdout] 19 + #[derive(Description, Enum, InputObject, Interface, MergedObject, MergedSubscription, NewType, OneofObject, SimpleObject, Union)]
[INFO] [stdout] 20 | struct BooksChanged;
[INFO] [stdout]    |
[INFO] [stdout] 
[INFO] [stdout] 
[INFO] [stdout] error[E0425]: cannot find type `StreamingOperation` in module `graphql_ws_client::graphql`
[INFO] [stdout]    --> tests/graphql-client-tests.rs:202:49
[INFO] [stdout]     |
[INFO] [stdout] 202 | fn build_query() -> graphql_ws_client::graphql::StreamingOperation<BooksChanged> {
[INFO] [stdout]     |                                                 ^^^^^^^^^^^^^^^^^^ not found in `graphql_ws_client::graphql`
[INFO] [stdout]     |
[INFO] [stdout] note: found an item that was configured out
[INFO] [stdout]    --> src/graphql.rs:46:31
[INFO] [stdout]     |
[INFO] [stdout]  45 | #[cfg(feature = "client-graphql-client")]
[INFO] [stdout]     |       --------------------------------- the item is gated behind the `client-graphql-client` feature
[INFO] [stdout]  46 | pub use self::graphql_client::StreamingOperation;
[INFO] [stdout]     |                               ^^^^^^^^^^^^^^^^^^
[INFO] [stdout] 
[INFO] [stdout] 
[INFO] [stdout] error[E0277]: the trait bound `StreamingOperation<BooksChangedSubscription, BooksChangedVariables>: GraphqlOperation` is not satisfied
[INFO] [stdout]    --> tests/cynic-tests.rs:206:18
[INFO] [stdout]     |
[INFO] [stdout] 206 |     stream: &mut Subscription<StreamingOperation<BooksChangedSubscription, BooksChangedVariables>>,
[INFO] [stdout]     |                  ^^^^^^^^^^^^^^^^^^^^^^^^^^^^^^^^^^^^^^^^^^^^^^^^^^^^^^^^^^^^^^^^^^^^^^^^^^^^^^^^^ the trait `GraphqlOperation` is not implemented for `StreamingOperation<BooksChangedSubscription, BooksChangedVariables>`
[INFO] [stdout]     |
[INFO] [stdout] note: required by a bound in `graphql_ws_client::Subscription`
[INFO] [stdout]    --> src/client/subscription.rs:20:16
[INFO] [stdout]     |
[INFO] [stdout]  18 | pub struct Subscription<Operation>
[INFO] [stdout]  19 | where
[INFO] [stdout]  20 |     Operation: GraphqlOperation,
[INFO] [stdout]     |                ^^^^^^^^^^^^^^^^ required by this bound in `Subscription`
[INFO] [stdout] 
[INFO] [stdout] 
[INFO] [stdout] error[E0599]: no method named `into_client_request` found for struct `std::string::String` in the current scope
[INFO] [stdout]    --> tests/subscription_server/mod.rs:100:48
[INFO] [stdout]     |
[INFO] [stdout] 100 |         let mut request = self.websocket_url().into_client_request().unwrap();
[INFO] [stdout]     |                                                ^^^^^^^^^^^^^^^^^^^ method not found in `std::string::String`
[INFO] [stdout]     |
[INFO] [stdout]     = help: items from traits can only be used if the trait is in scope
[INFO] [stdout] help: the following traits which provide `into_client_request` are implemented but not in scope; perhaps you want to import one of them
[INFO] [stdout]     |
[INFO] [stdout]   4 + use async_tungstenite::tungstenite::client::IntoClientRequest;
[INFO] [stdout]     |
[INFO] [stdout]   4 + use tungstenite::client::IntoClientRequest;
[INFO] [stdout]     |
[INFO] [stdout] 
[INFO] [stdout] 
[INFO] [stdout] error[E0277]: the trait bound `WebSocketStream<TokioAdapter<tokio::net::TcpStream>>: graphql_ws_client::Connection` is not satisfied
[INFO] [stdout]    --> tests/graphql-client-tests.rs:155:64
[INFO] [stdout]     |
[INFO] [stdout] 155 |         let (client, actor) = graphql_ws_client::Client::build(connection).await.unwrap();
[INFO] [stdout]     |                               -------------------------------- ^^^^^^^^^^ the trait `graphql_ws_client::Connection` is not implemented for `WebSocketStream<TokioAdapter<tokio::net::TcpStream>>`
[INFO] [stdout]     |                               |
[INFO] [stdout]     |                               required by a bound introduced by this call
[INFO] [stdout]     |
[INFO] [stdout] note: required by a bound in `graphql_ws_client::client::builder::<impl graphql_ws_client::Client>::build`
[INFO] [stdout]    --> src/client/builder.rs:56:15
[INFO] [stdout]     |
[INFO] [stdout]  42 | impl super::Client {
[INFO] [stdout] ...
[INFO] [stdout]  54 |     pub fn build<Conn>(connection: Conn) -> ClientBuilder
[INFO] [stdout]  55 |     where
[INFO] [stdout]  56 |         Conn: Connection + Send + 'static,
[INFO] [stdout]     |               ^^^^^^^^^^ required by this bound in `graphql_ws_client::client::builder::<impl Client>::build`
[INFO] [stdout] 
[INFO] [stdout] 
[INFO] [stdout] error[E0599]: no method named `into_client_request` found for struct `std::string::String` in the current scope
[INFO] [stdout]    --> tests/subscription_server/mod.rs:100:48
[INFO] [stdout]     |
[INFO] [stdout] 100 |         let mut request = self.websocket_url().into_client_request().unwrap();
[INFO] [stdout]     |                                                ^^^^^^^^^^^^^^^^^^^ method not found in `std::string::String`
[INFO] [stdout]     |
[INFO] [stdout]     = help: items from traits can only be used if the trait is in scope
[INFO] [stdout] help: the following traits which provide `into_client_request` are implemented but not in scope; perhaps you want to import one of them
[INFO] [stdout]     |
[INFO] [stdout]   4 + use async_tungstenite::tungstenite::client::IntoClientRequest;
[INFO] [stdout]     |
[INFO] [stdout]   4 + use tungstenite::client::IntoClientRequest;
[INFO] [stdout]     |
[INFO] [stdout] 
[INFO] [stdout] 
[INFO] [stdout] error[E0277]: the trait bound `WebSocketStream<TokioAdapter<tokio::net::TcpStream>>: graphql_ws_client::Connection` is not satisfied
[INFO] [stdout]   --> tests/graphql-client-tests.rs:39:60
[INFO] [stdout]    |
[INFO] [stdout] 39 |     let (client, actor) = graphql_ws_client::Client::build(connection).await.unwrap();
[INFO] [stdout]    |                           -------------------------------- ^^^^^^^^^^ the trait `graphql_ws_client::Connection` is not implemented for `WebSocketStream<TokioAdapter<tokio::net::TcpStream>>`
[INFO] [stdout]    |                           |
[INFO] [stdout]    |                           required by a bound introduced by this call
[INFO] [stdout]    |
[INFO] [stdout] note: required by a bound in `graphql_ws_client::client::builder::<impl graphql_ws_client::Client>::build`
[INFO] [stdout]   --> src/client/builder.rs:56:15
[INFO] [stdout]    |
[INFO] [stdout] 42 | impl super::Client {
[INFO] [stdout] ...
[INFO] [stdout] 54 |     pub fn build<Conn>(connection: Conn) -> ClientBuilder
[INFO] [stdout] 55 |     where
[INFO] [stdout] 56 |         Conn: Connection + Send + 'static,
[INFO] [stdout]    |               ^^^^^^^^^^ required by this bound in `graphql_ws_client::client::builder::<impl Client>::build`
[INFO] [stdout] 
[INFO] [stdout] 
[INFO] [stdout] error[E0277]: the trait bound `WebSocketStream<TokioAdapter<tokio::net::TcpStream>>: graphql_ws_client::Connection` is not satisfied
[INFO] [stdout]    --> tests/graphql-client-tests.rs:100:51
[INFO] [stdout]     |
[INFO] [stdout] 100 |     let stream = graphql_ws_client::Client::build(connection)
[INFO] [stdout]     |                  -------------------------------- ^^^^^^^^^^ the trait `graphql_ws_client::Connection` is not implemented for `WebSocketStream<TokioAdapter<tokio::net::TcpStream>>`
[INFO] [stdout]     |                  |
[INFO] [stdout]     |                  required by a bound introduced by this call
[INFO] [stdout]     |
[INFO] [stdout] note: required by a bound in `graphql_ws_client::client::builder::<impl graphql_ws_client::Client>::build`
[INFO] [stdout]    --> src/client/builder.rs:56:15
[INFO] [stdout]     |
[INFO] [stdout]  42 | impl super::Client {
[INFO] [stdout] ...
[INFO] [stdout]  54 |     pub fn build<Conn>(connection: Conn) -> ClientBuilder
[INFO] [stdout]  55 |     where
[INFO] [stdout]  56 |         Conn: Connection + Send + 'static,
[INFO] [stdout]     |               ^^^^^^^^^^ required by this bound in `graphql_ws_client::client::builder::<impl Client>::build`
[INFO] [stdout] 
[INFO] [stdout] 
[INFO] [stdout] error[E0277]: the trait bound `WebSocketStream<TokioAdapter<tokio::net::TcpStream>>: graphql_ws_client::Connection` is not satisfied
[INFO] [stdout]    --> tests/graphql-client-tests.rs:187:60
[INFO] [stdout]     |
[INFO] [stdout] 187 |     let (client, actor) = graphql_ws_client::Client::build(connection).await.unwrap();
[INFO] [stdout]     |                           -------------------------------- ^^^^^^^^^^ the trait `graphql_ws_client::Connection` is not implemented for `WebSocketStream<TokioAdapter<tokio::net::TcpStream>>`
[INFO] [stdout]     |                           |
[INFO] [stdout]     |                           required by a bound introduced by this call
[INFO] [stdout]     |
[INFO] [stdout] note: required by a bound in `graphql_ws_client::client::builder::<impl graphql_ws_client::Client>::build`
[INFO] [stdout]    --> src/client/builder.rs:56:15
[INFO] [stdout]     |
[INFO] [stdout]  42 | impl super::Client {
[INFO] [stdout] ...
[INFO] [stdout]  54 |     pub fn build<Conn>(connection: Conn) -> ClientBuilder
[INFO] [stdout]  55 |     where
[INFO] [stdout]  56 |         Conn: Connection + Send + 'static,
[INFO] [stdout]     |               ^^^^^^^^^^ required by this bound in `graphql_ws_client::client::builder::<impl Client>::build`
[INFO] [stdout] 
[INFO] [stdout] 
[INFO] [stdout] error[E0433]: cannot find module or crate `books_changed` in this scope
[INFO] [stdout]    --> tests/graphql-client-tests.rs:203:29
[INFO] [stdout]     |
[INFO] [stdout] 203 |     StreamingOperation::new(books_changed::Variables)
[INFO] [stdout]     |                             ^^^^^^^^^^^^^ use of unresolved module or unlinked crate `books_changed`
[INFO] [stdout]     |
[INFO] [stdout]     = help: if you wanted to use a crate named `books_changed`, use `cargo add books_changed` to add it to your `Cargo.toml`
[INFO] [stdout] help: a struct with a similar name exists
[INFO] [stdout]     |
[INFO] [stdout] 203 -     StreamingOperation::new(books_changed::Variables)
[INFO] [stdout] 203 +     StreamingOperation::new(BooksChanged::Variables)
[INFO] [stdout]     |
[INFO] [stdout] 
[INFO] [stdout] 
[INFO] [stdout] error[E0599]: the method `next` exists for mutable reference `&mut Subscription<StreamingOperation<BooksChangedSubscription, _>>`, but its trait bounds were not satisfied
[INFO] [stdout]    --> tests/cynic-tests.rs:218:46
[INFO] [stdout]     |
[INFO] [stdout] 218 |                 received_updates.push(stream.next().await.unwrap());
[INFO] [stdout]     |                                              ^^^^ method cannot be called due to unsatisfied trait bounds
[INFO] [stdout]     |
[INFO] [stdout]    ::: src/client/subscription.rs:18:1
[INFO] [stdout]     |
[INFO] [stdout]  18 | pub struct Subscription<Operation>
[INFO] [stdout]     | ---------------------------------- doesn't satisfy `_: Iterator`, `_: StreamExt` or `_: Stream`
[INFO] [stdout]     |
[INFO] [stdout]     = note: the following trait bounds were not satisfied:
[INFO] [stdout]             `graphql_ws_client::Subscription<StreamingOperation<BooksChangedSubscription, BooksChangedVariables>>: Stream`
[INFO] [stdout]             which is required by `graphql_ws_client::Subscription<StreamingOperation<BooksChangedSubscription, BooksChangedVariables>>: futures_lite::StreamExt`
[INFO] [stdout]             `&mut graphql_ws_client::Subscription<StreamingOperation<BooksChangedSubscription, BooksChangedVariables>>: Stream`
[INFO] [stdout]             which is required by `&mut graphql_ws_client::Subscription<StreamingOperation<BooksChangedSubscription, BooksChangedVariables>>: futures_lite::StreamExt`
[INFO] [stdout]             `graphql_ws_client::Subscription<StreamingOperation<BooksChangedSubscription, BooksChangedVariables>>: Iterator`
[INFO] [stdout]             which is required by `&mut graphql_ws_client::Subscription<StreamingOperation<BooksChangedSubscription, BooksChangedVariables>>: Iterator`
[INFO] [stdout]     = note: the full name for the type has been written to '/opt/rustwide/target/release/build/graphql-ws-client/48918dc7c4d62e88/out/cynic_tests-48918dc7c4d62e88.long-type-9386452190038728238.txt'
[INFO] [stdout]     = note: consider using `--verbose` to print the full type name to the console
[INFO] [stdout] 
[INFO] [stdout] 
[INFO] [stdout] error[E0433]: cannot find module or crate `books_changed` in this scope
[INFO] [stdout]    --> tests/graphql-client-tests.rs:206:47
[INFO] [stdout]     |
[INFO] [stdout] 206 | impl PartialEq<subscription_server::Book> for books_changed::BooksChangedBooksBook {
[INFO] [stdout]     |                                               ^^^^^^^^^^^^^ use of unresolved module or unlinked crate `books_changed`
[INFO] [stdout]     |
[INFO] [stdout]     = help: if you wanted to use a crate named `books_changed`, use `cargo add books_changed` to add it to your `Cargo.toml`
[INFO] [stdout] help: a struct with a similar name exists
[INFO] [stdout]     |
[INFO] [stdout] 206 - impl PartialEq<subscription_server::Book> for books_changed::BooksChangedBooksBook {
[INFO] [stdout] 206 + impl PartialEq<subscription_server::Book> for BooksChanged::BooksChangedBooksBook {
[INFO] [stdout]     |
[INFO] [stdout] 
[INFO] [stdout] 
[INFO] [stdout] Some errors have detailed explanations: E0277, E0425, E0432, E0433, E0599.
[INFO] [stdout] 
[INFO] [stdout] For more information about an error, try `rustc --explain E0277`.
[INFO] [stdout] 
[INFO] [stderr] error: could not compile `graphql-ws-client` (test "graphql-client-tests") due to 12 previous errors
[INFO] [stderr] warning: build failed, waiting for other jobs to finish...
[INFO] [stdout] error[E0277]: the trait bound `StreamingOperation<BooksChangedSubscription, BooksChangedVariables>: GraphqlOperation` is not satisfied
[INFO] [stdout]   --> tests/cynic-tests.rs:66:39
[INFO] [stdout]    |
[INFO] [stdout] 66 |     let mut stream = client.subscribe(build_query()).await.unwrap();
[INFO] [stdout]    |                             --------- ^^^^^^^^^^^^^ the trait `GraphqlOperation` is not implemented for `StreamingOperation<BooksChangedSubscription, BooksChangedVariables>`
[INFO] [stdout]    |                             |
[INFO] [stdout]    |                             required by a bound introduced by this call
[INFO] [stdout]    |
[INFO] [stdout] note: required by a bound in `graphql_ws_client::Client::subscribe`
[INFO] [stdout]   --> src/client/mod.rs:87:20
[INFO] [stdout]    |
[INFO] [stdout] 65 | impl Client {
[INFO] [stdout] ...
[INFO] [stdout] 82 |     pub async fn subscribe<Operation>(
[INFO] [stdout] ...
[INFO] [stdout] 87 |         Operation: GraphqlOperation + Unpin + Send + 'static,
[INFO] [stdout]    |                    ^^^^^^^^^^^^^^^^ required by this bound in `Client::subscribe`
[INFO] [stdout] 
[INFO] [stdout] 
[INFO] [stdout] error[E0277]: the trait bound `StreamingOperation<BooksChangedSubscription, BooksChangedVariables>: GraphqlOperation` is not satisfied
[INFO] [stdout]   --> tests/cynic-tests.rs:66:22
[INFO] [stdout]    |
[INFO] [stdout] 66 |     let mut stream = client.subscribe(build_query()).await.unwrap();
[INFO] [stdout]    |                      ^^^^^^^^^^^^^^^^^^^^^^^^^^^^^^^ the trait `GraphqlOperation` is not implemented for `StreamingOperation<BooksChangedSubscription, BooksChangedVariables>`
[INFO] [stdout]    |
[INFO] [stdout] note: required by a bound in `graphql_ws_client::Client::subscribe`
[INFO] [stdout]   --> src/client/mod.rs:87:20
[INFO] [stdout]    |
[INFO] [stdout] 65 | impl Client {
[INFO] [stdout] ...
[INFO] [stdout] 82 |     pub async fn subscribe<Operation>(
[INFO] [stdout] ...
[INFO] [stdout] 87 |         Operation: GraphqlOperation + Unpin + Send + 'static,
[INFO] [stdout]    |                    ^^^^^^^^^^^^^^^^ required by this bound in `Client::subscribe`
[INFO] [stdout] 
[INFO] [stdout] 
[INFO] [stdout] error[E0277]: the trait bound `StreamingOperation<BooksChangedSubscription, BooksChangedVariables>: GraphqlOperation` is not satisfied
[INFO] [stdout]   --> tests/cynic-tests.rs:66:54
[INFO] [stdout]    |
[INFO] [stdout] 66 |     let mut stream = client.subscribe(build_query()).await.unwrap();
[INFO] [stdout]    |                                                      ^^^^^ the trait `GraphqlOperation` is not implemented for `StreamingOperation<BooksChangedSubscription, BooksChangedVariables>`
[INFO] [stdout]    |
[INFO] [stdout] note: required by a bound in `graphql_ws_client::Client::subscribe`
[INFO] [stdout]   --> src/client/mod.rs:87:20
[INFO] [stdout]    |
[INFO] [stdout] 65 | impl Client {
[INFO] [stdout] ...
[INFO] [stdout] 82 |     pub async fn subscribe<Operation>(
[INFO] [stdout] ...
[INFO] [stdout] 87 |         Operation: GraphqlOperation + Unpin + Send + 'static,
[INFO] [stdout]    |                    ^^^^^^^^^^^^^^^^ required by this bound in `Client::subscribe`
[INFO] [stdout] 
[INFO] [stdout] 
[INFO] [stdout] error[E0277]: the trait bound `StreamingOperation<BooksChangedSubscription, BooksChangedVariables>: GraphqlOperation` is not satisfied
[INFO] [stdout]   --> tests/cynic-tests.rs:66:22
[INFO] [stdout]    |
[INFO] [stdout] 66 |     let mut stream = client.subscribe(build_query()).await.unwrap();
[INFO] [stdout]    |                      ^^^^^^^^^^^^^^^^^^^^^^^^^^^^^^^^^^^^^^^^^^^^^^ the trait `GraphqlOperation` is not implemented for `StreamingOperation<BooksChangedSubscription, BooksChangedVariables>`
[INFO] [stdout]    |
[INFO] [stdout] note: required by a bound in `graphql_ws_client::Subscription`
[INFO] [stdout]   --> src/client/subscription.rs:20:16
[INFO] [stdout]    |
[INFO] [stdout] 18 | pub struct Subscription<Operation>
[INFO] [stdout] 19 | where
[INFO] [stdout] 20 |     Operation: GraphqlOperation,
[INFO] [stdout]    |                ^^^^^^^^^^^^^^^^ required by this bound in `Subscription`
[INFO] [stdout] 
[INFO] [stdout] 
[INFO] [stdout] error[E0277]: the trait bound `StreamingOperation<BooksChangedSubscription, BooksChangedVariables>: GraphqlOperation` is not satisfied
[INFO] [stdout]   --> tests/cynic-tests.rs:85:48
[INFO] [stdout]    |
[INFO] [stdout] 85 |     send_and_verify_updates(&server, &updates, &mut stream).await;
[INFO] [stdout]    |                                                ^^^^^^^^^^^ the trait `GraphqlOperation` is not implemented for `StreamingOperation<BooksChangedSubscription, BooksChangedVariables>`
[INFO] [stdout]    |
[INFO] [stdout] note: required by a bound in `graphql_ws_client::Subscription`
[INFO] [stdout]   --> src/client/subscription.rs:20:16
[INFO] [stdout]    |
[INFO] [stdout] 18 | pub struct Subscription<Operation>
[INFO] [stdout] 19 | where
[INFO] [stdout] 20 |     Operation: GraphqlOperation,
[INFO] [stdout]    |                ^^^^^^^^^^^^^^^^ required by this bound in `Subscription`
[INFO] [stdout] 
[INFO] [stdout] 
[INFO] [stdout] error[E0277]: the trait bound `StreamingOperation<BooksChangedSubscription, BooksChangedVariables>: GraphqlOperation` is not satisfied
[INFO] [stdout]    --> tests/cynic-tests.rs:94:47
[INFO] [stdout]     |
[INFO] [stdout]  94 |     let mut stream = client_builder.subscribe(build_query()).await.unwrap();
[INFO] [stdout]     |                                     --------- ^^^^^^^^^^^^^ the trait `GraphqlOperation` is not implemented for `StreamingOperation<BooksChangedSubscription, BooksChangedVariables>`
[INFO] [stdout]     |                                     |
[INFO] [stdout]     |                                     required by a bound introduced by this call
[INFO] [stdout]     |
[INFO] [stdout] note: required by a bound in `ClientBuilder::subscribe`
[INFO] [stdout]    --> src/client/builder.rs:132:20
[INFO] [stdout]     |
[INFO] [stdout]  67 | impl ClientBuilder {
[INFO] [stdout] ...
[INFO] [stdout] 130 |     pub async fn subscribe<Operation>(self, op: Operation) -> Result<Subscription<Operation>, Error>
[INFO] [stdout] 131 |     where
[INFO] [stdout] 132 |         Operation: GraphqlOperation + Unpin + Send + 'static,
[INFO] [stdout]     |                    ^^^^^^^^^^^^^^^^ required by this bound in `ClientBuilder::subscribe`
[INFO] [stdout] 
[INFO] [stdout] 
[INFO] [stdout] error[E0277]: the trait bound `StreamingOperation<BooksChangedSubscription, BooksChangedVariables>: GraphqlOperation` is not satisfied
[INFO] [stdout]    --> tests/cynic-tests.rs:94:22
[INFO] [stdout]     |
[INFO] [stdout]  94 |     let mut stream = client_builder.subscribe(build_query()).await.unwrap();
[INFO] [stdout]     |                      ^^^^^^^^^^^^^^^^^^^^^^^^^^^^^^^^^^^^^^^ the trait `GraphqlOperation` is not implemented for `StreamingOperation<BooksChangedSubscription, BooksChangedVariables>`
[INFO] [stdout]     |
[INFO] [stdout] note: required by a bound in `ClientBuilder::subscribe`
[INFO] [stdout]    --> src/client/builder.rs:132:20
[INFO] [stdout]     |
[INFO] [stdout]  67 | impl ClientBuilder {
[INFO] [stdout] ...
[INFO] [stdout] 130 |     pub async fn subscribe<Operation>(self, op: Operation) -> Result<Subscription<Operation>, Error>
[INFO] [stdout] 131 |     where
[INFO] [stdout] 132 |         Operation: GraphqlOperation + Unpin + Send + 'static,
[INFO] [stdout]     |                    ^^^^^^^^^^^^^^^^ required by this bound in `ClientBuilder::subscribe`
[INFO] [stdout] 
[INFO] [stdout] 
[INFO] [stdout] error[E0277]: the trait bound `StreamingOperation<BooksChangedSubscription, BooksChangedVariables>: GraphqlOperation` is not satisfied
[INFO] [stdout]    --> tests/cynic-tests.rs:94:62
[INFO] [stdout]     |
[INFO] [stdout]  94 |     let mut stream = client_builder.subscribe(build_query()).await.unwrap();
[INFO] [stdout]     |                                                              ^^^^^ the trait `GraphqlOperation` is not implemented for `StreamingOperation<BooksChangedSubscription, BooksChangedVariables>`
[INFO] [stdout]     |
[INFO] [stdout] note: required by a bound in `ClientBuilder::subscribe`
[INFO] [stdout]    --> src/client/builder.rs:132:20
[INFO] [stdout]     |
[INFO] [stdout]  67 | impl ClientBuilder {
[INFO] [stdout] ...
[INFO] [stdout] 130 |     pub async fn subscribe<Operation>(self, op: Operation) -> Result<Subscription<Operation>, Error>
[INFO] [stdout] 131 |     where
[INFO] [stdout] 132 |         Operation: GraphqlOperation + Unpin + Send + 'static,
[INFO] [stdout]     |                    ^^^^^^^^^^^^^^^^ required by this bound in `ClientBuilder::subscribe`
[INFO] [stdout] 
[INFO] [stdout] 
[INFO] [stdout] error[E0277]: the trait bound `StreamingOperation<BooksChangedSubscription, BooksChangedVariables>: GraphqlOperation` is not satisfied
[INFO] [stdout]   --> tests/cynic-tests.rs:94:22
[INFO] [stdout]    |
[INFO] [stdout] 94 |     let mut stream = client_builder.subscribe(build_query()).await.unwrap();
[INFO] [stdout]    |                      ^^^^^^^^^^^^^^^^^^^^^^^^^^^^^^^^^^^^^^^^^^^^^^^^^^^^^^ the trait `GraphqlOperation` is not implemented for `StreamingOperation<BooksChangedSubscription, BooksChangedVariables>`
[INFO] [stdout]    |
[INFO] [stdout] note: required by a bound in `graphql_ws_client::Subscription`
[INFO] [stdout]   --> src/client/subscription.rs:20:16
[INFO] [stdout]    |
[INFO] [stdout] 18 | pub struct Subscription<Operation>
[INFO] [stdout] 19 | where
[INFO] [stdout] 20 |     Operation: GraphqlOperation,
[INFO] [stdout]    |                ^^^^^^^^^^^^^^^^ required by this bound in `Subscription`
[INFO] [stdout] 
[INFO] [stdout] 
[INFO] [stdout] error[E0277]: the trait bound `StreamingOperation<BooksChangedSubscription, BooksChangedVariables>: GraphqlOperation` is not satisfied
[INFO] [stdout]    --> tests/cynic-tests.rs:111:48
[INFO] [stdout]     |
[INFO] [stdout] 111 |     send_and_verify_updates(&server, &updates, &mut stream).await;
[INFO] [stdout]     |                                                ^^^^^^^^^^^ the trait `GraphqlOperation` is not implemented for `StreamingOperation<BooksChangedSubscription, BooksChangedVariables>`
[INFO] [stdout]     |
[INFO] [stdout] note: required by a bound in `graphql_ws_client::Subscription`
[INFO] [stdout]    --> src/client/subscription.rs:20:16
[INFO] [stdout]     |
[INFO] [stdout]  18 | pub struct Subscription<Operation>
[INFO] [stdout]  19 | where
[INFO] [stdout]  20 |     Operation: GraphqlOperation,
[INFO] [stdout]     |                ^^^^^^^^^^^^^^^^ required by this bound in `Subscription`
[INFO] [stdout] 
[INFO] [stdout] 
[INFO] [stdout] error[E0277]: the trait bound `StreamingOperation<BooksChangedSubscription, BooksChangedVariables>: GraphqlOperation` is not satisfied
[INFO] [stdout]    --> tests/cynic-tests.rs:123:39
[INFO] [stdout]     |
[INFO] [stdout] 123 |     let mut stream = client.subscribe(build_query()).await.unwrap();
[INFO] [stdout]     |                             --------- ^^^^^^^^^^^^^ the trait `GraphqlOperation` is not implemented for `StreamingOperation<BooksChangedSubscription, BooksChangedVariables>`
[INFO] [stdout]     |                             |
[INFO] [stdout]     |                             required by a bound introduced by this call
[INFO] [stdout]     |
[INFO] [stdout] note: required by a bound in `graphql_ws_client::Client::subscribe`
[INFO] [stdout]    --> src/client/mod.rs:87:20
[INFO] [stdout]     |
[INFO] [stdout]  65 | impl Client {
[INFO] [stdout] ...
[INFO] [stdout]  82 |     pub async fn subscribe<Operation>(
[INFO] [stdout] ...
[INFO] [stdout]  87 |         Operation: GraphqlOperation + Unpin + Send + 'static,
[INFO] [stdout]     |                    ^^^^^^^^^^^^^^^^ required by this bound in `Client::subscribe`
[INFO] [stdout] 
[INFO] [stdout] 
[INFO] [stdout] error[E0277]: the trait bound `StreamingOperation<BooksChangedSubscription, BooksChangedVariables>: GraphqlOperation` is not satisfied
[INFO] [stdout]    --> tests/cynic-tests.rs:123:22
[INFO] [stdout]     |
[INFO] [stdout] 123 |     let mut stream = client.subscribe(build_query()).await.unwrap();
[INFO] [stdout]     |                      ^^^^^^^^^^^^^^^^^^^^^^^^^^^^^^^ the trait `GraphqlOperation` is not implemented for `StreamingOperation<BooksChangedSubscription, BooksChangedVariables>`
[INFO] [stdout]     |
[INFO] [stdout] note: required by a bound in `graphql_ws_client::Client::subscribe`
[INFO] [stdout]    --> src/client/mod.rs:87:20
[INFO] [stdout]     |
[INFO] [stdout]  65 | impl Client {
[INFO] [stdout] ...
[INFO] [stdout]  82 |     pub async fn subscribe<Operation>(
[INFO] [stdout] ...
[INFO] [stdout]  87 |         Operation: GraphqlOperation + Unpin + Send + 'static,
[INFO] [stdout]     |                    ^^^^^^^^^^^^^^^^ required by this bound in `Client::subscribe`
[INFO] [stdout] 
[INFO] [stdout] 
[INFO] [stdout] error[E0277]: the trait bound `StreamingOperation<BooksChangedSubscription, BooksChangedVariables>: GraphqlOperation` is not satisfied
[INFO] [stdout]    --> tests/cynic-tests.rs:123:54
[INFO] [stdout]     |
[INFO] [stdout] 123 |     let mut stream = client.subscribe(build_query()).await.unwrap();
[INFO] [stdout]     |                                                      ^^^^^ the trait `GraphqlOperation` is not implemented for `StreamingOperation<BooksChangedSubscription, BooksChangedVariables>`
[INFO] [stdout]     |
[INFO] [stdout] note: required by a bound in `graphql_ws_client::Client::subscribe`
[INFO] [stdout]    --> src/client/mod.rs:87:20
[INFO] [stdout]     |
[INFO] [stdout]  65 | impl Client {
[INFO] [stdout] ...
[INFO] [stdout]  82 |     pub async fn subscribe<Operation>(
[INFO] [stdout] ...
[INFO] [stdout]  87 |         Operation: GraphqlOperation + Unpin + Send + 'static,
[INFO] [stdout]     |                    ^^^^^^^^^^^^^^^^ required by this bound in `Client::subscribe`
[INFO] [stdout] 
[INFO] [stdout] 
[INFO] [stdout] error[E0277]: the trait bound `StreamingOperation<BooksChangedSubscription, BooksChangedVariables>: GraphqlOperation` is not satisfied
[INFO] [stdout]    --> tests/cynic-tests.rs:123:22
[INFO] [stdout]     |
[INFO] [stdout] 123 |     let mut stream = client.subscribe(build_query()).await.unwrap();
[INFO] [stdout]     |                      ^^^^^^^^^^^^^^^^^^^^^^^^^^^^^^^^^^^^^^^^^^^^^^ the trait `GraphqlOperation` is not implemented for `StreamingOperation<BooksChangedSubscription, BooksChangedVariables>`
[INFO] [stdout]     |
[INFO] [stdout] note: required by a bound in `graphql_ws_client::Subscription`
[INFO] [stdout]    --> src/client/subscription.rs:20:16
[INFO] [stdout]     |
[INFO] [stdout]  18 | pub struct Subscription<Operation>
[INFO] [stdout]  19 | where
[INFO] [stdout]  20 |     Operation: GraphqlOperation,
[INFO] [stdout]     |                ^^^^^^^^^^^^^^^^ required by this bound in `Subscription`
[INFO] [stdout] 
[INFO] [stdout] 
[INFO] [stdout] error[E0277]: the trait bound `StreamingOperation<BooksChangedSubscription, BooksChangedVariables>: GraphqlOperation` is not satisfied
[INFO] [stdout]    --> tests/cynic-tests.rs:132:48
[INFO] [stdout]     |
[INFO] [stdout] 132 |     send_and_verify_updates(&server, &updates, &mut stream).await;
[INFO] [stdout]     |                                                ^^^^^^^^^^^ the trait `GraphqlOperation` is not implemented for `StreamingOperation<BooksChangedSubscription, BooksChangedVariables>`
[INFO] [stdout]     |
[INFO] [stdout] note: required by a bound in `graphql_ws_client::Subscription`
[INFO] [stdout]    --> src/client/subscription.rs:20:16
[INFO] [stdout]     |
[INFO] [stdout]  18 | pub struct Subscription<Operation>
[INFO] [stdout]  19 | where
[INFO] [stdout]  20 |     Operation: GraphqlOperation,
[INFO] [stdout]     |                ^^^^^^^^^^^^^^^^ required by this bound in `Subscription`
[INFO] [stdout] 
[INFO] [stdout] 
[INFO] [stdout] error[E0599]: the method `id` exists for struct `Subscription<StreamingOperation<BooksChangedSubscription, _>>`, but its trait bounds were not satisfied
[INFO] [stdout]    --> tests/cynic-tests.rs:136:24
[INFO] [stdout]     |
[INFO] [stdout] 136 |     client.stop(stream.id()).await.unwrap();
[INFO] [stdout]     |                        ^^ private field, not a method
[INFO] [stdout]     |
[INFO] [stdout]    ::: /opt/rustwide/cargo-home/registry/src/index.crates.io-1949cf8c6b5b557f/cynic-3.12.0/src/operation/mod.rs:108:1
[INFO] [stdout]     |
[INFO] [stdout] 108 | pub struct StreamingOperation<ResponseData, Variables = ()> {
[INFO] [stdout]     | ----------------------------------------------------------- doesn't satisfy `_: GraphqlOperation`
[INFO] [stdout]     |
[INFO] [stdout]     = note: the following trait bounds were not satisfied:
[INFO] [stdout]             `StreamingOperation<BooksChangedSubscription, BooksChangedVariables>: GraphqlOperation`
[INFO] [stdout]     = note: the full name for the type has been written to '/opt/rustwide/target/release/build/graphql-ws-client/48918dc7c4d62e88/out/cynic_tests-48918dc7c4d62e88.long-type-17442950420211432201.txt'
[INFO] [stdout]     = note: consider using `--verbose` to print the full type name to the console
[INFO] [stdout] 
[INFO] [stdout] 
[INFO] [stdout] error[E0599]: the method `next` exists for struct `Subscription<StreamingOperation<BooksChangedSubscription, _>>`, but its trait bounds were not satisfied
[INFO] [stdout]    --> tests/cynic-tests.rs:142:20
[INFO] [stdout]     |
[INFO] [stdout] 142 |     assert!(stream.next().await.is_none());
[INFO] [stdout]     |                    ^^^^ method cannot be called due to unsatisfied trait bounds
[INFO] [stdout]     |
[INFO] [stdout]    ::: src/client/subscription.rs:18:1
[INFO] [stdout]     |
[INFO] [stdout]  18 | pub struct Subscription<Operation>
[INFO] [stdout]     | ---------------------------------- doesn't satisfy `_: StreamExt` or `_: Stream`
[INFO] [stdout]     |
[INFO] [stdout]     = note: the following trait bounds were not satisfied:
[INFO] [stdout]             `graphql_ws_client::Subscription<StreamingOperation<BooksChangedSubscription, BooksChangedVariables>>: Stream`
[INFO] [stdout]             which is required by `graphql_ws_client::Subscription<StreamingOperation<BooksChangedSubscription, BooksChangedVariables>>: futures_lite::StreamExt`
[INFO] [stdout]     = note: the full name for the type has been written to '/opt/rustwide/target/release/build/graphql-ws-client/48918dc7c4d62e88/out/cynic_tests-48918dc7c4d62e88.long-type-17442950420211432201.txt'
[INFO] [stdout]     = note: consider using `--verbose` to print the full type name to the console
[INFO] [stdout] 
[INFO] [stdout] 
[INFO] [stdout] error[E0277]: the trait bound `StreamingOperation<BooksChangedSubscription, BooksChangedVariables>: GraphqlOperation` is not satisfied
[INFO] [stdout]    --> tests/cynic-tests.rs:154:39
[INFO] [stdout]     |
[INFO] [stdout] 154 |     let mut stream = client.subscribe(build_query()).await.unwrap();
[INFO] [stdout]     |                             --------- ^^^^^^^^^^^^^ the trait `GraphqlOperation` is not implemented for `StreamingOperation<BooksChangedSubscription, BooksChangedVariables>`
[INFO] [stdout]     |                             |
[INFO] [stdout]     |                             required by a bound introduced by this call
[INFO] [stdout]     |
[INFO] [stdout] note: required by a bound in `graphql_ws_client::Client::subscribe`
[INFO] [stdout]    --> src/client/mod.rs:87:20
[INFO] [stdout]     |
[INFO] [stdout]  65 | impl Client {
[INFO] [stdout] ...
[INFO] [stdout]  82 |     pub async fn subscribe<Operation>(
[INFO] [stdout] ...
[INFO] [stdout]  87 |         Operation: GraphqlOperation + Unpin + Send + 'static,
[INFO] [stdout]     |                    ^^^^^^^^^^^^^^^^ required by this bound in `Client::subscribe`
[INFO] [stdout] 
[INFO] [stdout] 
[INFO] [stdout] error[E0277]: the trait bound `StreamingOperation<BooksChangedSubscription, BooksChangedVariables>: GraphqlOperation` is not satisfied
[INFO] [stdout]    --> tests/cynic-tests.rs:154:22
[INFO] [stdout]     |
[INFO] [stdout] 154 |     let mut stream = client.subscribe(build_query()).await.unwrap();
[INFO] [stdout]     |                      ^^^^^^^^^^^^^^^^^^^^^^^^^^^^^^^ the trait `GraphqlOperation` is not implemented for `StreamingOperation<BooksChangedSubscription, BooksChangedVariables>`
[INFO] [stdout]     |
[INFO] [stdout] note: required by a bound in `graphql_ws_client::Client::subscribe`
[INFO] [stdout]    --> src/client/mod.rs:87:20
[INFO] [stdout]     |
[INFO] [stdout]  65 | impl Client {
[INFO] [stdout] ...
[INFO] [stdout]  82 |     pub async fn subscribe<Operation>(
[INFO] [stdout] ...
[INFO] [stdout]  87 |         Operation: GraphqlOperation + Unpin + Send + 'static,
[INFO] [stdout]     |                    ^^^^^^^^^^^^^^^^ required by this bound in `Client::subscribe`
[INFO] [stdout] 
[INFO] [stdout] 
[INFO] [stdout] error[E0277]: the trait bound `StreamingOperation<BooksChangedSubscription, BooksChangedVariables>: GraphqlOperation` is not satisfied
[INFO] [stdout]    --> tests/cynic-tests.rs:154:54
[INFO] [stdout]     |
[INFO] [stdout] 154 |     let mut stream = client.subscribe(build_query()).await.unwrap();
[INFO] [stdout]     |                                                      ^^^^^ the trait `GraphqlOperation` is not implemented for `StreamingOperation<BooksChangedSubscription, BooksChangedVariables>`
[INFO] [stdout]     |
[INFO] [stdout] note: required by a bound in `graphql_ws_client::Client::subscribe`
[INFO] [stdout]    --> src/client/mod.rs:87:20
[INFO] [stdout]     |
[INFO] [stdout]  65 | impl Client {
[INFO] [stdout] ...
[INFO] [stdout]  82 |     pub async fn subscribe<Operation>(
[INFO] [stdout] ...
[INFO] [stdout]  87 |         Operation: GraphqlOperation + Unpin + Send + 'static,
[INFO] [stdout]     |                    ^^^^^^^^^^^^^^^^ required by this bound in `Client::subscribe`
[INFO] [stdout] 
[INFO] [stdout] 
[INFO] [stdout] error[E0277]: the trait bound `StreamingOperation<BooksChangedSubscription, BooksChangedVariables>: GraphqlOperation` is not satisfied
[INFO] [stdout]    --> tests/cynic-tests.rs:154:22
[INFO] [stdout]     |
[INFO] [stdout] 154 |     let mut stream = client.subscribe(build_query()).await.unwrap();
[INFO] [stdout]     |                      ^^^^^^^^^^^^^^^^^^^^^^^^^^^^^^^^^^^^^^^^^^^^^^ the trait `GraphqlOperation` is not implemented for `StreamingOperation<BooksChangedSubscription, BooksChangedVariables>`
[INFO] [stdout]     |
[INFO] [stdout] note: required by a bound in `graphql_ws_client::Subscription`
[INFO] [stdout]    --> src/client/subscription.rs:20:16
[INFO] [stdout]     |
[INFO] [stdout]  18 | pub struct Subscription<Operation>
[INFO] [stdout]  19 | where
[INFO] [stdout]  20 |     Operation: GraphqlOperation,
[INFO] [stdout]     |                ^^^^^^^^^^^^^^^^ required by this bound in `Subscription`
[INFO] [stdout] 
[INFO] [stdout] 
[INFO] [stdout] error[E0277]: the trait bound `StreamingOperation<BooksChangedSubscription, BooksChangedVariables>: GraphqlOperation` is not satisfied
[INFO] [stdout]    --> tests/cynic-tests.rs:163:48
[INFO] [stdout]     |
[INFO] [stdout] 163 |     send_and_verify_updates(&server, &updates, &mut stream).await;
[INFO] [stdout]     |                                                ^^^^^^^^^^^ the trait `GraphqlOperation` is not implemented for `StreamingOperation<BooksChangedSubscription, BooksChangedVariables>`
[INFO] [stdout]     |
[INFO] [stdout] note: required by a bound in `graphql_ws_client::Subscription`
[INFO] [stdout]    --> src/client/subscription.rs:20:16
[INFO] [stdout]     |
[INFO] [stdout]  18 | pub struct Subscription<Operation>
[INFO] [stdout]  19 | where
[INFO] [stdout]  20 |     Operation: GraphqlOperation,
[INFO] [stdout]     |                ^^^^^^^^^^^^^^^^ required by this bound in `Subscription`
[INFO] [stdout] 
[INFO] [stdout] 
[INFO] [stdout] error[E0599]: the method `stop` exists for struct `Subscription<StreamingOperation<BooksChangedSubscription, _>>`, but its trait bounds were not satisfied
[INFO] [stdout]    --> tests/cynic-tests.rs:167:12
[INFO] [stdout]     |
[INFO] [stdout] 167 |     stream.stop();
[INFO] [stdout]     |            ^^^^ method cannot be called due to unsatisfied trait bounds
[INFO] [stdout]     |
[INFO] [stdout]    ::: /opt/rustwide/cargo-home/registry/src/index.crates.io-1949cf8c6b5b557f/cynic-3.12.0/src/operation/mod.rs:108:1
[INFO] [stdout]     |
[INFO] [stdout] 108 | pub struct StreamingOperation<ResponseData, Variables = ()> {
[INFO] [stdout]     | ----------------------------------------------------------- doesn't satisfy `_: GraphqlOperation`
[INFO] [stdout]     |
[INFO] [stdout]     = note: the following trait bounds were not satisfied:
[INFO] [stdout]             `StreamingOperation<BooksChangedSubscription, BooksChangedVariables>: GraphqlOperation`
[INFO] [stdout]     = note: the full name for the type has been written to '/opt/rustwide/target/release/build/graphql-ws-client/48918dc7c4d62e88/out/cynic_tests-48918dc7c4d62e88.long-type-17442950420211432201.txt'
[INFO] [stdout]     = note: consider using `--verbose` to print the full type name to the console
[INFO] [stdout] 
[INFO] [stdout] 
[INFO] [stdout] error[E0277]: the trait bound `StreamingOperation<BooksChangedSubscription, BooksChangedVariables>: GraphqlOperation` is not satisfied
[INFO] [stdout]    --> tests/cynic-tests.rs:183:39
[INFO] [stdout]     |
[INFO] [stdout] 183 |     let mut stream = client.subscribe(build_query()).await.unwrap();
[INFO] [stdout]     |                             --------- ^^^^^^^^^^^^^ the trait `GraphqlOperation` is not implemented for `StreamingOperation<BooksChangedSubscription, BooksChangedVariables>`
[INFO] [stdout]     |                             |
[INFO] [stdout]     |                             required by a bound introduced by this call
[INFO] [stdout]     |
[INFO] [stdout] note: required by a bound in `graphql_ws_client::Client::subscribe`
[INFO] [stdout]    --> src/client/mod.rs:87:20
[INFO] [stdout]     |
[INFO] [stdout]  65 | impl Client {
[INFO] [stdout] ...
[INFO] [stdout]  82 |     pub async fn subscribe<Operation>(
[INFO] [stdout] ...
[INFO] [stdout]  87 |         Operation: GraphqlOperation + Unpin + Send + 'static,
[INFO] [stdout]     |                    ^^^^^^^^^^^^^^^^ required by this bound in `Client::subscribe`
[INFO] [stdout] 
[INFO] [stdout] 
[INFO] [stdout] error[E0277]: the trait bound `StreamingOperation<BooksChangedSubscription, BooksChangedVariables>: GraphqlOperation` is not satisfied
[INFO] [stdout]    --> tests/cynic-tests.rs:183:22
[INFO] [stdout]     |
[INFO] [stdout] 183 |     let mut stream = client.subscribe(build_query()).await.unwrap();
[INFO] [stdout]     |                      ^^^^^^^^^^^^^^^^^^^^^^^^^^^^^^^ the trait `GraphqlOperation` is not implemented for `StreamingOperation<BooksChangedSubscription, BooksChangedVariables>`
[INFO] [stdout]     |
[INFO] [stdout] note: required by a bound in `graphql_ws_client::Client::subscribe`
[INFO] [stdout]    --> src/client/mod.rs:87:20
[INFO] [stdout]     |
[INFO] [stdout]  65 | impl Client {
[INFO] [stdout] ...
[INFO] [stdout]  82 |     pub async fn subscribe<Operation>(
[INFO] [stdout] ...
[INFO] [stdout]  87 |         Operation: GraphqlOperation + Unpin + Send + 'static,
[INFO] [stdout]     |                    ^^^^^^^^^^^^^^^^ required by this bound in `Client::subscribe`
[INFO] [stdout] 
[INFO] [stdout] 
[INFO] [stdout] error[E0277]: the trait bound `StreamingOperation<BooksChangedSubscription, BooksChangedVariables>: GraphqlOperation` is not satisfied
[INFO] [stdout]    --> tests/cynic-tests.rs:183:54
[INFO] [stdout]     |
[INFO] [stdout] 183 |     let mut stream = client.subscribe(build_query()).await.unwrap();
[INFO] [stdout]     |                                                      ^^^^^ the trait `GraphqlOperation` is not implemented for `StreamingOperation<BooksChangedSubscription, BooksChangedVariables>`
[INFO] [stdout]     |
[INFO] [stdout] note: required by a bound in `graphql_ws_client::Client::subscribe`
[INFO] [stdout]    --> src/client/mod.rs:87:20
[INFO] [stdout]     |
[INFO] [stdout]  65 | impl Client {
[INFO] [stdout] ...
[INFO] [stdout]  82 |     pub async fn subscribe<Operation>(
[INFO] [stdout] ...
[INFO] [stdout]  87 |         Operation: GraphqlOperation + Unpin + Send + 'static,
[INFO] [stdout]     |                    ^^^^^^^^^^^^^^^^ required by this bound in `Client::subscribe`
[INFO] [stdout] 
[INFO] [stdout] 
[INFO] [stdout] error[E0277]: the trait bound `StreamingOperation<BooksChangedSubscription, BooksChangedVariables>: GraphqlOperation` is not satisfied
[INFO] [stdout]    --> tests/cynic-tests.rs:183:22
[INFO] [stdout]     |
[INFO] [stdout] 183 |     let mut stream = client.subscribe(build_query()).await.unwrap();
[INFO] [stdout]     |                      ^^^^^^^^^^^^^^^^^^^^^^^^^^^^^^^^^^^^^^^^^^^^^^ the trait `GraphqlOperation` is not implemented for `StreamingOperation<BooksChangedSubscription, BooksChangedVariables>`
[INFO] [stdout]     |
[INFO] [stdout] note: required by a bound in `graphql_ws_client::Subscription`
[INFO] [stdout]    --> src/client/subscription.rs:20:16
[INFO] [stdout]     |
[INFO] [stdout]  18 | pub struct Subscription<Operation>
[INFO] [stdout]  19 | where
[INFO] [stdout]  20 |     Operation: GraphqlOperation,
[INFO] [stdout]     |                ^^^^^^^^^^^^^^^^ required by this bound in `Subscription`
[INFO] [stdout] 
[INFO] [stdout] 
[INFO] [stdout] error[E0277]: the trait bound `StreamingOperation<BooksChangedSubscription, BooksChangedVariables>: GraphqlOperation` is not satisfied
[INFO] [stdout]    --> tests/cynic-tests.rs:192:48
[INFO] [stdout]     |
[INFO] [stdout] 192 |     send_and_verify_updates(&server, &updates, &mut stream).await;
[INFO] [stdout]     |                                                ^^^^^^^^^^^ the trait `GraphqlOperation` is not implemented for `StreamingOperation<BooksChangedSubscription, BooksChangedVariables>`
[INFO] [stdout]     |
[INFO] [stdout] note: required by a bound in `graphql_ws_client::Subscription`
[INFO] [stdout]    --> src/client/subscription.rs:20:16
[INFO] [stdout]     |
[INFO] [stdout]  18 | pub struct Subscription<Operation>
[INFO] [stdout]  19 | where
[INFO] [stdout]  20 |     Operation: GraphqlOperation,
[INFO] [stdout]     |                ^^^^^^^^^^^^^^^^ required by this bound in `Subscription`
[INFO] [stdout] 
[INFO] [stdout] 
[INFO] [stdout] error[E0277]: the trait bound `StreamingOperation<BooksChangedSubscription, BooksChangedVariables>: GraphqlOperation` is not satisfied
[INFO] [stdout]    --> tests/cynic-tests.rs:196:5
[INFO] [stdout]     |
[INFO] [stdout] 196 |     drop(stream);
[INFO] [stdout]     |     ^^^^ the trait `GraphqlOperation` is not implemented for `StreamingOperation<BooksChangedSubscription, BooksChangedVariables>`
[INFO] [stdout]     |
[INFO] [stdout] note: required by a bound in `graphql_ws_client::Subscription`
[INFO] [stdout]    --> src/client/subscription.rs:20:16
[INFO] [stdout]     |
[INFO] [stdout]  18 | pub struct Subscription<Operation>
[INFO] [stdout]  19 | where
[INFO] [stdout]  20 |     Operation: GraphqlOperation,
[INFO] [stdout]     |                ^^^^^^^^^^^^^^^^ required by this bound in `Subscription`
[INFO] [stdout] 
[INFO] [stdout] 
[INFO] [stdout] Some errors have detailed explanations: E0277, E0433, E0599.
[INFO] [stdout] 
[INFO] [stdout] For more information about an error, try `rustc --explain E0277`.
[INFO] [stdout] 
[INFO] [stderr] error: could not compile `graphql-ws-client` (test "cynic-tests") due to 33 previous errors
[INFO] [stderr] warning: unused dependency `futures-sink`
[INFO] [stderr]   --> Cargo.toml:11:15
[INFO] [stderr]    |
[INFO] [stderr] 11 | [dependencies.futures-sink]
[INFO] [stderr]    |               ^^^^^^^^^^^^^
[INFO] [stderr]    |
[INFO] [stderr]    = note: `cargo::unused_dependencies` is set to `warn` by default
[INFO] [stderr] help: consider removing the dependency on `futures-sink`
[INFO] [stderr] warning: `graphql-ws-client` (manifest) generated 1 warning
[INFO] running `Command { std: "docker" "inspect" "9e8174961187c1efbd2e3e9b9225f89564adae2272e10bb75e98507f77619e0e", kill_on_drop: false }`
[INFO] running `Command { std: "docker" "rm" "-f" "9e8174961187c1efbd2e3e9b9225f89564adae2272e10bb75e98507f77619e0e", kill_on_drop: false }`
[INFO] [stdout] 9e8174961187c1efbd2e3e9b9225f89564adae2272e10bb75e98507f77619e0e
