[INFO] fetching crate graphity 2.0.0...
[INFO] testing graphity-2.0.0 against 1.99.0-beta.8+cargoflags=--release for beta-release-1.100-2
[INFO] extracting crate graphity 2.0.0 into /workspace/builds/worker-5-tc1/source
[INFO] started tweaking crates.io crate graphity 2.0.0
[INFO] finished tweaking crates.io crate graphity 2.0.0
[INFO] tweaked toml for crates.io crate graphity 2.0.0 written to /workspace/builds/worker-5-tc1/source/Cargo.toml
[INFO] validating manifest of crates.io crate graphity 2.0.0 on toolchain 1.99.0-beta.8
[INFO] running `Command { std: CARGO_HOME="/workspace/cargo-home" RUSTUP_HOME="/workspace/rustup-home" "/workspace/cargo-home/bin/cargo" "+1.99.0-beta.8" "metadata" "--manifest-path" "Cargo.toml" "--no-deps", kill_on_drop: false }`
[INFO] crate crates.io crate graphity 2.0.0 already has a lockfile, it will not be regenerated
[INFO] running `Command { std: CARGO_HOME="/workspace/cargo-home" RUSTUP_HOME="/workspace/rustup-home" "/workspace/cargo-home/bin/cargo" "+1.99.0-beta.8" "fetch" "--manifest-path" "Cargo.toml", kill_on_drop: false }`
[INFO] [stderr]  Downloading crates ...
[INFO] [stderr]   Downloaded ahash v0.4.7
[INFO] [stderr]   Downloaded hashbrown v0.9.1
[INFO] running `Command { std: "docker" "create" "-v" "/var/lib/crater-agent-workspace/builds/worker-5-tc1/source:/opt/rustwide/workdir:ro,Z" "-v" "/var/lib/crater-agent-workspace/builds/worker-5-tc1/target:/opt/rustwide/target:rw,Z" "-v" "/var/lib/crater-agent-workspace/cargo-home:/opt/rustwide/cargo-home:ro,Z" "-v" "/var/lib/crater-agent-workspace/rustup-home:/opt/rustwide/rustup-home:ro,Z" "-m" "1610612736" "--network" "none" "ghcr.io/rust-lang/crates-build-env/linux@sha256:77db811e55d90add9212f6832c23229e3de5f1c1f9905e8cb07319ea15df73ac" "sleep" "infinity", kill_on_drop: false }`
[INFO] [stdout] 71414763e4b5b02d2e4249856f23367573c66cb31d50c070a77f22ca02a3c865
[INFO] running `Command { std: "docker" "start" "71414763e4b5b02d2e4249856f23367573c66cb31d50c070a77f22ca02a3c865", kill_on_drop: false }`
[INFO] running `Command { std: "docker" "inspect" "71414763e4b5b02d2e4249856f23367573c66cb31d50c070a77f22ca02a3c865", kill_on_drop: false }`
[INFO] running `Command { std: "docker" "exec" "-e" "SOURCE_DIR=/opt/rustwide/workdir" "-e" "CARGO_HOME=/opt/rustwide/cargo-home" "-e" "RUSTUP_HOME=/opt/rustwide/rustup-home" "-e" "CARGO_TARGET_DIR=/opt/rustwide/target" "-w" "/opt/rustwide/workdir" "--user" "0:0" "71414763e4b5b02d2e4249856f23367573c66cb31d50c070a77f22ca02a3c865" "/opt/rustwide/cargo-home/bin/cargo" "+1.99.0-beta.8" "metadata" "--no-deps" "--format-version=1", kill_on_drop: false }`
[INFO] running `Command { std: "docker" "inspect" "71414763e4b5b02d2e4249856f23367573c66cb31d50c070a77f22ca02a3c865", kill_on_drop: false }`
[INFO] running `Command { std: "docker" "exec" "-e" "SOURCE_DIR=/opt/rustwide/workdir" "-e" "CARGO_HOME=/opt/rustwide/cargo-home" "-e" "RUSTUP_HOME=/opt/rustwide/rustup-home" "-e" "CARGO_TARGET_DIR=/opt/rustwide/target" "-e" "CARGO_INCREMENTAL=0" "-e" "RUST_BACKTRACE=full" "-e" "RUSTFLAGS=--cap-lints=warn" "-e" "RUSTDOCFLAGS=--cap-lints=warn" "-w" "/opt/rustwide/workdir" "--user" "0:0" "71414763e4b5b02d2e4249856f23367573c66cb31d50c070a77f22ca02a3c865" "/opt/rustwide/cargo-home/bin/cargo" "+1.99.0-beta.8" "build" "--frozen" "--message-format=json" "--release", kill_on_drop: false }`
[INFO] [stderr]    Compiling ahash v0.4.7
[INFO] [stderr]    Compiling hashbrown v0.9.1
[INFO] [stderr]    Compiling graphity v2.0.0 (/opt/rustwide/workdir)
[INFO] [stderr]     Finished `release` profile [optimized] target(s) in 1.20s
[INFO] running `Command { std: "docker" "inspect" "71414763e4b5b02d2e4249856f23367573c66cb31d50c070a77f22ca02a3c865", kill_on_drop: false }`
[INFO] running `Command { std: "docker" "exec" "-e" "SOURCE_DIR=/opt/rustwide/workdir" "-e" "CARGO_HOME=/opt/rustwide/cargo-home" "-e" "RUSTUP_HOME=/opt/rustwide/rustup-home" "-e" "CARGO_TARGET_DIR=/opt/rustwide/target" "-e" "CARGO_INCREMENTAL=0" "-e" "RUST_BACKTRACE=full" "-e" "RUSTFLAGS=--cap-lints=warn" "-e" "RUSTDOCFLAGS=--cap-lints=warn" "-w" "/opt/rustwide/workdir" "--user" "0:0" "71414763e4b5b02d2e4249856f23367573c66cb31d50c070a77f22ca02a3c865" "/opt/rustwide/cargo-home/bin/cargo" "+1.99.0-beta.8" "test" "--frozen" "--no-run" "--message-format=json" "--release", kill_on_drop: false }`
[INFO] [stderr]    Compiling graphity v2.0.0 (/opt/rustwide/workdir)
[INFO] [stdout] error[E0433]: cannot find module or crate `graphity` in this scope
[INFO] [stdout]    --> src/graphity.rs:245:9
[INFO] [stdout]     |
[INFO] [stdout] 245 |     use graphity::node::{NodeIndex, NodeWrapper};
[INFO] [stdout]     |         ^^^^^^^^ use of unresolved module or unlinked crate `graphity`
[INFO] [stdout]     |
[INFO] [stdout] help: to make use of source file src/graphity.rs, use `mod graphity` in this file to declare the module
[INFO] [stdout]    --> src/lib.rs:300:1
[INFO] [stdout]     |
[INFO] [stdout] 300 + mod graphity;
[INFO] [stdout]     |
[INFO] [stdout] 
[INFO] [stdout] 
[INFO] [stdout] error[E0432]: unresolved import `graphity_nodes`
[INFO] [stdout]    --> src/graphity.rs:258:13
[INFO] [stdout]     |
[INFO] [stdout] 258 |         use graphity_nodes::*;
[INFO] [stdout]     |             ^^^^^^^^^^^^^^ use of unresolved module or unlinked crate `graphity_nodes`
[INFO] [stdout]     |
[INFO] [stdout]     = help: if you wanted to use a crate named `graphity_nodes`, use `cargo add graphity_nodes` to add it to your `Cargo.toml`
[INFO] [stdout] 
[INFO] [stdout] 
[INFO] [stdout] error[E0432]: unresolved import `graphity_nodes`
[INFO] [stdout]  --> examples/graph.rs:7:5
[INFO] [stdout]   |
[INFO] [stdout] 7 | use graphity_nodes::*;
[INFO] [stdout]   |     ^^^^^^^^^^^^^^ use of unresolved module or unlinked crate `graphity_nodes`
[INFO] [stdout]   |
[INFO] [stdout]   = help: if you wanted to use a crate named `graphity_nodes`, use `cargo add graphity_nodes` to add it to your `Cargo.toml`
[INFO] [stdout] 
[INFO] [stdout] 
[INFO] [stdout] For more information about this error, try `rustc --explain E0432`.
[INFO] [stdout] 
[INFO] [stderr] error: could not compile `graphity` (example "graph") due to 1 previous error
[INFO] [stderr] warning: build failed, waiting for other jobs to finish...
[INFO] [stdout] Some errors have detailed explanations: E0432, E0433.
[INFO] [stdout] 
[INFO] [stderr] error: could not compile `graphity` (lib test) due to 2 previous errors
[INFO] [stdout] For more information about an error, try `rustc --explain E0432`.
[INFO] [stdout] 
[INFO] running `Command { std: "docker" "inspect" "71414763e4b5b02d2e4249856f23367573c66cb31d50c070a77f22ca02a3c865", kill_on_drop: false }`
[INFO] running `Command { std: "docker" "rm" "-f" "71414763e4b5b02d2e4249856f23367573c66cb31d50c070a77f22ca02a3c865", kill_on_drop: false }`
[INFO] [stdout] 71414763e4b5b02d2e4249856f23367573c66cb31d50c070a77f22ca02a3c865
