[INFO] fetching crate graphd 0.1.0...
[INFO] testing graphd-0.1.0 against 1.100.0-beta.1+cargoflags=--release for beta-release-1.100-2
[INFO] extracting crate graphd 0.1.0 into /workspace/builds/worker-5-tc2/source
[INFO] removed /workspace/builds/worker-5-tc2/source/.cargo/config.toml
[INFO] started tweaking crates.io crate graphd 0.1.0
[INFO] removed 0 missing tests
[INFO] finished tweaking crates.io crate graphd 0.1.0
[INFO] tweaked toml for crates.io crate graphd 0.1.0 written to /workspace/builds/worker-5-tc2/source/Cargo.toml
[INFO] validating manifest of crates.io crate graphd 0.1.0 on toolchain 1.100.0-beta.1
[INFO] running `Command { std: CARGO_HOME="/workspace/cargo-home" RUSTUP_HOME="/workspace/rustup-home" "/workspace/cargo-home/bin/cargo" "+1.100.0-beta.1" "metadata" "--manifest-path" "Cargo.toml" "--no-deps", kill_on_drop: false }`
[INFO] crate crates.io crate graphd 0.1.0 already has a lockfile, it will not be regenerated
[INFO] running `Command { std: CARGO_HOME="/workspace/cargo-home" RUSTUP_HOME="/workspace/rustup-home" "/workspace/cargo-home/bin/cargo" "+1.100.0-beta.1" "fetch" "--manifest-path" "Cargo.toml", kill_on_drop: false }`
[INFO] running `Command { std: "docker" "create" "-v" "/var/lib/crater-agent-workspace/builds/worker-5-tc2/source:/opt/rustwide/workdir:ro,Z" "-v" "/var/lib/crater-agent-workspace/builds/worker-5-tc2/target:/opt/rustwide/target:rw,Z" "-v" "/var/lib/crater-agent-workspace/cargo-home:/opt/rustwide/cargo-home:ro,Z" "-v" "/var/lib/crater-agent-workspace/rustup-home:/opt/rustwide/rustup-home:ro,Z" "-m" "1610612736" "--network" "none" "ghcr.io/rust-lang/crates-build-env/linux@sha256:77db811e55d90add9212f6832c23229e3de5f1c1f9905e8cb07319ea15df73ac" "sleep" "infinity", kill_on_drop: false }`
[INFO] [stdout] d82693ebed707541dd6c45f7d287d2fbb79eafdd7bf9efe656460df4c018671f
[INFO] running `Command { std: "docker" "start" "d82693ebed707541dd6c45f7d287d2fbb79eafdd7bf9efe656460df4c018671f", kill_on_drop: false }`
[INFO] running `Command { std: "docker" "inspect" "d82693ebed707541dd6c45f7d287d2fbb79eafdd7bf9efe656460df4c018671f", kill_on_drop: false }`
[INFO] running `Command { std: "docker" "exec" "-e" "SOURCE_DIR=/opt/rustwide/workdir" "-e" "CARGO_HOME=/opt/rustwide/cargo-home" "-e" "RUSTUP_HOME=/opt/rustwide/rustup-home" "-e" "CARGO_TARGET_DIR=/opt/rustwide/target" "-w" "/opt/rustwide/workdir" "--user" "0:0" "d82693ebed707541dd6c45f7d287d2fbb79eafdd7bf9efe656460df4c018671f" "/opt/rustwide/cargo-home/bin/cargo" "+1.100.0-beta.1" "metadata" "--no-deps" "--format-version=1", kill_on_drop: false }`
[INFO] running `Command { std: "docker" "inspect" "d82693ebed707541dd6c45f7d287d2fbb79eafdd7bf9efe656460df4c018671f", kill_on_drop: false }`
[INFO] running `Command { std: "docker" "exec" "-e" "SOURCE_DIR=/opt/rustwide/workdir" "-e" "CARGO_HOME=/opt/rustwide/cargo-home" "-e" "RUSTUP_HOME=/opt/rustwide/rustup-home" "-e" "CARGO_TARGET_DIR=/opt/rustwide/target" "-e" "CARGO_INCREMENTAL=0" "-e" "RUST_BACKTRACE=full" "-e" "RUSTFLAGS=--cap-lints=warn" "-e" "RUSTDOCFLAGS=--cap-lints=warn" "-w" "/opt/rustwide/workdir" "--user" "0:0" "d82693ebed707541dd6c45f7d287d2fbb79eafdd7bf9efe656460df4c018671f" "/opt/rustwide/cargo-home/bin/cargo" "+1.100.0-beta.1" "build" "--frozen" "--message-format=json" "--release", kill_on_drop: false }`
[INFO] [stderr]    Compiling proc-macro2 v1.0.106
[INFO] [stderr]    Compiling libc v0.2.180
[INFO] [stderr]    Compiling subtle v2.6.1
[INFO] [stderr]    Compiling parking_lot_core v0.9.12
[INFO] [stderr]    Compiling getrandom v0.2.17
[INFO] [stderr]    Compiling http v0.2.12
[INFO] [stderr]    Compiling num-traits v0.2.19
[INFO] [stderr]    Compiling futures-util v0.3.31
[INFO] [stderr]    Compiling deranged v0.5.5
[INFO] [stderr]    Compiling ryu v1.0.22
[INFO] [stderr]    Compiling vsimd v0.8.0
[INFO] [stderr]    Compiling outref v0.5.2
[INFO] [stderr]    Compiling bytes-utils v0.1.4
[INFO] [stderr]    Compiling serde_core v1.0.228
[INFO] [stderr]    Compiling aws-lc-rs v1.15.4
[INFO] [stderr]    Compiling getrandom v0.3.4
[INFO] [stderr]    Compiling digest v0.10.7
[INFO] [stderr]    Compiling der v0.6.1
[INFO] [stderr]    Compiling rand_core v0.6.4
[INFO] [stderr]    Compiling rustls v0.21.12
[INFO] [stderr]    Compiling rustls v0.23.36
[INFO] [stderr]    Compiling sync_wrapper v1.0.2
[INFO] [stderr]    Compiling base16ct v0.1.1
[INFO] [stderr]    Compiling hmac v0.12.1
[INFO] [stderr]    Compiling socket2 v0.5.10
[INFO] [stderr]    Compiling sha2 v0.10.9
[INFO] [stderr]    Compiling anyhow v1.0.100
[INFO] [stderr]    Compiling parking_lot v0.12.5
[INFO] [stderr]    Compiling aws-types v1.3.11
[INFO] [stderr]    Compiling crypto-bigint v0.4.9
[INFO] [stderr]    Compiling ff v0.12.1
[INFO] [stderr]    Compiling signature v1.6.4
[INFO] [stderr]    Compiling either v1.15.0
[INFO] [stderr]    Compiling num-integer v0.1.46
[INFO] [stderr]    Compiling group v0.12.1
[INFO] [stderr]    Compiling zerocopy v0.8.37
[INFO] [stderr]    Compiling crypto-bigint v0.5.5
[INFO] [stderr]    Compiling base64-simd v0.8.0
[INFO] [stderr]    Compiling itertools v0.14.0
[INFO] [stderr]    Compiling quote v1.0.44
[INFO] [stderr]    Compiling rfc6979 v0.3.1
[INFO] [stderr]    Compiling rustix v1.1.3
[INFO] [stderr]    Compiling syn v2.0.114
[INFO] [stderr]    Compiling scratch v1.0.9
[INFO] [stderr]    Compiling sha1 v0.10.6
[INFO] [stderr]    Compiling rand_core v0.9.5
[INFO] [stderr]    Compiling jobserver v0.1.34
[INFO] [stderr]    Compiling spki v0.6.0
[INFO] [stderr]    Compiling linux-raw-sys v0.11.0
[INFO] [stderr]    Compiling unicode-width v0.1.14
[INFO] [stderr]    Compiling regex-syntax v0.8.8
[INFO] [stderr]    Compiling bitflags v2.10.0
[INFO] [stderr]    Compiling http-body v0.4.6
[INFO] [stderr]    Compiling cc v1.2.55
[INFO] [stderr]    Compiling time v0.3.46
[INFO] [stderr]    Compiling pkcs8 v0.9.0
[INFO] [stderr]    Compiling prettyplease v0.2.37
[INFO] [stderr]    Compiling sec1 v0.3.0
[INFO] [stderr]    Compiling hashbrown v0.16.1
[INFO] [stderr]    Compiling bytes v1.11.0
[INFO] [stderr]    Compiling elliptic-curve v0.12.3
[INFO] [stderr]    Compiling cxxbridge-flags v1.0.138
[INFO] [stderr]    Compiling regex-lite v0.1.8
[INFO] [stderr]    Compiling ecdsa v0.14.8
[INFO] [stderr]    Compiling regex-automata v0.4.13
[INFO] [stderr]    Compiling codespan-reporting v0.11.1
[INFO] [stderr]    Compiling crc-catalog v2.4.0
[INFO] [stderr]    Compiling fastrand v2.3.0
[INFO] [stderr]    Compiling indexmap v2.13.0
[INFO] [stderr]    Compiling xmlparser v0.13.6
[INFO] [stderr]    Compiling fixedbitset v0.5.7
[INFO] [stderr]    Compiling cmake v0.1.57
[INFO] [stderr]    Compiling zmij v1.0.18
[INFO] [stderr]    Compiling aws-smithy-xml v0.60.13
[INFO] [stderr]    Compiling p256 v0.11.1
[INFO] [stderr]    Compiling crc v3.3.0
[INFO] [stderr]    Compiling serde_json v1.0.149
[INFO] [stderr]    Compiling urlencoding v2.1.3
[INFO] [stderr]    Compiling spin v0.10.0
[INFO] [stderr]    Compiling data-encoding v2.10.0
[INFO] [stderr]    Compiling multimap v0.10.1
[INFO] [stderr]    Compiling rust_decimal v1.40.0
[INFO] [stderr]    Compiling zstd-safe v7.2.4
[INFO] [stderr]    Compiling aws-lc-sys v0.37.0
[INFO] [stderr]    Compiling ring v0.17.14
[INFO] [stderr]    Compiling link-cplusplus v1.0.12
[INFO] [stderr]    Compiling zstd-sys v2.0.16+zstd.1.5.7
[INFO] [stderr]    Compiling cxx v1.0.138
[INFO] [stderr]    Compiling petgraph v0.7.1
[INFO] [stderr]    Compiling tempfile v3.24.0
[INFO] [stderr]    Compiling uuid v1.20.0
[INFO] [stderr]    Compiling crc-fast v1.9.0
[INFO] [stderr]    Compiling regex v1.12.2
[INFO] [stderr]    Compiling md-5 v0.10.6
[INFO] [stderr]    Compiling crc32c v0.6.8
[INFO] [stderr]    Compiling foldhash v0.1.5
[INFO] [stderr]    Compiling clap_builder v4.5.56
[INFO] [stderr]    Compiling xattr v1.6.1
[INFO] [stderr]    Compiling serde_path_to_error v0.1.20
[INFO] [stderr]    Compiling synstructure v0.13.2
[INFO] [stderr]    Compiling ppv-lite86 v0.2.21
[INFO] [stderr]    Compiling cxx-build v1.0.138
[INFO] [stderr]    Compiling rand_chacha v0.9.0
[INFO] [stderr]    Compiling filetime v0.2.27
[INFO] [stderr]    Compiling matchit v0.8.4
[INFO] [stderr]    Compiling rand v0.9.2
[INFO] [stderr]    Compiling tar v0.4.44
[INFO] [stderr]    Compiling tokio-macros v2.6.0
[INFO] [stderr]    Compiling tracing-attributes v0.1.31
[INFO] [stderr]    Compiling zerofrom-derive v0.1.6
[INFO] [stderr]    Compiling tokio v1.49.0
[INFO] [stderr]    Compiling tracing v0.1.44
[INFO] [stderr]    Compiling yoke-derive v0.8.1
[INFO] [stderr]    Compiling zerovec-derive v0.11.2
[INFO] [stderr]    Compiling displaydoc v0.2.5
[INFO] [stderr]    Compiling zerofrom v0.1.6
[INFO] [stderr]    Compiling prost-derive v0.13.5
[INFO] [stderr]    Compiling thiserror-impl v2.0.18
[INFO] [stderr]    Compiling serde_derive v1.0.228
[INFO] [stderr]    Compiling yoke v0.8.1
[INFO] [stderr]    Compiling cxxbridge-macro v1.0.138
[INFO] [stderr]    Compiling zerotrie v0.2.3
[INFO] [stderr]    Compiling axum-core v0.5.6
[INFO] [stderr]    Compiling matchers v0.2.0
[INFO] [stderr]    Compiling clap_derive v4.5.55
[INFO] [stderr]    Compiling lbug v0.14.1
[INFO] [stderr]    Compiling zerovec v0.11.5
[INFO] [stderr]    Compiling tracing-subscriber v0.3.22
[INFO] [stderr]    Compiling prost v0.13.5
[INFO] [stderr]    Compiling thiserror v2.0.18
[INFO] [stderr]    Compiling tungstenite v0.28.0
[INFO] [stderr]    Compiling prost-types v0.13.5
[INFO] [stderr]    Compiling tinystr v0.8.2
[INFO] [stderr]    Compiling icu_locale_core v2.1.1
[INFO] [stderr]    Compiling potential_utf v0.1.4
[INFO] [stderr]    Compiling icu_provider v2.1.1
[INFO] [stderr]    Compiling icu_collections v2.1.1
[INFO] [stderr]    Compiling prost-build v0.13.5
[INFO] [stderr]    Compiling icu_properties v2.1.2
[INFO] [stderr]    Compiling icu_normalizer v2.1.1
[INFO] [stderr]    Compiling clap v4.5.56
[INFO] [stderr]    Compiling serde v1.0.228
[INFO] [stderr] error: could not compile `tokio` (lib)
[INFO] [stderr] 
[INFO] [stderr] Caused by:
[INFO] [stderr]   process didn't exit successfully: `/opt/rustwide/rustup-home/toolchains/1.100.0-beta.1-x86_64-unknown-linux-gnu/bin/rustc --crate-name tokio --edition=2021 /opt/rustwide/cargo-home/registry/src/index.crates.io-1949cf8c6b5b557f/tokio-1.49.0/src/lib.rs --error-format=json --json=diagnostic-rendered-ansi,artifacts,future-incompat,unused-externs-silent --crate-type lib --emit=dep-info,metadata,link -C opt-level=3 -C embed-bitcode=no --cfg 'feature="bytes"' --cfg 'feature="default"' --cfg 'feature="fs"' --cfg 'feature="full"' --cfg 'feature="io-std"' --cfg 'feature="io-util"' --cfg 'feature="libc"' --cfg 'feature="macros"' --cfg 'feature="mio"' --cfg 'feature="net"' --cfg 'feature="parking_lot"' --cfg 'feature="process"' --cfg 'feature="rt"' --cfg 'feature="rt-multi-thread"' --cfg 'feature="signal"' --cfg 'feature="signal-hook-registry"' --cfg 'feature="socket2"' --cfg 'feature="sync"' --cfg 'feature="time"' --cfg 'feature="tokio-macros"' --check-cfg 'cfg(docsrs,test)' --check-cfg 'cfg(feature, values("bytes", "default", "fs", "full", "io-std", "io-uring", "io-util", "libc", "macros", "mio", "net", "parking_lot", "process", "rt", "rt-multi-thread", "signal", "signal-hook-registry", "socket2", "sync", "taskdump", "test-util", "time", "tokio-macros", "tracing", "windows-sys"))' -C metadata=862808453c8f2bcc -C extra-filename=-4bdb21bd937343b0 --out-dir /opt/rustwide/target/release/build/tokio/4bdb21bd937343b0/out -C strip=debuginfo -L dependency=/opt/rustwide/target/release/build/cfg-if/6d8dca19095bb388/out -L dependency=/opt/rustwide/target/release/build/errno/4ca092270256cfc4/out -L dependency=/opt/rustwide/target/release/build/libc/6e32314a1a8360bf/out -L dependency=/opt/rustwide/target/release/build/lock_api/0c6a3406bef68330/out -L dependency=/opt/rustwide/target/release/build/parking_lot_core/18f5efe745461aff/out -L dependency=/opt/rustwide/target/release/build/scopeguard/5f9373ec660020b4/out -L dependency=/opt/rustwide/target/release/build/smallvec/b3db98ac3a44e96a/out --extern bytes=/opt/rustwide/target/release/build/bytes/ee531cff3ae71f39/out/libbytes-ee531cff3ae71f39.rmeta --extern libc=/opt/rustwide/target/release/build/libc/6e32314a1a8360bf/out/liblibc-6e32314a1a8360bf.rmeta --extern mio=/opt/rustwide/target/release/build/mio/4ac8ae01c4bcdecc/out/libmio-4ac8ae01c4bcdecc.rmeta --extern parking_lot=/opt/rustwide/target/release/build/parking_lot/8ce6463e49b43649/out/libparking_lot-8ce6463e49b43649.rmeta --extern pin_project_lite=/opt/rustwide/target/release/build/pin-project-lite/a042d89c9815bfb5/out/libpin_project_lite-a042d89c9815bfb5.rmeta --extern signal_hook_registry=/opt/rustwide/target/release/build/signal-hook-registry/463600c4ea9b0567/out/libsignal_hook_registry-463600c4ea9b0567.rmeta --extern socket2=/opt/rustwide/target/release/build/socket2/c8d8150bde797e28/out/libsocket2-c8d8150bde797e28.rmeta --extern tokio_macros=/opt/rustwide/target/release/build/tokio-macros/11a89b211b0c3aa8/out/libtokio_macros-11a89b211b0c3aa8.so --cap-lints allow --cap-lints=warn --force-warn=unused_crate_dependencies` (signal: 9, SIGKILL: kill)
[INFO] [stderr] warning: build failed, waiting for other jobs to finish...
[INFO] [stderr] error: could not compile `cxxbridge-macro` (lib)
[INFO] [stderr] 
[INFO] [stderr] Caused by:
[INFO] [stderr]   process didn't exit successfully: `/opt/rustwide/rustup-home/toolchains/1.100.0-beta.1-x86_64-unknown-linux-gnu/bin/rustc --crate-name cxxbridge_macro --edition=2021 /opt/rustwide/cargo-home/registry/src/index.crates.io-1949cf8c6b5b557f/cxxbridge-macro-1.0.138/src/lib.rs --error-format=json --json=diagnostic-rendered-ansi,artifacts,future-incompat,unused-externs-silent --crate-type proc-macro --emit=dep-info,link -C prefer-dynamic -C embed-bitcode=no -C debug-assertions=off --check-cfg 'cfg(docsrs,test)' --check-cfg 'cfg(feature, values("clang-ast", "experimental-async-fn", "experimental-enum-variants-from-header", "flate2", "memmap", "serde", "serde_derive", "serde_json"))' -C metadata=52dfd9c08a56e936 -C extra-filename=-fb0fbf9720252c6e --out-dir /opt/rustwide/target/release/build/cxxbridge-macro/fb0fbf9720252c6e/out -C strip=debuginfo -L dependency=/opt/rustwide/target/release/build/proc-macro2/76fbffd3ee5aee30/out -L dependency=/opt/rustwide/target/release/build/quote/eeffde765684e2d6/out -L dependency=/opt/rustwide/target/release/build/unicode-ident/c79326c9fe5e1db9/out --extern proc_macro2=/opt/rustwide/target/release/build/proc-macro2/76fbffd3ee5aee30/out/libproc_macro2-76fbffd3ee5aee30.rlib --extern quote=/opt/rustwide/target/release/build/quote/eeffde765684e2d6/out/libquote-eeffde765684e2d6.rlib --extern rustversion=/opt/rustwide/target/release/build/rustversion/a45ae3a9c84ec2c2/out/librustversion-a45ae3a9c84ec2c2.so --extern syn=/opt/rustwide/target/release/build/syn/40e80ef7fe2839cb/out/libsyn-40e80ef7fe2839cb.rlib --extern proc_macro --cap-lints allow --cap-lints=warn --force-warn=unused_crate_dependencies` (signal: 9, SIGKILL: kill)
[INFO] [stderr] error: could not compile `clap_builder` (lib)
[INFO] [stderr] 
[INFO] [stderr] Caused by:
[INFO] [stderr]   process didn't exit successfully: `/opt/rustwide/rustup-home/toolchains/1.100.0-beta.1-x86_64-unknown-linux-gnu/bin/rustc --crate-name clap_builder --edition=2021 /opt/rustwide/cargo-home/registry/src/index.crates.io-1949cf8c6b5b557f/clap_builder-4.5.56/src/lib.rs --error-format=json --json=diagnostic-rendered-ansi,artifacts,future-incompat,unused-externs-silent --crate-type lib --emit=dep-info,metadata,link -C opt-level=3 -C embed-bitcode=no --cfg 'feature="color"' --cfg 'feature="env"' --cfg 'feature="error-context"' --cfg 'feature="help"' --cfg 'feature="std"' --cfg 'feature="suggestions"' --cfg 'feature="usage"' --check-cfg 'cfg(docsrs,test)' --check-cfg 'cfg(feature, values("cargo", "color", "debug", "default", "deprecated", "env", "error-context", "help", "std", "string", "suggestions", "unicode", "unstable-doc", "unstable-ext", "unstable-styles", "unstable-v5", "usage", "wrap_help"))' -C metadata=e51b8311dae6c6c0 -C extra-filename=-c63d5e30088f84a1 --out-dir /opt/rustwide/target/release/build/clap_builder/c63d5e30088f84a1/out -C strip=debuginfo -L dependency=/opt/rustwide/target/release/build/anstyle-parse/2a754419c04d28ad/out -L dependency=/opt/rustwide/target/release/build/anstyle-query/b45e303465962535/out -L dependency=/opt/rustwide/target/release/build/anstyle/8f069d2d725bf663/out -L dependency=/opt/rustwide/target/release/build/colorchoice/1862e5f8c10b89de/out -L dependency=/opt/rustwide/target/release/build/is_terminal_polyfill/d4b89543c4de780e/out -L dependency=/opt/rustwide/target/release/build/utf8parse/fd39fdebeec71100/out --extern anstream=/opt/rustwide/target/release/build/anstream/c914bf1de34742d6/out/libanstream-c914bf1de34742d6.rmeta --extern anstyle=/opt/rustwide/target/release/build/anstyle/8f069d2d725bf663/out/libanstyle-8f069d2d725bf663.rmeta --extern clap_lex=/opt/rustwide/target/release/build/clap_lex/9fc2a1d7ad4a2232/out/libclap_lex-9fc2a1d7ad4a2232.rmeta --extern strsim=/opt/rustwide/target/release/build/strsim/59d8e27f2067b49a/out/libstrsim-59d8e27f2067b49a.rmeta --cap-lints allow --cap-lints=warn --force-warn=unused_crate_dependencies` (signal: 9, SIGKILL: kill)
[INFO] [stderr] error: could not compile `prost-build` (lib)
[INFO] [stderr] 
[INFO] [stderr] Caused by:
[INFO] [stderr]   process didn't exit successfully: `/opt/rustwide/rustup-home/toolchains/1.100.0-beta.1-x86_64-unknown-linux-gnu/bin/rustc --crate-name prost_build --edition=2021 /opt/rustwide/cargo-home/registry/src/index.crates.io-1949cf8c6b5b557f/prost-build-0.13.5/src/lib.rs --error-format=json --json=diagnostic-rendered-ansi,artifacts,future-incompat,unused-externs-silent --crate-type lib --emit=dep-info,metadata,link -C embed-bitcode=no -C debug-assertions=off --cfg 'feature="default"' --cfg 'feature="format"' --check-cfg 'cfg(docsrs,test)' --check-cfg 'cfg(feature, values("cleanup-markdown", "default", "format"))' -C metadata=6bf5bf84537dd4f8 -C extra-filename=-9adb1ae42900d139 --out-dir /opt/rustwide/target/release/build/prost-build/9adb1ae42900d139/out -C strip=debuginfo -L dependency=/opt/rustwide/target/release/build/bitflags/2ee641bf43d11f6b/out -L dependency=/opt/rustwide/target/release/build/bytes/c0cf6c34ec60df31/out -L dependency=/opt/rustwide/target/release/build/cfg-if/77eee99fdbc91e79/out -L dependency=/opt/rustwide/target/release/build/either/70258cb44ae86260/out -L dependency=/opt/rustwide/target/release/build/equivalent/b7be8d56fcdb6d9b/out -L dependency=/opt/rustwide/target/release/build/fastrand/d04808f1aea4e763/out -L dependency=/opt/rustwide/target/release/build/fixedbitset/bbb1e38fb84c527c/out -L dependency=/opt/rustwide/target/release/build/getrandom/893ef8620dc5eb4a/out -L dependency=/opt/rustwide/target/release/build/hashbrown/31166f9c7f6764c2/out -L dependency=/opt/rustwide/target/release/build/indexmap/950e704e17801bbe/out -L dependency=/opt/rustwide/target/release/build/libc/571f35f96e3c639a/out -L dependency=/opt/rustwide/target/release/build/linux-raw-sys/76def3b79ba30bc1/out -L dependency=/opt/rustwide/target/release/build/once_cell/9b2d548d463cb449/out -L dependency=/opt/rustwide/target/release/build/proc-macro2/76fbffd3ee5aee30/out -L dependency=/opt/rustwide/target/release/build/prost-derive/28ab43b086a424a1/out -L dependency=/opt/rustwide/target/release/build/prost/9bd757b5864ecdd8/out -L dependency=/opt/rustwide/target/release/build/quote/eeffde765684e2d6/out -L dependency=/opt/rustwide/target/release/build/regex-automata/1a9d2cc89f89acb8/out -L dependency=/opt/rustwide/target/release/build/regex-syntax/c124729209e51270/out -L dependency=/opt/rustwide/target/release/build/rustix/6b92f27a7b665f3a/out -L dependency=/opt/rustwide/target/release/build/syn/40e80ef7fe2839cb/out -L dependency=/opt/rustwide/target/release/build/unicode-ident/c79326c9fe5e1db9/out --extern heck=/opt/rustwide/target/release/build/heck/24113571e1860158/out/libheck-24113571e1860158.rmeta --extern itertools=/opt/rustwide/target/release/build/itertools/fc2a76106121c681/out/libitertools-fc2a76106121c681.rmeta --extern log=/opt/rustwide/target/release/build/log/f1ed06bd1f108f67/out/liblog-f1ed06bd1f108f67.rmeta --extern multimap=/opt/rustwide/target/release/build/multimap/7983f0d5f796b6bb/out/libmultimap-7983f0d5f796b6bb.rmeta --extern once_cell=/opt/rustwide/target/release/build/once_cell/9b2d548d463cb449/out/libonce_cell-9b2d548d463cb449.rmeta --extern petgraph=/opt/rustwide/target/release/build/petgraph/0ab27b558778b39a/out/libpetgraph-0ab27b558778b39a.rmeta --extern prettyplease=/opt/rustwide/target/release/build/prettyplease/7fc1ef819b377a85/out/libprettyplease-7fc1ef819b377a85.rmeta --extern prost=/opt/rustwide/target/release/build/prost/9bd757b5864ecdd8/out/libprost-9bd757b5864ecdd8.rmeta --extern prost_types=/opt/rustwide/target/release/build/prost-types/a4034557783c7606/out/libprost_types-a4034557783c7606.rmeta --extern regex=/opt/rustwide/target/release/build/regex/e5b0de3b7e05c760/out/libregex-e5b0de3b7e05c760.rmeta --extern syn=/opt/rustwide/target/release/build/syn/40e80ef7fe2839cb/out/libsyn-40e80ef7fe2839cb.rmeta --extern tempfile=/opt/rustwide/target/release/build/tempfile/1ee0eb58f1f6665c/out/libtempfile-1ee0eb58f1f6665c.rmeta --cap-lints allow --cap-lints=warn --force-warn=unused_crate_dependencies` (signal: 9, SIGKILL: kill)
[INFO] [stderr] error: could not compile `icu_properties` (lib)
[INFO] [stderr] 
[INFO] [stderr] Caused by:
[INFO] [stderr]   process didn't exit successfully: `/opt/rustwide/rustup-home/toolchains/1.100.0-beta.1-x86_64-unknown-linux-gnu/bin/rustc --crate-name icu_properties --edition=2021 /opt/rustwide/cargo-home/registry/src/index.crates.io-1949cf8c6b5b557f/icu_properties-2.1.2/src/lib.rs --error-format=json --json=diagnostic-rendered-ansi,artifacts,future-incompat,unused-externs-silent --crate-type lib --emit=dep-info,metadata,link -C opt-level=3 -C embed-bitcode=no --cfg 'feature="compiled_data"' --check-cfg 'cfg(docsrs,test)' --check-cfg 'cfg(feature, values("alloc", "compiled_data", "datagen", "default", "serde", "unicode_bidi"))' -C metadata=4550bd67b2cacbeb -C extra-filename=-ccf7ab25143020f5 --out-dir /opt/rustwide/target/release/build/icu_properties/ccf7ab25143020f5/out -C strip=debuginfo -L dependency=/opt/rustwide/target/release/build/displaydoc/841db1ef459ccd3a/out -L dependency=/opt/rustwide/target/release/build/icu_locale_core/8ecc34994b335dc4/out -L dependency=/opt/rustwide/target/release/build/litemap/04068225f61d60c6/out -L dependency=/opt/rustwide/target/release/build/potential_utf/33c6038f442d85e2/out -L dependency=/opt/rustwide/target/release/build/stable_deref_trait/1fabeba25560deaf/out -L dependency=/opt/rustwide/target/release/build/tinystr/0dcff3640d20894a/out -L dependency=/opt/rustwide/target/release/build/writeable/82ffe1f15312b9f8/out -L dependency=/opt/rustwide/target/release/build/yoke-derive/6d32581a6a1c2588/out -L dependency=/opt/rustwide/target/release/build/yoke/de0bcc5b36645151/out -L dependency=/opt/rustwide/target/release/build/zerofrom-derive/113849b2aea19730/out -L dependency=/opt/rustwide/target/release/build/zerofrom/4ddbdf0da62c68c1/out -L dependency=/opt/rustwide/target/release/build/zerotrie/93b09413c8569b1b/out -L dependency=/opt/rustwide/target/release/build/zerovec-derive/a532954adc24829b/out -L dependency=/opt/rustwide/target/release/build/zerovec/5d5f4df83286375a/out --extern icu_collections=/opt/rustwide/target/release/build/icu_collections/c5e7a9eb3ec1ac5b/out/libicu_collections-c5e7a9eb3ec1ac5b.rmeta --extern icu_locale_core=/opt/rustwide/target/release/build/icu_locale_core/8ecc34994b335dc4/out/libicu_locale_core-8ecc34994b335dc4.rmeta --extern icu_properties_data=/opt/rustwide/target/release/build/icu_properties_data/f70733ada46899c6/out/libicu_properties_data-f70733ada46899c6.rmeta --extern icu_provider=/opt/rustwide/target/release/build/icu_provider/309dc7ffb287f751/out/libicu_provider-309dc7ffb287f751.rmeta --extern zerotrie=/opt/rustwide/target/release/build/zerotrie/93b09413c8569b1b/out/libzerotrie-93b09413c8569b1b.rmeta --extern zerovec=/opt/rustwide/target/release/build/zerovec/5d5f4df83286375a/out/libzerovec-5d5f4df83286375a.rmeta --cap-lints allow --cap-lints=warn --force-warn=unused_crate_dependencies` (signal: 9, SIGKILL: kill)
[INFO] [stderr] error: could not compile `serde` (lib)
[INFO] [stderr] 
[INFO] [stderr] Caused by:
[INFO] [stderr]   process didn't exit successfully: `/opt/rustwide/rustup-home/toolchains/1.100.0-beta.1-x86_64-unknown-linux-gnu/bin/rustc --crate-name serde --edition=2021 /opt/rustwide/cargo-home/registry/src/index.crates.io-1949cf8c6b5b557f/serde-1.0.228/src/lib.rs --error-format=json --json=diagnostic-rendered-ansi,artifacts,future-incompat,unused-externs-silent --crate-type lib --emit=dep-info,metadata,link -C opt-level=3 -C embed-bitcode=no --cfg 'feature="default"' --cfg 'feature="derive"' --cfg 'feature="serde_derive"' --cfg 'feature="std"' --check-cfg 'cfg(docsrs,test)' --check-cfg 'cfg(feature, values("alloc", "default", "derive", "rc", "serde_derive", "std", "unstable"))' -C metadata=f8ec99abd1dd44aa -C extra-filename=-40912b9154586f85 --out-dir /opt/rustwide/target/release/build/serde/40912b9154586f85/out -C strip=debuginfo --extern serde_core=/opt/rustwide/target/release/build/serde_core/49642931dc3300b8/out/libserde_core-49642931dc3300b8.rmeta --extern serde_derive=/opt/rustwide/target/release/build/serde_derive/9fe92144ce3cf27a/out/libserde_derive-9fe92144ce3cf27a.so --cap-lints allow --cap-lints=warn --force-warn=unused_crate_dependencies --cfg if_docsrs_then_no_serde_core --check-cfg 'cfg(feature, values("result"))' --check-cfg 'cfg(if_docsrs_then_no_serde_core)' --check-cfg 'cfg(no_core_cstr)' --check-cfg 'cfg(no_core_error)' --check-cfg 'cfg(no_core_net)' --check-cfg 'cfg(no_core_num_saturating)' --check-cfg 'cfg(no_diagnostic_namespace)' --check-cfg 'cfg(no_serde_derive)' --check-cfg 'cfg(no_std_atomic)' --check-cfg 'cfg(no_std_atomic64)' --check-cfg 'cfg(no_target_has_atomic)'` (signal: 9, SIGKILL: kill)
[INFO] [stderr] error: could not compile `icu_normalizer` (lib)
[INFO] [stderr] 
[INFO] [stderr] Caused by:
[INFO] [stderr]   process didn't exit successfully: `/opt/rustwide/rustup-home/toolchains/1.100.0-beta.1-x86_64-unknown-linux-gnu/bin/rustc --crate-name icu_normalizer --edition=2021 /opt/rustwide/cargo-home/registry/src/index.crates.io-1949cf8c6b5b557f/icu_normalizer-2.1.1/src/lib.rs --error-format=json --json=diagnostic-rendered-ansi,artifacts,future-incompat,unused-externs-silent --crate-type lib --emit=dep-info,metadata,link -C opt-level=3 -C embed-bitcode=no --cfg 'feature="compiled_data"' --check-cfg 'cfg(docsrs,test)' --check-cfg 'cfg(feature, values("compiled_data", "datagen", "default", "experimental", "icu_properties", "serde", "utf16_iter", "utf8_iter", "write16"))' -C metadata=b77532b38057e8cd -C extra-filename=-6d5be4e569e9cfd7 --out-dir /opt/rustwide/target/release/build/icu_normalizer/6d5be4e569e9cfd7/out -C strip=debuginfo -L dependency=/opt/rustwide/target/release/build/displaydoc/841db1ef459ccd3a/out -L dependency=/opt/rustwide/target/release/build/icu_locale_core/8ecc34994b335dc4/out -L dependency=/opt/rustwide/target/release/build/litemap/04068225f61d60c6/out -L dependency=/opt/rustwide/target/release/build/potential_utf/33c6038f442d85e2/out -L dependency=/opt/rustwide/target/release/build/stable_deref_trait/1fabeba25560deaf/out -L dependency=/opt/rustwide/target/release/build/tinystr/0dcff3640d20894a/out -L dependency=/opt/rustwide/target/release/build/writeable/82ffe1f15312b9f8/out -L dependency=/opt/rustwide/target/release/build/yoke-derive/6d32581a6a1c2588/out -L dependency=/opt/rustwide/target/release/build/yoke/de0bcc5b36645151/out -L dependency=/opt/rustwide/target/release/build/zerofrom-derive/113849b2aea19730/out -L dependency=/opt/rustwide/target/release/build/zerofrom/4ddbdf0da62c68c1/out -L dependency=/opt/rustwide/target/release/build/zerotrie/93b09413c8569b1b/out -L dependency=/opt/rustwide/target/release/build/zerovec-derive/a532954adc24829b/out -L dependency=/opt/rustwide/target/release/build/zerovec/5d5f4df83286375a/out --extern icu_collections=/opt/rustwide/target/release/build/icu_collections/c5e7a9eb3ec1ac5b/out/libicu_collections-c5e7a9eb3ec1ac5b.rmeta --extern icu_normalizer_data=/opt/rustwide/target/release/build/icu_normalizer_data/c2e93120ad654ffd/out/libicu_normalizer_data-c2e93120ad654ffd.rmeta --extern icu_provider=/opt/rustwide/target/release/build/icu_provider/309dc7ffb287f751/out/libicu_provider-309dc7ffb287f751.rmeta --extern smallvec=/opt/rustwide/target/release/build/smallvec/b3db98ac3a44e96a/out/libsmallvec-b3db98ac3a44e96a.rmeta --extern zerovec=/opt/rustwide/target/release/build/zerovec/5d5f4df83286375a/out/libzerovec-5d5f4df83286375a.rmeta --cap-lints allow --cap-lints=warn --force-warn=unused_crate_dependencies` (signal: 9, SIGKILL: kill)
[INFO] [stderr] error: could not compile `tracing-subscriber` (lib)
[INFO] [stderr] 
[INFO] [stderr] Caused by:
[INFO] [stderr]   process didn't exit successfully: `/opt/rustwide/rustup-home/toolchains/1.100.0-beta.1-x86_64-unknown-linux-gnu/bin/rustc --crate-name tracing_subscriber --edition=2018 /opt/rustwide/cargo-home/registry/src/index.crates.io-1949cf8c6b5b557f/tracing-subscriber-0.3.22/src/lib.rs --error-format=json --json=diagnostic-rendered-ansi,artifacts,future-incompat,unused-externs-silent --crate-type lib --emit=dep-info,metadata,link -C opt-level=3 -C embed-bitcode=no --cfg 'feature="alloc"' --cfg 'feature="ansi"' --cfg 'feature="default"' --cfg 'feature="env-filter"' --cfg 'feature="fmt"' --cfg 'feature="matchers"' --cfg 'feature="nu-ansi-term"' --cfg 'feature="once_cell"' --cfg 'feature="registry"' --cfg 'feature="sharded-slab"' --cfg 'feature="smallvec"' --cfg 'feature="std"' --cfg 'feature="thread_local"' --cfg 'feature="tracing"' --cfg 'feature="tracing-log"' --check-cfg 'cfg(docsrs,test)' --check-cfg 'cfg(feature, values("alloc", "ansi", "chrono", "default", "env-filter", "fmt", "json", "local-time", "matchers", "nu-ansi-term", "once_cell", "parking_lot", "regex", "registry", "serde", "serde_json", "sharded-slab", "smallvec", "std", "thread_local", "time", "tracing", "tracing-log", "tracing-serde", "valuable", "valuable-serde", "valuable_crate"))' -C metadata=e773d5ff01dbf945 -C extra-filename=-d3d09afd20ad1ede --out-dir /opt/rustwide/target/release/build/tracing-subscriber/d3d09afd20ad1ede/out -C strip=debuginfo -L dependency=/opt/rustwide/target/release/build/cfg-if/6d8dca19095bb388/out -L dependency=/opt/rustwide/target/release/build/lazy_static/fdd6af0286056ca3/out -L dependency=/opt/rustwide/target/release/build/log/9f5fd3dda547de7d/out -L dependency=/opt/rustwide/target/release/build/once_cell/35d4cc1b6bbf4e72/out -L dependency=/opt/rustwide/target/release/build/pin-project-lite/a042d89c9815bfb5/out -L dependency=/opt/rustwide/target/release/build/regex-automata/9a84b831e4ce8ac4/out -L dependency=/opt/rustwide/target/release/build/regex-syntax/dcf890f8355edfb0/out -L dependency=/opt/rustwide/target/release/build/tracing-attributes/1871dbb16083a5d8/out -L dependency=/opt/rustwide/target/release/build/tracing-core/75cabdb7c32ac36b/out --extern matchers=/opt/rustwide/target/release/build/matchers/76becabcccf67a8f/out/libmatchers-76becabcccf67a8f.rmeta --extern nu_ansi_term=/opt/rustwide/target/release/build/nu-ansi-term/2394e1a75082de7a/out/libnu_ansi_term-2394e1a75082de7a.rmeta --extern once_cell=/opt/rustwide/target/release/build/once_cell/35d4cc1b6bbf4e72/out/libonce_cell-35d4cc1b6bbf4e72.rmeta --extern regex_automata=/opt/rustwide/target/release/build/regex-automata/9a84b831e4ce8ac4/out/libregex_automata-9a84b831e4ce8ac4.rmeta --extern sharded_slab=/opt/rustwide/target/release/build/sharded-slab/18946f9d15d4fb19/out/libsharded_slab-18946f9d15d4fb19.rmeta --extern smallvec=/opt/rustwide/target/release/build/smallvec/b3db98ac3a44e96a/out/libsmallvec-b3db98ac3a44e96a.rmeta --extern thread_local=/opt/rustwide/target/release/build/thread_local/57dcbb25ec93501c/out/libthread_local-57dcbb25ec93501c.rmeta --extern tracing=/opt/rustwide/target/release/build/tracing/bc0f1bef13844a46/out/libtracing-bc0f1bef13844a46.rmeta --extern tracing_core=/opt/rustwide/target/release/build/tracing-core/75cabdb7c32ac36b/out/libtracing_core-75cabdb7c32ac36b.rmeta --extern tracing_log=/opt/rustwide/target/release/build/tracing-log/f890ffc6af296911/out/libtracing_log-f890ffc6af296911.rmeta --cap-lints allow --cap-lints=warn --force-warn=unused_crate_dependencies` (signal: 9, SIGKILL: kill)
[INFO] [stderr] error: failed to run custom build command for `lbug v0.14.1`
[INFO] [stderr] note: To improve backtraces for build dependencies, set the CARGO_PROFILE_RELEASE_BUILD_OVERRIDE_DEBUG=true environment variable to enable debug information generation.
[INFO] [stderr] 
[INFO] [stderr] Caused by:
[INFO] [stderr]   process didn't exit successfully: `/opt/rustwide/target/release/build/lbug/97778f938cd07abc/out/build_script_build` (exit status: 101)
[INFO] [stderr]   --- stdout
[INFO] [stderr]   CMAKE_TOOLCHAIN_FILE_x86_64-unknown-linux-gnu = None
[INFO] [stderr]   CMAKE_TOOLCHAIN_FILE_x86_64_unknown_linux_gnu = None
[INFO] [stderr]   HOST_CMAKE_TOOLCHAIN_FILE = None
[INFO] [stderr]   CMAKE_TOOLCHAIN_FILE = None
[INFO] [stderr]   CMAKE_GENERATOR_x86_64-unknown-linux-gnu = None
[INFO] [stderr]   CMAKE_GENERATOR_x86_64_unknown_linux_gnu = None
[INFO] [stderr]   HOST_CMAKE_GENERATOR = None
[INFO] [stderr]   CMAKE_GENERATOR = None
[INFO] [stderr]   CMAKE_PREFIX_PATH_x86_64-unknown-linux-gnu = None
[INFO] [stderr]   CMAKE_PREFIX_PATH_x86_64_unknown_linux_gnu = None
[INFO] [stderr]   HOST_CMAKE_PREFIX_PATH = None
[INFO] [stderr]   CMAKE_PREFIX_PATH = None
[INFO] [stderr]   CMAKE_x86_64-unknown-linux-gnu = None
[INFO] [stderr]   CMAKE_x86_64_unknown_linux_gnu = None
[INFO] [stderr]   HOST_CMAKE = None
[INFO] [stderr]   CMAKE = None
[INFO] [stderr]   -- The CXX compiler identification is GNU 15.2.0
[INFO] [stderr]   -- The C compiler identification is GNU 15.2.0
[INFO] [stderr]   -- Detecting CXX compiler ABI info
[INFO] [stderr]   -- Detecting CXX compiler ABI info - done
[INFO] [stderr]   -- Check for working CXX compiler: /usr/bin/c++ - skipped
[INFO] [stderr]   -- Detecting CXX compile features
[INFO] [stderr]   -- Detecting CXX compile features - done
[INFO] [stderr]   -- Detecting C compiler ABI info
[INFO] [stderr]   -- Detecting C compiler ABI info - done
[INFO] [stderr]   -- Check for working C compiler: /usr/bin/cc - skipped
[INFO] [stderr]   -- Detecting C compile features
[INFO] [stderr]   -- Detecting C compile features - done
[INFO] [stderr]   -- Multi-threaded mode is enabled: CMAKE_BUILD_PARALLEL_LEVEL=16
[INFO] [stderr]   -- Performing Test CMAKE_HAVE_LIBC_PTHREAD
[INFO] [stderr]   -- Performing Test CMAKE_HAVE_LIBC_PTHREAD - Success
[INFO] [stderr]   -- Found Threads: TRUE
[INFO] [stderr]   -- 64-bit architecture detected
[INFO] [stderr]   -- LBUG_PAGE_SIZE_LOG2: 12
[INFO] [stderr]   -- LBUG_VECTOR_CAPACITY_LOG2: 11
[INFO] [stderr]   -- LBUG_NODE_GROUP_SIZE_LOG2: 17
[INFO] [stderr]   -- LBUG_MAX_SEGMENT_SIZE_LOG2: 18
[INFO] [stderr]   -- Looking for F_FULLFSYNC
[INFO] [stderr]   -- Looking for F_FULLFSYNC - not found
[INFO] [stderr]   -- Looking for fdatasync
[INFO] [stderr]   -- Looking for fdatasync - found
[INFO] [stderr]   -- ✗ F_FULLFSYNC not available
[INFO] [stderr]   -- ✓ fdatasync will be used on this platform
[INFO] [stderr]   -- Build type is 'Release'
[INFO] [stderr]   -- Performing Test BROTLI_EMSCRIPTEN
[INFO] [stderr]   -- Performing Test BROTLI_EMSCRIPTEN - Failed
[INFO] [stderr]   -- Looking for log2 in m
[INFO] [stderr]   -- Looking for log2 in m - found
[INFO] [stderr]   -- Configuring done (8.3s)
[INFO] [stderr]   -- Generating done (9.0s)
[INFO] [stderr]   -- Build files have been written to: /opt/rustwide/target/release/build/lbug/b0a7078baf6d2876/out/build
[INFO] [stderr]   [  0%] Building CXX object third_party/fastpfor/CMakeFiles/fastpfor.dir/fastpfor/bitpacking.cpp.o
[INFO] [stderr]   [  0%] Building CXX object third_party/miniz/CMakeFiles/miniz.dir/miniz.cpp.o
[INFO] [stderr]   [  0%] Building CXX object third_party/lz4/CMakeFiles/lz4.dir/lz4.cpp.o
[INFO] [stderr]   [  0%] Building CXX object third_party/parquet/CMakeFiles/parquet.dir/parquet_constants.cpp.o
[INFO] [stderr]   [  1%] Building CXX object third_party/thrift/CMakeFiles/thrift.dir/protocol/TProtocol.cpp.o
[INFO] [stderr]   [  1%] Building C object third_party/brotli/CMakeFiles/brotlicommon.dir/c/common/constants.c.o
[INFO] [stderr]   [  1%] Building C object third_party/roaring_bitmap/CMakeFiles/roaring_bitmap.dir/roaring.c.o
[INFO] [stderr]   [  1%] Building CXX object third_party/zstd/CMakeFiles/zstd.dir/common/entropy_common.cpp.o
[INFO] [stderr]   [  1%] Building CXX object src/extension/CMakeFiles/lbug_extension.dir/catalog_extension.cpp.o
[INFO] [stderr]   [  1%] Building CXX object third_party/antlr4_runtime/CMakeFiles/antlr4_runtime.dir/src/ANTLRErrorListener.cpp.o
[INFO] [stderr]   [  1%] Building CXX object third_party/snappy/CMakeFiles/snappy.dir/snappy.cc.o
[INFO] [stderr]   [  1%] Building CXX object third_party/utf8proc/CMakeFiles/utf8proc.dir/utf8proc.cpp.o
[INFO] [stderr]   [  1%] Building C object third_party/yyjson/CMakeFiles/yyjson.dir/src/yyjson.c.o
[INFO] [stderr]   [  1%] Building CXX object third_party/mbedtls/CMakeFiles/mbedtls.dir/library/aes.cpp.o
[INFO] [stderr]   [  1%] Building CXX object third_party/re2/CMakeFiles/re2.dir/bitstate.cpp.o
[INFO] [stderr]   [  1%] Building C object third_party/simsimd/CMakeFiles/simsimd.dir/lib.c.o
[INFO] [stderr]   [  1%] Building C object third_party/brotli/CMakeFiles/brotlicommon.dir/c/common/context.c.o
[INFO] [stderr]   [  1%] Building C object third_party/brotli/CMakeFiles/brotlicommon.dir/c/common/dictionary.c.o
[INFO] [stderr]   [  2%] Building C object third_party/brotli/CMakeFiles/brotlicommon.dir/c/common/platform.c.o
[INFO] [stderr]   [  3%] Building CXX object third_party/zstd/CMakeFiles/zstd.dir/common/error_private.cpp.o
[INFO] [stderr]   [  3%] Building CXX object third_party/zstd/CMakeFiles/zstd.dir/common/fse_decompress.cpp.o
[INFO] [stderr]   [  3%] Building C object third_party/brotli/CMakeFiles/brotlicommon.dir/c/common/shared_dictionary.c.o
[INFO] [stderr]   [  3%] Building C object third_party/brotli/CMakeFiles/brotlicommon.dir/c/common/transform.c.o
[INFO] [stderr]   [  3%] Building CXX object third_party/mbedtls/CMakeFiles/mbedtls.dir/library/aria.cpp.o
[INFO] [stderr]   [  3%] Linking C static library libbrotlicommon.a
[INFO] [stderr]   [  3%] Building CXX object third_party/zstd/CMakeFiles/zstd.dir/common/xxhash.cpp.o
[INFO] [stderr]   [  3%] Built target brotlicommon
[INFO] [stderr]   [  3%] Building CXX object src/binder/CMakeFiles/lbug_binder.dir/binder.cpp.o
[INFO] [stderr]   [  3%] Building CXX object third_party/mbedtls/CMakeFiles/mbedtls.dir/library/asn1parse.cpp.o
[INFO] [stderr]   [  4%] Linking CXX static library liblz4.a
[INFO] [stderr]   [  4%] Building CXX object third_party/zstd/CMakeFiles/zstd.dir/common/zstd_common.cpp.o
[INFO] [stderr]   [  4%] Built target lz4
[INFO] [stderr]   [  4%] Building CXX object third_party/thrift/CMakeFiles/thrift.dir/transport/TTransportException.cpp.o
[INFO] [stderr]   [  4%] Building CXX object third_party/zstd/CMakeFiles/zstd.dir/compress/fse_compress.cpp.o
[INFO] [stderr]   [  4%] Building CXX object third_party/mbedtls/CMakeFiles/mbedtls.dir/library/base64.cpp.o
[INFO] [stderr]   [  4%] Building CXX object third_party/parquet/CMakeFiles/parquet.dir/parquet_types.cpp.o
[INFO] [stderr]   [  4%] Building CXX object third_party/utf8proc/CMakeFiles/utf8proc.dir/utf8proc_wrapper.cpp.o
[INFO] [stderr]   [  4%] Building CXX object third_party/mbedtls/CMakeFiles/mbedtls.dir/library/bignum.cpp.o
[INFO] [stderr]   [  4%] Building CXX object third_party/re2/CMakeFiles/re2.dir/compile.cpp.o
[INFO] [stderr]   [  4%] Building CXX object third_party/snappy/CMakeFiles/snappy.dir/snappy-sinksource.cc.o
[INFO] [stderr]   [  4%] Building CXX object src/extension/CMakeFiles/lbug_extension.dir/extension.cpp.o
[INFO] [stderr]   [  4%] Building CXX object third_party/zstd/CMakeFiles/zstd.dir/compress/hist.cpp.o
[INFO] [stderr]   [  4%] Building CXX object third_party/zstd/CMakeFiles/zstd.dir/compress/huf_compress.cpp.o
[INFO] [stderr]   [  4%] Linking CXX static library libsnappy.a
[INFO] [stderr]   [  4%] Building CXX object third_party/thrift/CMakeFiles/thrift.dir/transport/TBufferTransports.cpp.o
[INFO] [stderr]   [  4%] Built target snappy
[INFO] [stderr]   [  4%] Building CXX object src/binder/bind/CMakeFiles/lbug_binder_bind.dir/bind_attach_database.cpp.o
[INFO] [stderr]   [  4%] Linking CXX static library libutf8proc.a
[INFO] [stderr]   [  4%] Building CXX object third_party/antlr4_runtime/CMakeFiles/antlr4_runtime.dir/src/ANTLRErrorStrategy.cpp.o
[INFO] [stderr]   [  4%] Building CXX object third_party/mbedtls/CMakeFiles/mbedtls.dir/library/camellia.cpp.o
[INFO] [stderr]   [  4%] Building CXX object third_party/re2/CMakeFiles/re2.dir/dfa.cpp.o
[INFO] [stderr]   [  4%] Built target utf8proc
[INFO] [stderr]   [  4%] Building CXX object third_party/re2/CMakeFiles/re2.dir/filtered_re2.cpp.o
[INFO] [stderr]   [  4%] Building CXX object third_party/zstd/CMakeFiles/zstd.dir/compress/zstd_compress.cpp.o
[INFO] [stderr]   [  4%] Building CXX object third_party/zstd/CMakeFiles/zstd.dir/compress/zstd_compress_literals.cpp.o
[INFO] [stderr]   [  4%] Building CXX object src/binder/bind/CMakeFiles/lbug_binder_bind.dir/bind_create_macro.cpp.o
[INFO] [stderr]   [  4%] Building CXX object third_party/re2/CMakeFiles/re2.dir/mimics_pcre.cpp.o
[INFO] [stderr]   [  4%] Building CXX object third_party/re2/CMakeFiles/re2.dir/nfa.cpp.o
[INFO] [stderr]   [  4%] Building CXX object third_party/re2/CMakeFiles/re2.dir/onepass.cpp.o
[INFO] [stderr]   [  4%] Building CXX object third_party/mbedtls/CMakeFiles/mbedtls.dir/library/cipher.cpp.o
[INFO] [stderr]   [  4%] Building CXX object src/binder/bind/CMakeFiles/lbug_binder_bind.dir/bind_ddl.cpp.o
[INFO] [stderr]   [  4%] Building CXX object third_party/zstd/CMakeFiles/zstd.dir/compress/zstd_compress_sequences.cpp.o
[INFO] [stderr]   [  5%] Building CXX object third_party/zstd/CMakeFiles/zstd.dir/compress/zstd_compress_superblock.cpp.o
[INFO] [stderr]   [  5%] Building CXX object third_party/mbedtls/CMakeFiles/mbedtls.dir/library/cipher_wrap.cpp.o
[INFO] [stderr]   [  5%] Building CXX object third_party/zstd/CMakeFiles/zstd.dir/compress/zstd_double_fast.cpp.o
[INFO] [stderr]   [  5%] Linking CXX static library libthrift.a
[INFO] [stderr]   [  5%] Building CXX object third_party/mbedtls/CMakeFiles/mbedtls.dir/library/constant_time.cpp.o
[INFO] [stderr]   [  5%] Building CXX object src/binder/bind/CMakeFiles/lbug_binder_bind.dir/bind_detach_database.cpp.o
[INFO] [stderr]   [  5%] Built target thrift
[INFO] [stderr]   [  6%] Building CXX object third_party/mbedtls/CMakeFiles/mbedtls.dir/library/entropy.cpp.o
[INFO] [stderr]   [  6%] Building CXX object src/binder/bind/CMakeFiles/lbug_binder_bind.dir/bind_explain.cpp.o
[INFO] [stderr]   [  6%] Building CXX object third_party/mbedtls/CMakeFiles/mbedtls.dir/library/entropy_poll.cpp.o
[INFO] [stderr]   [  6%] Building CXX object src/binder/bind/CMakeFiles/lbug_binder_bind.dir/bind_extension_clause.cpp.o
[INFO] [stderr]   [  6%] Building CXX object third_party/mbedtls/CMakeFiles/mbedtls.dir/library/gcm.cpp.o
[INFO] [stderr]   [  6%] Building CXX object third_party/zstd/CMakeFiles/zstd.dir/compress/zstd_fast.cpp.o
[INFO] [stderr]   [  6%] Building CXX object third_party/mbedtls/CMakeFiles/mbedtls.dir/library/md.cpp.o
[INFO] [stderr]   [  6%] Linking CXX static library libminiz.a
[INFO] [stderr]   [  6%] Building CXX object third_party/zstd/CMakeFiles/zstd.dir/compress/zstd_lazy.cpp.o
[INFO] [stderr]   [  6%] Building CXX object third_party/mbedtls/CMakeFiles/mbedtls.dir/library/oid.cpp.o
[INFO] [stderr]   [  6%] Built target miniz
[INFO] [stderr]   [  6%] Building CXX object third_party/zstd/CMakeFiles/zstd.dir/compress/zstd_ldm.cpp.o
[INFO] [stderr]   [  6%] Building CXX object third_party/zstd/CMakeFiles/zstd.dir/compress/zstd_opt.cpp.o
[INFO] [stderr]   [  6%] Building CXX object third_party/zstd/CMakeFiles/zstd.dir/decompress/huf_decompress.cpp.o
[INFO] [stderr]   [  6%] Building CXX object third_party/zstd/CMakeFiles/zstd.dir/decompress/zstd_ddict.cpp.o
[INFO] [stderr]   [  6%] Building CXX object third_party/zstd/CMakeFiles/zstd.dir/decompress/zstd_decompress.cpp.o
[INFO] [stderr]   [  6%] Building CXX object third_party/zstd/CMakeFiles/zstd.dir/decompress/zstd_decompress_block.cpp.o
[INFO] [stderr]   [  6%] Building CXX object third_party/mbedtls/CMakeFiles/mbedtls.dir/library/pem.cpp.o
[INFO] [stderr]   [  6%] Building CXX object third_party/mbedtls/CMakeFiles/mbedtls.dir/library/pk.cpp.o
[INFO] [stderr]   [  6%] Building CXX object third_party/mbedtls/CMakeFiles/mbedtls.dir/library/pk_wrap.cpp.o
[INFO] [stderr]   [  6%] Building CXX object third_party/mbedtls/CMakeFiles/mbedtls.dir/library/pkparse.cpp.o
[INFO] [stderr]   [  7%] Building CXX object third_party/mbedtls/CMakeFiles/mbedtls.dir/library/rsa.cpp.o
[INFO] [stderr]   [  7%] Building CXX object third_party/mbedtls/CMakeFiles/mbedtls.dir/library/platform_util.cpp.o
[INFO] [stderr]   [  7%] Building CXX object third_party/mbedtls/CMakeFiles/mbedtls.dir/library/rsa_alt_helpers.cpp.o
[INFO] [stderr]   [  7%] Building CXX object third_party/mbedtls/CMakeFiles/mbedtls.dir/library/sha1.cpp.o
[INFO] [stderr]   [  7%] Building CXX object third_party/mbedtls/CMakeFiles/mbedtls.dir/library/sha256.cpp.o
[INFO] [stderr]   [  7%] Building CXX object third_party/mbedtls/CMakeFiles/mbedtls.dir/library/sha512.cpp.o
[INFO] [stderr]   [  7%] Linking CXX static library libmbedtls.a
[INFO] [stderr]   [  7%] Built target mbedtls
[INFO] [stderr]   [  7%] Linking C static library libyyjson.a
[INFO] [stderr]   [  7%] Built target yyjson
[INFO] [stderr]   [  8%] Linking CXX static library libzstd.a
[INFO] [stderr]   [  8%] Built target zstd
[INFO] [stderr] 
[INFO] [stderr]   --- stderr
[INFO] [stderr]   running: cd "/opt/rustwide/target/release/build/lbug/b0a7078baf6d2876/out/build" && CMAKE_PREFIX_PATH="" LC_ALL="C" "cmake" "/opt/rustwide/cargo-home/registry/src/index.crates.io-1949cf8c6b5b557f/lbug-0.14.1/lbug-src" "-B" "/opt/rustwide/target/release/build/lbug/b0a7078baf6d2876/out/build" "-DBUILD_SHELL=OFF" "-DBUILD_SINGLE_FILE_HEADER=OFF" "-DAUTO_UPDATE_GRAMMAR=OFF" "-DCMAKE_INSTALL_PREFIX=/opt/rustwide/target/release/build/lbug/b0a7078baf6d2876/out" "-DCMAKE_C_FLAGS= -ffunction-sections -fdata-sections -fPIC -m64 -w" "-DCMAKE_C_COMPILER=/usr/bin/cc" "-DCMAKE_CXX_FLAGS= -ffunction-sections -fdata-sections -fPIC -m64 -w" "-DCMAKE_CXX_COMPILER=/usr/bin/c++" "-DCMAKE_ASM_FLAGS= -ffunction-sections -fdata-sections -fPIC -m64 -w" "-DCMAKE_ASM_COMPILER=/usr/bin/cc" "-DCMAKE_BUILD_TYPE=Release"
[INFO] [stderr]   -- Compiler is not EMSCRIPTEN
[INFO] [stderr]   CMake Warning:
[INFO] [stderr]     Manually-specified variables were not used by the project:
[INFO] [stderr] 
[INFO] [stderr]       CMAKE_ASM_COMPILER
[INFO] [stderr]       CMAKE_ASM_FLAGS
[INFO] [stderr] 
[INFO] [stderr] 
[INFO] [stderr]   running: cd "/opt/rustwide/target/release/build/lbug/b0a7078baf6d2876/out/build" && LC_ALL="C" MAKEFLAGS="-j --jobserver-fds=4,5 --jobserver-auth=4,5" "cmake" "--build" "/opt/rustwide/target/release/build/lbug/b0a7078baf6d2876/out/build" "--config" "Release"
[INFO] [stderr]   gmake: warning: -j16 forced in submake: resetting jobserver mode.
[INFO] [stderr]   c++: fatal error: Killed signal terminated program cc1plus
[INFO] [stderr]   compilation terminated.
[INFO] [stderr]   gmake[2]: *** [src/binder/CMakeFiles/lbug_binder.dir/build.make:79: src/binder/CMakeFiles/lbug_binder.dir/binder.cpp.o] Error 1
[INFO] [stderr]   c++: fatal error: Killed signal terminated program cc1plus
[INFO] [stderr]   compilation terminated.
[INFO] [stderr]   gmake[2]: *** [src/extension/CMakeFiles/lbug_extension.dir/build.make:79: src/extension/CMakeFiles/lbug_extension.dir/catalog_extension.cpp.o] Error 1
[INFO] [stderr]   gmake[1]: *** [CMakeFiles/Makefile2:4650: src/binder/CMakeFiles/lbug_binder.dir/all] Error 2
[INFO] [stderr]   gmake[2]: *** Waiting for unfinished jobs....
[INFO] [stderr]   gmake[1]: *** Waiting for unfinished jobs....
[INFO] [stderr]   c++: fatal error: Killed signal terminated program cc1plus
[INFO] [stderr]   compilation terminated.
[INFO] [stderr]   gmake[2]: *** [third_party/antlr4_runtime/CMakeFiles/antlr4_runtime.dir/build.make:79: third_party/antlr4_runtime/CMakeFiles/antlr4_runtime.dir/src/ANTLRErrorListener.cpp.o] Error 1
[INFO] [stderr]   gmake[2]: *** Waiting for unfinished jobs....
[INFO] [stderr]   cc: fatal error: Killed signal terminated program cc1
[INFO] [stderr]   compilation terminated.
[INFO] [stderr]   gmake[2]: *** [third_party/roaring_bitmap/CMakeFiles/roaring_bitmap.dir/build.make:79: third_party/roaring_bitmap/CMakeFiles/roaring_bitmap.dir/roaring.c.o] Error 1
[INFO] [stderr]   gmake[1]: *** [CMakeFiles/Makefile2:4134: third_party/roaring_bitmap/CMakeFiles/roaring_bitmap.dir/all] Error 2
[INFO] [stderr]   cc: fatal error: Killed signal terminated program cc1
[INFO] [stderr]   compilation terminated.
[INFO] [stderr]   gmake[2]: *** [third_party/simsimd/CMakeFiles/simsimd.dir/build.make:79: third_party/simsimd/CMakeFiles/simsimd.dir/lib.c.o] Error 1
[INFO] [stderr]   gmake[1]: *** [CMakeFiles/Makefile2:4166: third_party/simsimd/CMakeFiles/simsimd.dir/all] Error 2
[INFO] [stderr]   c++: fatal error: Killed signal terminated program cc1plus
[INFO] [stderr]   compilation terminated.
[INFO] [stderr]   gmake[2]: *** [third_party/fastpfor/CMakeFiles/fastpfor.dir/build.make:79: third_party/fastpfor/CMakeFiles/fastpfor.dir/fastpfor/bitpacking.cpp.o] Error 1
[INFO] [stderr]   gmake[1]: *** [CMakeFiles/Makefile2:3046: third_party/fastpfor/CMakeFiles/fastpfor.dir/all] Error 2
[INFO] [stderr]   c++: fatal error: Killed signal terminated program cc1plus
[INFO] [stderr]   compilation terminated.
[INFO] [stderr]   gmake[2]: *** [src/extension/CMakeFiles/lbug_extension.dir/build.make:93: src/extension/CMakeFiles/lbug_extension.dir/extension.cpp.o] Error 1
[INFO] [stderr]   gmake[1]: *** [CMakeFiles/Makefile2:7754: src/extension/CMakeFiles/lbug_extension.dir/all] Error 2
[INFO] [stderr]   c++: fatal error: Killed signal terminated program cc1plus
[INFO] [stderr]   compilation terminated.
[INFO] [stderr]   gmake[2]: *** [third_party/parquet/CMakeFiles/parquet.dir/build.make:93: third_party/parquet/CMakeFiles/parquet.dir/parquet_types.cpp.o] Error 1
[INFO] [stderr]   gmake[1]: *** [CMakeFiles/Makefile2:3174: third_party/parquet/CMakeFiles/parquet.dir/all] Error 2
[INFO] [stderr]   c++: fatal error: Killed signal terminated program cc1plus
[INFO] [stderr]   compilation terminated.
[INFO] [stderr]   gmake[2]: *** [third_party/re2/CMakeFiles/re2.dir/build.make:93: third_party/re2/CMakeFiles/re2.dir/compile.cpp.o] Error 1
[INFO] [stderr]   gmake[2]: *** Waiting for unfinished jobs....
[INFO] [stderr]   c++: fatal error: Killed signal terminated program cc1plus
[INFO] [stderr]   compilation terminated.
[INFO] [stderr]   gmake[2]: *** [src/binder/bind/CMakeFiles/lbug_binder_bind.dir/build.make:79: src/binder/bind/CMakeFiles/lbug_binder_bind.dir/bind_attach_database.cpp.o] Error 1
[INFO] [stderr]   gmake[2]: *** Waiting for unfinished jobs....
[INFO] [stderr]   c++: fatal error: Killed signal terminated program cc1plus
[INFO] [stderr]   compilation terminated.
[INFO] [stderr]   gmake[2]: *** [third_party/re2/CMakeFiles/re2.dir/build.make:107: third_party/re2/CMakeFiles/re2.dir/dfa.cpp.o] Error 1
[INFO] [stderr]   c++: fatal error: Killed signal terminated program cc1plus
[INFO] [stderr]   compilation terminated.
[INFO] [stderr]   gmake[2]: *** [src/binder/bind/CMakeFiles/lbug_binder_bind.dir/build.make:93: src/binder/bind/CMakeFiles/lbug_binder_bind.dir/bind_create_macro.cpp.o] Error 1
[INFO] [stderr]   c++: fatal error: Killed signal terminated program cc1plus
[INFO] [stderr]   compilation terminated.
[INFO] [stderr]   gmake[2]: *** [third_party/antlr4_runtime/CMakeFiles/antlr4_runtime.dir/build.make:93: third_party/antlr4_runtime/CMakeFiles/antlr4_runtime.dir/src/ANTLRErrorStrategy.cpp.o] Error 1
[INFO] [stderr]   gmake[1]: *** [CMakeFiles/Makefile2:2918: third_party/antlr4_runtime/CMakeFiles/antlr4_runtime.dir/all] Error 2
[INFO] [stderr]   gmake[1]: *** [CMakeFiles/Makefile2:4102: third_party/re2/CMakeFiles/re2.dir/all] Error 2
[INFO] [stderr]   c++: fatal error: Killed signal terminated program cc1plus
[INFO] [stderr]   compilation terminated.
[INFO] [stderr]   gmake[2]: *** [src/binder/bind/CMakeFiles/lbug_binder_bind.dir/build.make:121: src/binder/bind/CMakeFiles/lbug_binder_bind.dir/bind_detach_database.cpp.o] Error 1
[INFO] [stderr]   c++: fatal error: Killed signal terminated program cc1plus
[INFO] [stderr]   compilation terminated.
[INFO] [stderr]   gmake[2]: *** [src/binder/bind/CMakeFiles/lbug_binder_bind.dir/build.make:107: src/binder/bind/CMakeFiles/lbug_binder_bind.dir/bind_ddl.cpp.o] Error 1
[INFO] [stderr]   gmake[1]: *** [CMakeFiles/Makefile2:4682: src/binder/bind/CMakeFiles/lbug_binder_bind.dir/all] Error 2
[INFO] [stderr]   gmake: *** [Makefile:136: all] Error 2
[INFO] [stderr] 
[INFO] [stderr]   thread 'main' (2578) panicked at /opt/rustwide/cargo-home/registry/src/index.crates.io-1949cf8c6b5b557f/cmake-0.1.57/src/lib.rs:1132:5:
[INFO] [stderr] 
[INFO] [stderr]   command did not execute successfully, got: exit status: 2
[INFO] [stderr] 
[INFO] [stderr]   build script failed, must exit now
[INFO] [stderr]   stack backtrace:
[INFO] [stderr]      0:     0x61b7bbddf451 - <<std[617be2ca0a6fd877]::sys::backtrace::BacktraceLock>::print::DisplayBacktrace as core[a373ad73a504971]::fmt::Display>::fmt
[INFO] [stderr]      1:     0x61b7bbdf5a7a - core[a373ad73a504971]::fmt::write
[INFO] [stderr]      2:     0x61b7bbde5f8c - <std[617be2ca0a6fd877]::sys::stdio::unix::Stderr as core[a373ad73a504971]::io::write::Write>::write_fmt
[INFO] [stderr]      3:     0x61b7bbdb7736 - std[617be2ca0a6fd877]::panicking::default_hook::{closure#0}
[INFO] [stderr]      4:     0x61b7bbdd5a61 - std[617be2ca0a6fd877]::panicking::default_hook
[INFO] [stderr]      5:     0x61b7bbdd5d8b - std[617be2ca0a6fd877]::panicking::panic_with_hook
[INFO] [stderr]      6:     0x61b7bbdb77e2 - std[617be2ca0a6fd877]::panicking::panic_handler::{closure#0}
[INFO] [stderr]      7:     0x61b7bbdafda9 - std[617be2ca0a6fd877]::sys::backtrace::__rust_end_short_backtrace::<std[617be2ca0a6fd877]::panicking::panic_handler::{closure#0}, !>
[INFO] [stderr]      8:     0x61b7bbdb86dd - __rustc[ea4f61d10b84890b]::rust_begin_unwind
[INFO] [stderr]      9:     0x61b7bbdf629c - core[a373ad73a504971]::panicking::panic_fmt
[INFO] [stderr]     10:     0x61b7bbd16487 - cmake[5fe1ed6c568aee15]::fail
[INFO] [stderr]     11:     0x61b7bbd16113 - cmake[5fe1ed6c568aee15]::run
[INFO] [stderr]     12:     0x61b7bbd1c0f5 - <cmake[5fe1ed6c568aee15]::Config>::build
[INFO] [stderr]     13:     0x61b7bbaeb280 - build_script_build[b23f04397a9d1998]::build_bundled_cmake
[INFO] [stderr]     14:     0x61b7bbaec347 - build_script_build[b23f04397a9d1998]::main
[INFO] [stderr]     15:     0x61b7bbaee3e3 - <fn() as core[a373ad73a504971]::ops::function::FnOnce<()>>::call_once
[INFO] [stderr]     16:     0x61b7bbaea196 - std[617be2ca0a6fd877]::sys::backtrace::__rust_begin_short_backtrace::<fn(), ()>
[INFO] [stderr]     17:     0x61b7bbaea489 - std[617be2ca0a6fd877]::rt::lang_start::<()>::{closure#0}
[INFO] [stderr]     18:     0x61b7bbdd4d58 - std[617be2ca0a6fd877]::rt::lang_start_internal
[INFO] [stderr]     19:     0x61b7bbae9a91 - std[617be2ca0a6fd877]::rt::lang_start::<()>
[INFO] [stderr]     20:     0x61b7bbaee525 - main
[INFO] [stderr]     21:     0x705e1cceb601 - <unknown>
[INFO] [stderr]     22:     0x705e1cceb718 - __libc_start_main
[INFO] [stderr]     23:     0x61b7bbae7b85 - _start
[INFO] [stderr]     24:                0x0 - <unknown>
[INFO] running `Command { std: "docker" "inspect" "d82693ebed707541dd6c45f7d287d2fbb79eafdd7bf9efe656460df4c018671f", kill_on_drop: false }`
[INFO] running `Command { std: "docker" "rm" "-f" "d82693ebed707541dd6c45f7d287d2fbb79eafdd7bf9efe656460df4c018671f", kill_on_drop: false }`
[INFO] [stdout] d82693ebed707541dd6c45f7d287d2fbb79eafdd7bf9efe656460df4c018671f
