[INFO] fetching crate gqlrs 0.1.0...
[INFO] testing gqlrs-0.1.0 against 1.100.0-beta.1+cargoflags=--release for beta-release-1.100-2
[INFO] extracting crate gqlrs 0.1.0 into /workspace/builds/worker-0-tc2/source
[INFO] started tweaking crates.io crate gqlrs 0.1.0
[INFO] removed 0 missing tests
[INFO] finished tweaking crates.io crate gqlrs 0.1.0
[INFO] tweaked toml for crates.io crate gqlrs 0.1.0 written to /workspace/builds/worker-0-tc2/source/Cargo.toml
[INFO] validating manifest of crates.io crate gqlrs 0.1.0 on toolchain 1.100.0-beta.1
[INFO] running `Command { std: CARGO_HOME="/workspace/cargo-home" RUSTUP_HOME="/workspace/rustup-home" "/workspace/cargo-home/bin/cargo" "+1.100.0-beta.1" "metadata" "--manifest-path" "Cargo.toml" "--no-deps", kill_on_drop: false }`
[INFO] crate crates.io crate gqlrs 0.1.0 already has a lockfile, it will not be regenerated
[INFO] running `Command { std: CARGO_HOME="/workspace/cargo-home" RUSTUP_HOME="/workspace/rustup-home" "/workspace/cargo-home/bin/cargo" "+1.100.0-beta.1" "fetch" "--manifest-path" "Cargo.toml", kill_on_drop: false }`
[INFO] [stderr] warning: `package.homepage` is redundant with `package.repository`
[INFO] [stderr]    --> Cargo.toml:247:12
[INFO] [stderr]     |
[INFO] [stderr] 247 | homepage = "https://github.com/smartcrabai/gqlrs"
[INFO] [stderr]     |            ^^^^^^^^^^^^^^^^^^^^^^^^^^^^^^^^^^^^^^
[INFO] [stderr] ...
[INFO] [stderr] 253 | repository = "https://github.com/smartcrabai/gqlrs"
[INFO] [stderr]     |              --------------------------------------
[INFO] [stderr]     |
[INFO] [stderr]     = note: `cargo::redundant_homepage` is set to `warn` by default
[INFO] [stderr] help: consider removing `package.homepage`
[INFO] [stderr] warning: `gqlrs` (manifest) generated 1 warning
[INFO] running `Command { std: "docker" "create" "-v" "/var/lib/crater-agent-workspace/builds/worker-0-tc2/source:/opt/rustwide/workdir:ro,Z" "-v" "/var/lib/crater-agent-workspace/builds/worker-0-tc2/target:/opt/rustwide/target:rw,Z" "-v" "/var/lib/crater-agent-workspace/cargo-home:/opt/rustwide/cargo-home:ro,Z" "-v" "/var/lib/crater-agent-workspace/rustup-home:/opt/rustwide/rustup-home:ro,Z" "-m" "1610612736" "--network" "none" "ghcr.io/rust-lang/crates-build-env/linux@sha256:77db811e55d90add9212f6832c23229e3de5f1c1f9905e8cb07319ea15df73ac" "sleep" "infinity", kill_on_drop: false }`
[INFO] [stdout] 83bc35681f3ca2c44b1207ba76e275657f2dd17021e8b9622c3409a7821f2a1a
[INFO] running `Command { std: "docker" "start" "83bc35681f3ca2c44b1207ba76e275657f2dd17021e8b9622c3409a7821f2a1a", kill_on_drop: false }`
[INFO] running `Command { std: "docker" "inspect" "83bc35681f3ca2c44b1207ba76e275657f2dd17021e8b9622c3409a7821f2a1a", kill_on_drop: false }`
[INFO] running `Command { std: "docker" "exec" "-e" "SOURCE_DIR=/opt/rustwide/workdir" "-e" "CARGO_HOME=/opt/rustwide/cargo-home" "-e" "RUSTUP_HOME=/opt/rustwide/rustup-home" "-e" "CARGO_TARGET_DIR=/opt/rustwide/target" "-w" "/opt/rustwide/workdir" "--user" "0:0" "83bc35681f3ca2c44b1207ba76e275657f2dd17021e8b9622c3409a7821f2a1a" "/opt/rustwide/cargo-home/bin/cargo" "+1.100.0-beta.1" "metadata" "--no-deps" "--format-version=1", kill_on_drop: false }`
[INFO] running `Command { std: "docker" "inspect" "83bc35681f3ca2c44b1207ba76e275657f2dd17021e8b9622c3409a7821f2a1a", kill_on_drop: false }`
[INFO] running `Command { std: "docker" "exec" "-e" "SOURCE_DIR=/opt/rustwide/workdir" "-e" "CARGO_HOME=/opt/rustwide/cargo-home" "-e" "RUSTUP_HOME=/opt/rustwide/rustup-home" "-e" "CARGO_TARGET_DIR=/opt/rustwide/target" "-e" "CARGO_INCREMENTAL=0" "-e" "RUST_BACKTRACE=full" "-e" "RUSTFLAGS=--cap-lints=warn" "-e" "RUSTDOCFLAGS=--cap-lints=warn" "-w" "/opt/rustwide/workdir" "--user" "0:0" "83bc35681f3ca2c44b1207ba76e275657f2dd17021e8b9622c3409a7821f2a1a" "/opt/rustwide/cargo-home/bin/cargo" "+1.100.0-beta.1" "build" "--frozen" "--message-format=json" "--release", kill_on_drop: false }`
[INFO] [stderr] warning: `package.homepage` is redundant with `package.repository`
[INFO] [stderr]    --> Cargo.toml:247:12
[INFO] [stderr]     |
[INFO] [stderr] 247 | homepage = "https://github.com/smartcrabai/gqlrs"
[INFO] [stderr]     |            ^^^^^^^^^^^^^^^^^^^^^^^^^^^^^^^^^^^^^^
[INFO] [stderr] ...
[INFO] [stderr] 253 | repository = "https://github.com/smartcrabai/gqlrs"
[INFO] [stderr]     |              --------------------------------------
[INFO] [stderr]     |
[INFO] [stderr]     = note: `cargo::redundant_homepage` is set to `warn` by default
[INFO] [stderr] help: consider removing `package.homepage`
[INFO] [stderr] warning: `gqlrs` (manifest) generated 1 warning
[INFO] [stderr]    Compiling unicode-ident v1.0.24
[INFO] [stderr]    Compiling proc-macro2 v1.0.106
[INFO] [stderr]    Compiling quote v1.0.46
[INFO] [stderr]    Compiling serde_core v1.0.228
[INFO] [stderr]    Compiling serde v1.0.228
[INFO] [stderr]    Compiling memchr v2.8.3
[INFO] [stderr]    Compiling zmij v1.0.21
[INFO] [stderr]    Compiling serde_json v1.0.150
[INFO] [stderr]    Compiling pin-project-lite v0.2.17
[INFO] [stderr]    Compiling itoa v1.0.18
[INFO] [stderr]    Compiling crossbeam-utils v0.8.22
[INFO] [stderr]    Compiling hashbrown v0.17.1
[INFO] [stderr]    Compiling equivalent v1.0.2
[INFO] [stderr]    Compiling futures-core v0.3.32
[INFO] [stderr]    Compiling thiserror v2.0.18
[INFO] [stderr]    Compiling winnow v1.0.3
[INFO] [stderr]    Compiling concurrent-queue v2.5.0
[INFO] [stderr]    Compiling syn v2.0.118
[INFO] [stderr]    Compiling cfg-if v1.0.4
[INFO] [stderr]    Compiling parking v2.2.1
[INFO] [stderr]    Compiling rustc-hash v2.1.3
[INFO] [stderr]    Compiling strsim v0.11.1
[INFO] [stderr]    Compiling ident_case v1.0.1
[INFO] [stderr]    Compiling futures-io v0.3.32
[INFO] [stderr]    Compiling libc v0.2.186
[INFO] [stderr]    Compiling event-listener v5.4.1
[INFO] [stderr]    Compiling autocfg v1.5.1
[INFO] [stderr]    Compiling ucd-trie v0.1.7
[INFO] [stderr]    Compiling version_check v0.9.5
[INFO] [stderr]    Compiling rustix v1.1.4
[INFO] [stderr]    Compiling heck v0.5.0
[INFO] [stderr]    Compiling askama_parser v0.15.6
[INFO] [stderr]    Compiling toml_parser v1.1.2+spec-1.1.0
[INFO] [stderr]    Compiling fastrand v2.4.1
[INFO] [stderr]    Compiling getrandom v0.4.3
[INFO] [stderr]    Compiling httparse v1.10.1
[INFO] [stderr]    Compiling toml_datetime v1.1.1+spec-1.1.0
[INFO] [stderr]    Compiling multer v3.1.0
[INFO] [stderr]    Compiling num-traits v0.2.19
[INFO] [stderr]    Compiling pest v2.8.7
[INFO] [stderr]    Compiling event-listener-strategy v0.5.4
[INFO] [stderr]    Compiling aho-corasick v1.1.4
[INFO] [stderr]    Compiling slab v0.4.12
[INFO] [stderr]    Compiling futures-task v0.3.32
[INFO] [stderr]    Compiling linux-raw-sys v0.12.1
[INFO] [stderr]    Compiling indexmap v2.14.0
[INFO] [stderr]    Compiling toml_edit v0.25.12+spec-1.1.0
[INFO] [stderr]    Compiling percent-encoding v2.3.2
[INFO] [stderr]    Compiling bitflags v2.13.0
[INFO] [stderr]    Compiling atomic-waker v1.1.2
[INFO] [stderr]    Compiling futures-sink v0.3.32
[INFO] [stderr]    Compiling regex-syntax v0.8.11
[INFO] [stderr]    Compiling piper v0.2.5
[INFO] [stderr]    Compiling darling_core v0.23.0
[INFO] [stderr]    Compiling proc-macro-crate v3.5.0
[INFO] [stderr]    Compiling askama_derive v0.15.6
[INFO] [stderr]    Compiling form_urlencoded v1.2.2
[INFO] [stderr]    Compiling serde_derive v1.0.228
[INFO] [stderr]    Compiling thiserror-impl v2.0.18
[INFO] [stderr]    Compiling strum_macros v0.28.0
[INFO] [stderr]    Compiling darling_macro v0.23.0
[INFO] [stderr]    Compiling futures-macro v0.3.32
[INFO] [stderr]    Compiling darling v0.23.0
[INFO] [stderr]    Compiling regex-automata v0.4.15
[INFO] [stderr]    Compiling async-channel v2.5.0
[INFO] [stderr]    Compiling futures-util v0.3.32
[INFO] [stderr]    Compiling askama_macros v0.15.6
[INFO] [stderr]    Compiling encoding_rs v0.8.35
[INFO] [stderr]    Compiling futures-lite v2.6.1
[INFO] [stderr]    Compiling mime v0.3.17
[INFO] [stderr]    Compiling strum v0.28.0
[INFO] [stderr]    Compiling spin v0.9.8
[INFO] [stderr]    Compiling gqlrs v0.1.0 (/opt/rustwide/workdir)
[INFO] [stderr]    Compiling async-task v4.7.1
[INFO] [stderr]    Compiling once_cell v1.21.4
[INFO] [stderr]    Compiling ryu v1.0.23
[INFO] [stderr]    Compiling tempfile v3.27.0
[INFO] [stderr]    Compiling blocking v1.6.2
[INFO] [stderr]    Compiling bytes v1.12.1
[INFO] [stderr]    Compiling serde_urlencoded v0.7.1
[INFO] [stderr]    Compiling gqlrs-value v0.1.0
[INFO] [stderr]    Compiling askama v0.15.6
[INFO] [stderr]    Compiling gqlrs-parser v0.1.0
[INFO] [stderr]    Compiling http v1.4.2
[INFO] [stderr]    Compiling regex v1.13.0
[INFO] [stderr]    Compiling async-trait v0.1.89
[INFO] [stderr]    Compiling asynk-strim v0.1.5
[INFO] [stderr]    Compiling web-time v1.1.0
[INFO] [stderr]    Compiling static_assertions_next v1.1.2
[INFO] [stderr]    Compiling gqlrs-derive v0.1.0
[INFO] [stderr]    Compiling base64 v0.22.1
[INFO] [stderr]     Finished `release` profile [optimized] target(s) in 3m 08s
[INFO] running `Command { std: "docker" "inspect" "83bc35681f3ca2c44b1207ba76e275657f2dd17021e8b9622c3409a7821f2a1a", kill_on_drop: false }`
[INFO] running `Command { std: "docker" "exec" "-e" "SOURCE_DIR=/opt/rustwide/workdir" "-e" "CARGO_HOME=/opt/rustwide/cargo-home" "-e" "RUSTUP_HOME=/opt/rustwide/rustup-home" "-e" "CARGO_TARGET_DIR=/opt/rustwide/target" "-e" "CARGO_INCREMENTAL=0" "-e" "RUST_BACKTRACE=full" "-e" "RUSTFLAGS=--cap-lints=warn" "-e" "RUSTDOCFLAGS=--cap-lints=warn" "-w" "/opt/rustwide/workdir" "--user" "0:0" "83bc35681f3ca2c44b1207ba76e275657f2dd17021e8b9622c3409a7821f2a1a" "/opt/rustwide/cargo-home/bin/cargo" "+1.100.0-beta.1" "test" "--frozen" "--no-run" "--message-format=json" "--release", kill_on_drop: false }`
[INFO] [stderr] warning: `package.homepage` is redundant with `package.repository`
[INFO] [stderr]    --> Cargo.toml:247:12
[INFO] [stderr]     |
[INFO] [stderr] 247 | homepage = "https://github.com/smartcrabai/gqlrs"
[INFO] [stderr]     |            ^^^^^^^^^^^^^^^^^^^^^^^^^^^^^^^^^^^^^^
[INFO] [stderr] ...
[INFO] [stderr] 253 | repository = "https://github.com/smartcrabai/gqlrs"
[INFO] [stderr]     |              --------------------------------------
[INFO] [stderr]     |
[INFO] [stderr]     = note: `cargo::redundant_homepage` is set to `warn` by default
[INFO] [stderr] help: consider removing `package.homepage`
[INFO] [stderr] warning: `gqlrs` (manifest) generated 1 warning
[INFO] [stderr]    Compiling stable_deref_trait v1.2.1
[INFO] [stderr]    Compiling crossbeam-utils v0.8.22
[INFO] [stderr]    Compiling litemap v0.8.2
[INFO] [stderr]    Compiling syn v2.0.118
[INFO] [stderr]    Compiling writeable v0.6.3
[INFO] [stderr]    Compiling libc v0.2.186
[INFO] [stderr]    Compiling icu_normalizer_data v2.2.0
[INFO] [stderr]    Compiling icu_properties_data v2.2.0
[INFO] [stderr]    Compiling utf8_iter v1.0.4
[INFO] [stderr]    Compiling zerocopy v0.8.54
[INFO] [stderr]    Compiling crossbeam-epoch v0.9.20
[INFO] [stderr]    Compiling shlex v2.0.1
[INFO] [stderr]    Compiling find-msvc-tools v0.1.9
[INFO] [stderr]    Compiling fnv v1.0.7
[INFO] [stderr]    Compiling smallvec v1.15.2
[INFO] [stderr]    Compiling crossbeam-deque v0.8.7
[INFO] [stderr]    Compiling cc v1.2.66
[INFO] [stderr]    Compiling either v1.16.0
[INFO] [stderr]    Compiling once_cell v1.21.4
[INFO] [stderr]    Compiling rayon-core v1.13.0
[INFO] [stderr]    Compiling proc-macro-error-attr2 v2.0.0
[INFO] [stderr]    Compiling plotters-backend v0.3.7
[INFO] [stderr]    Compiling anstyle v1.0.14
[INFO] [stderr]    Compiling clap_lex v1.1.0
[INFO] [stderr]    Compiling ciborium-io v0.2.2
[INFO] [stderr]    Compiling slab v0.4.12
[INFO] [stderr]    Compiling concurrent-queue v2.5.0
[INFO] [stderr]    Compiling plotters-svg v0.3.7
[INFO] [stderr]    Compiling clap_builder v4.6.0
[INFO] [stderr]    Compiling event-listener v5.4.1
[INFO] [stderr]    Compiling itertools v0.13.0
[INFO] [stderr]    Compiling event-listener-strategy v0.5.4
[INFO] [stderr]    Compiling cast v0.3.0
[INFO] [stderr]    Compiling getrandom v0.4.3
[INFO] [stderr]    Compiling async-channel v2.5.0
[INFO] [stderr]    Compiling same-file v1.0.6
[INFO] [stderr]    Compiling blocking v1.6.2
[INFO] [stderr]    Compiling tempfile v3.27.0
[INFO] [stderr]    Compiling walkdir v2.5.0
[INFO] [stderr]    Compiling alloca v0.4.0
[INFO] [stderr]    Compiling page_size v0.6.0
[INFO] [stderr]    Compiling plotters v0.3.7
[INFO] [stderr]    Compiling rayon v1.12.0
[INFO] [stderr]    Compiling oorandom v11.1.5
[INFO] [stderr]    Compiling anes v0.1.6
[INFO] [stderr]    Compiling dissimilar v1.0.11
[INFO] [stderr]    Compiling uuid v1.23.4
[INFO] [stderr]    Compiling criterion-plot v0.8.2
[INFO] [stderr]    Compiling expect-test v1.5.1
[INFO] [stderr]    Compiling futures-channel v0.3.32
[INFO] [stderr]    Compiling clap v4.6.1
[INFO] [stderr]    Compiling synstructure v0.13.2
[INFO] [stderr]    Compiling darling_core v0.23.0
[INFO] [stderr]    Compiling darling_core v0.20.11
[INFO] [stderr]    Compiling askama_derive v0.15.6
[INFO] [stderr]    Compiling proc-macro-error2 v2.0.1
[INFO] [stderr]    Compiling serde_derive v1.0.228
[INFO] [stderr]    Compiling zerofrom-derive v0.1.7
[INFO] [stderr]    Compiling yoke-derive v0.8.2
[INFO] [stderr]    Compiling zerovec-derive v0.11.3
[INFO] [stderr]    Compiling displaydoc v0.2.6
[INFO] [stderr]    Compiling zerocopy-derive v0.8.54
[INFO] [stderr]    Compiling thiserror-impl v2.0.18
[INFO] [stderr]    Compiling strum_macros v0.28.0
[INFO] [stderr]    Compiling zerofrom v0.1.8
[INFO] [stderr]    Compiling yoke v0.8.3
[INFO] [stderr]    Compiling zerovec v0.11.6
[INFO] [stderr]    Compiling zerotrie v0.2.4
[INFO] [stderr]    Compiling tinystr v0.8.3
[INFO] [stderr]    Compiling potential_utf v0.1.5
[INFO] [stderr]    Compiling icu_collections v2.2.0
[INFO] [stderr]    Compiling icu_locale_core v2.2.0
[INFO] [stderr]    Compiling darling_macro v0.20.11
[INFO] [stderr]    Compiling futures-macro v0.3.32
[INFO] [stderr]    Compiling darling_macro v0.23.0
[INFO] [stderr]    Compiling darling v0.23.0
[INFO] [stderr]    Compiling askama_macros v0.15.6
[INFO] [stderr]    Compiling darling v0.20.11
[INFO] [stderr]    Compiling thiserror v2.0.18
[INFO] [stderr]    Compiling tokio-macros v2.7.0
[INFO] [stderr]    Compiling validator_derive v0.20.0
[INFO] [stderr]    Compiling askama v0.15.6
[INFO] [stderr]    Compiling strum v0.28.0
[INFO] [stderr]    Compiling futures-util v0.3.32
[INFO] [stderr]    Compiling async-trait v0.1.89
[INFO] [stderr]    Compiling icu_provider v2.2.0
[INFO] [stderr]    Compiling serde v1.0.228
[INFO] [stderr]    Compiling icu_normalizer v2.2.0
[INFO] [stderr]    Compiling icu_properties v2.2.0
[INFO] [stderr]    Compiling bytes v1.12.1
[INFO] [stderr]    Compiling serde_urlencoded v0.7.1
[INFO] [stderr]    Compiling tinytemplate v1.2.1
[INFO] [stderr]    Compiling gqlrs-value v0.1.0
[INFO] [stderr]    Compiling idna_adapter v1.2.2
[INFO] [stderr]    Compiling idna v1.1.0
[INFO] [stderr]    Compiling http v1.4.2
[INFO] [stderr]    Compiling tokio v1.52.3
[INFO] [stderr]    Compiling gqlrs-parser v0.1.0
[INFO] [stderr]    Compiling multer v3.1.0
[INFO] [stderr]    Compiling half v2.7.1
[INFO] [stderr]    Compiling ciborium-ll v0.2.2
[INFO] [stderr]    Compiling ciborium v0.2.2
[INFO] [stderr]    Compiling url v2.5.8
[INFO] [stderr]    Compiling gqlrs-derive v0.1.0
[INFO] [stderr]    Compiling validator v0.20.0
[INFO] [stderr]    Compiling criterion v0.8.2
[INFO] [stderr]    Compiling gqlrs v0.1.0 (/opt/rustwide/workdir)
[INFO] [stdout] warning: unused imports: `MaybeSend` and `MaybeSync`
[INFO] [stdout]    --> src/dynamic/schema.rs:617:9
[INFO] [stdout]     |
[INFO] [stdout] 617 |         MaybeSend, MaybeSync, PathSegment, Request, Response, ServerError, ServerResult,
[INFO] [stdout]     |         ^^^^^^^^^  ^^^^^^^^^
[INFO] [stdout]     |
[INFO] [stdout]     = note: `#[warn(unused_imports)]` (part of `#[warn(unused)]`) on by default
[INFO] [stdout] 
[INFO] [stdout] 
[INFO] [stdout] error[E0277]: the trait bound `usize: base::InputType` is not satisfied
[INFO] [stdout]    --> src/validation/visitors/complexity.rs:152:41
[INFO] [stdout]     |
[INFO] [stdout] 139 |     #[Object(internal)]
[INFO] [stdout]     |     ------------------- required by a bound introduced by this call
[INFO] [stdout] ...
[INFO] [stdout] 152 |         async fn weighted(&self, count: usize) -> i32 {
[INFO] [stdout]     |                                         ^^^^^ the trait `base::InputType` is not implemented for `usize`
[INFO] [stdout]     |
[INFO] [stdout]     = help: the following other types implement trait `base::InputType`:
[INFO] [stdout]               f32
[INFO] [stdout]               f64
[INFO] [stdout]               i16
[INFO] [stdout]               i32
[INFO] [stdout]               i8
[INFO] [stdout]               u16
[INFO] [stdout]               u8
[INFO] [stdout] note: required by a bound in `context::ContextBase::<'a, &'a Positioned<gqlrs_parser::types::Field>>::param_value_with_raw`
[INFO] [stdout]    --> src/context.rs:717:36
[INFO] [stdout]     |
[INFO] [stdout] 706 | impl<'a> ContextBase<'a, &'a Positioned<Field>> {
[INFO] [stdout] ...
[INFO] [stdout] 717 |     pub fn param_value_with_raw<T: InputType>(
[INFO] [stdout]     |                                    ^^^^^^^^^ required by this bound in `ContextBase::<'a, &Positioned<Field>>::param_value_with_raw`
[INFO] [stdout] 
[INFO] [stdout] 
[INFO] [stdout] error[E0599]: no method named `validate_input_guards` found for type `usize` in the current scope
[INFO] [stdout]    --> src/validation/visitors/complexity.rs:139:5
[INFO] [stdout]     |
[INFO] [stdout] 139 |     #[Object(internal)]
[INFO] [stdout]     |     ^^^^^^^^^^^^^^^^^^^ method not found in `usize`
[INFO] [stdout]     |
[INFO] [stdout]     = help: items from traits can only be used if the trait is implemented and in scope
[INFO] [stdout] note: `base::InputType` defines an item `validate_input_guards`, perhaps you need to implement it
[INFO] [stdout]    --> src/base.rs:28:1
[INFO] [stdout]     |
[INFO] [stdout]  28 | pub trait InputType: MaybeSend + MaybeSync + Sized {
[INFO] [stdout]     | ^^^^^^^^^^^^^^^^^^^^^^^^^^^^^^^^^^^^^^^^^^^^^^^^^^
[INFO] [stdout]     = note: this error originates in the attribute macro `Object` (in Nightly builds, run with -Z macro-backtrace for more info)
[INFO] [stdout] 
[INFO] [stdout] 
[INFO] [stdout] error[E0277]: the trait bound `usize: base::InputType` is not satisfied
[INFO] [stdout]    --> src/validation/visitors/complexity.rs:152:41
[INFO] [stdout]     |
[INFO] [stdout] 152 |         async fn weighted(&self, count: usize) -> i32 {
[INFO] [stdout]     |                                         ^^^^^ the trait `base::InputType` is not implemented for `usize`
[INFO] [stdout]     |
[INFO] [stdout]     = help: the following other types implement trait `base::InputType`:
[INFO] [stdout]               f32
[INFO] [stdout]               f64
[INFO] [stdout]               i16
[INFO] [stdout]               i32
[INFO] [stdout]               i8
[INFO] [stdout]               u16
[INFO] [stdout]               u8
[INFO] [stdout] 
[INFO] [stdout] 
[INFO] [stdout] error[E0277]: the trait bound `usize: base::InputType` is not satisfied
[INFO] [stdout]    --> src/validation/visitors/complexity.rs:139:5
[INFO] [stdout]     |
[INFO] [stdout] 139 |     #[Object(internal)]
[INFO] [stdout]     |     ^^^^^^^^^^^^^^^^^^^ the trait `base::InputType` is not implemented for `usize`
[INFO] [stdout]     |
[INFO] [stdout]     = help: the following other types implement trait `base::InputType`:
[INFO] [stdout]               f32
[INFO] [stdout]               f64
[INFO] [stdout]               i16
[INFO] [stdout]               i32
[INFO] [stdout]               i8
[INFO] [stdout]               u16
[INFO] [stdout]               u8
[INFO] [stdout] note: required by a bound in `visitor::VisitorContext::<'a>::param_value`
[INFO] [stdout]    --> src/validation/visitor.rs:134:27
[INFO] [stdout]     |
[INFO] [stdout]  32 | impl<'a> VisitorContext<'a> {
[INFO] [stdout] ...
[INFO] [stdout] 134 |     pub fn param_value<T: InputType>(
[INFO] [stdout]     |                           ^^^^^^^^^ required by this bound in `VisitorContext::<'a>::param_value`
[INFO] [stdout]     = note: this error originates in the attribute macro `Object` (in Nightly builds, run with -Z macro-backtrace for more info)
[INFO] [stdout] 
[INFO] [stdout] 
[INFO] [stdout] Some errors have detailed explanations: E0277, E0599.
[INFO] [stdout] 
[INFO] [stdout] For more information about an error, try `rustc --explain E0277`.
[INFO] [stdout] 
[INFO] [stderr] error: could not compile `gqlrs` (lib test) due to 4 previous errors; 1 warning emitted
[INFO] [stderr] warning: build failed, waiting for other jobs to finish...
[INFO] running `Command { std: "docker" "inspect" "83bc35681f3ca2c44b1207ba76e275657f2dd17021e8b9622c3409a7821f2a1a", kill_on_drop: false }`
[INFO] running `Command { std: "docker" "rm" "-f" "83bc35681f3ca2c44b1207ba76e275657f2dd17021e8b9622c3409a7821f2a1a", kill_on_drop: false }`
[INFO] [stdout] 83bc35681f3ca2c44b1207ba76e275657f2dd17021e8b9622c3409a7821f2a1a
