[INFO] fetching crate gpui-x-web 0.1.0...
[INFO] testing gpui-x-web-0.1.0 against 1.100.0-beta.1+cargoflags=--release for beta-release-1.100-2
[INFO] extracting crate gpui-x-web 0.1.0 into /workspace/builds/worker-2-tc2/source
[INFO] started tweaking crates.io crate gpui-x-web 0.1.0
[INFO] finished tweaking crates.io crate gpui-x-web 0.1.0
[INFO] tweaked toml for crates.io crate gpui-x-web 0.1.0 written to /workspace/builds/worker-2-tc2/source/Cargo.toml
[INFO] validating manifest of crates.io crate gpui-x-web 0.1.0 on toolchain 1.100.0-beta.1
[INFO] running `Command { std: CARGO_HOME="/workspace/cargo-home" RUSTUP_HOME="/workspace/rustup-home" "/workspace/cargo-home/bin/cargo" "+1.100.0-beta.1" "metadata" "--manifest-path" "Cargo.toml" "--no-deps", kill_on_drop: false }`
[INFO] crate crates.io crate gpui-x-web 0.1.0 already has a lockfile, it will not be regenerated
[INFO] running `Command { std: CARGO_HOME="/workspace/cargo-home" RUSTUP_HOME="/workspace/rustup-home" "/workspace/cargo-home/bin/cargo" "+1.100.0-beta.1" "fetch" "--manifest-path" "Cargo.toml", kill_on_drop: false }`
[INFO] [stderr]     Blocking waiting for file lock on package cache
[INFO] running `Command { std: "docker" "create" "-v" "/var/lib/crater-agent-workspace/builds/worker-2-tc2/source:/opt/rustwide/workdir:ro,Z" "-v" "/var/lib/crater-agent-workspace/builds/worker-2-tc2/target:/opt/rustwide/target:rw,Z" "-v" "/var/lib/crater-agent-workspace/cargo-home:/opt/rustwide/cargo-home:ro,Z" "-v" "/var/lib/crater-agent-workspace/rustup-home:/opt/rustwide/rustup-home:ro,Z" "-m" "1610612736" "--network" "none" "ghcr.io/rust-lang/crates-build-env/linux@sha256:77db811e55d90add9212f6832c23229e3de5f1c1f9905e8cb07319ea15df73ac" "sleep" "infinity", kill_on_drop: false }`
[INFO] [stdout] 2779f470c06a9dba35f1b8755026b429a157671e0f6cf226818811324fb47d56
[INFO] running `Command { std: "docker" "start" "2779f470c06a9dba35f1b8755026b429a157671e0f6cf226818811324fb47d56", kill_on_drop: false }`
[INFO] running `Command { std: "docker" "inspect" "2779f470c06a9dba35f1b8755026b429a157671e0f6cf226818811324fb47d56", kill_on_drop: false }`
[INFO] running `Command { std: "docker" "exec" "-e" "SOURCE_DIR=/opt/rustwide/workdir" "-e" "CARGO_HOME=/opt/rustwide/cargo-home" "-e" "RUSTUP_HOME=/opt/rustwide/rustup-home" "-e" "CARGO_TARGET_DIR=/opt/rustwide/target" "-w" "/opt/rustwide/workdir" "--user" "0:0" "2779f470c06a9dba35f1b8755026b429a157671e0f6cf226818811324fb47d56" "/opt/rustwide/cargo-home/bin/cargo" "+1.100.0-beta.1" "metadata" "--no-deps" "--format-version=1", kill_on_drop: false }`
[INFO] running `Command { std: "docker" "inspect" "2779f470c06a9dba35f1b8755026b429a157671e0f6cf226818811324fb47d56", kill_on_drop: false }`
[INFO] running `Command { std: "docker" "exec" "-e" "SOURCE_DIR=/opt/rustwide/workdir" "-e" "CARGO_HOME=/opt/rustwide/cargo-home" "-e" "RUSTUP_HOME=/opt/rustwide/rustup-home" "-e" "CARGO_TARGET_DIR=/opt/rustwide/target" "-e" "CARGO_INCREMENTAL=0" "-e" "RUST_BACKTRACE=full" "-e" "RUSTFLAGS=--cap-lints=warn" "-e" "RUSTDOCFLAGS=--cap-lints=warn" "-w" "/opt/rustwide/workdir" "--user" "0:0" "2779f470c06a9dba35f1b8755026b429a157671e0f6cf226818811324fb47d56" "/opt/rustwide/cargo-home/bin/cargo" "+1.100.0-beta.1" "build" "--frozen" "--message-format=json" "--release", kill_on_drop: false }`
[INFO] [stderr]    Compiling unicode-properties v0.1.3
[INFO] [stderr]    Compiling unicode-segmentation v1.13.3
[INFO] [stderr]    Compiling gpui-x-web v0.1.0 (/opt/rustwide/workdir)
[INFO] [stderr]     Finished `release` profile [optimized] target(s) in 1.31s
[INFO] running `Command { std: "docker" "inspect" "2779f470c06a9dba35f1b8755026b429a157671e0f6cf226818811324fb47d56", kill_on_drop: false }`
[INFO] running `Command { std: "docker" "exec" "-e" "SOURCE_DIR=/opt/rustwide/workdir" "-e" "CARGO_HOME=/opt/rustwide/cargo-home" "-e" "RUSTUP_HOME=/opt/rustwide/rustup-home" "-e" "CARGO_TARGET_DIR=/opt/rustwide/target" "-e" "CARGO_INCREMENTAL=0" "-e" "RUST_BACKTRACE=full" "-e" "RUSTFLAGS=--cap-lints=warn" "-e" "RUSTDOCFLAGS=--cap-lints=warn" "-w" "/opt/rustwide/workdir" "--user" "0:0" "2779f470c06a9dba35f1b8755026b429a157671e0f6cf226818811324fb47d56" "/opt/rustwide/cargo-home/bin/cargo" "+1.100.0-beta.1" "test" "--frozen" "--no-run" "--message-format=json" "--release", kill_on_drop: false }`
[INFO] [stderr]    Compiling gpui-x-web v0.1.0 (/opt/rustwide/workdir)
[INFO] [stdout] error[E0432]: unresolved import `anyhow`
[INFO] [stdout]  --> src/glyph_cache.rs:1:5
[INFO] [stdout]   |
[INFO] [stdout] 1 | use anyhow::Result;
[INFO] [stdout]   |     ^^^^^^ use of unresolved module or unlinked crate `anyhow`
[INFO] [stdout]   |
[INFO] [stdout]   = help: if you wanted to use a crate named `anyhow`, use `cargo add anyhow` to add it to your `Cargo.toml`
[INFO] [stdout] 
[INFO] [stdout] 
[INFO] [stdout] error[E0432]: unresolved import `gpui`
[INFO] [stdout]  --> src/glyph_cache.rs:2:5
[INFO] [stdout]   |
[INFO] [stdout] 2 | use gpui::{FontId, GlyphId, SharedString};
[INFO] [stdout]   |     ^^^^ use of unresolved module or unlinked crate `gpui`
[INFO] [stdout]   |
[INFO] [stdout]   = help: if you wanted to use a crate named `gpui`, use `cargo add gpui` to add it to your `Cargo.toml`
[INFO] [stdout] 
[INFO] [stdout] 
[INFO] [stdout] error[E0432]: unresolved import `anyhow`
[INFO] [stdout]   --> src/glyph_cache.rs:56:9
[INFO] [stdout]    |
[INFO] [stdout] 56 |     use anyhow::Context as _;
[INFO] [stdout]    |         ^^^^^^ use of unresolved module or unlinked crate `anyhow`
[INFO] [stdout]    |
[INFO] [stdout]    = help: if you wanted to use a crate named `anyhow`, use `cargo add anyhow` to add it to your `Cargo.toml`
[INFO] [stdout] 
[INFO] [stdout] 
[INFO] [stdout] error[E0432]: unresolved import `gpui`
[INFO] [stdout]  --> src/run_replacements.rs:2:5
[INFO] [stdout]   |
[INFO] [stdout] 2 | use gpui::{FontId, FontRun, LineLayout, Pixels, Point, ShapedGlyph, ShapedRun};
[INFO] [stdout]   |     ^^^^ use of unresolved module or unlinked crate `gpui`
[INFO] [stdout]   |
[INFO] [stdout]   = help: if you wanted to use a crate named `gpui`, use `cargo add gpui` to add it to your `Cargo.toml`
[INFO] [stdout] 
[INFO] [stdout] 
[INFO] [stdout] error[E0432]: unresolved import `smallvec`
[INFO] [stdout]  --> src/run_replacements.rs:3:5
[INFO] [stdout]   |
[INFO] [stdout] 3 | use smallvec::SmallVec;
[INFO] [stdout]   |     ^^^^^^^^ use of unresolved module or unlinked crate `smallvec`
[INFO] [stdout]   |
[INFO] [stdout]   = help: if you wanted to use a crate named `smallvec`, use `cargo add smallvec` to add it to your `Cargo.toml`
[INFO] [stdout] 
[INFO] [stdout] 
[INFO] [stdout] error[E0432]: unresolved import `anyhow`
[INFO] [stdout]    --> src/run_replacements.rs:206:9
[INFO] [stdout]     |
[INFO] [stdout] 206 |     use anyhow::{Context as _, Result};
[INFO] [stdout]     |         ^^^^^^ use of unresolved module or unlinked crate `anyhow`
[INFO] [stdout]     |
[INFO] [stdout]     = help: if you wanted to use a crate named `anyhow`, use `cargo add anyhow` to add it to your `Cargo.toml`
[INFO] [stdout] 
[INFO] [stdout] 
[INFO] [stdout] error[E0432]: unresolved import `gpui`
[INFO] [stdout]    --> src/run_replacements.rs:207:9
[INFO] [stdout]     |
[INFO] [stdout] 207 |     use gpui::{GlyphId, point, px};
[INFO] [stdout]     |         ^^^^ use of unresolved module or unlinked crate `gpui`
[INFO] [stdout]     |
[INFO] [stdout]     = help: if you wanted to use a crate named `gpui`, use `cargo add gpui` to add it to your `Cargo.toml`
[INFO] [stdout] 
[INFO] [stdout] 
[INFO] [stdout] error[E0599]: no method named `context` found for enum `Option<T>` in the current scope
[INFO] [stdout]   --> src/glyph_cache.rs:67:14
[INFO] [stdout]    |
[INFO] [stdout] 65 |         let text_pointer = cache
[INFO] [stdout] 66 |             .glyph(font_id, glyph_id)
[INFO] [stdout] 67 |             .context("missing glyph")?
[INFO] [stdout]    |              ^^^^^^^ method not found in `Option<&CanvasGlyph>`
[INFO] [stdout] 
[INFO] [stdout] 
[INFO] [stdout] error[E0599]: no method named `context` found for enum `Option<T>` in the current scope
[INFO] [stdout]   --> src/glyph_cache.rs:73:14
[INFO] [stdout]    |
[INFO] [stdout] 71 |         let borrowed_text = surrounding_text
[INFO] [stdout] 72 |             .strip_suffix(" suffix")
[INFO] [stdout] 73 |             .context("missing suffix")?;
[INFO] [stdout]    |              ^^^^^^^ method not found in `Option<&str>`
[INFO] [stdout] 
[INFO] [stdout] 
[INFO] [stdout] error[E0599]: no method named `context` found for enum `Option<T>` in the current scope
[INFO] [stdout]   --> src/glyph_cache.rs:86:18
[INFO] [stdout]    |
[INFO] [stdout] 84 |             cache
[INFO] [stdout] 85 |                 .glyph(font_id, glyph_id)
[INFO] [stdout] 86 |                 .context("missing glyph")?
[INFO] [stdout]    |                  ^^^^^^^ method not found in `Option<&CanvasGlyph>`
[INFO] [stdout] 
[INFO] [stdout] 
[INFO] [stdout] error[E0599]: no method named `context` found for enum `Option<T>` in the current scope
[INFO] [stdout]    --> src/run_replacements.rs:240:40
[INFO] [stdout]     |
[INFO] [stdout] 240 |         let first = candidates.first().context("missing first candidate")?;
[INFO] [stdout]     |                                        ^^^^^^^ method not found in `Option<&Candidate>`
[INFO] [stdout] 
[INFO] [stdout] 
[INFO] [stdout] error[E0599]: no method named `context` found for enum `Option<T>` in the current scope
[INFO] [stdout]    --> src/run_replacements.rs:254:38
[INFO] [stdout]     |
[INFO] [stdout] 254 |         let last = candidates.last().context("missing last candidate")?;
[INFO] [stdout]     |                                      ^^^^^^^ method not found in `Option<&Candidate>`
[INFO] [stdout] 
[INFO] [stdout] 
[INFO] [stdout] error[E0599]: no method named `context` found for enum `Option<T>` in the current scope
[INFO] [stdout]    --> src/run_replacements.rs:284:14
[INFO] [stdout]     |
[INFO] [stdout] 281 |         let span = candidates
[INFO] [stdout] 282 |             .first()
[INFO] [stdout] 283 |             .and_then(|candidate| candidate.glyphs.as_ref())
[INFO] [stdout] 284 |             .context("missing glyph span")?;
[INFO] [stdout]     |              ^^^^^^^ method not found in `Option<&run_replacements::GlyphSpan>`
[INFO] [stdout] 
[INFO] [stdout] 
[INFO] [stdout] error[E0599]: no method named `context` found for enum `Option<T>` in the current scope
[INFO] [stdout]    --> src/run_replacements.rs:315:14
[INFO] [stdout]     |
[INFO] [stdout] 312 |         let first = candidates
[INFO] [stdout] 313 |             .first()
[INFO] [stdout] 314 |             .and_then(|candidate| candidate.glyphs.as_ref())
[INFO] [stdout] 315 |             .context("missing first span")?;
[INFO] [stdout]     |              ^^^^^^^ method not found in `Option<&run_replacements::GlyphSpan>`
[INFO] [stdout] 
[INFO] [stdout] 
[INFO] [stdout] error[E0599]: no method named `context` found for enum `Option<T>` in the current scope
[INFO] [stdout]    --> src/run_replacements.rs:323:14
[INFO] [stdout]     |
[INFO] [stdout] 320 |         let last = candidates
[INFO] [stdout] 321 |             .last()
[INFO] [stdout] 322 |             .and_then(|candidate| candidate.glyphs.as_ref())
[INFO] [stdout] 323 |             .context("missing last span")?;
[INFO] [stdout]     |              ^^^^^^^ method not found in `Option<&run_replacements::GlyphSpan>`
[INFO] [stdout] 
[INFO] [stdout] 
[INFO] [stdout] error[E0599]: no method named `context` found for enum `Option<T>` in the current scope
[INFO] [stdout]    --> src/run_replacements.rs:341:48
[INFO] [stdout]     |
[INFO] [stdout] 341 |             let candidate = candidates.first().context("missing candidate")?;
[INFO] [stdout]     |                                                ^^^^^^^ method not found in `Option<&Candidate>`
[INFO] [stdout] 
[INFO] [stdout] 
[INFO] [stdout] error[E0599]: no method named `context` found for enum `Option<T>` in the current scope
[INFO] [stdout]    --> src/run_replacements.rs:352:18
[INFO] [stdout]     |
[INFO] [stdout] 350 |             candidates
[INFO] [stdout] 351 |                 .first()
[INFO] [stdout] 352 |                 .context("missing candidate")?
[INFO] [stdout]     |                  ^^^^^^^ method not found in `Option<&Candidate>`
[INFO] [stdout] 
[INFO] [stdout] 
[INFO] [stdout] Some errors have detailed explanations: E0432, E0599.
[INFO] [stdout] 
[INFO] [stdout] For more information about an error, try `rustc --explain E0432`.
[INFO] [stdout] 
[INFO] [stderr] error: could not compile `gpui-x-web` (lib test) due to 17 previous errors
[INFO] running `Command { std: "docker" "inspect" "2779f470c06a9dba35f1b8755026b429a157671e0f6cf226818811324fb47d56", kill_on_drop: false }`
[INFO] running `Command { std: "docker" "rm" "-f" "2779f470c06a9dba35f1b8755026b429a157671e0f6cf226818811324fb47d56", kill_on_drop: false }`
[INFO] [stdout] 2779f470c06a9dba35f1b8755026b429a157671e0f6cf226818811324fb47d56
