[INFO] fetching crate gpui-x-macros 0.1.0...
[INFO] testing gpui-x-macros-0.1.0 against 1.99.0-beta.8+cargoflags=--release for beta-release-1.100-2
[INFO] extracting crate gpui-x-macros 0.1.0 into /workspace/builds/worker-0-tc1/source
[INFO] started tweaking crates.io crate gpui-x-macros 0.1.0
[INFO] removed 0 missing tests
[INFO] finished tweaking crates.io crate gpui-x-macros 0.1.0
[INFO] tweaked toml for crates.io crate gpui-x-macros 0.1.0 written to /workspace/builds/worker-0-tc1/source/Cargo.toml
[INFO] validating manifest of crates.io crate gpui-x-macros 0.1.0 on toolchain 1.99.0-beta.8
[INFO] running `Command { std: CARGO_HOME="/workspace/cargo-home" RUSTUP_HOME="/workspace/rustup-home" "/workspace/cargo-home/bin/cargo" "+1.99.0-beta.8" "metadata" "--manifest-path" "Cargo.toml" "--no-deps", kill_on_drop: false }`
[INFO] crate crates.io crate gpui-x-macros 0.1.0 already has a lockfile, it will not be regenerated
[INFO] running `Command { std: CARGO_HOME="/workspace/cargo-home" RUSTUP_HOME="/workspace/rustup-home" "/workspace/cargo-home/bin/cargo" "+1.99.0-beta.8" "fetch" "--manifest-path" "Cargo.toml", kill_on_drop: false }`
[INFO] running `Command { std: "docker" "create" "-v" "/var/lib/crater-agent-workspace/builds/worker-0-tc1/source:/opt/rustwide/workdir:ro,Z" "-v" "/var/lib/crater-agent-workspace/builds/worker-0-tc1/target:/opt/rustwide/target:rw,Z" "-v" "/var/lib/crater-agent-workspace/cargo-home:/opt/rustwide/cargo-home:ro,Z" "-v" "/var/lib/crater-agent-workspace/rustup-home:/opt/rustwide/rustup-home:ro,Z" "-m" "1610612736" "--network" "none" "ghcr.io/rust-lang/crates-build-env/linux@sha256:77db811e55d90add9212f6832c23229e3de5f1c1f9905e8cb07319ea15df73ac" "sleep" "infinity", kill_on_drop: false }`
[INFO] [stdout] e3142092d40d19ac9b7a7f619db7016722c5e53f47f1a964e30a5f6d8088d76f
[INFO] running `Command { std: "docker" "start" "e3142092d40d19ac9b7a7f619db7016722c5e53f47f1a964e30a5f6d8088d76f", kill_on_drop: false }`
[INFO] running `Command { std: "docker" "inspect" "e3142092d40d19ac9b7a7f619db7016722c5e53f47f1a964e30a5f6d8088d76f", kill_on_drop: false }`
[INFO] running `Command { std: "docker" "exec" "-e" "SOURCE_DIR=/opt/rustwide/workdir" "-e" "CARGO_HOME=/opt/rustwide/cargo-home" "-e" "RUSTUP_HOME=/opt/rustwide/rustup-home" "-e" "CARGO_TARGET_DIR=/opt/rustwide/target" "-w" "/opt/rustwide/workdir" "--user" "0:0" "e3142092d40d19ac9b7a7f619db7016722c5e53f47f1a964e30a5f6d8088d76f" "/opt/rustwide/cargo-home/bin/cargo" "+1.99.0-beta.8" "metadata" "--no-deps" "--format-version=1", kill_on_drop: false }`
[INFO] running `Command { std: "docker" "inspect" "e3142092d40d19ac9b7a7f619db7016722c5e53f47f1a964e30a5f6d8088d76f", kill_on_drop: false }`
[INFO] running `Command { std: "docker" "exec" "-e" "SOURCE_DIR=/opt/rustwide/workdir" "-e" "CARGO_HOME=/opt/rustwide/cargo-home" "-e" "RUSTUP_HOME=/opt/rustwide/rustup-home" "-e" "CARGO_TARGET_DIR=/opt/rustwide/target" "-e" "CARGO_INCREMENTAL=0" "-e" "RUST_BACKTRACE=full" "-e" "RUSTFLAGS=--cap-lints=warn" "-e" "RUSTDOCFLAGS=--cap-lints=warn" "-w" "/opt/rustwide/workdir" "--user" "0:0" "e3142092d40d19ac9b7a7f619db7016722c5e53f47f1a964e30a5f6d8088d76f" "/opt/rustwide/cargo-home/bin/cargo" "+1.99.0-beta.8" "build" "--frozen" "--message-format=json" "--release", kill_on_drop: false }`
[INFO] [stderr]    Compiling syn v2.0.119
[INFO] [stderr]    Compiling gpui-x-macros v0.1.0 (/opt/rustwide/workdir)
[INFO] [stderr]     Finished `release` profile [optimized] target(s) in 14.54s
[INFO] running `Command { std: "docker" "inspect" "e3142092d40d19ac9b7a7f619db7016722c5e53f47f1a964e30a5f6d8088d76f", kill_on_drop: false }`
[INFO] running `Command { std: "docker" "exec" "-e" "SOURCE_DIR=/opt/rustwide/workdir" "-e" "CARGO_HOME=/opt/rustwide/cargo-home" "-e" "RUSTUP_HOME=/opt/rustwide/rustup-home" "-e" "CARGO_TARGET_DIR=/opt/rustwide/target" "-e" "CARGO_INCREMENTAL=0" "-e" "RUST_BACKTRACE=full" "-e" "RUSTFLAGS=--cap-lints=warn" "-e" "RUSTDOCFLAGS=--cap-lints=warn" "-w" "/opt/rustwide/workdir" "--user" "0:0" "e3142092d40d19ac9b7a7f619db7016722c5e53f47f1a964e30a5f6d8088d76f" "/opt/rustwide/cargo-home/bin/cargo" "+1.99.0-beta.8" "test" "--frozen" "--no-run" "--message-format=json" "--release", kill_on_drop: false }`
[INFO] [stderr]    Compiling unicode-ident v1.0.26
[INFO] [stderr]    Compiling gpui-x-macros v0.1.0 (/opt/rustwide/workdir)
[INFO] [stderr]    Compiling proc-macro2 v1.0.107
[INFO] [stderr]    Compiling quote v1.0.47
[INFO] [stderr]    Compiling syn v2.0.119
[INFO] [stdout] error[E0432]: unresolved import `gpui`
[INFO] [stdout]  --> tests/derive_context.rs:3:9
[INFO] [stdout]   |
[INFO] [stdout] 3 |     use gpui::{App, Window};
[INFO] [stdout]   |         ^^^^ use of unresolved module or unlinked crate `gpui`
[INFO] [stdout]   |
[INFO] [stdout]   = help: if you wanted to use a crate named `gpui`, use `cargo add gpui` to add it to your `Cargo.toml`
[INFO] [stdout] 
[INFO] [stdout] 
[INFO] [stdout] error[E0432]: unresolved import `gpui_macros`
[INFO] [stdout]  --> tests/derive_context.rs:4:9
[INFO] [stdout]   |
[INFO] [stdout] 4 |     use gpui_macros::{AppContext, VisualContext};
[INFO] [stdout]   |         ^^^^^^^^^^^ use of unresolved module or unlinked crate `gpui_macros`
[INFO] [stdout]   |
[INFO] [stdout] help: there is a crate or module with a similar name
[INFO] [stdout]   |
[INFO] [stdout] 4 |     use gpui_x_macros::{AppContext, VisualContext};
[INFO] [stdout]   |              ++
[INFO] [stdout] 
[INFO] [stdout] 
[INFO] [stdout] error[E0432]: unresolved import `transform_reflection`
[INFO] [stdout]   --> tests/derive_inspector_reflection.rs:69:9
[INFO] [stdout]    |
[INFO] [stdout] 69 |     use transform_reflection::*;
[INFO] [stdout]    |         ^^^^^^^^^^^^^^^^^^^^ use of unresolved module or unlinked crate `transform_reflection`
[INFO] [stdout]    |
[INFO] [stdout]    = help: if you wanted to use a crate named `transform_reflection`, use `cargo add transform_reflection` to add it to your `Cargo.toml`
[INFO] [stdout] 
[INFO] [stdout] 
[INFO] [stdout] error[E0433]: cannot find module or crate `gpui_macros` in this scope
[INFO] [stdout]  --> tests/derive_inspector_reflection.rs:4:32
[INFO] [stdout]   |
[INFO] [stdout] 4 | #[cfg_attr(not(rust_analyzer), gpui_macros::derive_inspector_reflection)]
[INFO] [stdout]   |                                ^^^^^^^^^^^ use of unresolved module or unlinked crate `gpui_macros`
[INFO] [stdout] 
[INFO] [stdout] 
[INFO] [stdout] error[E0432]: unresolved import `gpui_macros`
[INFO] [stdout]  --> tests/render_test.rs:3:9
[INFO] [stdout]   |
[INFO] [stdout] 3 |     use gpui_macros::Render;
[INFO] [stdout]   |         ^^^^^^^^^^^ use of unresolved module or unlinked crate `gpui_macros`
[INFO] [stdout]   |
[INFO] [stdout] help: there is a crate or module with a similar name
[INFO] [stdout]   |
[INFO] [stdout] 3 |     use gpui_x_macros::Render;
[INFO] [stdout]   |              ++
[INFO] [stdout] 
[INFO] [stdout] 
[INFO] [stdout] error: cannot find attribute `app` in this scope
[INFO] [stdout]  --> tests/derive_context.rs:8:11
[INFO] [stdout]   |
[INFO] [stdout] 8 |         #[app]
[INFO] [stdout]   |           ^^^
[INFO] [stdout]   |
[INFO] [stdout]   = note: `app` is an attribute that can be used by the derive macros `AppContext` and `VisualContext`, you might be missing a `derive` attribute
[INFO] [stdout] 
[INFO] [stdout] 
[INFO] [stdout] error: cannot find attribute `window` in this scope
[INFO] [stdout]   --> tests/derive_context.rs:10:11
[INFO] [stdout]    |
[INFO] [stdout] 10 |         #[window]
[INFO] [stdout]    |           ^^^^^^
[INFO] [stdout]    |
[INFO] [stdout]    = note: `window` is an attribute that can be used by the derive macro `VisualContext`, you might be missing a `derive` attribute
[INFO] [stdout] 
[INFO] [stdout] 
[INFO] [stdout] Some errors have detailed explanations: E0432, E0433.
[INFO] [stdout] 
[INFO] [stdout] For more information about an error, try `rustc --explain E0432`.
[INFO] [stdout] 
[INFO] [stdout] For more information about this error, try `rustc --explain E0432`.
[INFO] [stdout] 
[INFO] [stderr] error: could not compile `gpui-x-macros` (test "derive_inspector_reflection") due to 2 previous errors
[INFO] [stderr] warning: build failed, waiting for other jobs to finish...
[INFO] [stderr] error: could not compile `gpui-x-macros` (test "derive_context") due to 4 previous errors
[INFO] [stdout] For more information about this error, try `rustc --explain E0432`.
[INFO] [stdout] 
[INFO] [stderr] error: could not compile `gpui-x-macros` (test "render_test") due to 1 previous error
[INFO] running `Command { std: "docker" "inspect" "e3142092d40d19ac9b7a7f619db7016722c5e53f47f1a964e30a5f6d8088d76f", kill_on_drop: false }`
[INFO] running `Command { std: "docker" "rm" "-f" "e3142092d40d19ac9b7a7f619db7016722c5e53f47f1a964e30a5f6d8088d76f", kill_on_drop: false }`
[INFO] [stdout] e3142092d40d19ac9b7a7f619db7016722c5e53f47f1a964e30a5f6d8088d76f
