[INFO] fetching crate gpui-pre-reqwest 0.12.15...
[INFO] testing gpui-pre-reqwest-0.12.15 against 1.100.0-beta.1+cargoflags=--release for beta-release-1.100-2
[INFO] extracting crate gpui-pre-reqwest 0.12.15 into /workspace/builds/worker-6-tc2/source
[INFO] started tweaking crates.io crate gpui-pre-reqwest 0.12.15
[INFO] removed 0 missing examples
[INFO] removed 0 missing tests
[INFO] finished tweaking crates.io crate gpui-pre-reqwest 0.12.15
[INFO] tweaked toml for crates.io crate gpui-pre-reqwest 0.12.15 written to /workspace/builds/worker-6-tc2/source/Cargo.toml
[INFO] validating manifest of crates.io crate gpui-pre-reqwest 0.12.15 on toolchain 1.100.0-beta.1
[INFO] running `Command { std: CARGO_HOME="/workspace/cargo-home" RUSTUP_HOME="/workspace/rustup-home" "/workspace/cargo-home/bin/cargo" "+1.100.0-beta.1" "metadata" "--manifest-path" "Cargo.toml" "--no-deps", kill_on_drop: false }`
[INFO] crate crates.io crate gpui-pre-reqwest 0.12.15 already has a lockfile, it will not be regenerated
[INFO] running `Command { std: CARGO_HOME="/workspace/cargo-home" RUSTUP_HOME="/workspace/rustup-home" "/workspace/cargo-home/bin/cargo" "+1.100.0-beta.1" "fetch" "--manifest-path" "Cargo.toml", kill_on_drop: false }`
[INFO] running `Command { std: "docker" "create" "-v" "/var/lib/crater-agent-workspace/builds/worker-6-tc2/source:/opt/rustwide/workdir:ro,Z" "-v" "/var/lib/crater-agent-workspace/builds/worker-6-tc2/target:/opt/rustwide/target:rw,Z" "-v" "/var/lib/crater-agent-workspace/cargo-home:/opt/rustwide/cargo-home:ro,Z" "-v" "/var/lib/crater-agent-workspace/rustup-home:/opt/rustwide/rustup-home:ro,Z" "-m" "1610612736" "--network" "none" "ghcr.io/rust-lang/crates-build-env/linux@sha256:77db811e55d90add9212f6832c23229e3de5f1c1f9905e8cb07319ea15df73ac" "sleep" "infinity", kill_on_drop: false }`
[INFO] [stdout] 83936aec426c00c8ac7e3b0d1fffe81352b42a5b2cfc0b2baa593ab866ed286c
[INFO] running `Command { std: "docker" "start" "83936aec426c00c8ac7e3b0d1fffe81352b42a5b2cfc0b2baa593ab866ed286c", kill_on_drop: false }`
[INFO] running `Command { std: "docker" "inspect" "83936aec426c00c8ac7e3b0d1fffe81352b42a5b2cfc0b2baa593ab866ed286c", kill_on_drop: false }`
[INFO] running `Command { std: "docker" "exec" "-e" "SOURCE_DIR=/opt/rustwide/workdir" "-e" "CARGO_HOME=/opt/rustwide/cargo-home" "-e" "RUSTUP_HOME=/opt/rustwide/rustup-home" "-e" "CARGO_TARGET_DIR=/opt/rustwide/target" "-w" "/opt/rustwide/workdir" "--user" "0:0" "83936aec426c00c8ac7e3b0d1fffe81352b42a5b2cfc0b2baa593ab866ed286c" "/opt/rustwide/cargo-home/bin/cargo" "+1.100.0-beta.1" "metadata" "--no-deps" "--format-version=1", kill_on_drop: false }`
[INFO] running `Command { std: "docker" "inspect" "83936aec426c00c8ac7e3b0d1fffe81352b42a5b2cfc0b2baa593ab866ed286c", kill_on_drop: false }`
[INFO] running `Command { std: "docker" "exec" "-e" "SOURCE_DIR=/opt/rustwide/workdir" "-e" "CARGO_HOME=/opt/rustwide/cargo-home" "-e" "RUSTUP_HOME=/opt/rustwide/rustup-home" "-e" "CARGO_TARGET_DIR=/opt/rustwide/target" "-e" "CARGO_INCREMENTAL=0" "-e" "RUST_BACKTRACE=full" "-e" "RUSTFLAGS=--cap-lints=warn" "-e" "RUSTDOCFLAGS=--cap-lints=warn" "-w" "/opt/rustwide/workdir" "--user" "0:0" "83936aec426c00c8ac7e3b0d1fffe81352b42a5b2cfc0b2baa593ab866ed286c" "/opt/rustwide/cargo-home/bin/cargo" "+1.100.0-beta.1" "build" "--frozen" "--message-format=json" "--release", kill_on_drop: false }`
[INFO] [stderr]    Compiling find-msvc-tools v0.1.11
[INFO] [stderr]    Compiling smallvec v1.16.0
[INFO] [stderr]    Compiling openssl v0.10.81
[INFO] [stderr]    Compiling syn v2.0.119
[INFO] [stderr]    Compiling syn v3.0.4
[INFO] [stderr]    Compiling indexmap v2.14.1
[INFO] [stderr]    Compiling mio v1.2.3
[INFO] [stderr]    Compiling futures-task v0.3.34
[INFO] [stderr]    Compiling http-body-util v0.1.5
[INFO] [stderr]    Compiling serde v1.0.229
[INFO] [stderr]    Compiling ipnet v2.12.1
[INFO] [stderr]    Compiling rustls-pemfile v2.2.0
[INFO] [stderr]    Compiling futures-util v0.3.34
[INFO] [stderr]    Compiling cc v1.4.4
[INFO] [stderr]    Compiling tokio v1.53.1
[INFO] [stderr]    Compiling serde_urlencoded v0.7.1
[INFO] [stderr]    Compiling openssl-sys v0.9.117
[INFO] [stderr]    Compiling native-tls v0.2.18
[INFO] [stderr]    Compiling zerovec-derive v0.11.6
[INFO] [stderr]    Compiling displaydoc v0.2.7
[INFO] [stderr]    Compiling synstructure v0.13.2
[INFO] [stderr]    Compiling zerofrom-derive v0.1.7
[INFO] [stderr]    Compiling yoke-derive v0.8.2
[INFO] [stderr]    Compiling openssl-macros v0.1.1
[INFO] [stderr]    Compiling tokio-util v0.7.19
[INFO] [stderr]    Compiling tower v0.5.3
[INFO] [stderr]    Compiling h2 v0.4.19
[INFO] [stderr]    Compiling zerofrom v0.1.8
[INFO] [stderr]    Compiling yoke v0.8.3
[INFO] [stderr]    Compiling zerovec v0.11.8
[INFO] [stderr]    Compiling zerotrie v0.2.5
[INFO] [stderr]    Compiling tinystr v0.8.4
[INFO] [stderr]    Compiling potential_utf v0.1.6
[INFO] [stderr]    Compiling icu_locale_core v2.3.0
[INFO] [stderr]    Compiling icu_collections v2.3.0
[INFO] [stderr]    Compiling icu_provider v2.3.1
[INFO] [stderr]    Compiling icu_normalizer v2.3.0
[INFO] [stderr]    Compiling icu_properties v2.3.0
[INFO] [stderr]    Compiling tokio-native-tls v0.3.1
[INFO] [stderr]    Compiling hyper v1.11.1
[INFO] [stderr]    Compiling idna_adapter v1.2.2
[INFO] [stderr]    Compiling idna v1.1.0
[INFO] [stderr]    Compiling url v2.5.8
[INFO] [stderr]    Compiling hyper-util v0.1.20
[INFO] [stderr]    Compiling hyper-tls v0.6.0
[INFO] [stderr]    Compiling gpui-pre-reqwest v0.12.15 (/opt/rustwide/workdir)
[INFO] [stderr]     Finished `release` profile [optimized] target(s) in 48.49s
[INFO] running `Command { std: "docker" "inspect" "83936aec426c00c8ac7e3b0d1fffe81352b42a5b2cfc0b2baa593ab866ed286c", kill_on_drop: false }`
[INFO] running `Command { std: "docker" "exec" "-e" "SOURCE_DIR=/opt/rustwide/workdir" "-e" "CARGO_HOME=/opt/rustwide/cargo-home" "-e" "RUSTUP_HOME=/opt/rustwide/rustup-home" "-e" "CARGO_TARGET_DIR=/opt/rustwide/target" "-e" "CARGO_INCREMENTAL=0" "-e" "RUST_BACKTRACE=full" "-e" "RUSTFLAGS=--cap-lints=warn" "-e" "RUSTDOCFLAGS=--cap-lints=warn" "-w" "/opt/rustwide/workdir" "--user" "0:0" "83936aec426c00c8ac7e3b0d1fffe81352b42a5b2cfc0b2baa593ab866ed286c" "/opt/rustwide/cargo-home/bin/cargo" "+1.100.0-beta.1" "test" "--frozen" "--no-run" "--message-format=json" "--release", kill_on_drop: false }`
[INFO] [stderr]    Compiling syn v3.0.4
[INFO] [stderr]    Compiling libc v0.2.189
[INFO] [stderr]    Compiling getrandom v0.2.17
[INFO] [stderr]    Compiling crc32fast v1.5.1
[INFO] [stderr]    Compiling aho-corasick v1.1.5
[INFO] [stderr]    Compiling rustls v0.23.43
[INFO] [stderr]    Compiling doc-comment v0.3.4
[INFO] [stderr]    Compiling is-terminal v0.4.17
[INFO] [stderr]    Compiling num_cpus v1.17.0
[INFO] [stderr]    Compiling brotli v7.0.0
[INFO] [stderr]    Compiling flate2 v1.1.10
[INFO] [stderr]    Compiling jobserver v0.1.35
[INFO] [stderr]    Compiling cc v1.4.4
[INFO] [stderr]    Compiling regex-automata v0.4.18
[INFO] [stderr]    Compiling openssl-sys v0.9.117
[INFO] [stderr]    Compiling zstd-sys v2.0.16+zstd.1.5.7
[INFO] [stderr]    Compiling ring v0.17.14
[INFO] [stderr]    Compiling openssl v0.10.81
[INFO] [stderr]    Compiling native-tls v0.2.18
[INFO] [stderr]    Compiling zerovec-derive v0.11.6
[INFO] [stderr]    Compiling displaydoc v0.2.7
[INFO] [stderr]    Compiling zerovec v0.11.8
[INFO] [stderr]    Compiling tokio-macros v2.7.2
[INFO] [stderr]    Compiling tokio v1.53.1
[INFO] [stderr]    Compiling zerotrie v0.2.5
[INFO] [stderr]    Compiling tinystr v0.8.4
[INFO] [stderr]    Compiling icu_locale_core v2.3.0
[INFO] [stderr]    Compiling potential_utf v0.1.6
[INFO] [stderr]    Compiling icu_collections v2.3.0
[INFO] [stderr]    Compiling serde_derive v1.0.229
[INFO] [stderr]    Compiling regex v1.13.1
[INFO] [stderr]    Compiling icu_provider v2.3.1
[INFO] [stderr]    Compiling env_logger v0.10.2
[INFO] [stderr]    Compiling icu_normalizer v2.3.0
[INFO] [stderr]    Compiling icu_properties v2.3.0
[INFO] [stderr]    Compiling rustls-webpki v0.103.15
[INFO] [stderr]    Compiling serde v1.0.229
[INFO] [stderr]    Compiling idna_adapter v1.2.2
[INFO] [stderr]    Compiling serde_urlencoded v0.7.1
[INFO] [stderr]    Compiling idna v1.1.0
[INFO] [stderr]    Compiling url v2.5.8
[INFO] [stderr]    Compiling tokio-util v0.7.19
[INFO] [stderr]    Compiling tokio-native-tls v0.3.1
[INFO] [stderr]    Compiling h2 v0.4.19
[INFO] [stderr]    Compiling tower v0.5.3
[INFO] [stderr]    Compiling hyper v1.11.1
[INFO] [stderr]    Compiling zstd-safe v7.2.4
[INFO] [stderr]    Compiling zstd v0.13.3
[INFO] [stderr]    Compiling hyper-util v0.1.20
[INFO] [stderr]    Compiling hyper-tls v0.6.0
[INFO] [stderr]    Compiling gpui-pre-reqwest v0.12.15 (/opt/rustwide/workdir)
[INFO] [stdout] error[E0432]: unresolved import `reqwest`
[INFO] [stdout]   --> tests/client.rs:11:5
[INFO] [stdout]    |
[INFO] [stdout] 11 | use reqwest::Client;
[INFO] [stdout]    |     ^^^^^^^ use of unresolved module or unlinked crate `reqwest`
[INFO] [stdout]    |
[INFO] [stdout]    = help: if you wanted to use a crate named `reqwest`, use `cargo add reqwest` to add it to your `Cargo.toml`
[INFO] [stdout] 
[INFO] [stdout] 
[INFO] [stdout] error[E0433]: cannot find module or crate `reqwest` in this scope
[INFO] [stdout]   --> tests/timeouts.rs:20:18
[INFO] [stdout]    |
[INFO] [stdout] 20 |     let client = reqwest::Client::builder()
[INFO] [stdout]    |                  ^^^^^^^ use of unresolved module or unlinked crate `reqwest`
[INFO] [stdout]    |
[INFO] [stdout]    = help: if you wanted to use a crate named `reqwest`, use `cargo add reqwest` to add it to your `Cargo.toml`
[INFO] [stdout] 
[INFO] [stdout] 
[INFO] [stdout] error[E0433]: cannot find module or crate `reqwest` in this scope
[INFO] [stdout]   --> tests/timeouts.rs:48:18
[INFO] [stdout]    |
[INFO] [stdout] 48 |     let client = reqwest::Client::builder().no_proxy().build().unwrap();
[INFO] [stdout]    |                  ^^^^^^^ use of unresolved module or unlinked crate `reqwest`
[INFO] [stdout]    |
[INFO] [stdout]    = help: if you wanted to use a crate named `reqwest`, use `cargo add reqwest` to add it to your `Cargo.toml`
[INFO] [stdout] 
[INFO] [stdout] 
[INFO] [stdout] error[E0433]: cannot find module or crate `reqwest` in this scope
[INFO] [stdout]   --> tests/timeouts.rs:72:18
[INFO] [stdout]    |
[INFO] [stdout] 72 |     let client = reqwest::Client::builder()
[INFO] [stdout]    |                  ^^^^^^^ use of unresolved module or unlinked crate `reqwest`
[INFO] [stdout]    |
[INFO] [stdout]    = help: if you wanted to use a crate named `reqwest`, use `cargo add reqwest` to add it to your `Cargo.toml`
[INFO] [stdout] 
[INFO] [stdout] 
[INFO] [stdout] error[E0433]: cannot find module or crate `reqwest` in this scope
[INFO] [stdout]   --> tests/timeouts.rs:99:18
[INFO] [stdout]    |
[INFO] [stdout] 99 |     let client = reqwest::Client::builder()
[INFO] [stdout]    |                  ^^^^^^^ use of unresolved module or unlinked crate `reqwest`
[INFO] [stdout]    |
[INFO] [stdout]    = help: if you wanted to use a crate named `reqwest`, use `cargo add reqwest` to add it to your `Cargo.toml`
[INFO] [stdout] 
[INFO] [stdout] 
[INFO] [stdout] error[E0433]: cannot find module or crate `reqwest` in this scope
[INFO] [stdout]    --> tests/timeouts.rs:124:18
[INFO] [stdout]     |
[INFO] [stdout] 124 |     let client = reqwest::Client::builder()
[INFO] [stdout]     |                  ^^^^^^^ use of unresolved module or unlinked crate `reqwest`
[INFO] [stdout]     |
[INFO] [stdout]     = help: if you wanted to use a crate named `reqwest`, use `cargo add reqwest` to add it to your `Cargo.toml`
[INFO] [stdout] 
[INFO] [stdout] 
[INFO] [stdout] error[E0433]: cannot find module or crate `reqwest` in this scope
[INFO] [stdout]    --> tests/timeouts.rs:194:18
[INFO] [stdout]     |
[INFO] [stdout] 194 |     let client = reqwest::Client::builder()
[INFO] [stdout]     |                  ^^^^^^^ use of unresolved module or unlinked crate `reqwest`
[INFO] [stdout]     |
[INFO] [stdout]     = help: if you wanted to use a crate named `reqwest`, use `cargo add reqwest` to add it to your `Cargo.toml`
[INFO] [stdout] 
[INFO] [stdout] 
[INFO] [stdout] error[E0433]: cannot find module or crate `reqwest` in this scope
[INFO] [stdout]    --> tests/timeouts.rs:435:18
[INFO] [stdout]     |
[INFO] [stdout] 435 |     let client = reqwest::Client::builder().no_proxy().build().unwrap();
[INFO] [stdout]     |                  ^^^^^^^ use of unresolved module or unlinked crate `reqwest`
[INFO] [stdout]     |
[INFO] [stdout]     = help: if you wanted to use a crate named `reqwest`, use `cargo add reqwest` to add it to your `Cargo.toml`
[INFO] [stdout] 
[INFO] [stdout] 
[INFO] [stdout] error[E0433]: cannot find module or crate `reqwest` in this scope
[INFO] [stdout]   --> examples/connect_via_lower_priority_tokio_runtime.rs:25:18
[INFO] [stdout]    |
[INFO] [stdout] 25 |     let client = reqwest::Client::builder()
[INFO] [stdout]    |                  ^^^^^^^ use of unresolved module or unlinked crate `reqwest`
[INFO] [stdout]    |
[INFO] [stdout]    = help: if you wanted to use a crate named `reqwest`, use `cargo add reqwest` to add it to your `Cargo.toml`
[INFO] [stdout] 
[INFO] [stdout] 
[INFO] [stdout] error[E0433]: cannot find module or crate `reqwest` in this scope
[INFO] [stdout]   --> examples/simple.rs:23:15
[INFO] [stdout]    |
[INFO] [stdout] 23 |     let res = reqwest::get(url).await?;
[INFO] [stdout]    |               ^^^^^^^ use of unresolved module or unlinked crate `reqwest`
[INFO] [stdout]    |
[INFO] [stdout]    = help: if you wanted to use a crate named `reqwest`, use `cargo add reqwest` to add it to your `Cargo.toml`
[INFO] [stdout] 
[INFO] [stdout] 
[INFO] [stdout] warning: method call on a diverging inference variable
[INFO] [stdout]   --> examples/simple.rs:25:40
[INFO] [stdout]    |
[INFO] [stdout] 25 |     eprintln!("Response: {:?} {}", res.version(), res.status());
[INFO] [stdout]    |                                        ^^^^^^^
[INFO] [stdout]    |
[INFO] [stdout]    = help: consider providing a type annotation
[INFO] [stdout]    = warning: this was previously accepted by the compiler but is being phased out; it will become a hard error in a future release!
[INFO] [stdout]    = note: for more information, see issue #156047 <https://github.com/rust-lang/rust/issues/156047>
[INFO] [stdout] note: the lint level is defined here
[INFO] [stdout]   --> examples/simple.rs:1:9
[INFO] [stdout]    |
[INFO] [stdout]  1 | #![deny(warnings)]
[INFO] [stdout]    |         ^^^^^^^^
[INFO] [stdout]    = note: `#[warn(method_call_on_diverging_infer_var)]` implied by `#[warn(warnings)]`
[INFO] [stdout] 
[INFO] [stdout] 
[INFO] [stdout] error[E0433]: cannot find module or crate `reqwest` in this scope
[INFO] [stdout]   --> tests/support/delay_server.rs:37:39
[INFO] [stdout]    |
[INFO] [stdout] 37 |         Fut: Future<Output = Response<reqwest::Body>> + Send + 'static,
[INFO] [stdout]    |                                       ^^^^^^^ use of unresolved module or unlinked crate `reqwest`
[INFO] [stdout]    |
[INFO] [stdout]    = help: if you wanted to use a crate named `reqwest`, use `cargo add reqwest` to add it to your `Cargo.toml`
[INFO] [stdout] help: a struct with a similar name exists
[INFO] [stdout]    |
[INFO] [stdout] 37 -         Fut: Future<Output = Response<reqwest::Body>> + Send + 'static,
[INFO] [stdout] 37 +         Fut: Future<Output = Response<Request::Body>> + Send + 'static,
[INFO] [stdout]    |
[INFO] [stdout] 
[INFO] [stdout] 
[INFO] [stdout] error[E0433]: cannot find module or crate `reqwest` in this scope
[INFO] [stdout]   --> tests/support/server.rs:57:41
[INFO] [stdout]    |
[INFO] [stdout] 57 |     Fut: Future<Output = http::Response<reqwest::Body>> + Send + 'static,
[INFO] [stdout]    |                                         ^^^^^^^ use of unresolved module or unlinked crate `reqwest`
[INFO] [stdout]    |
[INFO] [stdout]    = help: if you wanted to use a crate named `reqwest`, use `cargo add reqwest` to add it to your `Cargo.toml`
[INFO] [stdout] 
[INFO] [stdout] 
[INFO] [stdout] error[E0599]: no method named `version` found for type `!` in the current scope
[INFO] [stdout]   --> examples/simple.rs:25:40
[INFO] [stdout]    |
[INFO] [stdout] 25 |     eprintln!("Response: {:?} {}", res.version(), res.status());
[INFO] [stdout]    |                                        ^^^^^^^ method not found in `!`
[INFO] [stdout] 
[INFO] [stdout] 
[INFO] [stdout] error[E0433]: cannot find module or crate `reqwest` in this scope
[INFO] [stdout]   --> tests/support/server.rs:67:41
[INFO] [stdout]    |
[INFO] [stdout] 67 |     Fut: Future<Output = http::Response<reqwest::Body>> + Send + 'static,
[INFO] [stdout]    |                                         ^^^^^^^ use of unresolved module or unlinked crate `reqwest`
[INFO] [stdout]    |
[INFO] [stdout]    = help: if you wanted to use a crate named `reqwest`, use `cargo add reqwest` to add it to your `Cargo.toml`
[INFO] [stdout] 
[INFO] [stdout] 
[INFO] [stdout] For more information about this error, try `rustc --explain E0433`.
[INFO] [stdout] 
[INFO] [stderr] error: could not compile `gpui-pre-reqwest` (test "timeouts") due to 10 previous errors
[INFO] [stderr] warning: build failed, waiting for other jobs to finish...
[INFO] [stdout] warning: method call on a diverging inference variable
[INFO] [stdout]   --> examples/connect_via_lower_priority_tokio_runtime.rs:41:40
[INFO] [stdout]    |
[INFO] [stdout] 41 |     eprintln!("Response: {:?} {}", res.version(), res.status());
[INFO] [stdout]    |                                        ^^^^^^^
[INFO] [stdout]    |
[INFO] [stdout]    = help: consider providing a type annotation
[INFO] [stdout]    = warning: this was previously accepted by the compiler but is being phased out; it will become a hard error in a future release!
[INFO] [stdout]    = note: for more information, see issue #156047 <https://github.com/rust-lang/rust/issues/156047>
[INFO] [stdout] note: the lint level is defined here
[INFO] [stdout]   --> examples/connect_via_lower_priority_tokio_runtime.rs:1:9
[INFO] [stdout]    |
[INFO] [stdout]  1 | #![deny(warnings)]
[INFO] [stdout]    |         ^^^^^^^^
[INFO] [stdout]    = note: `#[warn(method_call_on_diverging_infer_var)]` implied by `#[warn(warnings)]`
[INFO] [stdout] 
[INFO] [stdout] 
[INFO] [stdout] error[E0433]: cannot find module or crate `reqwest` in this scope
[INFO] [stdout]   --> tests/proxy.rs:27:15
[INFO] [stdout]    |
[INFO] [stdout] 27 |     let res = reqwest::Client::builder()
[INFO] [stdout]    |               ^^^^^^^ use of unresolved module or unlinked crate `reqwest`
[INFO] [stdout]    |
[INFO] [stdout]    = help: if you wanted to use a crate named `reqwest`, use `cargo add reqwest` to add it to your `Cargo.toml`
[INFO] [stdout] 
[INFO] [stdout] 
[INFO] [stdout] error[E0599]: no method named `status` found for type `!` in the current scope
[INFO] [stdout]   --> examples/simple.rs:25:55
[INFO] [stdout]    |
[INFO] [stdout] 25 |     eprintln!("Response: {:?} {}", res.version(), res.status());
[INFO] [stdout]    |                                                       ^^^^^^ method not found in `!`
[INFO] [stdout] 
[INFO] [stdout] 
[INFO] [stdout] warning: unreachable call
[INFO] [stdout]   --> examples/simple.rs:25:55
[INFO] [stdout]    |
[INFO] [stdout] 25 |     eprintln!("Response: {:?} {}", res.version(), res.status());
[INFO] [stdout]    |                                                   --- ^^^^^^ unreachable call
[INFO] [stdout]    |                                                   |
[INFO] [stdout]    |                                                   any code following this expression is unreachable
[INFO] [stdout]    |
[INFO] [stdout]    = note: `#[warn(unreachable_code)]` implied by `#[warn(warnings)]`
[INFO] [stdout] 
[INFO] [stdout] 
[INFO] [stdout] error[E0433]: cannot find module or crate `reqwest` in this scope
[INFO] [stdout]   --> tests/client.rs:49:15
[INFO] [stdout]    |
[INFO] [stdout] 49 |     let res = reqwest::Client::builder()
[INFO] [stdout]    |               ^^^^^^^ use of unresolved module or unlinked crate `reqwest`
[INFO] [stdout]    |
[INFO] [stdout]    = help: if you wanted to use a crate named `reqwest`, use `cargo add reqwest` to add it to your `Cargo.toml`
[INFO] [stdout] 
[INFO] [stdout] 
[INFO] [stdout] error[E0599]: no method named `headers` found for type `!` in the current scope
[INFO] [stdout]   --> examples/simple.rs:26:39
[INFO] [stdout]    |
[INFO] [stdout] 26 |     eprintln!("Headers: {:#?}\n", res.headers());
[INFO] [stdout]    |                                       ^^^^^^^ method not found in `!`
[INFO] [stdout] 
[INFO] [stdout] 
[INFO] [stdout] warning: unreachable call
[INFO] [stdout]   --> examples/simple.rs:26:39
[INFO] [stdout]    |
[INFO] [stdout] 26 |     eprintln!("Headers: {:#?}\n", res.headers());
[INFO] [stdout]    |                                   --- ^^^^^^^ unreachable call
[INFO] [stdout]    |                                   |
[INFO] [stdout]    |                                   any code following this expression is unreachable
[INFO] [stdout] 
[INFO] [stdout] 
[INFO] [stdout] error[E0433]: cannot find module or crate `reqwest` in this scope
[INFO] [stdout]   --> tests/proxy.rs:28:16
[INFO] [stdout]    |
[INFO] [stdout] 28 |         .proxy(reqwest::Proxy::http(&proxy).unwrap())
[INFO] [stdout]    |                ^^^^^^^ use of unresolved module or unlinked crate `reqwest`
[INFO] [stdout]    |
[INFO] [stdout]    = help: if you wanted to use a crate named `reqwest`, use `cargo add reqwest` to add it to your `Cargo.toml`
[INFO] [stdout] 
[INFO] [stdout] 
[INFO] [stdout] error[E0599]: no method named `version` found for type `!` in the current scope
[INFO] [stdout]   --> examples/connect_via_lower_priority_tokio_runtime.rs:41:40
[INFO] [stdout]    |
[INFO] [stdout] 41 |     eprintln!("Response: {:?} {}", res.version(), res.status());
[INFO] [stdout]    |                                        ^^^^^^^ method not found in `!`
[INFO] [stdout] 
[INFO] [stdout] 
[INFO] [stdout] error[E0433]: cannot find module or crate `reqwest` in this scope
[INFO] [stdout]   --> tests/client.rs:59:30
[INFO] [stdout]    |
[INFO] [stdout] 59 |     assert_eq!(res.status(), reqwest::StatusCode::OK);
[INFO] [stdout]    |                              ^^^^^^^ use of unresolved module or unlinked crate `reqwest`
[INFO] [stdout]    |
[INFO] [stdout]    = help: if you wanted to use a crate named `reqwest`, use `cargo add reqwest` to add it to your `Cargo.toml`
[INFO] [stdout] 
[INFO] [stdout] 
[INFO] [stdout] error[E0433]: cannot find module or crate `reqwest` in this scope
[INFO] [stdout]   --> tests/connector_layers.rs:23:18
[INFO] [stdout]    |
[INFO] [stdout] 23 |     let client = reqwest::Client::builder()
[INFO] [stdout]    |                  ^^^^^^^ use of unresolved module or unlinked crate `reqwest`
[INFO] [stdout]    |
[INFO] [stdout]    = help: if you wanted to use a crate named `reqwest`, use `cargo add reqwest` to add it to your `Cargo.toml`
[INFO] [stdout] 
[INFO] [stdout] 
[INFO] [stdout] error[E0599]: no method named `text` found for type `!` in the current scope
[INFO] [stdout]   --> examples/simple.rs:28:20
[INFO] [stdout]    |
[INFO] [stdout] 28 |     let body = res.text().await?;
[INFO] [stdout]    |                    ^^^^ method not found in `!`
[INFO] [stdout] 
[INFO] [stdout] 
[INFO] [stdout] warning: unreachable call
[INFO] [stdout]   --> examples/simple.rs:28:20
[INFO] [stdout]    |
[INFO] [stdout] 28 |     let body = res.text().await?;
[INFO] [stdout]    |                --- ^^^^ unreachable call
[INFO] [stdout]    |                |
[INFO] [stdout]    |                any code following this expression is unreachable
[INFO] [stdout] 
[INFO] [stdout] 
[INFO] [stdout] error[E0599]: no method named `status` found for type `!` in the current scope
[INFO] [stdout]   --> examples/connect_via_lower_priority_tokio_runtime.rs:41:55
[INFO] [stdout]    |
[INFO] [stdout] 41 |     eprintln!("Response: {:?} {}", res.version(), res.status());
[INFO] [stdout]    |                                                       ^^^^^^ method not found in `!`
[INFO] [stdout] 
[INFO] [stdout] 
[INFO] [stdout] warning: unreachable call
[INFO] [stdout]   --> examples/connect_via_lower_priority_tokio_runtime.rs:41:55
[INFO] [stdout]    |
[INFO] [stdout] 41 |     eprintln!("Response: {:?} {}", res.version(), res.status());
[INFO] [stdout]    |                                                   --- ^^^^^^ unreachable call
[INFO] [stdout]    |                                                   |
[INFO] [stdout]    |                                                   any code following this expression is unreachable
[INFO] [stdout]    |
[INFO] [stdout]    = note: `#[warn(unreachable_code)]` implied by `#[warn(warnings)]`
[INFO] [stdout] 
[INFO] [stdout] 
[INFO] [stdout] error[E0433]: cannot find module or crate `reqwest` in this scope
[INFO] [stdout]   --> tests/proxy.rs:37:30
[INFO] [stdout]    |
[INFO] [stdout] 37 |     assert_eq!(res.status(), reqwest::StatusCode::OK);
[INFO] [stdout]    |                              ^^^^^^^ use of unresolved module or unlinked crate `reqwest`
[INFO] [stdout]    |
[INFO] [stdout]    = help: if you wanted to use a crate named `reqwest`, use `cargo add reqwest` to add it to your `Cargo.toml`
[INFO] [stdout] 
[INFO] [stdout] 
[INFO] [stdout] error[E0433]: cannot find module or crate `reqwest` in this scope
[INFO] [stdout]  --> examples/simple.rs:8:31
[INFO] [stdout]   |
[INFO] [stdout] 8 | async fn main() -> Result<(), reqwest::Error> {
[INFO] [stdout]   |                               ^^^^^^^ use of unresolved module or unlinked crate `reqwest`
[INFO] [stdout]   |
[INFO] [stdout]   = help: if you wanted to use a crate named `reqwest`, use `cargo add reqwest` to add it to your `Cargo.toml`
[INFO] [stdout] 
[INFO] [stdout] 
[INFO] [stdout] Some errors have detailed explanations: E0433, E0599.
[INFO] [stdout] 
[INFO] [stdout] For more information about an error, try `rustc --explain E0433`.
[INFO] [stdout] 
[INFO] [stdout] error[E0599]: no method named `headers` found for type `!` in the current scope
[INFO] [stdout]   --> examples/connect_via_lower_priority_tokio_runtime.rs:42:39
[INFO] [stdout]    |
[INFO] [stdout] 42 |     eprintln!("Headers: {:#?}\n", res.headers());
[INFO] [stdout]    |                                       ^^^^^^^ method not found in `!`
[INFO] [stdout] 
[INFO] [stdout] 
[INFO] [stdout] warning: unreachable call
[INFO] [stdout]   --> examples/connect_via_lower_priority_tokio_runtime.rs:42:39
[INFO] [stdout]    |
[INFO] [stdout] 42 |     eprintln!("Headers: {:#?}\n", res.headers());
[INFO] [stdout]    |                                   --- ^^^^^^^ unreachable call
[INFO] [stdout]    |                                   |
[INFO] [stdout]    |                                   any code following this expression is unreachable
[INFO] [stdout] 
[INFO] [stdout] 
[INFO] [stderr] error: could not compile `gpui-pre-reqwest` (example "simple") due to 6 previous errors; 5 warnings emitted
[INFO] [stdout] error[E0433]: cannot find module or crate `reqwest` in this scope
[INFO] [stdout]   --> tests/upgrade.rs:29:23
[INFO] [stdout]    |
[INFO] [stdout] 29 |                 .body(reqwest::Body::default())
[INFO] [stdout]    |                       ^^^^^^^ use of unresolved module or unlinked crate `reqwest`
[INFO] [stdout]    |
[INFO] [stdout]    = help: if you wanted to use a crate named `reqwest`, use `cargo add reqwest` to add it to your `Cargo.toml`
[INFO] [stdout] 
[INFO] [stdout] 
[INFO] [stdout] error[E0433]: cannot find module or crate `reqwest` in this scope
[INFO] [stdout]   --> tests/connector_layers.rs:39:18
[INFO] [stdout]    |
[INFO] [stdout] 39 |     let client = reqwest::Client::builder()
[INFO] [stdout]    |                  ^^^^^^^ use of unresolved module or unlinked crate `reqwest`
[INFO] [stdout]    |
[INFO] [stdout]    = help: if you wanted to use a crate named `reqwest`, use `cargo add reqwest` to add it to your `Cargo.toml`
[INFO] [stdout] 
[INFO] [stdout] 
[INFO] [stdout] error[E0433]: cannot find module or crate `reqwest` in this scope
[INFO] [stdout]   --> tests/client.rs:75:15
[INFO] [stdout]    |
[INFO] [stdout] 75 |     let res = reqwest::Client::builder()
[INFO] [stdout]    |               ^^^^^^^ use of unresolved module or unlinked crate `reqwest`
[INFO] [stdout]    |
[INFO] [stdout]    = help: if you wanted to use a crate named `reqwest`, use `cargo add reqwest` to add it to your `Cargo.toml`
[INFO] [stdout] 
[INFO] [stdout] 
[INFO] [stdout] error[E0599]: no method named `text` found for type `!` in the current scope
[INFO] [stdout]   --> examples/connect_via_lower_priority_tokio_runtime.rs:44:20
[INFO] [stdout]    |
[INFO] [stdout] 44 |     let body = res.text().await?;
[INFO] [stdout]    |                    ^^^^ method not found in `!`
[INFO] [stdout] 
[INFO] [stdout] 
[INFO] [stdout] warning: unreachable call
[INFO] [stdout]   --> examples/connect_via_lower_priority_tokio_runtime.rs:44:20
[INFO] [stdout]    |
[INFO] [stdout] 44 |     let body = res.text().await?;
[INFO] [stdout]    |                --- ^^^^ unreachable call
[INFO] [stdout]    |                |
[INFO] [stdout]    |                any code following this expression is unreachable
[INFO] [stdout] 
[INFO] [stdout] 
[INFO] [stdout] error[E0433]: cannot find module or crate `reqwest` in this scope
[INFO] [stdout]   --> tests/proxy.rs:57:15
[INFO] [stdout]    |
[INFO] [stdout] 57 |     let res = reqwest::Client::builder()
[INFO] [stdout]    |               ^^^^^^^ use of unresolved module or unlinked crate `reqwest`
[INFO] [stdout]    |
[INFO] [stdout]    = help: if you wanted to use a crate named `reqwest`, use `cargo add reqwest` to add it to your `Cargo.toml`
[INFO] [stdout] 
[INFO] [stdout] 
[INFO] [stdout] error[E0433]: cannot find module or crate `reqwest` in this scope
[INFO] [stdout]   --> tests/upgrade.rs:34:15
[INFO] [stdout]    |
[INFO] [stdout] 34 |     let res = reqwest::Client::builder()
[INFO] [stdout]    |               ^^^^^^^ use of unresolved module or unlinked crate `reqwest`
[INFO] [stdout]    |
[INFO] [stdout]    = help: if you wanted to use a crate named `reqwest`, use `cargo add reqwest` to add it to your `Cargo.toml`
[INFO] [stdout] 
[INFO] [stdout] 
[INFO] [stdout] error[E0433]: cannot find module or crate `reqwest` in this scope
[INFO] [stdout]   --> tests/client.rs:84:30
[INFO] [stdout]    |
[INFO] [stdout] 84 |     assert_eq!(res.status(), reqwest::StatusCode::OK);
[INFO] [stdout]    |                              ^^^^^^^ use of unresolved module or unlinked crate `reqwest`
[INFO] [stdout]    |
[INFO] [stdout]    = help: if you wanted to use a crate named `reqwest`, use `cargo add reqwest` to add it to your `Cargo.toml`
[INFO] [stdout] 
[INFO] [stdout] 
[INFO] [stdout] error[E0433]: cannot find module or crate `reqwest` in this scope
[INFO] [stdout]   --> tests/connector_layers.rs:61:18
[INFO] [stdout]    |
[INFO] [stdout] 61 |     let client = reqwest::Client::builder()
[INFO] [stdout]    |                  ^^^^^^^ use of unresolved module or unlinked crate `reqwest`
[INFO] [stdout]    |
[INFO] [stdout]    = help: if you wanted to use a crate named `reqwest`, use `cargo add reqwest` to add it to your `Cargo.toml`
[INFO] [stdout] 
[INFO] [stdout] 
[INFO] [stdout] error[E0433]: cannot find module or crate `reqwest` in this scope
[INFO] [stdout]   --> tests/proxy.rs:59:13
[INFO] [stdout]    |
[INFO] [stdout] 59 |             reqwest::Proxy::http(&proxy)
[INFO] [stdout]    |             ^^^^^^^ use of unresolved module or unlinked crate `reqwest`
[INFO] [stdout]    |
[INFO] [stdout]    = help: if you wanted to use a crate named `reqwest`, use `cargo add reqwest` to add it to your `Cargo.toml`
[INFO] [stdout] 
[INFO] [stdout] 
[INFO] [stdout] error[E0433]: cannot find module or crate `reqwest` in this scope
[INFO] [stdout]   --> examples/connect_via_lower_priority_tokio_runtime.rs:21:31
[INFO] [stdout]    |
[INFO] [stdout] 21 | async fn main() -> Result<(), reqwest::Error> {
[INFO] [stdout]    |                               ^^^^^^^ use of unresolved module or unlinked crate `reqwest`
[INFO] [stdout]    |
[INFO] [stdout]    = help: if you wanted to use a crate named `reqwest`, use `cargo add reqwest` to add it to your `Cargo.toml`
[INFO] [stdout] 
[INFO] [stdout] 
[INFO] [stdout] Some errors have detailed explanations: E0433, E0599.
[INFO] [stdout] 
[INFO] [stdout] For more information about an error, try `rustc --explain E0433`.
[INFO] [stdout] 
[INFO] [stderr] error: could not compile `gpui-pre-reqwest` (example "connect_via_lower_priority_tokio_runtime") due to 6 previous errors; 5 warnings emitted
[INFO] [stdout] error[E0433]: cannot find module or crate `reqwest` in this scope
[INFO] [stdout]   --> tests/client.rs:95:15
[INFO] [stdout]    |
[INFO] [stdout] 95 |     let res = reqwest::Client::builder()
[INFO] [stdout]    |               ^^^^^^^ use of unresolved module or unlinked crate `reqwest`
[INFO] [stdout]    |
[INFO] [stdout]    = help: if you wanted to use a crate named `reqwest`, use `cargo add reqwest` to add it to your `Cargo.toml`
[INFO] [stdout] 
[INFO] [stdout] 
[INFO] [stdout] error[E0433]: cannot find module or crate `reqwest` in this scope
[INFO] [stdout]   --> tests/proxy.rs:71:30
[INFO] [stdout]    |
[INFO] [stdout] 71 |     assert_eq!(res.status(), reqwest::StatusCode::OK);
[INFO] [stdout]    |                              ^^^^^^^ use of unresolved module or unlinked crate `reqwest`
[INFO] [stdout]    |
[INFO] [stdout]    = help: if you wanted to use a crate named `reqwest`, use `cargo add reqwest` to add it to your `Cargo.toml`
[INFO] [stdout] 
[INFO] [stdout] 
[INFO] [stdout] error[E0433]: cannot find module or crate `reqwest` in this scope
[INFO] [stdout]    --> tests/client.rs:104:30
[INFO] [stdout]     |
[INFO] [stdout] 104 |     assert_eq!(res.status(), reqwest::StatusCode::OK);
[INFO] [stdout]     |                              ^^^^^^^ use of unresolved module or unlinked crate `reqwest`
[INFO] [stdout]     |
[INFO] [stdout]     = help: if you wanted to use a crate named `reqwest`, use `cargo add reqwest` to add it to your `Cargo.toml`
[INFO] [stdout] 
[INFO] [stdout] 
[INFO] [stdout] error[E0433]: cannot find module or crate `reqwest` in this scope
[INFO] [stdout]   --> tests/connector_layers.rs:86:18
[INFO] [stdout]    |
[INFO] [stdout] 86 |     let client = reqwest::Client::builder()
[INFO] [stdout]    |                  ^^^^^^^ use of unresolved module or unlinked crate `reqwest`
[INFO] [stdout]    |
[INFO] [stdout]    = help: if you wanted to use a crate named `reqwest`, use `cargo add reqwest` to add it to your `Cargo.toml`
[INFO] [stdout] 
[INFO] [stdout] 
[INFO] [stdout] error[E0433]: cannot find module or crate `reqwest` in this scope
[INFO] [stdout]   --> tests/proxy.rs:91:15
[INFO] [stdout]    |
[INFO] [stdout] 91 |     let res = reqwest::Client::builder()
[INFO] [stdout]    |               ^^^^^^^ use of unresolved module or unlinked crate `reqwest`
[INFO] [stdout]    |
[INFO] [stdout]    = help: if you wanted to use a crate named `reqwest`, use `cargo add reqwest` to add it to your `Cargo.toml`
[INFO] [stdout] 
[INFO] [stdout] 
[INFO] [stdout] error[E0433]: cannot find module or crate `reqwest` in this scope
[INFO] [stdout]    --> tests/connector_layers.rs:109:18
[INFO] [stdout]     |
[INFO] [stdout] 109 |     let client = reqwest::Client::builder()
[INFO] [stdout]     |                  ^^^^^^^ use of unresolved module or unlinked crate `reqwest`
[INFO] [stdout]     |
[INFO] [stdout]     = help: if you wanted to use a crate named `reqwest`, use `cargo add reqwest` to add it to your `Cargo.toml`
[INFO] [stdout] 
[INFO] [stdout] 
[INFO] [stdout] error[E0433]: cannot find module or crate `reqwest` in this scope
[INFO] [stdout]    --> tests/client.rs:195:31
[INFO] [stdout]     |
[INFO] [stdout] 195 |     assert_eq!(res1.status(), reqwest::StatusCode::OK);
[INFO] [stdout]     |                               ^^^^^^^ use of unresolved module or unlinked crate `reqwest`
[INFO] [stdout]     |
[INFO] [stdout]     = help: if you wanted to use a crate named `reqwest`, use `cargo add reqwest` to add it to your `Cargo.toml`
[INFO] [stdout] 
[INFO] [stdout] 
[INFO] [stdout] error[E0433]: cannot find module or crate `reqwest` in this scope
[INFO] [stdout]    --> tests/connector_layers.rs:133:18
[INFO] [stdout]     |
[INFO] [stdout] 133 |     let client = reqwest::Client::builder()
[INFO] [stdout]     |                  ^^^^^^^ use of unresolved module or unlinked crate `reqwest`
[INFO] [stdout]     |
[INFO] [stdout]     = help: if you wanted to use a crate named `reqwest`, use `cargo add reqwest` to add it to your `Cargo.toml`
[INFO] [stdout] 
[INFO] [stdout] 
[INFO] [stdout] error[E0433]: cannot find module or crate `reqwest` in this scope
[INFO] [stdout]    --> tests/client.rs:206:31
[INFO] [stdout]     |
[INFO] [stdout] 206 |     assert_eq!(res2.status(), reqwest::StatusCode::OK);
[INFO] [stdout]     |                               ^^^^^^^ use of unresolved module or unlinked crate `reqwest`
[INFO] [stdout]     |
[INFO] [stdout]     = help: if you wanted to use a crate named `reqwest`, use `cargo add reqwest` to add it to your `Cargo.toml`
[INFO] [stdout] 
[INFO] [stdout] 
[INFO] [stdout] error[E0433]: cannot find module or crate `reqwest` in this scope
[INFO] [stdout]   --> tests/proxy.rs:92:16
[INFO] [stdout]    |
[INFO] [stdout] 92 |         .proxy(reqwest::Proxy::http(&proxy).unwrap())
[INFO] [stdout]    |                ^^^^^^^ use of unresolved module or unlinked crate `reqwest`
[INFO] [stdout]    |
[INFO] [stdout]    = help: if you wanted to use a crate named `reqwest`, use `cargo add reqwest` to add it to your `Cargo.toml`
[INFO] [stdout] 
[INFO] [stdout] 
[INFO] [stdout] error[E0433]: cannot find module or crate `reqwest` in this scope
[INFO] [stdout]    --> tests/client.rs:219:18
[INFO] [stdout]     |
[INFO] [stdout] 219 |     let client = reqwest::Client::builder()
[INFO] [stdout]     |                  ^^^^^^^ use of unresolved module or unlinked crate `reqwest`
[INFO] [stdout]     |
[INFO] [stdout]     = help: if you wanted to use a crate named `reqwest`, use `cargo add reqwest` to add it to your `Cargo.toml`
[INFO] [stdout] 
[INFO] [stdout] 
[INFO] [stdout] error[E0433]: cannot find module or crate `reqwest` in this scope
[INFO] [stdout]    --> tests/connector_layers.rs:159:18
[INFO] [stdout]     |
[INFO] [stdout] 159 |     let client = reqwest::Client::builder()
[INFO] [stdout]     |                  ^^^^^^^ use of unresolved module or unlinked crate `reqwest`
[INFO] [stdout]     |
[INFO] [stdout]     = help: if you wanted to use a crate named `reqwest`, use `cargo add reqwest` to add it to your `Cargo.toml`
[INFO] [stdout] 
[INFO] [stdout] 
[INFO] [stdout] error[E0433]: cannot find module or crate `reqwest` in this scope
[INFO] [stdout]    --> tests/proxy.rs:101:30
[INFO] [stdout]     |
[INFO] [stdout] 101 |     assert_eq!(res.status(), reqwest::StatusCode::OK);
[INFO] [stdout]     |                              ^^^^^^^ use of unresolved module or unlinked crate `reqwest`
[INFO] [stdout]     |
[INFO] [stdout]     = help: if you wanted to use a crate named `reqwest`, use `cargo add reqwest` to add it to your `Cargo.toml`
[INFO] [stdout] 
[INFO] [stdout] 
[INFO] [stdout] error[E0433]: cannot find module or crate `reqwest` in this scope
[INFO] [stdout]    --> tests/client.rs:227:30
[INFO] [stdout]     |
[INFO] [stdout] 227 |     assert_eq!(res.status(), reqwest::StatusCode::OK);
[INFO] [stdout]     |                              ^^^^^^^ use of unresolved module or unlinked crate `reqwest`
[INFO] [stdout]     |
[INFO] [stdout]     = help: if you wanted to use a crate named `reqwest`, use `cargo add reqwest` to add it to your `Cargo.toml`
[INFO] [stdout] 
[INFO] [stdout] 
[INFO] [stdout] error[E0433]: cannot find module or crate `reqwest` in this scope
[INFO] [stdout]    --> tests/connector_layers.rs:196:18
[INFO] [stdout]     |
[INFO] [stdout] 196 |     let client = reqwest::Client::builder()
[INFO] [stdout]     |                  ^^^^^^^ use of unresolved module or unlinked crate `reqwest`
[INFO] [stdout]     |
[INFO] [stdout]     = help: if you wanted to use a crate named `reqwest`, use `cargo add reqwest` to add it to your `Cargo.toml`
[INFO] [stdout] 
[INFO] [stdout] 
[INFO] [stdout] error[E0433]: cannot find module or crate `reqwest` in this scope
[INFO] [stdout]    --> tests/proxy.rs:131:15
[INFO] [stdout]     |
[INFO] [stdout] 131 |     let res = reqwest::Client::builder()
[INFO] [stdout]     |               ^^^^^^^ use of unresolved module or unlinked crate `reqwest`
[INFO] [stdout]     |
[INFO] [stdout]     = help: if you wanted to use a crate named `reqwest`, use `cargo add reqwest` to add it to your `Cargo.toml`
[INFO] [stdout] 
[INFO] [stdout] 
[INFO] [stdout] error[E0433]: cannot find module or crate `reqwest` in this scope
[INFO] [stdout]    --> tests/client.rs:244:18
[INFO] [stdout]     |
[INFO] [stdout] 244 |     let client = reqwest::Client::builder()
[INFO] [stdout]     |                  ^^^^^^^ use of unresolved module or unlinked crate `reqwest`
[INFO] [stdout]     |
[INFO] [stdout]     = help: if you wanted to use a crate named `reqwest`, use `cargo add reqwest` to add it to your `Cargo.toml`
[INFO] [stdout] 
[INFO] [stdout] 
[INFO] [stdout] error[E0433]: cannot find module or crate `reqwest` in this scope
[INFO] [stdout]    --> tests/proxy.rs:140:30
[INFO] [stdout]     |
[INFO] [stdout] 140 |     assert_eq!(res.status(), reqwest::StatusCode::OK);
[INFO] [stdout]     |                              ^^^^^^^ use of unresolved module or unlinked crate `reqwest`
[INFO] [stdout]     |
[INFO] [stdout]     = help: if you wanted to use a crate named `reqwest`, use `cargo add reqwest` to add it to your `Cargo.toml`
[INFO] [stdout] 
[INFO] [stdout] 
[INFO] [stdout] error[E0433]: cannot find module or crate `reqwest` in this scope
[INFO] [stdout]    --> tests/connector_layers.rs:355:18
[INFO] [stdout]     |
[INFO] [stdout] 355 |     let client = reqwest::Client::new();
[INFO] [stdout]     |                  ^^^^^^^ use of unresolved module or unlinked crate `reqwest`
[INFO] [stdout]     |
[INFO] [stdout]     = help: if you wanted to use a crate named `reqwest`, use `cargo add reqwest` to add it to your `Cargo.toml`
[INFO] [stdout] 
[INFO] [stdout] 
[INFO] [stdout] error[E0433]: cannot find module or crate `reqwest` in this scope
[INFO] [stdout]    --> tests/client.rs:261:30
[INFO] [stdout]     |
[INFO] [stdout] 261 |     assert_eq!(res.status(), reqwest::StatusCode::OK);
[INFO] [stdout]     |                              ^^^^^^^ use of unresolved module or unlinked crate `reqwest`
[INFO] [stdout]     |
[INFO] [stdout]     = help: if you wanted to use a crate named `reqwest`, use `cargo add reqwest` to add it to your `Cargo.toml`
[INFO] [stdout] 
[INFO] [stdout] 
[INFO] [stdout] error[E0433]: cannot find module or crate `reqwest` in this scope
[INFO] [stdout]    --> tests/proxy.rs:161:15
[INFO] [stdout]     |
[INFO] [stdout] 161 |     let res = reqwest::Client::builder()
[INFO] [stdout]     |               ^^^^^^^ use of unresolved module or unlinked crate `reqwest`
[INFO] [stdout]     |
[INFO] [stdout]     = help: if you wanted to use a crate named `reqwest`, use `cargo add reqwest` to add it to your `Cargo.toml`
[INFO] [stdout] 
[INFO] [stdout] 
[INFO] [stdout] error[E0433]: cannot find module or crate `reqwest` in this scope
[INFO] [stdout]    --> tests/client.rs:394:16
[INFO] [stdout]     |
[INFO] [stdout] 394 |     let resp = reqwest::Client::builder()
[INFO] [stdout]     |                ^^^^^^^ use of unresolved module or unlinked crate `reqwest`
[INFO] [stdout]     |
[INFO] [stdout]     = help: if you wanted to use a crate named `reqwest`, use `cargo add reqwest` to add it to your `Cargo.toml`
[INFO] [stdout] 
[INFO] [stdout] 
[INFO] [stdout] error[E0433]: cannot find module or crate `reqwest` in this scope
[INFO] [stdout]   --> tests/support/delay_server.rs:37:39
[INFO] [stdout]    |
[INFO] [stdout] 37 |         Fut: Future<Output = Response<reqwest::Body>> + Send + 'static,
[INFO] [stdout]    |                                       ^^^^^^^ use of unresolved module or unlinked crate `reqwest`
[INFO] [stdout]    |
[INFO] [stdout]    = help: if you wanted to use a crate named `reqwest`, use `cargo add reqwest` to add it to your `Cargo.toml`
[INFO] [stdout] help: a struct with a similar name exists
[INFO] [stdout]    |
[INFO] [stdout] 37 -         Fut: Future<Output = Response<reqwest::Body>> + Send + 'static,
[INFO] [stdout] 37 +         Fut: Future<Output = Response<Request::Body>> + Send + 'static,
[INFO] [stdout]    |
[INFO] [stdout] 
[INFO] [stdout] 
[INFO] [stdout] error[E0433]: cannot find module or crate `reqwest` in this scope
[INFO] [stdout]   --> tests/support/server.rs:57:41
[INFO] [stdout]    |
[INFO] [stdout] 57 |     Fut: Future<Output = http::Response<reqwest::Body>> + Send + 'static,
[INFO] [stdout]    |                                         ^^^^^^^ use of unresolved module or unlinked crate `reqwest`
[INFO] [stdout]    |
[INFO] [stdout]    = help: if you wanted to use a crate named `reqwest`, use `cargo add reqwest` to add it to your `Cargo.toml`
[INFO] [stdout] 
[INFO] [stdout] 
[INFO] [stdout] error[E0433]: cannot find module or crate `reqwest` in this scope
[INFO] [stdout]   --> tests/support/server.rs:67:41
[INFO] [stdout]    |
[INFO] [stdout] 67 |     Fut: Future<Output = http::Response<reqwest::Body>> + Send + 'static,
[INFO] [stdout]    |                                         ^^^^^^^ use of unresolved module or unlinked crate `reqwest`
[INFO] [stdout]    |
[INFO] [stdout]    = help: if you wanted to use a crate named `reqwest`, use `cargo add reqwest` to add it to your `Cargo.toml`
[INFO] [stdout] 
[INFO] [stdout] 
[INFO] [stdout] For more information about this error, try `rustc --explain E0433`.
[INFO] [stdout] 
[INFO] [stdout] error[E0433]: cannot find module or crate `reqwest` in this scope
[INFO] [stdout]    --> tests/proxy.rs:162:16
[INFO] [stdout]     |
[INFO] [stdout] 162 |         .proxy(reqwest::Proxy::http(&proxy).unwrap())
[INFO] [stdout]     |                ^^^^^^^ use of unresolved module or unlinked crate `reqwest`
[INFO] [stdout]     |
[INFO] [stdout]     = help: if you wanted to use a crate named `reqwest`, use `cargo add reqwest` to add it to your `Cargo.toml`
[INFO] [stdout] 
[INFO] [stdout] 
[INFO] [stderr] error: could not compile `gpui-pre-reqwest` (test "upgrade") due to 5 previous errors
[INFO] [stdout] error[E0433]: cannot find module or crate `reqwest` in this scope
[INFO] [stdout]    --> tests/client.rs:404:16
[INFO] [stdout]     |
[INFO] [stdout] 404 |     let resp = reqwest::Client::builder()
[INFO] [stdout]     |                ^^^^^^^ use of unresolved module or unlinked crate `reqwest`
[INFO] [stdout]     |
[INFO] [stdout]     = help: if you wanted to use a crate named `reqwest`, use `cargo add reqwest` to add it to your `Cargo.toml`
[INFO] [stdout] 
[INFO] [stdout] 
[INFO] [stdout] error[E0433]: cannot find module or crate `reqwest` in this scope
[INFO] [stdout]    --> tests/proxy.rs:172:30
[INFO] [stdout]     |
[INFO] [stdout] 172 |     assert_eq!(res.status(), reqwest::StatusCode::OK);
[INFO] [stdout]     |                              ^^^^^^^ use of unresolved module or unlinked crate `reqwest`
[INFO] [stdout]     |
[INFO] [stdout]     = help: if you wanted to use a crate named `reqwest`, use `cargo add reqwest` to add it to your `Cargo.toml`
[INFO] [stdout] 
[INFO] [stdout] 
[INFO] [stdout] error[E0433]: cannot find module or crate `reqwest` in this scope
[INFO] [stdout]    --> tests/client.rs:448:16
[INFO] [stdout]     |
[INFO] [stdout] 448 |     let resp = reqwest::Client::builder()
[INFO] [stdout]     |                ^^^^^^^ use of unresolved module or unlinked crate `reqwest`
[INFO] [stdout]     |
[INFO] [stdout]     = help: if you wanted to use a crate named `reqwest`, use `cargo add reqwest` to add it to your `Cargo.toml`
[INFO] [stdout] 
[INFO] [stdout] 
[INFO] [stdout] error[E0433]: cannot find module or crate `reqwest` in this scope
[INFO] [stdout]    --> tests/client.rs:456:44
[INFO] [stdout]     |
[INFO] [stdout] 456 |     let tls_info = resp.extensions().get::<reqwest::tls::TlsInfo>();
[INFO] [stdout]     |                                            ^^^^^^^ use of unresolved module or unlinked crate `reqwest`
[INFO] [stdout]     |
[INFO] [stdout]     = help: if you wanted to use a crate named `reqwest`, use `cargo add reqwest` to add it to your `Cargo.toml`
[INFO] [stdout] 
[INFO] [stdout] 
[INFO] [stdout] error[E0433]: cannot find module or crate `reqwest` in this scope
[INFO] [stdout]    --> tests/proxy.rs:198:30
[INFO] [stdout]     |
[INFO] [stdout] 198 |     assert_eq!(res.status(), reqwest::StatusCode::OK);
[INFO] [stdout]     |                              ^^^^^^^ use of unresolved module or unlinked crate `reqwest`
[INFO] [stdout]     |
[INFO] [stdout]     = help: if you wanted to use a crate named `reqwest`, use `cargo add reqwest` to add it to your `Cargo.toml`
[INFO] [stdout] 
[INFO] [stdout] 
[INFO] [stdout] error[E0433]: cannot find module or crate `reqwest` in this scope
[INFO] [stdout]    --> tests/client.rs:464:16
[INFO] [stdout]     |
[INFO] [stdout] 464 |     let resp = reqwest::Client::builder()
[INFO] [stdout]     |                ^^^^^^^ use of unresolved module or unlinked crate `reqwest`
[INFO] [stdout]     |
[INFO] [stdout]     = help: if you wanted to use a crate named `reqwest`, use `cargo add reqwest` to add it to your `Cargo.toml`
[INFO] [stdout] 
[INFO] [stdout] 
[INFO] [stdout] error[E0433]: cannot find module or crate `reqwest` in this scope
[INFO] [stdout]    --> tests/proxy.rs:221:15
[INFO] [stdout]     |
[INFO] [stdout] 221 |     let res = reqwest::Client::builder()
[INFO] [stdout]     |               ^^^^^^^ use of unresolved module or unlinked crate `reqwest`
[INFO] [stdout]     |
[INFO] [stdout]     = help: if you wanted to use a crate named `reqwest`, use `cargo add reqwest` to add it to your `Cargo.toml`
[INFO] [stdout] 
[INFO] [stdout] 
[INFO] [stdout] error[E0433]: cannot find module or crate `reqwest` in this scope
[INFO] [stdout]    --> tests/client.rs:471:44
[INFO] [stdout]     |
[INFO] [stdout] 471 |     let tls_info = resp.extensions().get::<reqwest::tls::TlsInfo>();
[INFO] [stdout]     |                                            ^^^^^^^ use of unresolved module or unlinked crate `reqwest`
[INFO] [stdout]     |
[INFO] [stdout]     = help: if you wanted to use a crate named `reqwest`, use `cargo add reqwest` to add it to your `Cargo.toml`
[INFO] [stdout] 
[INFO] [stdout] 
[INFO] [stdout] error[E0433]: cannot find module or crate `reqwest` in this scope
[INFO] [stdout]    --> tests/proxy.rs:222:16
[INFO] [stdout]     |
[INFO] [stdout] 222 |         .proxy(reqwest::Proxy::http(&proxy).unwrap())
[INFO] [stdout]     |                ^^^^^^^ use of unresolved module or unlinked crate `reqwest`
[INFO] [stdout]     |
[INFO] [stdout]     = help: if you wanted to use a crate named `reqwest`, use `cargo add reqwest` to add it to your `Cargo.toml`
[INFO] [stdout] 
[INFO] [stdout] 
[INFO] [stdout] error[E0433]: cannot find module or crate `reqwest` in this scope
[INFO] [stdout]    --> tests/client.rs:482:18
[INFO] [stdout]     |
[INFO] [stdout] 482 |     let client = reqwest::Client::builder()
[INFO] [stdout]     |                  ^^^^^^^ use of unresolved module or unlinked crate `reqwest`
[INFO] [stdout]     |
[INFO] [stdout]     = help: if you wanted to use a crate named `reqwest`, use `cargo add reqwest` to add it to your `Cargo.toml`
[INFO] [stdout] 
[INFO] [stdout] 
[INFO] [stdout] error[E0433]: cannot find module or crate `reqwest` in this scope
[INFO] [stdout]    --> tests/proxy.rs:231:30
[INFO] [stdout]     |
[INFO] [stdout] 231 |     assert_eq!(res.status(), reqwest::StatusCode::OK);
[INFO] [stdout]     |                              ^^^^^^^ use of unresolved module or unlinked crate `reqwest`
[INFO] [stdout]     |
[INFO] [stdout]     = help: if you wanted to use a crate named `reqwest`, use `cargo add reqwest` to add it to your `Cargo.toml`
[INFO] [stdout] 
[INFO] [stdout] 
[INFO] [stdout] error[E0433]: cannot find module or crate `reqwest` in this scope
[INFO] [stdout]    --> tests/client.rs:504:38
[INFO] [stdout]     |
[INFO] [stdout] 504 |             assert_eq!(res.status(), reqwest::StatusCode::OK);
[INFO] [stdout]     |                                      ^^^^^^^ use of unresolved module or unlinked crate `reqwest`
[INFO] [stdout]     |
[INFO] [stdout]     = help: if you wanted to use a crate named `reqwest`, use `cargo add reqwest` to add it to your `Cargo.toml`
[INFO] [stdout] 
[INFO] [stdout] 
[INFO] [stdout] error[E0433]: cannot find module or crate `reqwest` in this scope
[INFO] [stdout]   --> tests/support/delay_server.rs:37:39
[INFO] [stdout]    |
[INFO] [stdout] 37 |         Fut: Future<Output = Response<reqwest::Body>> + Send + 'static,
[INFO] [stdout]    |                                       ^^^^^^^ use of unresolved module or unlinked crate `reqwest`
[INFO] [stdout]    |
[INFO] [stdout]    = help: if you wanted to use a crate named `reqwest`, use `cargo add reqwest` to add it to your `Cargo.toml`
[INFO] [stdout] help: a struct with a similar name exists
[INFO] [stdout]    |
[INFO] [stdout] 37 -         Fut: Future<Output = Response<reqwest::Body>> + Send + 'static,
[INFO] [stdout] 37 +         Fut: Future<Output = Response<Request::Body>> + Send + 'static,
[INFO] [stdout]    |
[INFO] [stdout] 
[INFO] [stdout] 
[INFO] [stdout] error[E0433]: cannot find module or crate `reqwest` in this scope
[INFO] [stdout]   --> tests/support/server.rs:57:41
[INFO] [stdout]    |
[INFO] [stdout] 57 |     Fut: Future<Output = http::Response<reqwest::Body>> + Send + 'static,
[INFO] [stdout]    |                                         ^^^^^^^ use of unresolved module or unlinked crate `reqwest`
[INFO] [stdout]    |
[INFO] [stdout]    = help: if you wanted to use a crate named `reqwest`, use `cargo add reqwest` to add it to your `Cargo.toml`
[INFO] [stdout] 
[INFO] [stdout] 
[INFO] [stdout] error[E0433]: cannot find module or crate `reqwest` in this scope
[INFO] [stdout]   --> tests/support/server.rs:67:41
[INFO] [stdout]    |
[INFO] [stdout] 67 |     Fut: Future<Output = http::Response<reqwest::Body>> + Send + 'static,
[INFO] [stdout]    |                                         ^^^^^^^ use of unresolved module or unlinked crate `reqwest`
[INFO] [stdout]    |
[INFO] [stdout]    = help: if you wanted to use a crate named `reqwest`, use `cargo add reqwest` to add it to your `Cargo.toml`
[INFO] [stdout] 
[INFO] [stdout] 
[INFO] [stdout] For more information about this error, try `rustc --explain E0433`.
[INFO] [stdout] 
[INFO] [stderr] error: could not compile `gpui-pre-reqwest` (test "connector_layers") due to 12 previous errors
[INFO] [stdout] error[E0433]: cannot find module or crate `reqwest` in this scope
[INFO] [stdout]    --> tests/client.rs:515:18
[INFO] [stdout]     |
[INFO] [stdout] 515 |     let client = reqwest::Client::builder()
[INFO] [stdout]     |                  ^^^^^^^ use of unresolved module or unlinked crate `reqwest`
[INFO] [stdout]     |
[INFO] [stdout]     = help: if you wanted to use a crate named `reqwest`, use `cargo add reqwest` to add it to your `Cargo.toml`
[INFO] [stdout] 
[INFO] [stdout] 
[INFO] [stdout] error[E0433]: cannot find module or crate `reqwest` in this scope
[INFO] [stdout]    --> tests/client.rs:539:38
[INFO] [stdout]     |
[INFO] [stdout] 539 |             assert_eq!(res.status(), reqwest::StatusCode::OK);
[INFO] [stdout]     |                                      ^^^^^^^ use of unresolved module or unlinked crate `reqwest`
[INFO] [stdout]     |
[INFO] [stdout]     = help: if you wanted to use a crate named `reqwest`, use `cargo add reqwest` to add it to your `Cargo.toml`
[INFO] [stdout] 
[INFO] [stdout] 
[INFO] [stdout] error[E0433]: cannot find module or crate `reqwest` in this scope
[INFO] [stdout]    --> tests/client.rs:551:18
[INFO] [stdout]     |
[INFO] [stdout] 551 |     let client = reqwest::Client::builder()
[INFO] [stdout]     |                  ^^^^^^^ use of unresolved module or unlinked crate `reqwest`
[INFO] [stdout]     |
[INFO] [stdout]     = help: if you wanted to use a crate named `reqwest`, use `cargo add reqwest` to add it to your `Cargo.toml`
[INFO] [stdout] 
[INFO] [stdout] 
[INFO] [stdout] error[E0433]: cannot find module or crate `reqwest` in this scope
[INFO] [stdout]    --> tests/proxy.rs:195:15
[INFO] [stdout]     |
[INFO] [stdout] 195 |     let res = reqwest::get(url).await.unwrap();
[INFO] [stdout]     |               ^^^^^^^ use of unresolved module or unlinked crate `reqwest`
[INFO] [stdout]     |
[INFO] [stdout]     = help: if you wanted to use a crate named `reqwest`, use `cargo add reqwest` to add it to your `Cargo.toml`
[INFO] [stdout] 
[INFO] [stdout] 
[INFO] [stdout] error[E0433]: cannot find module or crate `reqwest` in this scope
[INFO] [stdout]   --> tests/support/delay_server.rs:37:39
[INFO] [stdout]    |
[INFO] [stdout] 37 |         Fut: Future<Output = Response<reqwest::Body>> + Send + 'static,
[INFO] [stdout]    |                                       ^^^^^^^ use of unresolved module or unlinked crate `reqwest`
[INFO] [stdout]    |
[INFO] [stdout]    = help: if you wanted to use a crate named `reqwest`, use `cargo add reqwest` to add it to your `Cargo.toml`
[INFO] [stdout] help: a struct with a similar name exists
[INFO] [stdout]    |
[INFO] [stdout] 37 -         Fut: Future<Output = Response<reqwest::Body>> + Send + 'static,
[INFO] [stdout] 37 +         Fut: Future<Output = Response<Request::Body>> + Send + 'static,
[INFO] [stdout]    |
[INFO] [stdout] 
[INFO] [stdout] 
[INFO] [stdout] error[E0433]: cannot find module or crate `reqwest` in this scope
[INFO] [stdout]   --> tests/support/server.rs:57:41
[INFO] [stdout]    |
[INFO] [stdout] 57 |     Fut: Future<Output = http::Response<reqwest::Body>> + Send + 'static,
[INFO] [stdout]    |                                         ^^^^^^^ use of unresolved module or unlinked crate `reqwest`
[INFO] [stdout]    |
[INFO] [stdout]    = help: if you wanted to use a crate named `reqwest`, use `cargo add reqwest` to add it to your `Cargo.toml`
[INFO] [stdout] 
[INFO] [stdout] 
[INFO] [stdout] error[E0433]: cannot find module or crate `reqwest` in this scope
[INFO] [stdout]   --> tests/support/server.rs:67:41
[INFO] [stdout]    |
[INFO] [stdout] 67 |     Fut: Future<Output = http::Response<reqwest::Body>> + Send + 'static,
[INFO] [stdout]    |                                         ^^^^^^^ use of unresolved module or unlinked crate `reqwest`
[INFO] [stdout]    |
[INFO] [stdout]    = help: if you wanted to use a crate named `reqwest`, use `cargo add reqwest` to add it to your `Cargo.toml`
[INFO] [stdout] 
[INFO] [stdout] 
[INFO] [stdout] For more information about this error, try `rustc --explain E0433`.
[INFO] [stdout] 
[INFO] [stderr] error: could not compile `gpui-pre-reqwest` (test "proxy") due to 22 previous errors
[INFO] [stdout] error[E0433]: cannot find module or crate `reqwest` in this scope
[INFO] [stdout]   --> tests/support/delay_server.rs:37:39
[INFO] [stdout]    |
[INFO] [stdout] 37 |         Fut: Future<Output = Response<reqwest::Body>> + Send + 'static,
[INFO] [stdout]    |                                       ^^^^^^^ use of unresolved module or unlinked crate `reqwest`
[INFO] [stdout]    |
[INFO] [stdout]    = help: if you wanted to use a crate named `reqwest`, use `cargo add reqwest` to add it to your `Cargo.toml`
[INFO] [stdout] help: a struct with a similar name exists
[INFO] [stdout]    |
[INFO] [stdout] 37 -         Fut: Future<Output = Response<reqwest::Body>> + Send + 'static,
[INFO] [stdout] 37 +         Fut: Future<Output = Response<Request::Body>> + Send + 'static,
[INFO] [stdout]    |
[INFO] [stdout] 
[INFO] [stdout] 
[INFO] [stdout] error[E0433]: cannot find module or crate `reqwest` in this scope
[INFO] [stdout]   --> tests/support/server.rs:57:41
[INFO] [stdout]    |
[INFO] [stdout] 57 |     Fut: Future<Output = http::Response<reqwest::Body>> + Send + 'static,
[INFO] [stdout]    |                                         ^^^^^^^ use of unresolved module or unlinked crate `reqwest`
[INFO] [stdout]    |
[INFO] [stdout]    = help: if you wanted to use a crate named `reqwest`, use `cargo add reqwest` to add it to your `Cargo.toml`
[INFO] [stdout] 
[INFO] [stdout] 
[INFO] [stdout] error[E0433]: cannot find module or crate `reqwest` in this scope
[INFO] [stdout]   --> tests/support/server.rs:67:41
[INFO] [stdout]    |
[INFO] [stdout] 67 |     Fut: Future<Output = http::Response<reqwest::Body>> + Send + 'static,
[INFO] [stdout]    |                                         ^^^^^^^ use of unresolved module or unlinked crate `reqwest`
[INFO] [stdout]    |
[INFO] [stdout]    = help: if you wanted to use a crate named `reqwest`, use `cargo add reqwest` to add it to your `Cargo.toml`
[INFO] [stdout] 
[INFO] [stdout] 
[INFO] [stdout] Some errors have detailed explanations: E0432, E0433.
[INFO] [stdout] 
[INFO] [stdout] For more information about an error, try `rustc --explain E0432`.
[INFO] [stdout] 
[INFO] [stderr] error: could not compile `gpui-pre-reqwest` (test "client") due to 27 previous errors
[INFO] running `Command { std: "docker" "inspect" "83936aec426c00c8ac7e3b0d1fffe81352b42a5b2cfc0b2baa593ab866ed286c", kill_on_drop: false }`
[INFO] running `Command { std: "docker" "rm" "-f" "83936aec426c00c8ac7e3b0d1fffe81352b42a5b2cfc0b2baa593ab866ed286c", kill_on_drop: false }`
[INFO] [stdout] 83936aec426c00c8ac7e3b0d1fffe81352b42a5b2cfc0b2baa593ab866ed286c
