[INFO] fetching crate gpui-box 0.1.1...
[INFO] testing gpui-box-0.1.1 against 1.99.0-beta.8+cargoflags=--release for beta-release-1.100-2
[INFO] extracting crate gpui-box 0.1.1 into /workspace/builds/worker-0-tc1/source
[INFO] started tweaking crates.io crate gpui-box 0.1.1
[INFO] removed 0 missing examples
[INFO] removed 0 missing tests
[INFO] finished tweaking crates.io crate gpui-box 0.1.1
[INFO] tweaked toml for crates.io crate gpui-box 0.1.1 written to /workspace/builds/worker-0-tc1/source/Cargo.toml
[INFO] validating manifest of crates.io crate gpui-box 0.1.1 on toolchain 1.99.0-beta.8
[INFO] running `Command { std: CARGO_HOME="/workspace/cargo-home" RUSTUP_HOME="/workspace/rustup-home" "/workspace/cargo-home/bin/cargo" "+1.99.0-beta.8" "metadata" "--manifest-path" "Cargo.toml" "--no-deps", kill_on_drop: false }`
[INFO] crate crates.io crate gpui-box 0.1.1 already has a lockfile, it will not be regenerated
[INFO] running `Command { std: CARGO_HOME="/workspace/cargo-home" RUSTUP_HOME="/workspace/rustup-home" "/workspace/cargo-home/bin/cargo" "+1.99.0-beta.8" "fetch" "--manifest-path" "Cargo.toml", kill_on_drop: false }`
[INFO] [stderr]     Updating crates.io index
[INFO] [stderr]      Locking 11 packages to highest Rust 1.97 compatible versions
[INFO] [stderr]       Adding gpui-box-collections v0.1.1
[INFO] [stderr]       Adding gpui-box-http-client v0.1.1
[INFO] [stderr]       Adding gpui-box-macros v0.1.1
[INFO] [stderr]       Adding gpui-box-media v0.1.1
[INFO] [stderr]       Adding gpui-box-refineable v0.1.1
[INFO] [stderr]       Adding gpui-box-refineable-derive v0.1.1
[INFO] [stderr]       Adding gpui-box-scheduler v0.1.1
[INFO] [stderr]       Adding gpui-box-shared-string v0.1.1
[INFO] [stderr]       Adding gpui-box-sum-tree v0.1.1
[INFO] [stderr]       Adding gpui-box-util v0.1.1
[INFO] [stderr]       Adding gpui-box-util-macros v0.1.1
[INFO] [stderr]  Downloading crates ...
[INFO] [stderr]   Downloaded windows-capture v1.4.4
[INFO] [stderr]   Downloaded usvg v0.46.0
[INFO] [stderr]   Downloaded resvg v0.46.0
[INFO] [stderr]   Downloaded proptest-macro v0.5.0
[INFO] [stderr]   Downloaded lyon_extra v1.1.0
[INFO] [stderr]   Downloaded gpui-box-util v0.1.1
[INFO] [stderr]   Downloaded gpui-box-util-macros v0.1.1
[INFO] [stderr]   Downloaded gpui-box-shared-string v0.1.1
[INFO] [stderr]   Downloaded gpui-box-sum-tree v0.1.1
[INFO] [stderr]   Downloaded gpui-box-scheduler v0.1.1
[INFO] [stderr]   Downloaded gpui-box-refineable v0.1.1
[INFO] [stderr]   Downloaded gpui-box-media v0.1.1
[INFO] [stderr]   Downloaded link-section v0.19.2
[INFO] [stderr]   Downloaded linktime-proc-macro v0.2.2
[INFO] [stderr]   Downloaded ctor v1.0.12
[INFO] [stderr]   Downloaded gpui-box-refineable-derive v0.1.1
[INFO] [stderr]   Downloaded gpui-box-http-client v0.1.1
[INFO] [stderr]   Downloaded gpui-box-macros v0.1.1
[INFO] [stderr]   Downloaded gpui-box-collections v0.1.1
[INFO] running `Command { std: "docker" "create" "-v" "/var/lib/crater-agent-workspace/builds/worker-0-tc1/source:/opt/rustwide/workdir:ro,Z" "-v" "/var/lib/crater-agent-workspace/builds/worker-0-tc1/target:/opt/rustwide/target:rw,Z" "-v" "/var/lib/crater-agent-workspace/cargo-home:/opt/rustwide/cargo-home:ro,Z" "-v" "/var/lib/crater-agent-workspace/rustup-home:/opt/rustwide/rustup-home:ro,Z" "-m" "1610612736" "--network" "none" "ghcr.io/rust-lang/crates-build-env/linux@sha256:77db811e55d90add9212f6832c23229e3de5f1c1f9905e8cb07319ea15df73ac" "sleep" "infinity", kill_on_drop: false }`
[INFO] [stdout] 3abf443a18995b4a80c14d65d8b9bb3f637398a1d552a7443e32f05c2e855e53
[INFO] running `Command { std: "docker" "start" "3abf443a18995b4a80c14d65d8b9bb3f637398a1d552a7443e32f05c2e855e53", kill_on_drop: false }`
[INFO] running `Command { std: "docker" "inspect" "3abf443a18995b4a80c14d65d8b9bb3f637398a1d552a7443e32f05c2e855e53", kill_on_drop: false }`
[INFO] running `Command { std: "docker" "exec" "-e" "SOURCE_DIR=/opt/rustwide/workdir" "-e" "CARGO_HOME=/opt/rustwide/cargo-home" "-e" "RUSTUP_HOME=/opt/rustwide/rustup-home" "-e" "CARGO_TARGET_DIR=/opt/rustwide/target" "-w" "/opt/rustwide/workdir" "--user" "0:0" "3abf443a18995b4a80c14d65d8b9bb3f637398a1d552a7443e32f05c2e855e53" "/opt/rustwide/cargo-home/bin/cargo" "+1.99.0-beta.8" "metadata" "--no-deps" "--format-version=1", kill_on_drop: false }`
[INFO] running `Command { std: "docker" "inspect" "3abf443a18995b4a80c14d65d8b9bb3f637398a1d552a7443e32f05c2e855e53", kill_on_drop: false }`
[INFO] running `Command { std: "docker" "exec" "-e" "SOURCE_DIR=/opt/rustwide/workdir" "-e" "CARGO_HOME=/opt/rustwide/cargo-home" "-e" "RUSTUP_HOME=/opt/rustwide/rustup-home" "-e" "CARGO_TARGET_DIR=/opt/rustwide/target" "-e" "CARGO_INCREMENTAL=0" "-e" "RUST_BACKTRACE=full" "-e" "RUSTFLAGS=--cap-lints=warn" "-e" "RUSTDOCFLAGS=--cap-lints=warn" "-w" "/opt/rustwide/workdir" "--user" "0:0" "3abf443a18995b4a80c14d65d8b9bb3f637398a1d552a7443e32f05c2e855e53" "/opt/rustwide/cargo-home/bin/cargo" "+1.99.0-beta.8" "build" "--frozen" "--message-format=json" "--release", kill_on_drop: false }`
[INFO] [stderr]    Compiling serde_core v1.0.229
[INFO] [stderr]    Compiling simd-adler32 v0.3.10
[INFO] [stderr]    Compiling erased-serde v0.4.10
[INFO] [stderr]    Compiling smallvec v1.15.2
[INFO] [stderr]    Compiling num-traits v0.2.19
[INFO] [stderr]    Compiling arrayvec v0.7.8
[INFO] [stderr]    Compiling displaydoc v0.2.7
[INFO] [stderr]    Compiling bytemuck v1.25.2
[INFO] [stderr]    Compiling miniz_oxide v0.8.9
[INFO] [stderr]    Compiling zerocopy v0.8.55
[INFO] [stderr]    Compiling zerocopy-derive v0.8.55
[INFO] [stderr]    Compiling futures-io v0.3.33
[INFO] [stderr]    Compiling object v0.39.1
[INFO] [stderr]    Compiling serde_derive v1.0.229
[INFO] [stderr]    Compiling tinystr v0.8.3
[INFO] [stderr]    Compiling flate2 v1.1.9
[INFO] [stderr]    Compiling icu_locale_core v2.2.0
[INFO] [stderr]    Compiling zerotrie v0.2.4
[INFO] [stderr]    Compiling euclid v0.22.14
[INFO] [stderr]    Compiling icu_collections v2.2.0
[INFO] [stderr]    Compiling icu_provider v2.2.0
[INFO] [stderr]    Compiling futures-util v0.3.33
[INFO] [stderr]    Compiling serde_fmt v1.1.0
[INFO] [stderr]    Compiling indexmap v2.14.0
[INFO] [stderr]    Compiling fdeflate v0.3.7
[INFO] [stderr]    Compiling serde v1.0.229
[INFO] [stderr]    Compiling value-bag-serde1 v1.13.2
[INFO] [stderr]    Compiling value-bag v1.13.2
[INFO] [stderr]    Compiling log v0.4.33
[INFO] [stderr]    Compiling core_maths v0.1.1
[INFO] [stderr]    Compiling ar_archive_writer v0.5.3
[INFO] [stderr]    Compiling serde_json v1.0.151
[INFO] [stderr]    Compiling winnow v1.0.4
[INFO] [stderr]    Compiling float-cmp v0.9.0
[INFO] [stderr]    Compiling strict-num v0.1.1
[INFO] [stderr]    Compiling ttf-parser v0.25.1
[INFO] [stderr]    Compiling icu_properties v2.2.0
[INFO] [stderr]    Compiling icu_normalizer v2.2.0
[INFO] [stderr]    Compiling toml_parser v1.1.3+spec-1.1.0
[INFO] [stderr]    Compiling toml_datetime v1.1.1+spec-1.1.0
[INFO] [stderr]    Compiling serde_spanned v1.1.1
[INFO] [stderr]    Compiling parking_lot_core v0.9.12
[INFO] [stderr]    Compiling psm v0.1.32
[INFO] [stderr]    Compiling lyon_geom v1.0.19
[INFO] [stderr]    Compiling polycool v0.4.0
[INFO] [stderr]    Compiling pulp v0.22.3
[INFO] [stderr]    Compiling object v0.37.3
[INFO] [stderr]    Compiling libbz2-rs-sys v0.2.5
[INFO] [stderr]    Compiling toml_writer v1.1.2+spec-1.1.0
[INFO] [stderr]    Compiling roxmltree v0.20.0
[INFO] [stderr]    Compiling either v1.17.0
[INFO] [stderr]    Compiling futures-executor v0.3.33
[INFO] [stderr]    Compiling fastrand v2.5.0
[INFO] [stderr]    Compiling form_urlencoded v1.2.2
[INFO] [stderr]    Compiling tiny-skia-path v0.11.4
[INFO] [stderr]    Compiling futures v0.3.33
[INFO] [stderr]    Compiling fontconfig-parser v0.5.8
[INFO] [stderr]    Compiling bzip2 v0.6.1
[INFO] [stderr]    Compiling toml v1.1.4+spec-1.1.0
[INFO] [stderr]    Compiling tinyvec v1.12.0
[INFO] [stderr]    Compiling ppv-lite86 v0.2.21
[INFO] [stderr]    Compiling half v2.7.1
[INFO] [stderr]    Compiling lyon_path v1.0.19
[INFO] [stderr]    Compiling idna_adapter v1.2.2
[INFO] [stderr]    Compiling kurbo v0.13.1
[INFO] [stderr]    Compiling parking_lot v0.12.5
[INFO] [stderr]    Compiling num-complex v0.4.6
[INFO] [stderr]    Compiling pathfinder_simd v0.5.6
[INFO] [stderr]    Compiling raw-cpuid v11.6.0
[INFO] [stderr]    Compiling stacker v0.1.25
[INFO] [stderr]    Compiling serde_derive_internals v0.30.0
[INFO] [stderr]    Compiling ref-cast-impl v1.0.26
[INFO] [stderr]    Compiling memmap2 v0.9.11
[INFO] [stderr]    Compiling proc-macro-error-attr2 v2.0.0
[INFO] [stderr]    Compiling siphasher v1.0.3
[INFO] [stderr]    Compiling compression-core v0.4.32
[INFO] [stderr]    Compiling reborrow v0.5.5
[INFO] [stderr]    Compiling gimli v0.32.3
[INFO] [stderr]    Compiling unicode-properties v0.1.4
[INFO] [stderr]    Compiling unicode-ccc v0.4.0
[INFO] [stderr]    Compiling heapless v0.9.3
[INFO] [stderr]    Compiling pulp-wasm-simd-flag v0.1.1
[INFO] [stderr]    Compiling unicode-bidi-mirroring v0.4.0
[INFO] [stderr]    Compiling unicode-script v0.5.8
[INFO] [stderr]    Compiling schemars_derive v1.2.2
[INFO] [stderr]    Compiling derive_more-impl v2.1.1
[INFO] [stderr]    Compiling rustybuzz v0.20.1
[INFO] [stderr]    Compiling hash32 v0.3.1
[INFO] [stderr]    Compiling png v0.17.16
[INFO] [stderr]    Compiling svgtypes v0.16.1
[INFO] [stderr]    Compiling compression-codecs v0.4.38
[INFO] [stderr]    Compiling proc-macro-error2 v2.0.1
[INFO] [stderr]    Compiling ref-cast v1.0.26
[INFO] [stderr]    Compiling fontdb v0.23.0
[INFO] [stderr]    Compiling addr2line v0.25.1
[INFO] [stderr]    Compiling rand_chacha v0.9.0
[INFO] [stderr]    Compiling idna v1.1.0
[INFO] [stderr]    Compiling embed-resource v3.0.11
[INFO] [stderr]    Compiling rayon v1.12.0
[INFO] [stderr]    Compiling simplecss v0.2.2
[INFO] [stderr]    Compiling event-listener v5.4.2
[INFO] [stderr]    Compiling spin v0.9.9
[INFO] [stderr]    Compiling zune-inflate v0.2.54
[INFO] [stderr]    Compiling thiserror-impl v1.0.69
[INFO] [stderr]    Compiling aho-corasick v1.1.5
[INFO] [stderr]    Compiling roxmltree v0.21.1
[INFO] [stderr]    Compiling imagesize v0.14.0
[INFO] [stderr]    Compiling lebe v0.5.3
[INFO] [stderr]    Compiling float_next_after v1.0.0
[INFO] [stderr]    Compiling pico-args v0.5.0
[INFO] [stderr]    Compiling xmlwriter v0.1.0
[INFO] [stderr]    Compiling pxfm v0.1.30
[INFO] [stderr]    Compiling rustc-demangle v0.1.28
[INFO] [stderr]    Compiling data-url v0.3.2
[INFO] [stderr]    Compiling unicode-vo v0.1.0
[INFO] [stderr]    Compiling uuid v1.24.0
[INFO] [stderr]    Compiling usvg v0.46.0
[INFO] [stderr]    Compiling serde_urlencoded v0.7.1
[INFO] [stderr]    Compiling exr v1.74.2
[INFO] [stderr]    Compiling regex-automata v0.4.18
[INFO] [stderr]    Compiling chrono v0.4.45
[INFO] [stderr]    Compiling backtrace v0.3.76
[INFO] [stderr]    Compiling moxcms v0.8.1
[INFO] [stderr]    Compiling schemars v1.2.2
[INFO] [stderr]    Compiling tiff v0.11.3
[INFO] [stderr]    Compiling lyon_tessellation v1.0.20
[INFO] [stderr]    Compiling thiserror v1.0.69
[INFO] [stderr]    Compiling tracing v0.1.44
[INFO] [stderr]    Compiling flume v0.12.0
[INFO] [stderr]    Compiling event-listener-strategy v0.5.4
[INFO] [stderr]    Compiling url v2.5.8
[INFO] [stderr]    Compiling gpui-box v0.1.1 (/opt/rustwide/workdir)
[INFO] [stderr]    Compiling rand v0.9.5
[INFO] [stderr]    Compiling tiny-skia v0.11.4
[INFO] [stderr]    Compiling derive_more v2.1.1
[INFO] [stderr]    Compiling stacksafe-macro v0.1.4
[INFO] [stderr]    Compiling async-compression v0.4.43
[INFO] [stderr]    Compiling gpui-box-util v0.1.1
[INFO] [stderr]    Compiling lyon_algorithms v1.0.20
[INFO] [stderr]    Compiling futures-lite v2.6.1
[INFO] [stderr]    Compiling png v0.18.1
[INFO] [stderr]    Compiling qoi v0.4.1
[INFO] [stderr]    Compiling rgb v0.8.53
[INFO] [stderr]    Compiling crossbeam-queue v0.3.13
[INFO] [stderr]    Compiling concurrent-queue v2.5.0
[INFO] [stderr]    Compiling enumn v0.1.14
[INFO] [stderr]    Compiling profiling-procmacros v1.0.18
[INFO] [stderr]    Compiling gpui-box-refineable-derive v0.1.1
[INFO] [stderr]    Compiling web-time v1.1.0
[INFO] [stderr]    Compiling svg_fmt v0.4.5
[INFO] [stderr]    Compiling grid v1.0.1
[INFO] [stderr]    Compiling link-section v0.19.2
[INFO] [stderr]    Compiling atomic v0.5.3
[INFO] [stderr]    Compiling smol_str v0.3.6
[INFO] [stderr]    Compiling pollster v0.2.5
[INFO] [stderr]    Compiling async-task v4.7.1
[INFO] [stderr]    Compiling linktime-proc-macro v0.2.2
[INFO] [stderr]    Compiling gpui-box-collections v0.1.1
[INFO] [stderr]    Compiling gpui-box-scheduler v0.1.1
[INFO] [stderr]    Compiling gpui-box-shared-string v0.1.1
[INFO] [stderr]    Compiling futures-concurrency v7.7.1
[INFO] [stderr]    Compiling ctor v1.0.12
[INFO] [stderr]    Compiling postage v0.5.0
[INFO] [stderr]    Compiling taffy v0.12.2
[INFO] [stderr]    Compiling gpui-box-refineable v0.1.1
[INFO] [stderr]    Compiling etagere v0.2.15
[INFO] [stderr]    Compiling profiling v1.0.18
[INFO] [stderr]    Compiling accesskit v0.24.1
[INFO] [stderr]    Compiling thiserror v2.0.19
[INFO] [stderr]    Compiling resvg v0.46.0
[INFO] [stderr]    Compiling async-channel v2.5.0
[INFO] [stderr]    Compiling image v0.25.10
[INFO] [stderr]    Compiling gpui-box-sum-tree v0.1.1
[INFO] [stderr]    Compiling lyon v1.0.19
[INFO] [stderr]    Compiling strum v0.27.2
[INFO] [stderr]    Compiling gpui-box-http-client v0.1.1
[INFO] [stderr]    Compiling pathfinder_geometry v0.5.1
[INFO] [stderr]    Compiling stacksafe v0.1.4
[INFO] [stderr]    Compiling regex v1.13.1
[INFO] [stderr]    Compiling gpui-box-macros v0.1.1
[INFO] [stderr]    Compiling itertools v0.14.0
[INFO] [stderr]    Compiling spin v0.10.1
[INFO] [stderr]    Compiling num_cpus v1.17.0
[INFO] [stderr]    Compiling gpui-box-util-macros v0.1.1
[INFO] [stderr]    Compiling seahash v4.1.0
[INFO] [stderr]    Compiling waker-fn v1.2.0
[INFO] [stdout] warning: use of deprecated module `std::usize`: all constants in this module replaced by associated constants on the type
[INFO] [stdout]   --> src/elements/uniform_list.rs:14:51
[INFO] [stdout]    |
[INFO] [stdout] 14 | use std::{cell::RefCell, cmp, ops::Range, rc::Rc, usize};
[INFO] [stdout]    |                                                   ^^^^^
[INFO] [stdout]    |
[INFO] [stdout]    = note: `#[warn(deprecated)]` on by default
[INFO] [stdout] 
[INFO] [stdout] 
[INFO] [stdout] warning: use of deprecated constant `std::usize::MAX`: replaced by the `MAX` associated constant on this type
[INFO] [stdout]    --> src/elements/uniform_list.rs:253:36
[INFO] [stdout]     |
[INFO] [stdout] 253 |         self.scroll_to_item(usize::MAX, ScrollStrategy::Bottom);
[INFO] [stdout]     |                                    ^^^
[INFO] [stdout] 
[INFO] [stdout] 
[INFO] [stderr]     Finished `release` profile [optimized] target(s) in 7m 40s
[INFO] [stderr] warning: the following packages contain code that will be rejected by a future version of Rust: proc-macro-error2 v2.0.1
[INFO] [stderr] note: to see what the problems were, use the option `--future-incompat-report`, or run `cargo report future-incompatibilities --id 9`
[INFO] running `Command { std: "docker" "inspect" "3abf443a18995b4a80c14d65d8b9bb3f637398a1d552a7443e32f05c2e855e53", kill_on_drop: false }`
[INFO] running `Command { std: "docker" "exec" "-e" "SOURCE_DIR=/opt/rustwide/workdir" "-e" "CARGO_HOME=/opt/rustwide/cargo-home" "-e" "RUSTUP_HOME=/opt/rustwide/rustup-home" "-e" "CARGO_TARGET_DIR=/opt/rustwide/target" "-e" "CARGO_INCREMENTAL=0" "-e" "RUST_BACKTRACE=full" "-e" "RUSTFLAGS=--cap-lints=warn" "-e" "RUSTDOCFLAGS=--cap-lints=warn" "-w" "/opt/rustwide/workdir" "--user" "0:0" "3abf443a18995b4a80c14d65d8b9bb3f637398a1d552a7443e32f05c2e855e53" "/opt/rustwide/cargo-home/bin/cargo" "+1.99.0-beta.8" "test" "--frozen" "--no-run" "--message-format=json" "--release", kill_on_drop: false }`
[INFO] [stderr]    Compiling raw-cpuid v11.6.0
[INFO] [stderr]    Compiling rustybuzz v0.20.1
[INFO] [stderr]    Compiling rustix v1.1.4
[INFO] [stderr]    Compiling lyon_extra v1.1.0
[INFO] [stderr]    Compiling png v0.18.1
[INFO] [stderr]    Compiling convert_case v0.11.0
[INFO] [stderr]    Compiling wait-timeout v0.2.1
[INFO] [stderr]    Compiling jiff-core v0.1.0
[INFO] [stderr]    Compiling anstream v1.0.0
[INFO] [stderr]    Compiling proptest-macro v0.5.0
[INFO] [stderr]    Compiling lyon v1.0.19
[INFO] [stderr]    Compiling env_filter v2.0.0
[INFO] [stderr]    Compiling rand_xorshift v0.4.0
[INFO] [stderr]    Compiling unicode-segmentation v1.13.3
[INFO] [stderr]    Compiling jiff v0.2.35
[INFO] [stderr]    Compiling tempfile v3.27.0
[INFO] [stderr]    Compiling pulp v0.22.3
[INFO] [stderr]    Compiling rusty-fork v0.3.1
[INFO] [stderr]    Compiling usvg v0.46.0
[INFO] [stderr]    Compiling proptest v1.11.0
[INFO] [stderr]    Compiling resvg v0.46.0
[INFO] [stderr]    Compiling env_logger v0.11.11
[INFO] [stderr]    Compiling exr v1.74.2
[INFO] [stderr]    Compiling image v0.25.10
[INFO] [stderr]    Compiling gpui-box v0.1.1 (/opt/rustwide/workdir)
[INFO] [stdout] warning: use of deprecated module `std::usize`: all constants in this module replaced by associated constants on the type
[INFO] [stdout]   --> src/elements/uniform_list.rs:14:51
[INFO] [stdout]    |
[INFO] [stdout] 14 | use std::{cell::RefCell, cmp, ops::Range, rc::Rc, usize};
[INFO] [stdout]    |                                                   ^^^^^
[INFO] [stdout]    |
[INFO] [stdout]    = note: `#[warn(deprecated)]` on by default
[INFO] [stdout] 
[INFO] [stdout] 
[INFO] [stdout] warning: use of deprecated constant `std::usize::MAX`: replaced by the `MAX` associated constant on this type
[INFO] [stdout]    --> src/elements/uniform_list.rs:253:36
[INFO] [stdout]     |
[INFO] [stdout] 253 |         self.scroll_to_item(usize::MAX, ScrollStrategy::Bottom);
[INFO] [stdout]     |                                    ^^^
[INFO] [stdout] 
[INFO] [stdout] 
[INFO] [stdout] error[E0433]: cannot find `FakeHttpClient` in `http_client`
[INFO] [stdout]    --> src/app/headless_app_context.rs:90:40
[INFO] [stdout]     |
[INFO] [stdout]  90 |         let http_client = http_client::FakeHttpClient::with_404_response();
[INFO] [stdout]     |                                        ^^^^^^^^^^^^^^ could not find `FakeHttpClient` in `http_client`
[INFO] [stdout]     |
[INFO] [stdout] note: found an item that was configured out
[INFO] [stdout]    --> /opt/rustwide/cargo-home/registry/src/index.crates.io-1949cf8c6b5b557f/gpui-box-http-client-0.1.1/src/http_client.rs:411:12
[INFO] [stdout]     |
[INFO] [stdout] 410 | #[cfg(feature = "test-support")]
[INFO] [stdout]     |       ------------------------ the item is gated behind the `test-support` feature
[INFO] [stdout] 411 | pub struct FakeHttpClient {
[INFO] [stdout]     |            ^^^^^^^^^^^^^^
[INFO] [stdout] help: a trait with a similar name exists
[INFO] [stdout]     |
[INFO] [stdout]  90 -         let http_client = http_client::FakeHttpClient::with_404_response();
[INFO] [stdout]  90 +         let http_client = http_client::HttpClient::with_404_response();
[INFO] [stdout]     |
[INFO] [stdout] 
[INFO] [stdout] 
[INFO] [stdout] error[E0433]: cannot find `FakeHttpClient` in `http_client`
[INFO] [stdout]    --> src/app/test_app.rs:91:40
[INFO] [stdout]     |
[INFO] [stdout]  91 |         let http_client = http_client::FakeHttpClient::with_404_response();
[INFO] [stdout]     |                                        ^^^^^^^^^^^^^^ could not find `FakeHttpClient` in `http_client`
[INFO] [stdout]     |
[INFO] [stdout] note: found an item that was configured out
[INFO] [stdout]    --> /opt/rustwide/cargo-home/registry/src/index.crates.io-1949cf8c6b5b557f/gpui-box-http-client-0.1.1/src/http_client.rs:411:12
[INFO] [stdout]     |
[INFO] [stdout] 410 | #[cfg(feature = "test-support")]
[INFO] [stdout]     |       ------------------------ the item is gated behind the `test-support` feature
[INFO] [stdout] 411 | pub struct FakeHttpClient {
[INFO] [stdout]     |            ^^^^^^^^^^^^^^
[INFO] [stdout] help: a trait with a similar name exists
[INFO] [stdout]     |
[INFO] [stdout]  91 -         let http_client = http_client::FakeHttpClient::with_404_response();
[INFO] [stdout]  91 +         let http_client = http_client::HttpClient::with_404_response();
[INFO] [stdout]     |
[INFO] [stdout] 
[INFO] [stdout] 
[INFO] [stdout] error[E0433]: cannot find `FakeHttpClient` in `http_client`
[INFO] [stdout]    --> src/app/test_context.rs:133:40
[INFO] [stdout]     |
[INFO] [stdout] 133 |         let http_client = http_client::FakeHttpClient::with_404_response();
[INFO] [stdout]     |                                        ^^^^^^^^^^^^^^ could not find `FakeHttpClient` in `http_client`
[INFO] [stdout]     |
[INFO] [stdout] note: found an item that was configured out
[INFO] [stdout]    --> /opt/rustwide/cargo-home/registry/src/index.crates.io-1949cf8c6b5b557f/gpui-box-http-client-0.1.1/src/http_client.rs:411:12
[INFO] [stdout]     |
[INFO] [stdout] 410 | #[cfg(feature = "test-support")]
[INFO] [stdout]     |       ------------------------ the item is gated behind the `test-support` feature
[INFO] [stdout] 411 | pub struct FakeHttpClient {
[INFO] [stdout]     |            ^^^^^^^^^^^^^^
[INFO] [stdout] help: a trait with a similar name exists
[INFO] [stdout]     |
[INFO] [stdout] 133 -         let http_client = http_client::FakeHttpClient::with_404_response();
[INFO] [stdout] 133 +         let http_client = http_client::HttpClient::with_404_response();
[INFO] [stdout]     |
[INFO] [stdout] 
[INFO] [stdout] 
[INFO] [stdout] error[E0433]: cannot find `FakeHttpClient` in `http_client`
[INFO] [stdout]    --> src/executor.rs:501:40
[INFO] [stdout]     |
[INFO] [stdout] 501 |         let http_client = http_client::FakeHttpClient::with_404_response();
[INFO] [stdout]     |                                        ^^^^^^^^^^^^^^ could not find `FakeHttpClient` in `http_client`
[INFO] [stdout]     |
[INFO] [stdout] note: found an item that was configured out
[INFO] [stdout]    --> /opt/rustwide/cargo-home/registry/src/index.crates.io-1949cf8c6b5b557f/gpui-box-http-client-0.1.1/src/http_client.rs:411:12
[INFO] [stdout]     |
[INFO] [stdout] 410 | #[cfg(feature = "test-support")]
[INFO] [stdout]     |       ------------------------ the item is gated behind the `test-support` feature
[INFO] [stdout] 411 | pub struct FakeHttpClient {
[INFO] [stdout]     |            ^^^^^^^^^^^^^^
[INFO] [stdout] help: a trait with a similar name exists
[INFO] [stdout]     |
[INFO] [stdout] 501 -         let http_client = http_client::FakeHttpClient::with_404_response();
[INFO] [stdout] 501 +         let http_client = http_client::HttpClient::with_404_response();
[INFO] [stdout]     |
[INFO] [stdout] 
[INFO] [stdout] 
[INFO] [stdout] warning: use of deprecated module `std::usize`: all constants in this module replaced by associated constants on the type
[INFO] [stdout]   --> src/elements/uniform_list.rs:14:51
[INFO] [stdout]    |
[INFO] [stdout] 14 | use std::{cell::RefCell, cmp, ops::Range, rc::Rc, usize};
[INFO] [stdout]    |                                                   ^^^^^
[INFO] [stdout]    |
[INFO] [stdout]    = note: `#[warn(deprecated)]` on by default
[INFO] [stdout] 
[INFO] [stdout] 
[INFO] [stdout] warning: use of deprecated constant `std::usize::MAX`: replaced by the `MAX` associated constant on this type
[INFO] [stdout]    --> src/elements/uniform_list.rs:253:36
[INFO] [stdout]     |
[INFO] [stdout] 253 |         self.scroll_to_item(usize::MAX, ScrollStrategy::Bottom);
[INFO] [stdout]     |                                    ^^^
[INFO] [stdout] 
[INFO] [stdout] 
[INFO] [stdout] For more information about this error, try `rustc --explain E0433`.
[INFO] [stdout] 
[INFO] [stderr] error: could not compile `gpui-box` (lib test) due to 4 previous errors; 2 warnings emitted
[INFO] [stderr] warning: build failed, waiting for other jobs to finish...
[INFO] running `Command { std: "docker" "inspect" "3abf443a18995b4a80c14d65d8b9bb3f637398a1d552a7443e32f05c2e855e53", kill_on_drop: false }`
[INFO] running `Command { std: "docker" "rm" "-f" "3abf443a18995b4a80c14d65d8b9bb3f637398a1d552a7443e32f05c2e855e53", kill_on_drop: false }`
[INFO] [stdout] 3abf443a18995b4a80c14d65d8b9bb3f637398a1d552a7443e32f05c2e855e53
