[INFO] fetching crate gouqi 0.20.0...
[INFO] testing gouqi-0.20.0 against 1.99.0-beta.8+cargoflags=--release for beta-release-1.100-2
[INFO] extracting crate gouqi 0.20.0 into /workspace/builds/worker-0-tc1/source
[INFO] removed /workspace/builds/worker-0-tc1/source/.cargo/config.toml
[INFO] started tweaking crates.io crate gouqi 0.20.0
[INFO] removed 0 missing examples
[INFO] removed 0 missing tests
[INFO] finished tweaking crates.io crate gouqi 0.20.0
[INFO] tweaked toml for crates.io crate gouqi 0.20.0 written to /workspace/builds/worker-0-tc1/source/Cargo.toml
[INFO] validating manifest of crates.io crate gouqi 0.20.0 on toolchain 1.99.0-beta.8
[INFO] running `Command { std: CARGO_HOME="/workspace/cargo-home" RUSTUP_HOME="/workspace/rustup-home" "/workspace/cargo-home/bin/cargo" "+1.99.0-beta.8" "metadata" "--manifest-path" "Cargo.toml" "--no-deps", kill_on_drop: false }`
[INFO] crate crates.io crate gouqi 0.20.0 already has a lockfile, it will not be regenerated
[INFO] running `Command { std: CARGO_HOME="/workspace/cargo-home" RUSTUP_HOME="/workspace/rustup-home" "/workspace/cargo-home/bin/cargo" "+1.99.0-beta.8" "fetch" "--manifest-path" "Cargo.toml", kill_on_drop: false }`
[INFO] [stderr]     Updating crates.io index
[INFO] [stderr]  Downloading crates ...
[INFO] [stderr]   Downloaded nu-ansi-term v0.50.1
[INFO] [stderr]   Downloaded uuid v1.18.0
[INFO] [stderr]   Downloaded serial_test_derive v3.2.0
[INFO] [stderr]   Downloaded cargo-platform v0.1.9
[INFO] [stderr]   Downloaded skeptic v0.13.7
[INFO] [stderr]   Downloaded serial_test v3.2.0
[INFO] [stderr]   Downloaded rustc-hash v2.1.1
[INFO] [stderr]   Downloaded humantime-serde v1.1.1
[INFO] [stderr]   Downloaded windows-targets v0.53.3
[INFO] [stderr]   Downloaded unicase v2.8.1
[INFO] [stderr]   Downloaded glob v0.3.2
[INFO] [stderr]   Downloaded sdd v3.0.10
[INFO] [stderr]   Downloaded quinn-udp v0.5.13
[INFO] [stderr]   Downloaded slab v0.4.11
[INFO] [stderr]   Downloaded redox_syscall v0.5.17
[INFO] [stderr]   Downloaded rustc-demangle v0.1.26
[INFO] [stderr]   Downloaded error-chain v0.12.4
[INFO] [stderr]   Downloaded cargo_metadata v0.14.2
[INFO] [stderr]   Downloaded rand_core v0.9.3
[INFO] [stderr]   Downloaded colored v3.0.0
[INFO] [stderr]   Downloaded crossbeam-deque v0.8.6
[INFO] [stderr]   Downloaded crossbeam-epoch v0.9.18
[INFO] [stderr]   Downloaded criterion-plot v0.6.0
[INFO] [stderr]   Downloaded tracing-subscriber v0.3.20
[INFO] [stderr]   Downloaded toml_parser v1.0.2
[INFO] [stderr]   Downloaded socket2 v0.6.0
[INFO] [stderr]   Downloaded camino v1.1.11
[INFO] [stderr]   Downloaded serde_yaml v0.9.34+deprecated
[INFO] [stderr]   Downloaded unsafe-libyaml v0.2.11
[INFO] [stderr]   Downloaded pkcs1 v0.7.5
[INFO] [stderr]   Downloaded tinyvec v1.9.0
[INFO] [stderr]   Downloaded mockito v1.7.0
[INFO] [stderr]   Downloaded similar v2.7.0
[INFO] [stderr]   Downloaded clap v4.5.45
[INFO] [stderr]   Downloaded half v2.6.0
[INFO] [stderr]   Downloaded proc-macro2 v1.0.96
[INFO] [stderr]   Downloaded typenum v1.19.0
[INFO] [stderr]   Downloaded toml v0.9.5
[INFO] [stderr]   Downloaded rsa v0.9.8
[INFO] [stderr]   Downloaded quinn v0.11.8
[INFO] [stderr]   Downloaded hyper-util v0.1.16
[INFO] [stderr]   Downloaded io-uring v0.7.9
[INFO] [stderr]   Downloaded pulldown-cmark v0.9.6
[INFO] [stderr]   Downloaded num-bigint-dig v0.8.4
[INFO] [stderr]   Downloaded cc v1.2.32
[INFO] [stderr]   Downloaded rand v0.9.2
[INFO] [stderr]   Downloaded criterion v0.7.0
[INFO] [stderr]   Downloaded zerovec v0.11.4
[INFO] [stderr]   Downloaded tokio-util v0.7.16
[INFO] [stderr]   Downloaded scc v2.4.0
[INFO] [stderr]   Downloaded winnow v0.7.13
[INFO] [stderr]   Downloaded serde_json v1.0.142
[INFO] [stderr]   Downloaded h2 v0.4.12
[INFO] [stderr]   Downloaded rayon v1.11.0
[INFO] [stderr]   Downloaded clap_builder v4.5.44
[INFO] [stderr]   Downloaded quinn-proto v0.11.12
[INFO] [stderr]   Downloaded webpki-roots v1.0.2
[INFO] [stderr]   Downloaded rustls v0.23.31
[INFO] [stderr]   Downloaded tokio v1.47.1
[INFO] running `Command { std: "docker" "create" "-v" "/var/lib/crater-agent-workspace/builds/worker-0-tc1/source:/opt/rustwide/workdir:ro,Z" "-v" "/var/lib/crater-agent-workspace/builds/worker-0-tc1/target:/opt/rustwide/target:rw,Z" "-v" "/var/lib/crater-agent-workspace/cargo-home:/opt/rustwide/cargo-home:ro,Z" "-v" "/var/lib/crater-agent-workspace/rustup-home:/opt/rustwide/rustup-home:ro,Z" "-m" "1610612736" "--network" "none" "ghcr.io/rust-lang/crates-build-env/linux@sha256:77db811e55d90add9212f6832c23229e3de5f1c1f9905e8cb07319ea15df73ac" "sleep" "infinity", kill_on_drop: false }`
[INFO] [stdout] ac1f2a056ffe95bb9c5f2759ce5c91a4bbde23328d27209d30e0cb9cd06423f4
[INFO] running `Command { std: "docker" "start" "ac1f2a056ffe95bb9c5f2759ce5c91a4bbde23328d27209d30e0cb9cd06423f4", kill_on_drop: false }`
[INFO] running `Command { std: "docker" "inspect" "ac1f2a056ffe95bb9c5f2759ce5c91a4bbde23328d27209d30e0cb9cd06423f4", kill_on_drop: false }`
[INFO] running `Command { std: "docker" "exec" "-e" "SOURCE_DIR=/opt/rustwide/workdir" "-e" "CARGO_HOME=/opt/rustwide/cargo-home" "-e" "RUSTUP_HOME=/opt/rustwide/rustup-home" "-e" "CARGO_TARGET_DIR=/opt/rustwide/target" "-w" "/opt/rustwide/workdir" "--user" "0:0" "ac1f2a056ffe95bb9c5f2759ce5c91a4bbde23328d27209d30e0cb9cd06423f4" "/opt/rustwide/cargo-home/bin/cargo" "+1.99.0-beta.8" "metadata" "--no-deps" "--format-version=1", kill_on_drop: false }`
[INFO] running `Command { std: "docker" "inspect" "ac1f2a056ffe95bb9c5f2759ce5c91a4bbde23328d27209d30e0cb9cd06423f4", kill_on_drop: false }`
[INFO] running `Command { std: "docker" "exec" "-e" "SOURCE_DIR=/opt/rustwide/workdir" "-e" "CARGO_HOME=/opt/rustwide/cargo-home" "-e" "RUSTUP_HOME=/opt/rustwide/rustup-home" "-e" "CARGO_TARGET_DIR=/opt/rustwide/target" "-e" "CARGO_INCREMENTAL=0" "-e" "RUST_BACKTRACE=full" "-e" "RUSTFLAGS=--cap-lints=warn" "-e" "RUSTDOCFLAGS=--cap-lints=warn" "-w" "/opt/rustwide/workdir" "--user" "0:0" "ac1f2a056ffe95bb9c5f2759ce5c91a4bbde23328d27209d30e0cb9cd06423f4" "/opt/rustwide/cargo-home/bin/cargo" "+1.99.0-beta.8" "build" "--frozen" "--message-format=json" "--release", kill_on_drop: false }`
[INFO] [stderr]    Compiling proc-macro2 v1.0.96
[INFO] [stderr]    Compiling unicode-ident v1.0.18
[INFO] [stderr]    Compiling libc v0.2.174
[INFO] [stderr]    Compiling stable_deref_trait v1.2.0
[INFO] [stderr]    Compiling itoa v1.0.15
[INFO] [stderr]    Compiling pin-project-lite v0.2.16
[INFO] [stderr]    Compiling bytes v1.10.1
[INFO] [stderr]    Compiling futures-core v0.3.31
[INFO] [stderr]    Compiling shlex v1.3.0
[INFO] [stderr]    Compiling serde v1.0.219
[INFO] [stderr]    Compiling futures-sink v0.3.31
[INFO] [stderr]    Compiling smallvec v1.15.1
[INFO] [stderr]    Compiling unicase v2.8.1
[INFO] [stderr]    Compiling cc v1.2.32
[INFO] [stderr]    Compiling writeable v0.6.1
[INFO] [stderr]    Compiling litemap v0.8.0
[INFO] [stderr]    Compiling fnv v1.0.7
[INFO] [stderr]    Compiling memchr v2.7.5
[INFO] [stderr]    Compiling slab v0.4.11
[INFO] [stderr]    Compiling futures-task v0.3.31
[INFO] [stderr]    Compiling cfg-if v1.0.1
[INFO] [stderr]    Compiling zeroize v1.8.1
[INFO] [stderr]    Compiling icu_normalizer_data v2.0.0
[INFO] [stderr]    Compiling once_cell v1.21.3
[INFO] [stderr]    Compiling icu_properties_data v2.0.1
[INFO] [stderr]    Compiling quote v1.0.40
[INFO] [stderr]    Compiling http v1.3.1
[INFO] [stderr]    Compiling syn v2.0.104
[INFO] [stderr]    Compiling pin-utils v0.1.0
[INFO] [stderr]    Compiling socket2 v0.6.0
[INFO] [stderr]    Compiling mio v1.0.4
[INFO] [stderr]    Compiling futures-io v0.3.31
[INFO] [stderr]    Compiling futures-util v0.3.31
[INFO] [stderr]    Compiling getrandom v0.2.16
[INFO] [stderr]    Compiling rustls-pki-types v1.12.0
[INFO] [stderr]    Compiling ring v0.17.14
[INFO] [stderr]    Compiling tokio v1.47.1
[INFO] [stderr]    Compiling percent-encoding v2.3.1
[INFO] [stderr]    Compiling http-body v1.0.1
[INFO] [stderr]    Compiling bitflags v2.9.1
[INFO] [stderr]    Compiling camino v1.1.11
[INFO] [stderr]    Compiling semver v1.0.26
[INFO] [stderr]    Compiling serde_json v1.0.142
[INFO] [stderr]    Compiling getrandom v0.3.3
[INFO] [stderr]    Compiling untrusted v0.9.0
[INFO] [stderr]    Compiling rustix v1.0.8
[INFO] [stderr]    Compiling error-chain v0.12.4
[INFO] [stderr]    Compiling linux-raw-sys v0.9.4
[INFO] [stderr]    Compiling rustls v0.23.31
[INFO] [stderr]    Compiling pulldown-cmark v0.9.6
[INFO] [stderr]    Compiling tower-service v0.3.3
[INFO] [stderr]    Compiling ryu v1.0.20
[INFO] [stderr]    Compiling try-lock v0.2.5
[INFO] [stderr]    Compiling want v0.3.1
[INFO] [stderr]    Compiling tracing-core v0.1.34
[INFO] [stderr]    Compiling futures-channel v0.3.31
[INFO] [stderr]    Compiling fastrand v2.3.0
[INFO] [stderr]    Compiling same-file v1.0.6
[INFO] [stderr]    Compiling subtle v2.6.1
[INFO] [stderr]    Compiling walkdir v2.5.0
[INFO] [stderr]    Compiling form_urlencoded v1.2.1
[INFO] [stderr]    Compiling mime_guess v2.0.5
[INFO] [stderr]    Compiling sync_wrapper v1.0.2
[INFO] [stderr]    Compiling tower-layer v0.3.3
[INFO] [stderr]    Compiling glob v0.3.2
[INFO] [stderr]    Compiling ipnet v2.11.0
[INFO] [stderr]    Compiling bytecount v0.6.9
[INFO] [stderr]    Compiling webpki-roots v1.0.2
[INFO] [stderr]    Compiling powerfmt v0.2.0
[INFO] [stderr]    Compiling num-conv v0.1.0
[INFO] [stderr]    Compiling iri-string v0.7.8
[INFO] [stderr]    Compiling tempfile v3.20.0
[INFO] [stderr]    Compiling thiserror v2.0.12
[INFO] [stderr]    Compiling time-core v0.1.4
[INFO] [stderr]    Compiling time-macros v0.2.22
[INFO] [stderr]    Compiling synstructure v0.13.2
[INFO] [stderr]    Compiling http-body-util v0.1.3
[INFO] [stderr]    Compiling humantime v2.2.0
[INFO] [stderr]    Compiling log v0.4.27
[INFO] [stderr]    Compiling hyper v1.6.0
[INFO] [stderr]    Compiling tower v0.5.2
[INFO] [stderr]    Compiling serde_derive v1.0.219
[INFO] [stderr]    Compiling zerofrom-derive v0.1.6
[INFO] [stderr]    Compiling yoke-derive v0.8.0
[INFO] [stderr]    Compiling zerovec-derive v0.11.1
[INFO] [stderr]    Compiling displaydoc v0.2.5
[INFO] [stderr]    Compiling tracing-attributes v0.1.30
[INFO] [stderr]    Compiling zerofrom v0.1.6
[INFO] [stderr]    Compiling yoke v0.8.0
[INFO] [stderr]    Compiling tower-http v0.6.6
[INFO] [stderr]    Compiling zerovec v0.11.4
[INFO] [stderr]    Compiling zerotrie v0.2.2
[INFO] [stderr]    Compiling thiserror-impl v2.0.12
[INFO] [stderr]    Compiling tracing v0.1.41
[INFO] [stderr]    Compiling hyper-util v0.1.16
[INFO] [stderr]    Compiling tinystr v0.8.1
[INFO] [stderr]    Compiling potential_utf v0.1.2
[INFO] [stderr]    Compiling icu_collections v2.0.0
[INFO] [stderr]    Compiling icu_locale_core v2.0.0
[INFO] [stderr]    Compiling icu_provider v2.0.0
[INFO] [stderr]    Compiling icu_normalizer v2.0.0
[INFO] [stderr]    Compiling icu_properties v2.0.1
[INFO] [stderr]    Compiling idna_adapter v1.2.1
[INFO] [stderr]    Compiling idna v1.0.3
[INFO] [stderr]    Compiling url v2.5.4
[INFO] [stderr]    Compiling cargo-platform v0.1.9
[INFO] [stderr]    Compiling deranged v0.4.0
[INFO] [stderr]    Compiling serde_urlencoded v0.7.1
[INFO] [stderr]    Compiling humantime-serde v1.1.1
[INFO] [stderr]    Compiling cargo_metadata v0.14.2
[INFO] [stderr]    Compiling rustls-webpki v0.103.4
[INFO] [stderr]    Compiling time v0.3.41
[INFO] [stderr]    Compiling skeptic v0.13.7
[INFO] [stderr]    Compiling gouqi v0.20.0 (/opt/rustwide/workdir)
[INFO] [stderr]    Compiling tokio-rustls v0.26.2
[INFO] [stderr]    Compiling hyper-rustls v0.27.7
[INFO] [stderr]    Compiling reqwest v0.12.22
[INFO] [stderr]     Finished `release` profile [optimized] target(s) in 3m 10s
[INFO] running `Command { std: "docker" "inspect" "ac1f2a056ffe95bb9c5f2759ce5c91a4bbde23328d27209d30e0cb9cd06423f4", kill_on_drop: false }`
[INFO] running `Command { std: "docker" "exec" "-e" "SOURCE_DIR=/opt/rustwide/workdir" "-e" "CARGO_HOME=/opt/rustwide/cargo-home" "-e" "RUSTUP_HOME=/opt/rustwide/rustup-home" "-e" "CARGO_TARGET_DIR=/opt/rustwide/target" "-e" "CARGO_INCREMENTAL=0" "-e" "RUST_BACKTRACE=full" "-e" "RUSTFLAGS=--cap-lints=warn" "-e" "RUSTDOCFLAGS=--cap-lints=warn" "-w" "/opt/rustwide/workdir" "--user" "0:0" "ac1f2a056ffe95bb9c5f2759ce5c91a4bbde23328d27209d30e0cb9cd06423f4" "/opt/rustwide/cargo-home/bin/cargo" "+1.99.0-beta.8" "test" "--frozen" "--no-run" "--message-format=json" "--release", kill_on_drop: false }`
[INFO] [stderr]    Compiling autocfg v1.5.0
[INFO] [stderr]    Compiling parking_lot_core v0.9.11
[INFO] [stderr]    Compiling scopeguard v1.2.0
[INFO] [stderr]    Compiling futures-sink v0.3.31
[INFO] [stderr]    Compiling tokio-macros v2.5.0
[INFO] [stderr]    Compiling tracing-core v0.1.34
[INFO] [stderr]    Compiling serde_json v1.0.142
[INFO] [stderr]    Compiling hashbrown v0.15.5
[INFO] [stderr]    Compiling futures-channel v0.3.31
[INFO] [stderr]    Compiling getrandom v0.3.3
[INFO] [stderr]    Compiling bitflags v2.9.1
[INFO] [stderr]    Compiling lock_api v0.4.13
[INFO] [stderr]    Compiling futures-util v0.3.31
[INFO] [stderr]    Compiling crossbeam-utils v0.8.21
[INFO] [stderr]    Compiling tracing v0.1.41
[INFO] [stderr]    Compiling aho-corasick v1.1.3
[INFO] [stderr]    Compiling regex-syntax v0.8.5
[INFO] [stderr]    Compiling parking_lot v0.12.4
[INFO] [stderr]    Compiling indexmap v2.10.0
[INFO] [stderr]    Compiling httpdate v1.0.3
[INFO] [stderr]    Compiling tokio v1.47.1
[INFO] [stderr]    Compiling log v0.4.27
[INFO] [stderr]    Compiling zerocopy v0.8.26
[INFO] [stderr]    Compiling num-traits v0.2.19
[INFO] [stderr]    Compiling either v1.15.0
[INFO] [stderr]    Compiling rand_core v0.9.3
[INFO] [stderr]    Compiling crossbeam-epoch v0.9.18
[INFO] [stderr]    Compiling rustix v1.0.8
[INFO] [stderr]    Compiling semver v1.0.26
[INFO] [stderr]    Compiling camino v1.1.11
[INFO] [stderr]    Compiling half v2.6.0
[INFO] [stderr]    Compiling crossbeam-deque v0.8.6
[INFO] [stderr]    Compiling clap_lex v0.7.5
[INFO] [stderr]    Compiling linux-raw-sys v0.9.4
[INFO] [stderr]    Compiling regex-automata v0.4.9
[INFO] [stderr]    Compiling anstyle v1.0.11
[INFO] [stderr]    Compiling ciborium-ll v0.2.2
[INFO] [stderr]    Compiling clap_builder v4.5.44
[INFO] [stderr]    Compiling ppv-lite86 v0.2.21
[INFO] [stderr]    Compiling futures-executor v0.3.31
[INFO] [stderr]    Compiling rand_chacha v0.9.0
[INFO] [stderr]    Compiling rayon-core v1.13.0
[INFO] [stderr]    Compiling tokio-util v0.7.16
[INFO] [stderr]    Compiling tower v0.5.2
[INFO] [stderr]    Compiling h2 v0.4.12
[INFO] [stderr]    Compiling tokio-rustls v0.26.2
[INFO] [stderr]    Compiling tower-http v0.6.6
[INFO] [stderr]    Compiling regex v1.11.1
[INFO] [stderr]    Compiling itertools v0.13.0
[INFO] [stderr]    Compiling pulldown-cmark v0.9.6
[INFO] [stderr]    Compiling error-chain v0.12.4
[INFO] [stderr]    Compiling cargo-platform v0.1.9
[INFO] [stderr]    Compiling lazy_static v1.5.0
[INFO] [stderr]    Compiling fastrand v2.3.0
[INFO] [stderr]    Compiling sdd v3.0.10
[INFO] [stderr]    Compiling tempfile v3.20.0
[INFO] [stderr]    Compiling scc v2.4.0
[INFO] [stderr]    Compiling sharded-slab v0.1.7
[INFO] [stderr]    Compiling cargo_metadata v0.14.2
[INFO] [stderr]    Compiling criterion-plot v0.6.0
[INFO] [stderr]    Compiling hyper v1.6.0
[INFO] [stderr]    Compiling plotters v0.3.7
[INFO] [stderr]    Compiling matchers v0.2.0
[INFO] [stderr]    Compiling clap v4.5.45
[INFO] [stderr]    Compiling rayon v1.11.0
[INFO] [stderr]    Compiling hyper-util v0.1.16
[INFO] [stderr]    Compiling hyper-rustls v0.27.7
[INFO] [stderr]    Compiling rand v0.9.2
[INFO] [stderr]    Compiling futures v0.3.31
[INFO] [stderr]    Compiling ciborium v0.2.2
[INFO] [stderr]    Compiling reqwest v0.12.22
[INFO] [stderr]    Compiling tracing-log v0.2.0
[INFO] [stderr]    Compiling assert-json-diff v2.0.2
[INFO] [stderr]    Compiling tinytemplate v1.2.1
[INFO] [stderr]    Compiling serial_test_derive v3.2.0
[INFO] [stderr]    Compiling thread_local v1.1.9
[INFO] [stderr]    Compiling similar v2.7.0
[INFO] [stderr]    Compiling glob v0.3.2
[INFO] [stderr]    Compiling colored v3.0.0
[INFO] [stderr]    Compiling nu-ansi-term v0.50.1
[INFO] [stderr]    Compiling bytecount v0.6.9
[INFO] [stderr]    Compiling skeptic v0.13.7
[INFO] [stderr]    Compiling tracing-subscriber v0.3.20
[INFO] [stderr]    Compiling mockito v1.7.0
[INFO] [stderr]    Compiling criterion v0.7.0
[INFO] [stderr]    Compiling serial_test v3.2.0
[INFO] [stderr]    Compiling gouqi v0.20.0 (/opt/rustwide/workdir)
[INFO] [stdout] error[E0599]: no method named `get_search_api_version` found for struct `Jira` in the current scope
[INFO] [stdout]   --> examples/v3_demo.rs:26:42
[INFO] [stdout]    |
[INFO] [stdout] 26 |     println!("🔧 API Version: {:?}", jira.get_search_api_version());
[INFO] [stdout]    |                                           ^^^^^^^^^^^^^^^^^^^^^^ method not found in `Jira`
[INFO] [stdout] 
[INFO] [stdout] 
[INFO] [stdout] For more information about this error, try `rustc --explain E0599`.
[INFO] [stdout] 
[INFO] [stdout] error[E0599]: no method named `get_search_api_version` found for struct `Jira` in the current scope
[INFO] [stdout]   --> tests/real_v3_integration_test.rs:29:21
[INFO] [stdout]    |
[INFO] [stdout] 29 |     assert_eq!(jira.get_search_api_version(), gouqi::SearchApiVersion::V3);
[INFO] [stdout]    |                     ^^^^^^^^^^^^^^^^^^^^^^ method not found in `Jira`
[INFO] [stdout] 
[INFO] [stdout] 
[INFO] [stderr] error: could not compile `gouqi` (example "v3_demo") due to 1 previous error
[INFO] [stderr] warning: build failed, waiting for other jobs to finish...
[INFO] [stdout] For more information about this error, try `rustc --explain E0599`.
[INFO] [stdout] 
[INFO] [stderr] error: could not compile `gouqi` (test "real_v3_integration_test") due to 1 previous error
[INFO] [stdout] error[E0599]: no method named `get_search_api_version` found for struct `Jira` in the current scope
[INFO] [stdout]    --> tests/count_test.rs:344:21
[INFO] [stdout]     |
[INFO] [stdout] 344 |     assert_eq!(jira.get_search_api_version(), gouqi::SearchApiVersion::V3);
[INFO] [stdout]     |                     ^^^^^^^^^^^^^^^^^^^^^^ method not found in `Jira`
[INFO] [stdout] 
[INFO] [stdout] 
[INFO] [stdout] For more information about this error, try `rustc --explain E0599`.
[INFO] [stdout] 
[INFO] [stderr] error: could not compile `gouqi` (test "count_test") due to 1 previous error
[INFO] running `Command { std: "docker" "inspect" "ac1f2a056ffe95bb9c5f2759ce5c91a4bbde23328d27209d30e0cb9cd06423f4", kill_on_drop: false }`
[INFO] running `Command { std: "docker" "rm" "-f" "ac1f2a056ffe95bb9c5f2759ce5c91a4bbde23328d27209d30e0cb9cd06423f4", kill_on_drop: false }`
[INFO] [stdout] ac1f2a056ffe95bb9c5f2759ce5c91a4bbde23328d27209d30e0cb9cd06423f4
