[INFO] fetching crate gosh 0.0.24...
[INFO] testing gosh-0.0.24 against 1.99.0-beta.8+cargoflags=--release for beta-release-1.100-2
[INFO] extracting crate gosh 0.0.24 into /workspace/builds/worker-6-tc1/source
[INFO] started tweaking crates.io crate gosh 0.0.24
[INFO] finished tweaking crates.io crate gosh 0.0.24
[INFO] tweaked toml for crates.io crate gosh 0.0.24 written to /workspace/builds/worker-6-tc1/source/Cargo.toml
[INFO] validating manifest of crates.io crate gosh 0.0.24 on toolchain 1.99.0-beta.8
[INFO] running `Command { std: CARGO_HOME="/workspace/cargo-home" RUSTUP_HOME="/workspace/rustup-home" "/workspace/cargo-home/bin/cargo" "+1.99.0-beta.8" "metadata" "--manifest-path" "Cargo.toml" "--no-deps", kill_on_drop: false }`
[INFO] crate crates.io crate gosh 0.0.24 already has a lockfile, it will not be regenerated
[INFO] running `Command { std: CARGO_HOME="/workspace/cargo-home" RUSTUP_HOME="/workspace/rustup-home" "/workspace/cargo-home/bin/cargo" "+1.99.0-beta.8" "fetch" "--manifest-path" "Cargo.toml", kill_on_drop: false }`
[INFO] [stderr]     Updating crates.io index
[INFO] [stderr]  Downloading crates ...
[INFO] [stderr]   Downloaded remove_dir_all v0.5.2
[INFO] [stderr]   Downloaded tempfile v3.1.0
[INFO] [stderr]   Downloaded structopt-derive v0.4.0
[INFO] [stderr]   Downloaded structopt v0.3.7
[INFO] [stderr]   Downloaded phf_shared v0.7.24
[INFO] [stderr]   Downloaded fnv v1.0.6
[INFO] [stderr]   Downloaded utf8-ranges v1.0.4
[INFO] [stderr]   Downloaded rand v0.7.2
[INFO] [stderr]   Downloaded mortal v0.2.1
[INFO] [stderr]   Downloaded error-chain v0.10.0
[INFO] [stderr]   Downloaded phf_codegen v0.7.24
[INFO] [stderr]   Downloaded phf v0.7.24
[INFO] [stderr]   Downloaded smallstr v0.1.0
[INFO] [stderr]   Downloaded terminfo v0.6.1
[INFO] [stderr]   Downloaded ucd-util v0.1.5
[INFO] [stderr]   Downloaded dotenv v0.10.1
[INFO] [stderr]   Downloaded redox_users v0.3.1
[INFO] [stderr]   Downloaded failure_derive v0.1.6
[INFO] [stderr]   Downloaded static_assertions v0.3.4
[INFO] [stderr]   Downloaded nodrop v0.1.14
[INFO] [stderr]   Downloaded arrayref v0.3.5
[INFO] [stderr]   Downloaded unic-ucd-version v0.9.0
[INFO] [stderr]   Downloaded syn-mid v0.4.0
[INFO] [stderr]   Downloaded thread_local v1.0.0
[INFO] [stderr]   Downloaded slug v0.1.4
[INFO] [stderr]   Downloaded same-file v1.0.5
[INFO] [stderr]   Downloaded proc-macro-error-attr v0.4.3
[INFO] [stderr]   Downloaded winapi-util v0.1.2
[INFO] [stderr]   Downloaded num_cpus v1.11.1
[INFO] [stderr]   Downloaded termcolor v1.0.5
[INFO] [stderr]   Downloaded unic-char-range v0.9.0
[INFO] [stderr]   Downloaded vec_map v0.8.1
[INFO] [stderr]   Downloaded unic-common v0.9.0
[INFO] [stderr]   Downloaded rustversion v1.0.1
[INFO] [stderr]   Downloaded siphasher v0.2.3
[INFO] [stderr]   Downloaded phf_generator v0.7.24
[INFO] [stderr]   Downloaded constant_time_eq v0.1.4
[INFO] [stderr]   Downloaded scopeguard v1.0.0
[INFO] [stderr]   Downloaded dirs v2.0.2
[INFO] [stderr]   Downloaded humansize v1.1.0
[INFO] [stderr]   Downloaded unic-char-property v0.9.0
[INFO] [stderr]   Downloaded wincolor v1.0.2
[INFO] [stderr]   Downloaded pest_generator v2.1.1
[INFO] [stderr]   Downloaded proc-macro-error v0.4.4
[INFO] [stderr]   Downloaded shared_child v0.3.4
[INFO] [stderr]   Downloaded hermit-abi v0.1.6
[INFO] [stderr]   Downloaded smallvec v1.1.0
[INFO] [stderr]   Downloaded synstructure v0.12.3
[INFO] [stderr]   Downloaded generic-array v0.13.2
[INFO] [stderr]   Downloaded arrayvec v0.4.12
[INFO] [stderr]   Downloaded walkdir v2.2.9
[INFO] [stderr]   Downloaded globset v0.4.4
[INFO] [stderr]   Downloaded globwalk v0.7.1
[INFO] [stderr]   Downloaded typenum v1.11.2
[INFO] [stderr]   Downloaded matrixmultiply v0.2.3
[INFO] [stderr]   Downloaded anyhow v1.0.26
[INFO] [stderr]   Downloaded envy v0.4.1
[INFO] [stderr]   Downloaded migrations_macros v1.4.1
[INFO] [stderr]   Downloaded migrations_internals v1.4.0
[INFO] [stderr]   Downloaded smallvec v0.6.13
[INFO] [stderr]   Downloaded rust-argon2 v0.5.1
[INFO] [stderr]   Downloaded pest_meta v2.1.2
[INFO] [stderr]   Downloaded duct v0.13.3
[INFO] [stderr]   Downloaded os_pipe v0.9.1
[INFO] [stderr]   Downloaded vcpkg v0.2.8
[INFO] [stderr]   Downloaded unicode-xid v0.0.4
[INFO] [stderr]   Downloaded proc-macro2 v1.0.7
[INFO] [stderr]   Downloaded base64 v0.10.1
[INFO] [stderr]   Downloaded failure v0.1.6
[INFO] [stderr]   Downloaded rand_distr v0.2.2
[INFO] [stderr]   Downloaded alga v0.9.2
[INFO] [stderr]   Downloaded unic-segment v0.9.0
[INFO] [stderr]   Downloaded unic-ucd-segment v0.9.0
[INFO] [stderr]   Downloaded generic-array v0.12.3
[INFO] [stderr]   Downloaded ucd-trie v0.1.2
[INFO] [stderr]   Downloaded ignore v0.4.10
[INFO] [stderr]   Downloaded time v0.1.42
[INFO] [stderr]   Downloaded indexmap v1.3.0
[INFO] [stderr]   Downloaded once_cell v1.2.0
[INFO] [stderr]   Downloaded derive-error-chain v0.10.1
[INFO] [stderr]   Downloaded quote v0.3.15
[INFO] [stderr]   Downloaded diesel_migrations v1.4.0
[INFO] [stderr]   Downloaded bincode v1.2.1
[INFO] [stderr]   Downloaded lazycell v0.6.0
[INFO] [stderr]   Downloaded heck v0.3.1
[INFO] [stderr]   Downloaded unicode-segmentation v1.6.0
[INFO] [stderr]   Downloaded ryu v1.0.2
[INFO] [stderr]   Downloaded linefeed v0.6.0
[INFO] [stderr]   Downloaded unicode-normalization v0.1.11
[INFO] [stderr]   Downloaded cc v1.0.50
[INFO] [stderr]   Downloaded backtrace v0.3.40
[INFO] [stderr]   Downloaded num-complex v0.2.4
[INFO] [stderr]   Downloaded toml v0.5.5
[INFO] [stderr]   Downloaded handlebars v3.0.1
[INFO] [stderr]   Downloaded dotenv v0.13.0
[INFO] [stderr]   Downloaded serde_json v1.0.44
[INFO] [stderr]   Downloaded aho-corasick v0.7.6
[INFO] [stderr]   Downloaded tera v1.0.2
[INFO] [stderr]   Downloaded pest v2.1.2
[INFO] [stderr]   Downloaded parse-zoneinfo v0.2.1
[INFO] [stderr]   Downloaded deunicode v0.4.3
[INFO] [stderr]   Downloaded diesel v1.4.3
[INFO] [stderr]   Downloaded diesel_derives v1.4.1
[INFO] [stderr]   Downloaded os_pipe v0.6.2
[INFO] [stderr]   Downloaded chrono v0.4.10
[INFO] [stderr]   Downloaded syn v0.11.11
[INFO] [stderr]   Downloaded synom v0.11.3
[INFO] [stderr]   Downloaded duct v0.10.0
[INFO] [stderr]   Downloaded dirs-sys v0.3.4
[INFO] [stderr]   Downloaded nom v5.1.0
[INFO] [stderr]   Downloaded petgraph v0.5.0
[INFO] [stderr]   Downloaded bimap v0.4.0
[INFO] [stderr]   Downloaded syn v1.0.13
[INFO] [stderr]   Downloaded clap v2.33.0
[INFO] [stderr]   Downloaded nix v0.11.1
[INFO] [stderr]   Downloaded regex v1.3.3
[INFO] [stderr]   Downloaded nalgebra v0.19.0
[INFO] [stderr]   Downloaded regex-syntax v0.6.13
[INFO] [stderr]   Downloaded lexical-core v0.4.6
[INFO] [stderr]   Downloaded chrono-tz v0.5.1
[INFO] [stderr]   Downloaded backtrace-sys v0.1.32
[INFO] [stderr]   Downloaded libsqlite3-sys v0.9.3
[INFO] [stderr]   Downloaded gosh-model v0.0.9
[INFO] [stderr]   Downloaded gchemol v0.0.38
[INFO] [stderr]   Downloaded gchemol-readwrite v0.0.37
[INFO] [stderr]   Downloaded gchemol-parser v0.0.8
[INFO] [stderr]   Downloaded gchemol-gut v0.0.8
[INFO] [stderr]   Downloaded gchemol-lattice v0.0.5
[INFO] [stderr]   Downloaded gosh-database v0.0.7
[INFO] [stderr]   Downloaded gosh-core v0.0.1
[INFO] [stderr]   Downloaded gchemol-graph v0.0.4
[INFO] [stderr]   Downloaded gchemol-geometry v0.0.37
[INFO] [stderr]   Downloaded vecfx v0.0.8
[INFO] [stderr]   Downloaded gchemol-core v0.0.38
[INFO] [stderr]   Downloaded gosh-adaptor v0.0.4
[INFO] running `Command { std: "docker" "create" "-v" "/var/lib/crater-agent-workspace/builds/worker-6-tc1/source:/opt/rustwide/workdir:ro,Z" "-v" "/var/lib/crater-agent-workspace/builds/worker-6-tc1/target:/opt/rustwide/target:rw,Z" "-v" "/var/lib/crater-agent-workspace/cargo-home:/opt/rustwide/cargo-home:ro,Z" "-v" "/var/lib/crater-agent-workspace/rustup-home:/opt/rustwide/rustup-home:ro,Z" "-m" "1610612736" "--network" "none" "ghcr.io/rust-lang/crates-build-env/linux@sha256:77db811e55d90add9212f6832c23229e3de5f1c1f9905e8cb07319ea15df73ac" "sleep" "infinity", kill_on_drop: false }`
[INFO] [stdout] 5524295cb29eff6579fe5cfcdf5653446dd81e5fefc62ba5e917525ae8f62057
[INFO] running `Command { std: "docker" "start" "5524295cb29eff6579fe5cfcdf5653446dd81e5fefc62ba5e917525ae8f62057", kill_on_drop: false }`
[INFO] running `Command { std: "docker" "inspect" "5524295cb29eff6579fe5cfcdf5653446dd81e5fefc62ba5e917525ae8f62057", kill_on_drop: false }`
[INFO] running `Command { std: "docker" "exec" "-e" "SOURCE_DIR=/opt/rustwide/workdir" "-e" "CARGO_HOME=/opt/rustwide/cargo-home" "-e" "RUSTUP_HOME=/opt/rustwide/rustup-home" "-e" "CARGO_TARGET_DIR=/opt/rustwide/target" "-w" "/opt/rustwide/workdir" "--user" "0:0" "5524295cb29eff6579fe5cfcdf5653446dd81e5fefc62ba5e917525ae8f62057" "/opt/rustwide/cargo-home/bin/cargo" "+1.99.0-beta.8" "metadata" "--no-deps" "--format-version=1", kill_on_drop: false }`
[INFO] running `Command { std: "docker" "inspect" "5524295cb29eff6579fe5cfcdf5653446dd81e5fefc62ba5e917525ae8f62057", kill_on_drop: false }`
[INFO] running `Command { std: "docker" "exec" "-e" "SOURCE_DIR=/opt/rustwide/workdir" "-e" "CARGO_HOME=/opt/rustwide/cargo-home" "-e" "RUSTUP_HOME=/opt/rustwide/rustup-home" "-e" "CARGO_TARGET_DIR=/opt/rustwide/target" "-e" "CARGO_INCREMENTAL=0" "-e" "RUST_BACKTRACE=full" "-e" "RUSTFLAGS=--cap-lints=warn" "-e" "RUSTDOCFLAGS=--cap-lints=warn" "-w" "/opt/rustwide/workdir" "--user" "0:0" "5524295cb29eff6579fe5cfcdf5653446dd81e5fefc62ba5e917525ae8f62057" "/opt/rustwide/cargo-home/bin/cargo" "+1.99.0-beta.8" "build" "--frozen" "--message-format=json" "--release", kill_on_drop: false }`
[INFO] [stderr]    Compiling libc v0.2.66
[INFO] [stderr]    Compiling proc-macro2 v1.0.7
[INFO] [stderr]    Compiling unicode-xid v0.2.0
[INFO] [stderr]    Compiling syn v1.0.13
[INFO] [stderr]    Compiling autocfg v0.1.7
[INFO] [stderr]    Compiling memchr v2.2.1
[INFO] [stderr]    Compiling lazy_static v1.4.0
[INFO] [stderr]    Compiling autocfg v1.0.0
[INFO] [stderr]    Compiling serde v1.0.104
[INFO] [stderr]    Compiling cc v1.0.50
[INFO] [stderr]    Compiling bitflags v1.2.1
[INFO] [stderr]    Compiling log v0.4.8
[INFO] [stderr]    Compiling getrandom v0.1.14
[INFO] [stderr]    Compiling regex-syntax v0.6.13
[INFO] [stderr]    Compiling ppv-lite86 v0.2.6
[INFO] [stderr]    Compiling memoffset v0.5.3
[INFO] [stderr]    Compiling version_check v0.1.5
[INFO] [stderr]    Compiling thread_local v1.0.0
[INFO] [stderr]    Compiling rand_core v0.4.2
[INFO] [stderr]    Compiling unicode-width v0.1.7
[INFO] [stderr]    Compiling scopeguard v1.0.0
[INFO] [stderr]    Compiling ryu v1.0.2
[INFO] [stderr]    Compiling typenum v1.11.2
[INFO] [stderr]    Compiling libm v0.1.4
[INFO] [stderr]    Compiling c2-chacha v0.2.3
[INFO] [stderr]    Compiling unicode-segmentation v1.6.0
[INFO] [stderr]    Compiling rayon-core v1.7.0
[INFO] [stderr]    Compiling crossbeam-utils v0.7.0
[INFO] [stderr]    Compiling crossbeam-epoch v0.8.0
[INFO] [stderr]    Compiling textwrap v0.11.0
[INFO] [stderr]    Compiling humantime v1.3.0
[INFO] [stderr]    Compiling num-traits v0.2.11
[INFO] [stderr]    Compiling num-integer v0.1.42
[INFO] [stderr]    Compiling num-complex v0.2.4
[INFO] [stderr]    Compiling num-rational v0.2.3
[INFO] [stderr]    Compiling vec_map v0.8.1
[INFO] [stderr]    Compiling heck v0.3.1
[INFO] [stderr]    Compiling termcolor v1.0.5
[INFO] [stderr]    Compiling aho-corasick v0.7.6
[INFO] [stderr]    Compiling fnv v1.0.6
[INFO] [stderr]    Compiling strsim v0.8.0
[INFO] [stderr]    Compiling either v1.5.3
[INFO] [stderr]    Compiling quote v1.0.2
[INFO] [stderr]    Compiling ansi_term v0.11.0
[INFO] [stderr]    Compiling anyhow v1.0.26
[INFO] [stderr]    Compiling atty v0.2.14
[INFO] [stderr]    Compiling rand_core v0.5.1
[INFO] [stderr]    Compiling crossbeam-queue v0.2.1
[INFO] [stderr]    Compiling num_cpus v1.11.1
[INFO] [stderr]    Compiling clap v2.33.0
[INFO] [stderr]    Compiling rand_core v0.3.1
[INFO] [stderr]    Compiling pkg-config v0.3.17
[INFO] [stderr]    Compiling rawpointer v0.2.1
[INFO] [stderr]    Compiling rand_chacha v0.2.1
[INFO] [stderr]    Compiling byteorder v1.3.2
[INFO] [stderr]    Compiling rand v0.7.2
[INFO] [stderr]    Compiling crossbeam-deque v0.7.2
[INFO] [stderr]    Compiling approx v0.3.2
[INFO] [stderr]    Compiling ucd-trie v0.1.2
[INFO] [stderr]    Compiling matrixmultiply v0.2.3
[INFO] [stderr]    Compiling pest v2.1.2
[INFO] [stderr]    Compiling libsqlite3-sys v0.9.3
[INFO] [stderr]    Compiling itertools v0.8.2
[INFO] [stderr]    Compiling generic-array v0.13.2
[INFO] [stderr]    Compiling indexmap v1.3.0
[INFO] [stderr]    Compiling regex v1.3.3
[INFO] [stderr]    Compiling thread_local v0.3.6
[INFO] [stderr]    Compiling maplit v1.0.2
[INFO] [stderr]    Compiling arrayvec v0.4.12
[INFO] [stderr]    Compiling backtrace-sys v0.1.32
[INFO] [stderr]    Compiling bstr v0.2.8
[INFO] [stderr]    Compiling rand_chacha v0.1.1
[INFO] [stderr]    Compiling rayon v1.3.0
[INFO] [stderr]    Compiling pest_meta v2.1.2
[INFO] [stderr]    Compiling rand_pcg v0.1.2
[INFO] [stderr]    Compiling rand_distr v0.2.2
[INFO] [stderr]    Compiling crossbeam-utils v0.6.6
[INFO] [stderr]    Compiling lexical-core v0.4.6
[INFO] [stderr]    Compiling itoa v0.4.4
[INFO] [stderr]    Compiling unic-char-range v0.9.0
[INFO] [stderr]    Compiling nodrop v0.1.14
[INFO] [stderr]    Compiling unic-common v0.9.0
[INFO] [stderr]    Compiling same-file v1.0.5
[INFO] [stderr]    Compiling unic-ucd-version v0.9.0
[INFO] [stderr]    Compiling unic-char-property v0.9.0
[INFO] [stderr]    Compiling walkdir v2.2.9
[INFO] [stderr]    Compiling crossbeam-channel v0.3.9
[INFO] [stderr]    Compiling env_logger v0.7.1
[INFO] [stderr]    Compiling globset v0.4.4
[INFO] [stderr]    Compiling pretty_env_logger v0.4.0
[INFO] [stderr]    Compiling time v0.1.42
[INFO] [stderr]    Compiling parse-zoneinfo v0.2.1
[INFO] [stderr]    Compiling nom v5.1.0
[INFO] [stderr]    Compiling rand v0.6.5
[INFO] [stderr]    Compiling fixedbitset v0.2.0
[INFO] [stderr]    Compiling static_assertions v0.3.4
[INFO] [stderr]    Compiling ignore v0.4.10
[INFO] [stderr]    Compiling chrono v0.4.10
[INFO] [stderr]    Compiling rand_os v0.1.3
[INFO] [stderr]    Compiling unic-ucd-segment v0.9.0
[INFO] [stderr]    Compiling rand_isaac v0.1.1
[INFO] [stderr]    Compiling rand_xorshift v0.1.1
[INFO] [stderr]    Compiling rand_hc v0.1.0
[INFO] [stdout] error[E0308]: mismatched types
[INFO] [stdout]    --> /opt/rustwide/cargo-home/registry/src/index.crates.io-1949cf8c6b5b557f/lexical-core-0.4.6/src/atof/algorithm/bigcomp.rs:243:55
[INFO] [stdout]     |
[INFO] [stdout] 243 |     let nlz = den.leading_zeros().wrapping_sub(wlz) & (u32::BITS - 1);
[INFO] [stdout]     |                                                       ^^^^^^^^^^^^^^^ expected `usize`, found `u32`
[INFO] [stdout] 
[INFO] [stdout] 
[INFO] [stderr]    Compiling rand_jitter v0.1.4
[INFO] [stdout] error[E0277]: no implementation for `usize & u32`
[INFO] [stdout]    --> /opt/rustwide/cargo-home/registry/src/index.crates.io-1949cf8c6b5b557f/lexical-core-0.4.6/src/atof/algorithm/bigcomp.rs:243:53
[INFO] [stdout]     |
[INFO] [stdout] 243 |     let nlz = den.leading_zeros().wrapping_sub(wlz) & (u32::BITS - 1);
[INFO] [stdout]     |                                                     ^ no implementation for `usize & u32`
[INFO] [stdout]     |
[INFO] [stdout]     = help: the trait `BitAnd<u32>` is not implemented for `usize`
[INFO] [stdout] help: the following other types implement trait `BitAnd<Rhs>`
[INFO] [stdout]    --> /rustc/dfb0accb7f508ae8be965d8629557221c889dd98/library/core/src/ops/bit.rs:174:8
[INFO] [stdout]     |
[INFO] [stdout]     = note: `usize` implements `BitAnd`
[INFO] [stdout]    ::: /rustc/dfb0accb7f508ae8be965d8629557221c889dd98/library/core/src/ops/bit.rs:187:0
[INFO] [stdout]     |
[INFO] [stdout]     = note: in this macro invocation
[INFO] [stdout]    --> /rustc/dfb0accb7f508ae8be965d8629557221c889dd98/library/core/src/internal_macros.rs:22:8
[INFO] [stdout]     |
[INFO] [stdout]     = note: `&usize` implements `BitAnd<usize>`
[INFO] [stdout]    ::: /rustc/dfb0accb7f508ae8be965d8629557221c889dd98/library/core/src/internal_macros.rs:33:8
[INFO] [stdout]     |
[INFO] [stdout]     = note: `usize` implements `BitAnd<&usize>`
[INFO] [stdout]    ::: /rustc/dfb0accb7f508ae8be965d8629557221c889dd98/library/core/src/internal_macros.rs:44:8
[INFO] [stdout]     |
[INFO] [stdout]     = note: `&usize` implements `BitAnd`
[INFO] [stdout]     = note: this error originates in the macro `bitand_impl` (in Nightly builds, run with -Z macro-backtrace for more info)
[INFO] [stdout] 
[INFO] [stdout] 
[INFO] [stdout] error[E0308]: mismatched types
[INFO] [stdout]    --> /opt/rustwide/cargo-home/registry/src/index.crates.io-1949cf8c6b5b557f/lexical-core-0.4.6/src/atof/algorithm/bigcomp.rs:261:40
[INFO] [stdout]     |
[INFO] [stdout] 261 |         let (q, r) = shift.ceil_divmod(Limb::BITS);
[INFO] [stdout]     |                            ----------- ^^^^^^^^^^ expected `usize`, found `u32`
[INFO] [stdout]     |                            |
[INFO] [stdout]     |                            arguments to this method are incorrect
[INFO] [stdout]     |
[INFO] [stdout] help: the return type of this call is `u32` due to the type of the argument passed
[INFO] [stdout]    --> /opt/rustwide/cargo-home/registry/src/index.crates.io-1949cf8c6b5b557f/lexical-core-0.4.6/src/atof/algorithm/bigcomp.rs:261:22
[INFO] [stdout]     |
[INFO] [stdout] 261 |         let (q, r) = shift.ceil_divmod(Limb::BITS);
[INFO] [stdout]     |                      ^^^^^^^^^^^^^^^^^^----------^
[INFO] [stdout]     |                                        |
[INFO] [stdout]     |                                        this argument influences the return type of `ceil_divmod`
[INFO] [stdout] note: method defined here
[INFO] [stdout]    --> /opt/rustwide/cargo-home/registry/src/index.crates.io-1949cf8c6b5b557f/lexical-core-0.4.6/src/util/num.rs:181:8
[INFO] [stdout]     |
[INFO] [stdout] 181 |     fn ceil_divmod(self, y: Self) -> (Self, i32) {
[INFO] [stdout]     |        ^^^^^^^^^^^       -------
[INFO] [stdout] help: you can convert a `u32` to a `usize` and panic if the converted value doesn't fit
[INFO] [stdout]     |
[INFO] [stdout] 261 |         let (q, r) = shift.ceil_divmod(Limb::BITS.try_into().unwrap());
[INFO] [stdout]     |                                                  ++++++++++++++++++++
[INFO] [stdout] 
[INFO] [stdout] 
[INFO] [stderr]    Compiling rustc-demangle v0.1.16
[INFO] [stdout] error[E0308]: mismatched types
[INFO] [stdout]   --> /opt/rustwide/cargo-home/registry/src/index.crates.io-1949cf8c6b5b557f/lexical-core-0.4.6/src/atof/algorithm/bigint.rs:85:24
[INFO] [stdout]    |
[INFO] [stdout] 85 |     let bytes = bits / Limb::BITS;
[INFO] [stdout]    |                        ^^^^^^^^^^ expected `usize`, found `u32`
[INFO] [stdout] 
[INFO] [stdout] 
[INFO] [stdout] error[E0277]: cannot divide `usize` by `u32`
[INFO] [stdout]   --> /opt/rustwide/cargo-home/registry/src/index.crates.io-1949cf8c6b5b557f/lexical-core-0.4.6/src/atof/algorithm/bigint.rs:85:22
[INFO] [stdout]    |
[INFO] [stdout] 85 |     let bytes = bits / Limb::BITS;
[INFO] [stdout]    |                      ^ no implementation for `usize / u32`
[INFO] [stdout]    |
[INFO] [stdout]    = help: the trait `Div<u32>` is not implemented for `usize`
[INFO] [stdout]    = help: the following other types implement trait `Div<Rhs>`:
[INFO] [stdout]              `&usize` implements `Div<usize>`
[INFO] [stdout]              `&usize` implements `Div`
[INFO] [stdout]              `usize` implements `Div<&usize>`
[INFO] [stdout]              `usize` implements `Div<NonZero<usize>>`
[INFO] [stdout]              `usize` implements `Div`
[INFO] [stdout] 
[INFO] [stdout] 
[INFO] [stderr]    Compiling deunicode v0.4.3
[INFO] [stdout] error[E0308]: mismatched types
[INFO] [stdout]     --> /opt/rustwide/cargo-home/registry/src/index.crates.io-1949cf8c6b5b557f/lexical-core-0.4.6/src/atof/algorithm/math.rs:1045:42
[INFO] [stdout]      |
[INFO] [stdout] 1045 |     let mut count = index.saturating_mul(Limb::BITS);
[INFO] [stdout]      |                           -------------- ^^^^^^^^^^ expected `usize`, found `u32`
[INFO] [stdout]      |                           |
[INFO] [stdout]      |                           arguments to this method are incorrect
[INFO] [stdout]      |
[INFO] [stdout] note: method defined here
[INFO] [stdout]     --> /rustc/dfb0accb7f508ae8be965d8629557221c889dd98/library/core/src/num/uint_macros.rs:2584:21
[INFO] [stdout]     --> /rustc/dfb0accb7f508ae8be965d8629557221c889dd98/library/core/src/num/mod.rs:1452:4
[INFO] [stdout]     ::: /rustc/dfb0accb7f508ae8be965d8629557221c889dd98/library/core/src/num/mod.rs:1476:5
[INFO] [stdout]      |
[INFO] [stdout]      = note: in this macro invocation
[INFO] [stdout]      = note: this error originates in the macro `uint_impl` (in Nightly builds, run with -Z macro-backtrace for more info)
[INFO] [stdout] help: you can convert a `u32` to a `usize` and panic if the converted value doesn't fit
[INFO] [stdout]      |
[INFO] [stdout] 1045 |     let mut count = index.saturating_mul(Limb::BITS.try_into().unwrap());
[INFO] [stdout]      |                                                    ++++++++++++++++++++
[INFO] [stdout] 
[INFO] [stdout] 
[INFO] [stdout] error[E0308]: mismatched types
[INFO] [stdout]     --> /opt/rustwide/cargo-home/registry/src/index.crates.io-1949cf8c6b5b557f/lexical-core-0.4.6/src/atof/algorithm/math.rs:1060:28
[INFO] [stdout]      |
[INFO] [stdout] 1060 |     Limb::BITS.checked_mul(x.len())
[INFO] [stdout]      |                ----------- ^^^^^^^ expected `u32`, found `usize`
[INFO] [stdout]      |                |
[INFO] [stdout]      |                arguments to this method are incorrect
[INFO] [stdout]      |
[INFO] [stdout] note: method defined here
[INFO] [stdout]     --> /rustc/dfb0accb7f508ae8be965d8629557221c889dd98/library/core/src/num/uint_macros.rs:1329:21
[INFO] [stdout]     --> /rustc/dfb0accb7f508ae8be965d8629557221c889dd98/library/core/src/num/mod.rs:1290:4
[INFO] [stdout]     ::: /rustc/dfb0accb7f508ae8be965d8629557221c889dd98/library/core/src/num/mod.rs:1314:5
[INFO] [stdout]      |
[INFO] [stdout]      = note: in this macro invocation
[INFO] [stdout]      = note: this error originates in the macro `uint_impl` (in Nightly builds, run with -Z macro-backtrace for more info)
[INFO] [stdout] help: you can convert a `usize` to a `u32` and panic if the converted value doesn't fit
[INFO] [stdout]      |
[INFO] [stdout] 1060 |     Limb::BITS.checked_mul(x.len().try_into().unwrap())
[INFO] [stdout]      |                                   ++++++++++++++++++++
[INFO] [stdout] 
[INFO] [stdout] 
[INFO] [stdout] error[E0308]: mismatched types
[INFO] [stdout]     --> /opt/rustwide/cargo-home/registry/src/index.crates.io-1949cf8c6b5b557f/lexical-core-0.4.6/src/atof/algorithm/math.rs:1061:22
[INFO] [stdout]      |
[INFO] [stdout] 1061 |         .map(|v| v - nlz)
[INFO] [stdout]      |                      ^^^ expected `u32`, found `usize`
[INFO] [stdout] 
[INFO] [stdout] 
[INFO] [stdout] error[E0277]: cannot subtract `usize` from `u32`
[INFO] [stdout]     --> /opt/rustwide/cargo-home/registry/src/index.crates.io-1949cf8c6b5b557f/lexical-core-0.4.6/src/atof/algorithm/math.rs:1061:20
[INFO] [stdout]      |
[INFO] [stdout] 1061 |         .map(|v| v - nlz)
[INFO] [stdout]      |                    ^ no implementation for `u32 - usize`
[INFO] [stdout]      |
[INFO] [stdout]      = help: the trait `Sub<usize>` is not implemented for `u32`
[INFO] [stdout] help: the following other types implement trait `Sub<Rhs>`
[INFO] [stdout]     --> /rustc/dfb0accb7f508ae8be965d8629557221c889dd98/library/core/src/ops/arith.rs:210:8
[INFO] [stdout]      |
[INFO] [stdout]      = note: `u32` implements `Sub`
[INFO] [stdout]     ::: /rustc/dfb0accb7f508ae8be965d8629557221c889dd98/library/core/src/ops/arith.rs:225:0
[INFO] [stdout]      |
[INFO] [stdout]      = note: in this macro invocation
[INFO] [stdout]     --> /rustc/dfb0accb7f508ae8be965d8629557221c889dd98/library/core/src/internal_macros.rs:22:8
[INFO] [stdout]      |
[INFO] [stdout]      = note: `&u32` implements `Sub<u32>`
[INFO] [stdout]     ::: /rustc/dfb0accb7f508ae8be965d8629557221c889dd98/library/core/src/internal_macros.rs:33:8
[INFO] [stdout]      |
[INFO] [stdout]      = note: `u32` implements `Sub<&u32>`
[INFO] [stdout]     ::: /rustc/dfb0accb7f508ae8be965d8629557221c889dd98/library/core/src/internal_macros.rs:44:8
[INFO] [stdout]      |
[INFO] [stdout]      = note: `&u32` implements `Sub`
[INFO] [stdout]      = note: this error originates in the macro `sub_impl` (in Nightly builds, run with -Z macro-backtrace for more info)
[INFO] [stdout] 
[INFO] [stdout] 
[INFO] [stdout] error[E0308]: mismatched types
[INFO] [stdout]     --> /opt/rustwide/cargo-home/registry/src/index.crates.io-1949cf8c6b5b557f/lexical-core-0.4.6/src/atof/algorithm/math.rs:1062:20
[INFO] [stdout]      |
[INFO] [stdout] 1056 | pub fn bit_length(x: &[Limb]) -> usize {
[INFO] [stdout]      |                                  ----- this return type influences the call expression's return type
[INFO] [stdout] ...
[INFO] [stdout] 1062 |         .unwrap_or(usize::max_value())
[INFO] [stdout]      |          --------- ^^^^^^^^^^^^^^^^^^ expected `u32`, found `usize`
[INFO] [stdout]      |          |
[INFO] [stdout]      |          arguments to this method are incorrect
[INFO] [stdout]      |
[INFO] [stdout] help: the return type of this call is `usize` due to the type of the argument passed
[INFO] [stdout]     --> /opt/rustwide/cargo-home/registry/src/index.crates.io-1949cf8c6b5b557f/lexical-core-0.4.6/src/atof/algorithm/math.rs:1060:5
[INFO] [stdout]      |
[INFO] [stdout] 1060 | /     Limb::BITS.checked_mul(x.len())
[INFO] [stdout] 1061 | |         .map(|v| v - nlz)
[INFO] [stdout] 1062 | |         .unwrap_or(usize::max_value())
[INFO] [stdout]      | |____________________------------------^
[INFO] [stdout]      |                      |
[INFO] [stdout]      |                      this argument influences the return type of `unwrap_or`
[INFO] [stdout] note: method defined here
[INFO] [stdout]     --> /rustc/dfb0accb7f508ae8be965d8629557221c889dd98/library/core/src/option.rs:1036:17
[INFO] [stdout] help: you can convert a `usize` to a `u32` and panic if the converted value doesn't fit
[INFO] [stdout]      |
[INFO] [stdout] 1062 |         .unwrap_or(usize::max_value().try_into().unwrap())
[INFO] [stdout]      |                                      ++++++++++++++++++++
[INFO] [stdout] 
[INFO] [stdout] 
[INFO] [stdout] error[E0308]: mismatched types
[INFO] [stdout]     --> /opt/rustwide/cargo-home/registry/src/index.crates.io-1949cf8c6b5b557f/lexical-core-0.4.6/src/atof/algorithm/math.rs:1060:5
[INFO] [stdout]      |
[INFO] [stdout] 1056 |   pub fn bit_length(x: &[Limb]) -> usize {
[INFO] [stdout]      |                                    ----- expected `usize` because of return type
[INFO] [stdout] ...
[INFO] [stdout] 1060 | /     Limb::BITS.checked_mul(x.len())
[INFO] [stdout] 1061 | |         .map(|v| v - nlz)
[INFO] [stdout] 1062 | |         .unwrap_or(usize::max_value())
[INFO] [stdout]      | |______________________________________^ expected `usize`, found `u32`
[INFO] [stdout]      |
[INFO] [stdout] help: you can convert a `u32` to a `usize` and panic if the converted value doesn't fit
[INFO] [stdout]      |
[INFO] [stdout] 1062 |         .unwrap_or(usize::max_value()).try_into().unwrap()
[INFO] [stdout]      |                                       ++++++++++++++++++++
[INFO] [stdout] 
[INFO] [stdout] 
[INFO] [stdout] error[E0308]: mismatched types
[INFO] [stdout]     --> /opt/rustwide/cargo-home/registry/src/index.crates.io-1949cf8c6b5b557f/lexical-core-0.4.6/src/atof/algorithm/math.rs:1087:23
[INFO] [stdout]      |
[INFO] [stdout] 1087 |     debug_assert!(n < bits && n != 0);
[INFO] [stdout]      |                   -   ^^^^ expected `usize`, found `u32`
[INFO] [stdout]      |                   |
[INFO] [stdout]      |                   expected because this is `usize`
[INFO] [stdout]      |
[INFO] [stdout] help: you can convert a `u32` to a `usize` and panic if the converted value doesn't fit
[INFO] [stdout]      |
[INFO] [stdout] 1087 |     debug_assert!(n < bits.try_into().unwrap() && n != 0);
[INFO] [stdout]      |                           ++++++++++++++++++++
[INFO] [stdout] 
[INFO] [stdout] 
[INFO] [stdout] error[E0308]: mismatched types
[INFO] [stdout]     --> /opt/rustwide/cargo-home/registry/src/index.crates.io-1949cf8c6b5b557f/lexical-core-0.4.6/src/atof/algorithm/math.rs:1094:25
[INFO] [stdout]      |
[INFO] [stdout] 1094 |     let lshift = bits - n;
[INFO] [stdout]      |                         ^ expected `u32`, found `usize`
[INFO] [stdout] 
[INFO] [stdout] 
[INFO] [stdout] error[E0277]: cannot subtract `usize` from `u32`
[INFO] [stdout]     --> /opt/rustwide/cargo-home/registry/src/index.crates.io-1949cf8c6b5b557f/lexical-core-0.4.6/src/atof/algorithm/math.rs:1094:23
[INFO] [stdout]      |
[INFO] [stdout] 1094 |     let lshift = bits - n;
[INFO] [stdout]      |                       ^ no implementation for `u32 - usize`
[INFO] [stdout]      |
[INFO] [stdout]      = help: the trait `Sub<usize>` is not implemented for `u32`
[INFO] [stdout] help: the following other types implement trait `Sub<Rhs>`
[INFO] [stdout]     --> /rustc/dfb0accb7f508ae8be965d8629557221c889dd98/library/core/src/ops/arith.rs:210:8
[INFO] [stdout]      |
[INFO] [stdout]      = note: `u32` implements `Sub`
[INFO] [stdout]     ::: /rustc/dfb0accb7f508ae8be965d8629557221c889dd98/library/core/src/ops/arith.rs:225:0
[INFO] [stdout]      |
[INFO] [stdout]      = note: in this macro invocation
[INFO] [stdout]     --> /rustc/dfb0accb7f508ae8be965d8629557221c889dd98/library/core/src/internal_macros.rs:22:8
[INFO] [stdout]      |
[INFO] [stdout]      = note: `&u32` implements `Sub<u32>`
[INFO] [stdout]     ::: /rustc/dfb0accb7f508ae8be965d8629557221c889dd98/library/core/src/internal_macros.rs:33:8
[INFO] [stdout]      |
[INFO] [stdout]      = note: `u32` implements `Sub<&u32>`
[INFO] [stdout]     ::: /rustc/dfb0accb7f508ae8be965d8629557221c889dd98/library/core/src/internal_macros.rs:44:8
[INFO] [stdout]      |
[INFO] [stdout]      = note: `&u32` implements `Sub`
[INFO] [stdout]      = note: this error originates in the macro `sub_impl` (in Nightly builds, run with -Z macro-backtrace for more info)
[INFO] [stdout] 
[INFO] [stdout] 
[INFO] [stdout] error[E0308]: mismatched types
[INFO] [stdout]     --> /opt/rustwide/cargo-home/registry/src/index.crates.io-1949cf8c6b5b557f/lexical-core-0.4.6/src/atof/algorithm/math.rs:1135:19
[INFO] [stdout]      |
[INFO] [stdout] 1135 |     let rem = n % bits;
[INFO] [stdout]      |                   ^^^^ expected `usize`, found `u32`
[INFO] [stdout] 
[INFO] [stdout] 
[INFO] [stdout] error[E0277]: cannot calculate the remainder of `usize` divided by `u32`
[INFO] [stdout]     --> /opt/rustwide/cargo-home/registry/src/index.crates.io-1949cf8c6b5b557f/lexical-core-0.4.6/src/atof/algorithm/math.rs:1135:17
[INFO] [stdout]      |
[INFO] [stdout] 1135 |     let rem = n % bits;
[INFO] [stdout]      |                 ^ no implementation for `usize % u32`
[INFO] [stdout]      |
[INFO] [stdout]      = help: the trait `Rem<u32>` is not implemented for `usize`
[INFO] [stdout]      = help: the following other types implement trait `Rem<Rhs>`:
[INFO] [stdout]                `&usize` implements `Rem<usize>`
[INFO] [stdout]                `&usize` implements `Rem`
[INFO] [stdout]                `usize` implements `Rem<&usize>`
[INFO] [stdout]                `usize` implements `Rem<NonZero<usize>>`
[INFO] [stdout]                `usize` implements `Rem`
[INFO] [stdout] 
[INFO] [stdout] 
[INFO] [stdout] error[E0308]: mismatched types
[INFO] [stdout]     --> /opt/rustwide/cargo-home/registry/src/index.crates.io-1949cf8c6b5b557f/lexical-core-0.4.6/src/atof/algorithm/math.rs:1136:19
[INFO] [stdout]      |
[INFO] [stdout] 1136 |     let div = n / bits;
[INFO] [stdout]      |                   ^^^^ expected `usize`, found `u32`
[INFO] [stdout] 
[INFO] [stdout] 
[INFO] [stdout] error[E0277]: cannot divide `usize` by `u32`
[INFO] [stdout]     --> /opt/rustwide/cargo-home/registry/src/index.crates.io-1949cf8c6b5b557f/lexical-core-0.4.6/src/atof/algorithm/math.rs:1136:17
[INFO] [stdout]      |
[INFO] [stdout] 1136 |     let div = n / bits;
[INFO] [stdout]      |                 ^ no implementation for `usize / u32`
[INFO] [stdout]      |
[INFO] [stdout]      = help: the trait `Div<u32>` is not implemented for `usize`
[INFO] [stdout]      = help: the following other types implement trait `Div<Rhs>`:
[INFO] [stdout]                `&usize` implements `Div<usize>`
[INFO] [stdout]                `&usize` implements `Div`
[INFO] [stdout]                `usize` implements `Div<&usize>`
[INFO] [stdout]                `usize` implements `Div<NonZero<usize>>`
[INFO] [stdout]                `usize` implements `Div`
[INFO] [stdout] 
[INFO] [stdout] 
[INFO] [stdout] error[E0308]: mismatched types
[INFO] [stdout]     --> /opt/rustwide/cargo-home/registry/src/index.crates.io-1949cf8c6b5b557f/lexical-core-0.4.6/src/atof/algorithm/math.rs:1192:23
[INFO] [stdout]      |
[INFO] [stdout] 1192 |     debug_assert!(n < bits);
[INFO] [stdout]      |                   -   ^^^^ expected `usize`, found `u32`
[INFO] [stdout]      |                   |
[INFO] [stdout]      |                   expected because this is `usize`
[INFO] [stdout]      |
[INFO] [stdout] help: you can convert a `u32` to a `usize` and panic if the converted value doesn't fit
[INFO] [stdout]      |
[INFO] [stdout] 1192 |     debug_assert!(n < bits.try_into().unwrap());
[INFO] [stdout]      |                           ++++++++++++++++++++
[INFO] [stdout] 
[INFO] [stdout] 
[INFO] [stdout] error[E0308]: mismatched types
[INFO] [stdout]     --> /opt/rustwide/cargo-home/registry/src/index.crates.io-1949cf8c6b5b557f/lexical-core-0.4.6/src/atof/algorithm/math.rs:1202:25
[INFO] [stdout]      |
[INFO] [stdout] 1202 |     let rshift = bits - n;
[INFO] [stdout]      |                         ^ expected `u32`, found `usize`
[INFO] [stdout] 
[INFO] [stdout] 
[INFO] [stdout] error[E0277]: cannot subtract `usize` from `u32`
[INFO] [stdout]     --> /opt/rustwide/cargo-home/registry/src/index.crates.io-1949cf8c6b5b557f/lexical-core-0.4.6/src/atof/algorithm/math.rs:1202:23
[INFO] [stdout]      |
[INFO] [stdout] 1202 |     let rshift = bits - n;
[INFO] [stdout]      |                       ^ no implementation for `u32 - usize`
[INFO] [stdout]      |
[INFO] [stdout]      = help: the trait `Sub<usize>` is not implemented for `u32`
[INFO] [stdout] help: the following other types implement trait `Sub<Rhs>`
[INFO] [stdout]     --> /rustc/dfb0accb7f508ae8be965d8629557221c889dd98/library/core/src/ops/arith.rs:210:8
[INFO] [stdout]      |
[INFO] [stdout]      = note: `u32` implements `Sub`
[INFO] [stdout]     ::: /rustc/dfb0accb7f508ae8be965d8629557221c889dd98/library/core/src/ops/arith.rs:225:0
[INFO] [stdout]      |
[INFO] [stdout]      = note: in this macro invocation
[INFO] [stdout]     --> /rustc/dfb0accb7f508ae8be965d8629557221c889dd98/library/core/src/internal_macros.rs:22:8
[INFO] [stdout]      |
[INFO] [stdout]      = note: `&u32` implements `Sub<u32>`
[INFO] [stdout]     ::: /rustc/dfb0accb7f508ae8be965d8629557221c889dd98/library/core/src/internal_macros.rs:33:8
[INFO] [stdout]      |
[INFO] [stdout]      = note: `u32` implements `Sub<&u32>`
[INFO] [stdout]     ::: /rustc/dfb0accb7f508ae8be965d8629557221c889dd98/library/core/src/internal_macros.rs:44:8
[INFO] [stdout]      |
[INFO] [stdout]      = note: `&u32` implements `Sub`
[INFO] [stdout]      = note: this error originates in the macro `sub_impl` (in Nightly builds, run with -Z macro-backtrace for more info)
[INFO] [stdout] 
[INFO] [stdout] 
[INFO] [stdout] error[E0308]: mismatched types
[INFO] [stdout]     --> /opt/rustwide/cargo-home/registry/src/index.crates.io-1949cf8c6b5b557f/lexical-core-0.4.6/src/atof/algorithm/math.rs:1254:19
[INFO] [stdout]      |
[INFO] [stdout] 1254 |     let rem = n % bits;
[INFO] [stdout]      |                   ^^^^ expected `usize`, found `u32`
[INFO] [stdout] 
[INFO] [stdout] 
[INFO] [stdout] error[E0277]: cannot calculate the remainder of `usize` divided by `u32`
[INFO] [stdout]     --> /opt/rustwide/cargo-home/registry/src/index.crates.io-1949cf8c6b5b557f/lexical-core-0.4.6/src/atof/algorithm/math.rs:1254:17
[INFO] [stdout]      |
[INFO] [stdout] 1254 |     let rem = n % bits;
[INFO] [stdout]      |                 ^ no implementation for `usize % u32`
[INFO] [stdout]      |
[INFO] [stdout]      = help: the trait `Rem<u32>` is not implemented for `usize`
[INFO] [stdout]      = help: the following other types implement trait `Rem<Rhs>`:
[INFO] [stdout]                `&usize` implements `Rem<usize>`
[INFO] [stdout]                `&usize` implements `Rem`
[INFO] [stdout]                `usize` implements `Rem<&usize>`
[INFO] [stdout]                `usize` implements `Rem<NonZero<usize>>`
[INFO] [stdout]                `usize` implements `Rem`
[INFO] [stdout] 
[INFO] [stdout] 
[INFO] [stdout] error[E0308]: mismatched types
[INFO] [stdout]     --> /opt/rustwide/cargo-home/registry/src/index.crates.io-1949cf8c6b5b557f/lexical-core-0.4.6/src/atof/algorithm/math.rs:1255:19
[INFO] [stdout]      |
[INFO] [stdout] 1255 |     let div = n / bits;
[INFO] [stdout]      |                   ^^^^ expected `usize`, found `u32`
[INFO] [stdout] 
[INFO] [stdout] 
[INFO] [stdout] error[E0277]: cannot divide `usize` by `u32`
[INFO] [stdout]     --> /opt/rustwide/cargo-home/registry/src/index.crates.io-1949cf8c6b5b557f/lexical-core-0.4.6/src/atof/algorithm/math.rs:1255:17
[INFO] [stdout]      |
[INFO] [stdout] 1255 |     let div = n / bits;
[INFO] [stdout]      |                 ^ no implementation for `usize / u32`
[INFO] [stdout]      |
[INFO] [stdout]      = help: the trait `Div<u32>` is not implemented for `usize`
[INFO] [stdout]      = help: the following other types implement trait `Div<Rhs>`:
[INFO] [stdout]                `&usize` implements `Div<usize>`
[INFO] [stdout]                `&usize` implements `Div`
[INFO] [stdout]                `usize` implements `Div<&usize>`
[INFO] [stdout]                `usize` implements `Div<NonZero<usize>>`
[INFO] [stdout]                `usize` implements `Div`
[INFO] [stdout] 
[INFO] [stdout] 
[INFO] [stdout] error[E0308]: mismatched types
[INFO] [stdout]     --> /opt/rustwide/cargo-home/registry/src/index.crates.io-1949cf8c6b5b557f/lexical-core-0.4.6/src/atof/algorithm/math.rs:2066:27
[INFO] [stdout]      |
[INFO] [stdout] 2066 |     let rs = Limb::BITS - s;
[INFO] [stdout]      |                           ^ expected `u32`, found `usize`
[INFO] [stdout] 
[INFO] [stdout] 
[INFO] [stdout] error[E0277]: cannot subtract `usize` from `u32`
[INFO] [stdout]     --> /opt/rustwide/cargo-home/registry/src/index.crates.io-1949cf8c6b5b557f/lexical-core-0.4.6/src/atof/algorithm/math.rs:2066:25
[INFO] [stdout]      |
[INFO] [stdout] 2066 |     let rs = Limb::BITS - s;
[INFO] [stdout]      |                         ^ no implementation for `u32 - usize`
[INFO] [stdout]      |
[INFO] [stdout]      = help: the trait `Sub<usize>` is not implemented for `u32`
[INFO] [stdout] help: the following other types implement trait `Sub<Rhs>`
[INFO] [stdout]     --> /rustc/dfb0accb7f508ae8be965d8629557221c889dd98/library/core/src/ops/arith.rs:210:8
[INFO] [stdout]      |
[INFO] [stdout]      = note: `u32` implements `Sub`
[INFO] [stdout]     ::: /rustc/dfb0accb7f508ae8be965d8629557221c889dd98/library/core/src/ops/arith.rs:225:0
[INFO] [stdout]      |
[INFO] [stdout]      = note: in this macro invocation
[INFO] [stdout]     --> /rustc/dfb0accb7f508ae8be965d8629557221c889dd98/library/core/src/internal_macros.rs:22:8
[INFO] [stdout]      |
[INFO] [stdout]      = note: `&u32` implements `Sub<u32>`
[INFO] [stdout]     ::: /rustc/dfb0accb7f508ae8be965d8629557221c889dd98/library/core/src/internal_macros.rs:33:8
[INFO] [stdout]      |
[INFO] [stdout]      = note: `u32` implements `Sub<&u32>`
[INFO] [stdout]     ::: /rustc/dfb0accb7f508ae8be965d8629557221c889dd98/library/core/src/internal_macros.rs:44:8
[INFO] [stdout]      |
[INFO] [stdout]      = note: `&u32` implements `Sub`
[INFO] [stdout]      = note: this error originates in the macro `sub_impl` (in Nightly builds, run with -Z macro-backtrace for more info)
[INFO] [stdout] 
[INFO] [stdout] 
[INFO] [stderr]    Compiling siphasher v0.2.3
[INFO] [stdout] Some errors have detailed explanations: E0277, E0308.
[INFO] [stdout] 
[INFO] [stdout] For more information about an error, try `rustc --explain E0277`.
[INFO] [stdout] 
[INFO] [stderr] error: could not compile `lexical-core` (lib) due to 27 previous errors
[INFO] [stderr] warning: build failed, waiting for other jobs to finish...
[INFO] running `Command { std: "docker" "inspect" "5524295cb29eff6579fe5cfcdf5653446dd81e5fefc62ba5e917525ae8f62057", kill_on_drop: false }`
[INFO] running `Command { std: "docker" "rm" "-f" "5524295cb29eff6579fe5cfcdf5653446dd81e5fefc62ba5e917525ae8f62057", kill_on_drop: false }`
[INFO] [stdout] 5524295cb29eff6579fe5cfcdf5653446dd81e5fefc62ba5e917525ae8f62057
