[INFO] fetching crate google-deploymentmanager2_beta1 0.1.8+20150415...
[INFO] testing google-deploymentmanager2_beta1-0.1.8+20150415 against 1.99.0-beta.8+cargoflags=--release for beta-release-1.100-2
[INFO] extracting crate google-deploymentmanager2_beta1 0.1.8+20150415 into /workspace/builds/worker-6-tc1/source
[INFO] started tweaking crates.io crate google-deploymentmanager2_beta1 0.1.8+20150415
[INFO] finished tweaking crates.io crate google-deploymentmanager2_beta1 0.1.8+20150415
[INFO] tweaked toml for crates.io crate google-deploymentmanager2_beta1 0.1.8+20150415 written to /workspace/builds/worker-6-tc1/source/Cargo.toml
[INFO] validating manifest of crates.io crate google-deploymentmanager2_beta1 0.1.8+20150415 on toolchain 1.99.0-beta.8
[INFO] running `Command { std: CARGO_HOME="/workspace/cargo-home" RUSTUP_HOME="/workspace/rustup-home" "/workspace/cargo-home/bin/cargo" "+1.99.0-beta.8" "metadata" "--manifest-path" "Cargo.toml" "--no-deps", kill_on_drop: false }`
[INFO] running `Command { std: CARGO_HOME="/workspace/cargo-home" RUSTUP_HOME="/workspace/rustup-home" "/workspace/cargo-home/bin/cargo" "+1.99.0-beta.8" "generate-lockfile" "--manifest-path" "Cargo.toml", kill_on_drop: false }`
[INFO] [stderr]     Updating crates.io index
[INFO] [stderr]      Locking 144 packages to highest compatible versions
[INFO] [stderr]       Adding mime v0.0.11 (available: v0.3.17)
[INFO] [stderr]       Adding serde_codegen v0.8.14 (available: v0.8.23)
[INFO] running `Command { std: CARGO_HOME="/workspace/cargo-home" RUSTUP_HOME="/workspace/rustup-home" "/workspace/cargo-home/bin/cargo" "+1.99.0-beta.8" "fetch" "--manifest-path" "Cargo.toml", kill_on_drop: false }`
[INFO] [stderr] warning: Cargo.toml: `package.edition` is unspecified, defaulting to `2015` while the latest is `2024`
[INFO] [stderr] warning: `google-deploymentmanager2_beta1` (manifest) generated 1 warning
[INFO] [stderr]  Downloading crates ...
[INFO] [stderr]   Downloaded yup-oauth2 v12.1.2
[INFO] [stderr]   Downloaded rustls-native-certs v0.8.5
[INFO] [stderr]   Downloaded syntex_pos v0.58.1
[INFO] [stderr]   Downloaded syntex v0.58.1
[INFO] [stderr]   Downloaded mime v0.0.11
[INFO] [stderr]   Downloaded unicode-xid v0.0.3
[INFO] [stderr]   Downloaded bitflags v0.7.0
[INFO] [stderr]   Downloaded serde_codegen v0.8.14
[INFO] [stderr]   Downloaded bitflags v0.8.2
[INFO] [stderr]   Downloaded serde_codegen_internals v0.10.0
[INFO] [stderr]   Downloaded syntex_pos v0.45.0
[INFO] [stderr]   Downloaded syntex v0.45.1
[INFO] [stderr]   Downloaded syntex_errors v0.45.0
[INFO] [stderr]   Downloaded syntex_errors v0.58.1
[INFO] [stderr]   Downloaded term v0.4.6
[INFO] [stderr]   Downloaded syn v0.9.2
[INFO] [stderr]   Downloaded syntex_syntax v0.58.1
[INFO] [stderr]   Downloaded syntex_syntax v0.45.1
[INFO] running `Command { std: "docker" "create" "-v" "/var/lib/crater-agent-workspace/builds/worker-6-tc1/source:/opt/rustwide/workdir:ro,Z" "-v" "/var/lib/crater-agent-workspace/builds/worker-6-tc1/target:/opt/rustwide/target:rw,Z" "-v" "/var/lib/crater-agent-workspace/cargo-home:/opt/rustwide/cargo-home:ro,Z" "-v" "/var/lib/crater-agent-workspace/rustup-home:/opt/rustwide/rustup-home:ro,Z" "-m" "1610612736" "--network" "none" "ghcr.io/rust-lang/crates-build-env/linux@sha256:77db811e55d90add9212f6832c23229e3de5f1c1f9905e8cb07319ea15df73ac" "sleep" "infinity", kill_on_drop: false }`
[INFO] [stdout] 08d6f65661690c4f5ec15593b933aa37ff9eede3674c4839faa18e81a90f329a
[INFO] running `Command { std: "docker" "start" "08d6f65661690c4f5ec15593b933aa37ff9eede3674c4839faa18e81a90f329a", kill_on_drop: false }`
[INFO] running `Command { std: "docker" "inspect" "08d6f65661690c4f5ec15593b933aa37ff9eede3674c4839faa18e81a90f329a", kill_on_drop: false }`
[INFO] running `Command { std: "docker" "exec" "-e" "SOURCE_DIR=/opt/rustwide/workdir" "-e" "CARGO_HOME=/opt/rustwide/cargo-home" "-e" "RUSTUP_HOME=/opt/rustwide/rustup-home" "-e" "CARGO_TARGET_DIR=/opt/rustwide/target" "-w" "/opt/rustwide/workdir" "--user" "0:0" "08d6f65661690c4f5ec15593b933aa37ff9eede3674c4839faa18e81a90f329a" "/opt/rustwide/cargo-home/bin/cargo" "+1.99.0-beta.8" "metadata" "--no-deps" "--format-version=1", kill_on_drop: false }`
[INFO] running `Command { std: "docker" "inspect" "08d6f65661690c4f5ec15593b933aa37ff9eede3674c4839faa18e81a90f329a", kill_on_drop: false }`
[INFO] running `Command { std: "docker" "exec" "-e" "SOURCE_DIR=/opt/rustwide/workdir" "-e" "CARGO_HOME=/opt/rustwide/cargo-home" "-e" "RUSTUP_HOME=/opt/rustwide/rustup-home" "-e" "CARGO_TARGET_DIR=/opt/rustwide/target" "-e" "CARGO_INCREMENTAL=0" "-e" "RUST_BACKTRACE=full" "-e" "RUSTFLAGS=--cap-lints=warn" "-e" "RUSTDOCFLAGS=--cap-lints=warn" "-w" "/opt/rustwide/workdir" "--user" "0:0" "08d6f65661690c4f5ec15593b933aa37ff9eede3674c4839faa18e81a90f329a" "/opt/rustwide/cargo-home/bin/cargo" "+1.99.0-beta.8" "build" "--frozen" "--message-format=json" "--release", kill_on_drop: false }`
[INFO] [stderr] warning: Cargo.toml: `package.edition` is unspecified, defaulting to `2015` while the latest is `2024`
[INFO] [stderr] warning: `google-deploymentmanager2_beta1` (manifest) generated 1 warning
[INFO] [stderr]    Compiling synstructure v0.14.0
[INFO] [stderr]    Compiling zerovec-derive v0.11.6
[INFO] [stderr]    Compiling displaydoc v0.2.7
[INFO] [stderr]    Compiling rustc-serialize v0.3.25
[INFO] [stderr]    Compiling libc v0.2.191
[INFO] [stderr]    Compiling term v0.4.6
[INFO] [stderr]    Compiling cc v1.8.0
[INFO] [stderr]    Compiling mio v1.2.4
[INFO] [stderr]    Compiling log v0.3.9
[INFO] [stderr]    Compiling socket2 v0.6.5
[INFO] [stderr]    Compiling tokio-macros v2.7.2
[INFO] [stderr]    Compiling unicode-xid v0.0.3
[INFO] [stderr]    Compiling smallvec v1.16.3
[INFO] [stderr]    Compiling zeroize v1.9.1
[INFO] [stderr]    Compiling getrandom v0.2.17
[INFO] [stderr]    Compiling equivalent v1.0.3
[INFO] [stderr]    Compiling indexmap v2.14.2
[INFO] [stderr]    Compiling quote v0.3.15
[INFO] [stderr]    Compiling rustls-pki-types v1.15.1
[INFO] [stderr]    Compiling unicode-xid v0.0.4
[INFO] [stderr]    Compiling bitflags v0.7.0
[INFO] [stderr]    Compiling rustls v0.23.46
[INFO] [stderr]    Compiling syn v0.9.2
[INFO] [stderr]    Compiling want v0.3.2
[INFO] [stderr]    Compiling futures-channel v0.3.34
[INFO] [stderr]    Compiling bitflags v0.8.2
[INFO] [stderr]    Compiling futures-task v0.3.34
[INFO] [stderr]    Compiling deranged v0.5.9
[INFO] [stderr]    Compiling serde_derive v1.0.229
[INFO] [stderr]    Compiling futures-util v0.3.34
[INFO] [stderr]    Compiling serde_codegen_internals v0.10.0
[INFO] [stderr]    Compiling zerofrom-derive v0.1.8
[INFO] [stderr]    Compiling yoke-derive v0.8.4
[INFO] [stderr]    Compiling rustls-native-certs v0.8.5
[INFO] [stderr]    Compiling tokio v1.53.3
[INFO] [stderr]    Compiling thiserror-impl v2.0.21
[INFO] [stderr]    Compiling time-core v0.1.9
[INFO] [stderr]    Compiling powerfmt v0.2.1
[INFO] [stderr]    Compiling num_threads v0.1.8
[INFO] [stderr]    Compiling num-conv v0.2.2
[INFO] [stderr]    Compiling serde_json v1.0.154
[INFO] [stderr]    Compiling async-trait v0.1.92
[INFO] [stderr]    Compiling seahash v4.1.0
[INFO] [stderr]    Compiling mime v0.0.11
[INFO] [stderr]    Compiling ring v0.17.14
[INFO] [stderr]    Compiling time v0.3.55
[INFO] [stderr]    Compiling zerofrom v0.1.8
[INFO] [stderr]    Compiling yoke v0.8.3
[INFO] [stderr]    Compiling thiserror v2.0.21
[INFO] [stderr]    Compiling zerovec v0.11.8
[INFO] [stderr]    Compiling zerotrie v0.2.5
[INFO] [stderr]    Compiling syntex_pos v0.45.0
[INFO] [stderr]    Compiling syntex_pos v0.58.1
[INFO] [stdout] error: cannot find derive macro `RustcEncodable` in this scope
[INFO] [stdout]    --> /opt/rustwide/cargo-home/registry/src/index.crates.io-1949cf8c6b5b557f/syntex_pos-0.45.0/src/lib.rs:248:45
[INFO] [stdout]     |
[INFO] [stdout] 248 | #[derive(PartialEq, Eq, Clone, Debug, Hash, RustcEncodable, RustcDecodable, Copy)]
[INFO] [stdout]     |                                             ^^^^^^^^^^^^^^
[INFO] [stdout] 
[INFO] [stdout] 
[INFO] [stdout] error: cannot find derive macro `RustcDecodable` in this scope
[INFO] [stdout]    --> /opt/rustwide/cargo-home/registry/src/index.crates.io-1949cf8c6b5b557f/syntex_pos-0.45.0/src/lib.rs:248:61
[INFO] [stdout]     |
[INFO] [stdout] 248 | #[derive(PartialEq, Eq, Clone, Debug, Hash, RustcEncodable, RustcDecodable, Copy)]
[INFO] [stdout]     |                                                             ^^^^^^^^^^^^^^
[INFO] [stdout] 
[INFO] [stdout] 
[INFO] [stdout] error: cannot find derive macro `RustcEncodable` in this scope
[INFO] [stdout]    --> /opt/rustwide/cargo-home/registry/src/index.crates.io-1949cf8c6b5b557f/syntex_pos-0.45.0/src/lib.rs:270:23
[INFO] [stdout]     |
[INFO] [stdout] 270 | #[derive(Copy, Clone, RustcEncodable, RustcDecodable, Eq, PartialEq)]
[INFO] [stdout]     |                       ^^^^^^^^^^^^^^
[INFO] [stdout] 
[INFO] [stdout] 
[INFO] [stdout] error: cannot find derive macro `RustcDecodable` in this scope
[INFO] [stdout]    --> /opt/rustwide/cargo-home/registry/src/index.crates.io-1949cf8c6b5b557f/syntex_pos-0.45.0/src/lib.rs:270:39
[INFO] [stdout]     |
[INFO] [stdout] 270 | #[derive(Copy, Clone, RustcEncodable, RustcDecodable, Eq, PartialEq)]
[INFO] [stdout]     |                                       ^^^^^^^^^^^^^^
[INFO] [stdout] 
[INFO] [stdout] 
[INFO] [stdout] error: cannot find derive macro `RustcEncodable` in this scope
[INFO] [stdout]    --> /opt/rustwide/cargo-home/registry/src/index.crates.io-1949cf8c6b5b557f/syntex_pos-0.58.1/src/lib.rs:248:45
[INFO] [stdout]     |
[INFO] [stdout] 248 | #[derive(PartialEq, Eq, Clone, Debug, Hash, RustcEncodable, RustcDecodable, Copy, Ord, PartialOrd)]
[INFO] [stdout]     |                                             ^^^^^^^^^^^^^^
[INFO] [stdout] 
[INFO] [stdout] 
[INFO] [stdout] error: cannot find derive macro `RustcDecodable` in this scope
[INFO] [stdout]    --> /opt/rustwide/cargo-home/registry/src/index.crates.io-1949cf8c6b5b557f/syntex_pos-0.58.1/src/lib.rs:248:61
[INFO] [stdout]     |
[INFO] [stdout] 248 | #[derive(PartialEq, Eq, Clone, Debug, Hash, RustcEncodable, RustcDecodable, Copy, Ord, PartialOrd)]
[INFO] [stdout]     |                                                             ^^^^^^^^^^^^^^
[INFO] [stdout] 
[INFO] [stdout] 
[INFO] [stdout] error: cannot find derive macro `RustcEncodable` in this scope
[INFO] [stdout]    --> /opt/rustwide/cargo-home/registry/src/index.crates.io-1949cf8c6b5b557f/syntex_pos-0.58.1/src/lib.rs:270:23
[INFO] [stdout]     |
[INFO] [stdout] 270 | #[derive(Copy, Clone, RustcEncodable, RustcDecodable, Eq, PartialEq)]
[INFO] [stdout]     |                       ^^^^^^^^^^^^^^
[INFO] [stdout] 
[INFO] [stdout] 
[INFO] [stdout] error: cannot find derive macro `RustcDecodable` in this scope
[INFO] [stdout]    --> /opt/rustwide/cargo-home/registry/src/index.crates.io-1949cf8c6b5b557f/syntex_pos-0.58.1/src/lib.rs:270:39
[INFO] [stdout]     |
[INFO] [stdout] 270 | #[derive(Copy, Clone, RustcEncodable, RustcDecodable, Eq, PartialEq)]
[INFO] [stdout]     |                                       ^^^^^^^^^^^^^^
[INFO] [stdout] 
[INFO] [stdout] 
[INFO] [stdout] error[E0599]: the method `encode` exists for struct `Vec<MultiByteChar>`, but its trait bounds were not satisfied
[INFO] [stdout]    --> /opt/rustwide/cargo-home/registry/src/index.crates.io-1949cf8c6b5b557f/syntex_pos-0.45.0/src/lib.rs:352:50
[INFO] [stdout]     |
[INFO] [stdout] 271 | pub struct MultiByteChar {
[INFO] [stdout]     | ------------------------ doesn't satisfy `MultiByteChar: Encodable`
[INFO] [stdout] ...
[INFO] [stdout] 352 |                 (*self.multibyte_chars.borrow()).encode(s)
[INFO] [stdout]     |                                                  ^^^^^^ method cannot be called on `Vec<MultiByteChar>` due to unsatisfied trait bounds
[INFO] [stdout]     |
[INFO] [stdout]     = note: the following trait bounds were not satisfied:
[INFO] [stdout]             `MultiByteChar: Encodable`
[INFO] [stdout]             which is required by `Vec<MultiByteChar>: Encodable`
[INFO] [stdout]             `MultiByteChar: Encodable`
[INFO] [stdout]             which is required by `[MultiByteChar]: Encodable`
[INFO] [stdout] note: the trait `Encodable` must be implemented
[INFO] [stdout]    --> /opt/rustwide/cargo-home/registry/src/index.crates.io-1949cf8c6b5b557f/rustc-serialize-0.3.25/src/serialize.rs:851:1
[INFO] [stdout]     |
[INFO] [stdout] 851 | pub trait Encodable {
[INFO] [stdout]     | ^^^^^^^^^^^^^^^^^^^
[INFO] [stdout] 
[INFO] [stdout] 
[INFO] [stdout] error[E0277]: the trait bound `MultiByteChar: Decodable` is not satisfied
[INFO] [stdout]    --> /opt/rustwide/cargo-home/registry/src/index.crates.io-1949cf8c6b5b557f/syntex_pos-0.45.0/src/lib.rs:396:68
[INFO] [stdout]     |
[INFO] [stdout] 396 |                 try!(d.read_struct_field("multibyte_chars", 5, |d| Decodable::decode(d)));
[INFO] [stdout]     |                                                                    ^^^^^^^^^^^^^^^^^^^^ unsatisfied trait bound
[INFO] [stdout]     |
[INFO] [stdout] help: the trait `Decodable` is not implemented for `MultiByteChar`
[INFO] [stdout]    --> /opt/rustwide/cargo-home/registry/src/index.crates.io-1949cf8c6b5b557f/syntex_pos-0.45.0/src/lib.rs:271:1
[INFO] [stdout]     |
[INFO] [stdout] 271 | pub struct MultiByteChar {
[INFO] [stdout]     | ^^^^^^^^^^^^^^^^^^^^^^^^
[INFO] [stdout]     = help: the following other types implement trait `Decodable`:
[INFO] [stdout]               ()
[INFO] [stdout]               (T0, T1, T2, T3, T4, T5, T6, T7, T8, T9, T10, T11)
[INFO] [stdout]               (T1, T2, T3, T4, T5, T6, T7, T8, T9, T10, T11)
[INFO] [stdout]               (T10, T11)
[INFO] [stdout]               (T11,)
[INFO] [stdout]               (T2, T3, T4, T5, T6, T7, T8, T9, T10, T11)
[INFO] [stdout]               (T3, T4, T5, T6, T7, T8, T9, T10, T11)
[INFO] [stdout]               (T4, T5, T6, T7, T8, T9, T10, T11)
[INFO] [stdout]             and 74 others
[INFO] [stdout]     = note: required for `Vec<MultiByteChar>` to implement `Decodable`
[INFO] [stdout] 
[INFO] [stdout] 
[INFO] [stdout] error[E0599]: the method `encode` exists for struct `Vec<MultiByteChar>`, but its trait bounds were not satisfied
[INFO] [stdout]    --> /opt/rustwide/cargo-home/registry/src/index.crates.io-1949cf8c6b5b557f/syntex_pos-0.58.1/src/lib.rs:352:50
[INFO] [stdout]     |
[INFO] [stdout] 271 | pub struct MultiByteChar {
[INFO] [stdout]     | ------------------------ doesn't satisfy `MultiByteChar: Encodable`
[INFO] [stdout] ...
[INFO] [stdout] 352 |                 (*self.multibyte_chars.borrow()).encode(s)
[INFO] [stdout]     |                                                  ^^^^^^ method cannot be called on `Vec<MultiByteChar>` due to unsatisfied trait bounds
[INFO] [stdout]     |
[INFO] [stdout]     = note: the following trait bounds were not satisfied:
[INFO] [stdout]             `MultiByteChar: Encodable`
[INFO] [stdout]             which is required by `Vec<MultiByteChar>: Encodable`
[INFO] [stdout]             `MultiByteChar: Encodable`
[INFO] [stdout]             which is required by `[MultiByteChar]: Encodable`
[INFO] [stdout] note: the trait `Encodable` must be implemented
[INFO] [stdout]    --> /opt/rustwide/cargo-home/registry/src/index.crates.io-1949cf8c6b5b557f/rustc-serialize-0.3.25/src/serialize.rs:851:1
[INFO] [stdout]     |
[INFO] [stdout] 851 | pub trait Encodable {
[INFO] [stdout]     | ^^^^^^^^^^^^^^^^^^^
[INFO] [stdout] 
[INFO] [stdout] 
[INFO] [stdout] error[E0277]: the trait bound `MultiByteChar: Decodable` is not satisfied
[INFO] [stdout]    --> /opt/rustwide/cargo-home/registry/src/index.crates.io-1949cf8c6b5b557f/syntex_pos-0.58.1/src/lib.rs:396:68
[INFO] [stdout]     |
[INFO] [stdout] 396 |                 try!(d.read_struct_field("multibyte_chars", 5, |d| Decodable::decode(d)));
[INFO] [stdout]     |                                                                    ^^^^^^^^^^^^^^^^^^^^ unsatisfied trait bound
[INFO] [stdout]     |
[INFO] [stdout] help: the trait `Decodable` is not implemented for `MultiByteChar`
[INFO] [stdout]    --> /opt/rustwide/cargo-home/registry/src/index.crates.io-1949cf8c6b5b557f/syntex_pos-0.58.1/src/lib.rs:271:1
[INFO] [stdout]     |
[INFO] [stdout] 271 | pub struct MultiByteChar {
[INFO] [stdout]     | ^^^^^^^^^^^^^^^^^^^^^^^^
[INFO] [stdout]     = help: the following other types implement trait `Decodable`:
[INFO] [stdout]               ()
[INFO] [stdout]               (T0, T1, T2, T3, T4, T5, T6, T7, T8, T9, T10, T11)
[INFO] [stdout]               (T1, T2, T3, T4, T5, T6, T7, T8, T9, T10, T11)
[INFO] [stdout]               (T10, T11)
[INFO] [stdout]               (T11,)
[INFO] [stdout]               (T2, T3, T4, T5, T6, T7, T8, T9, T10, T11)
[INFO] [stdout]               (T3, T4, T5, T6, T7, T8, T9, T10, T11)
[INFO] [stdout]               (T4, T5, T6, T7, T8, T9, T10, T11)
[INFO] [stdout]             and 74 others
[INFO] [stdout]     = note: required for `Vec<MultiByteChar>` to implement `Decodable`
[INFO] [stdout] 
[INFO] [stdout] 
[INFO] [stdout] Some errors have detailed explanations: E0277, E0599.
[INFO] [stdout] 
[INFO] [stdout] For more information about an error, try `rustc --explain E0277`.
[INFO] [stdout] 
[INFO] [stderr] error: could not compile `syntex_pos` (lib) due to 6 previous errors
[INFO] [stderr] warning: build failed, waiting for other jobs to finish...
[INFO] [stdout] Some errors have detailed explanations: E0277, E0599.
[INFO] [stdout] 
[INFO] [stdout] For more information about an error, try `rustc --explain E0277`.
[INFO] [stdout] 
[INFO] [stderr] error: could not compile `syntex_pos` (lib) due to 6 previous errors
[INFO] running `Command { std: "docker" "inspect" "08d6f65661690c4f5ec15593b933aa37ff9eede3674c4839faa18e81a90f329a", kill_on_drop: false }`
[INFO] running `Command { std: "docker" "rm" "-f" "08d6f65661690c4f5ec15593b933aa37ff9eede3674c4839faa18e81a90f329a", kill_on_drop: false }`
[INFO] [stdout] 08d6f65661690c4f5ec15593b933aa37ff9eede3674c4839faa18e81a90f329a
