[INFO] fetching crate google-datastore1_beta2 0.1.13+20160314...
[INFO] testing google-datastore1_beta2-0.1.13+20160314 against 1.99.0-beta.8+cargoflags=--release for beta-release-1.100-2
[INFO] extracting crate google-datastore1_beta2 0.1.13+20160314 into /workspace/builds/worker-5-tc1/source
[INFO] started tweaking crates.io crate google-datastore1_beta2 0.1.13+20160314
[INFO] finished tweaking crates.io crate google-datastore1_beta2 0.1.13+20160314
[INFO] tweaked toml for crates.io crate google-datastore1_beta2 0.1.13+20160314 written to /workspace/builds/worker-5-tc1/source/Cargo.toml
[INFO] validating manifest of crates.io crate google-datastore1_beta2 0.1.13+20160314 on toolchain 1.99.0-beta.8
[INFO] running `Command { std: CARGO_HOME="/workspace/cargo-home" RUSTUP_HOME="/workspace/rustup-home" "/workspace/cargo-home/bin/cargo" "+1.99.0-beta.8" "metadata" "--manifest-path" "Cargo.toml" "--no-deps", kill_on_drop: false }`
[INFO] running `Command { std: CARGO_HOME="/workspace/cargo-home" RUSTUP_HOME="/workspace/rustup-home" "/workspace/cargo-home/bin/cargo" "+1.99.0-beta.8" "generate-lockfile" "--manifest-path" "Cargo.toml", kill_on_drop: false }`
[INFO] [stderr]     Updating crates.io index
[INFO] [stderr]      Locking 192 packages to highest compatible versions
[INFO] [stderr]       Adding hyper v0.8.1 (available: v1.12.0)
[INFO] [stderr]       Adding mime v0.2.6 (available: v0.3.17)
[INFO] [stderr]       Adding serde v0.6.15 (available: v1.0.229)
[INFO] [stderr]       Adding serde_codegen v0.6.13 (available: v0.6.14)
[INFO] [stderr]       Adding serde_json v0.6.1 (available: v1.0.154)
[INFO] [stderr]       Adding syntex v0.28.0 (available: v0.58.1)
[INFO] [stderr]       Adding wasi v0.10.0+wasi-snapshot-preview1 (available: v0.10.2+wasi-snapshot-preview1)
[INFO] running `Command { std: CARGO_HOME="/workspace/cargo-home" RUSTUP_HOME="/workspace/rustup-home" "/workspace/cargo-home/bin/cargo" "+1.99.0-beta.8" "fetch" "--manifest-path" "Cargo.toml", kill_on_drop: false }`
[INFO] [stderr] warning: Cargo.toml: `package.edition` is unspecified, defaulting to `2015` while the latest is `2024`
[INFO] [stderr] warning: `google-datastore1_beta2` (manifest) generated 1 warning
[INFO] [stderr]  Downloading crates ...
[INFO] [stderr]   Downloaded yup-oauth2 v12.1.2
[INFO] [stderr]   Downloaded syntex v0.28.0
[INFO] [stderr]   Downloaded unicode-xid v0.0.3
[INFO] [stderr]   Downloaded num_threads v0.1.8
[INFO] [stderr]   Downloaded uuid v0.2.3
[INFO] [stderr]   Downloaded traitobject v0.0.1
[INFO] [stderr]   Downloaded serde_codegen v0.6.13
[INFO] [stderr]   Downloaded unicase v1.4.2
[INFO] [stderr]   Downloaded serde_json v0.6.1
[INFO] [stderr]   Downloaded mime v0.2.6
[INFO] [stderr]   Downloaded pnacl-build-helper v1.4.11
[INFO] [stderr]   Downloaded same-file v0.1.3
[INFO] [stderr]   Downloaded num_cpus v0.2.13
[INFO] [stderr]   Downloaded quasi v0.6.0
[INFO] [stderr]   Downloaded cookie v0.2.5
[INFO] [stderr]   Downloaded user32-sys v0.2.0
[INFO] [stderr]   Downloaded openssl-sys-extras v0.7.14
[INFO] [stderr]   Downloaded gdi32-sys v0.2.0
[INFO] [stderr]   Downloaded quasi_codegen v0.6.0
[INFO] [stderr]   Downloaded typeable v0.1.2
[INFO] [stderr]   Downloaded openssl-sys v0.7.17
[INFO] [stderr]   Downloaded rand v0.3.23
[INFO] [stderr]   Downloaded bitflags v0.3.3
[INFO] [stderr]   Downloaded num-rational v0.1.43
[INFO] [stderr]   Downloaded term v0.2.14
[INFO] [stderr]   Downloaded log v0.3.9
[INFO] [stderr]   Downloaded serde v0.6.15
[INFO] [stderr]   Downloaded num-complex v0.1.44
[INFO] [stderr]   Downloaded unicode-bidi v0.2.6
[INFO] [stderr]   Downloaded hpack v0.2.0
[INFO] [stderr]   Downloaded walkdir v1.0.7
[INFO] [stderr]   Downloaded gcc v0.3.55
[INFO] [stderr]   Downloaded solicit v0.4.4
[INFO] [stderr]   Downloaded openssl v0.7.14
[INFO] [stderr]   Downloaded num-bigint v0.1.45
[INFO] [stderr]   Downloaded hyper v0.8.1
[INFO] [stderr]   Downloaded url v0.5.10
[INFO] [stderr]   Downloaded syntex_syntax v0.28.0
[INFO] [stderr]   Downloaded aster v0.12.0
[INFO] [stderr]   Downloaded libressl-pnacl-sys v2.1.6
[INFO] running `Command { std: "docker" "create" "-v" "/var/lib/crater-agent-workspace/builds/worker-5-tc1/source:/opt/rustwide/workdir:ro,Z" "-v" "/var/lib/crater-agent-workspace/builds/worker-5-tc1/target:/opt/rustwide/target:rw,Z" "-v" "/var/lib/crater-agent-workspace/cargo-home:/opt/rustwide/cargo-home:ro,Z" "-v" "/var/lib/crater-agent-workspace/rustup-home:/opt/rustwide/rustup-home:ro,Z" "-m" "1610612736" "--network" "none" "ghcr.io/rust-lang/crates-build-env/linux@sha256:77db811e55d90add9212f6832c23229e3de5f1c1f9905e8cb07319ea15df73ac" "sleep" "infinity", kill_on_drop: false }`
[INFO] [stdout] 68ecde535087c8de27f7ae726a69f85886c1608f90677cc7676e5bd1357d8f14
[INFO] running `Command { std: "docker" "start" "68ecde535087c8de27f7ae726a69f85886c1608f90677cc7676e5bd1357d8f14", kill_on_drop: false }`
[INFO] running `Command { std: "docker" "inspect" "68ecde535087c8de27f7ae726a69f85886c1608f90677cc7676e5bd1357d8f14", kill_on_drop: false }`
[INFO] running `Command { std: "docker" "exec" "-e" "SOURCE_DIR=/opt/rustwide/workdir" "-e" "CARGO_HOME=/opt/rustwide/cargo-home" "-e" "RUSTUP_HOME=/opt/rustwide/rustup-home" "-e" "CARGO_TARGET_DIR=/opt/rustwide/target" "-w" "/opt/rustwide/workdir" "--user" "0:0" "68ecde535087c8de27f7ae726a69f85886c1608f90677cc7676e5bd1357d8f14" "/opt/rustwide/cargo-home/bin/cargo" "+1.99.0-beta.8" "metadata" "--no-deps" "--format-version=1", kill_on_drop: false }`
[INFO] running `Command { std: "docker" "inspect" "68ecde535087c8de27f7ae726a69f85886c1608f90677cc7676e5bd1357d8f14", kill_on_drop: false }`
[INFO] running `Command { std: "docker" "exec" "-e" "SOURCE_DIR=/opt/rustwide/workdir" "-e" "CARGO_HOME=/opt/rustwide/cargo-home" "-e" "RUSTUP_HOME=/opt/rustwide/rustup-home" "-e" "CARGO_TARGET_DIR=/opt/rustwide/target" "-e" "CARGO_INCREMENTAL=0" "-e" "RUST_BACKTRACE=full" "-e" "RUSTFLAGS=--cap-lints=warn" "-e" "RUSTDOCFLAGS=--cap-lints=warn" "-w" "/opt/rustwide/workdir" "--user" "0:0" "68ecde535087c8de27f7ae726a69f85886c1608f90677cc7676e5bd1357d8f14" "/opt/rustwide/cargo-home/bin/cargo" "+1.99.0-beta.8" "build" "--frozen" "--message-format=json" "--release", kill_on_drop: false }`
[INFO] [stderr] warning: Cargo.toml: `package.edition` is unspecified, defaulting to `2015` while the latest is `2024`
[INFO] [stderr] warning: `google-datastore1_beta2` (manifest) generated 1 warning
[INFO] [stderr]    Compiling libc v0.2.191
[INFO] [stderr]    Compiling winapi-build v0.1.1
[INFO] [stderr]    Compiling winapi v0.2.8
[INFO] [stderr]    Compiling log v0.4.34
[INFO] [stderr]    Compiling unicode-xid v0.0.3
[INFO] [stderr]    Compiling bitflags v0.3.3
[INFO] [stderr]    Compiling rustc-serialize v0.3.25
[INFO] [stderr]    Compiling openssl-sys v0.7.17
[INFO] [stderr]    Compiling ring v0.17.14
[INFO] [stderr]    Compiling gcc v0.3.55
[INFO] [stderr]    Compiling smallvec v1.16.3
[INFO] [stderr]    Compiling kernel32-sys v0.2.2
[INFO] [stderr]    Compiling log v0.3.9
[INFO] [stderr]    Compiling term v0.2.14
[INFO] [stderr]    Compiling serde_core v1.0.229
[INFO] [stderr]    Compiling rustls-pki-types v1.15.1
[INFO] [stderr]    Compiling num-integer v0.1.47
[INFO] [stderr]    Compiling num-bigint v0.1.45
[INFO] [stderr]    Compiling equivalent v1.0.3
[INFO] [stderr]    Compiling indexmap v2.14.2
[INFO] [stderr]    Compiling tracing v0.1.44
[INFO] [stderr]    Compiling openssl-sys-extras v0.7.14
[INFO] [stderr]    Compiling http-body v1.1.0
[INFO] [stderr]    Compiling num-complex v0.1.44
[INFO] [stderr]    Compiling num-rational v0.1.43
[INFO] [stderr]    Compiling rustls v0.23.46
[INFO] [stderr]    Compiling want v0.3.2
[INFO] [stderr]    Compiling icu_normalizer v2.3.0
[INFO] [stderr]    Compiling syntex_syntax v0.28.0
[INFO] [stderr]    Compiling rand v0.4.6
[INFO] [stderr] warning: openssl-sys-extras@0.7.14: src/openssl_shim.c: In function 'HMAC_Init_ex_shim':
[INFO] [stderr] warning: openssl-sys-extras@0.7.14: src/openssl_shim.c:42:5: warning: 'HMAC_Init_ex' is deprecated: Since OpenSSL 3.0 [-Wdeprecated-declarations]
[INFO] [stderr] warning: openssl-sys-extras@0.7.14:    42 |     return HMAC_Init_ex(ctx, key, key_len, md, impl);
[INFO] [stderr] warning: openssl-sys-extras@0.7.14:       |     ^~~~~~
[INFO] [stderr] warning: openssl-sys-extras@0.7.14: In file included from src/openssl_shim.c:1:
[INFO] [stderr] warning: openssl-sys-extras@0.7.14: /usr/include/openssl/hmac.h:43:27: note: declared here
[INFO] [stderr] warning: openssl-sys-extras@0.7.14:    43 | OSSL_DEPRECATEDIN_3_0 int HMAC_Init_ex(HMAC_CTX *ctx, const void *key, int len,
[INFO] [stderr] warning: openssl-sys-extras@0.7.14:       |                           ^~~~~~~~~~~~
[INFO] [stderr] warning: openssl-sys-extras@0.7.14: src/openssl_shim.c: In function 'HMAC_Update_shim':
[INFO] [stderr] warning: openssl-sys-extras@0.7.14: src/openssl_shim.c:46:5: warning: 'HMAC_Update' is deprecated: Since OpenSSL 3.0 [-Wdeprecated-declarations]
[INFO] [stderr] warning: openssl-sys-extras@0.7.14:    46 |     return HMAC_Update(ctx, data, len);
[INFO] [stderr] warning: openssl-sys-extras@0.7.14:       |     ^~~~~~
[INFO] [stderr] warning: openssl-sys-extras@0.7.14: /usr/include/openssl/hmac.h:45:27: note: declared here
[INFO] [stderr] warning: openssl-sys-extras@0.7.14:    45 | OSSL_DEPRECATEDIN_3_0 int HMAC_Update(HMAC_CTX *ctx, const unsigned char *data,
[INFO] [stderr] warning: openssl-sys-extras@0.7.14:       |                           ^~~~~~~~~~~
[INFO] [stderr] warning: openssl-sys-extras@0.7.14: src/openssl_shim.c: In function 'HMAC_Final_shim':
[INFO] [stderr] warning: openssl-sys-extras@0.7.14: src/openssl_shim.c:50:5: warning: 'HMAC_Final' is deprecated: Since OpenSSL 3.0 [-Wdeprecated-declarations]
[INFO] [stderr] warning: openssl-sys-extras@0.7.14:    50 |     return HMAC_Final(ctx, md, len);
[INFO] [stderr] warning: openssl-sys-extras@0.7.14:       |     ^~~~~~
[INFO] [stderr] warning: openssl-sys-extras@0.7.14: /usr/include/openssl/hmac.h:47:27: note: declared here
[INFO] [stderr] warning: openssl-sys-extras@0.7.14:    47 | OSSL_DEPRECATEDIN_3_0 int HMAC_Final(HMAC_CTX *ctx, unsigned char *md,
[INFO] [stderr] warning: openssl-sys-extras@0.7.14:       |                           ^~~~~~~~~~
[INFO] [stderr] warning: openssl-sys-extras@0.7.14: src/openssl_shim.c: In function 'SSL_CTX_set_ecdh_auto_shim':
[INFO] [stderr] warning: openssl-sys-extras@0.7.14: src/openssl_shim.c:121:41: warning: unused parameter 'ctx' [-Wunused-parameter]
[INFO] [stderr] warning: openssl-sys-extras@0.7.14:   121 | int SSL_CTX_set_ecdh_auto_shim(SSL_CTX *ctx, int onoff) {
[INFO] [stderr] warning: openssl-sys-extras@0.7.14:       |                                ~~~~~~~~~^~~
[INFO] [stderr] warning: openssl-sys-extras@0.7.14: src/openssl_shim.c: In function 'DH_new_from_params':
[INFO] [stderr] warning: openssl-sys-extras@0.7.14: src/openssl_shim.c:129:5: warning: 'DH_new' is deprecated: Since OpenSSL 3.0 [-Wdeprecated-declarations]
[INFO] [stderr] warning: openssl-sys-extras@0.7.14:   129 |     if ((dh = DH_new()) == NULL) {
[INFO] [stderr] warning: openssl-sys-extras@0.7.14:       |     ^~
[INFO] [stderr] warning: openssl-sys-extras@0.7.14: In file included from /usr/include/openssl/dsa.h:31,
[INFO] [stderr] warning: openssl-sys-extras@0.7.14:                  from /usr/include/openssl/x509.h:39,
[INFO] [stderr] warning: openssl-sys-extras@0.7.14:                  from /usr/include/openssl/ssl.h:34,
[INFO] [stderr] warning: openssl-sys-extras@0.7.14:                  from src/openssl_shim.c:2:
[INFO] [stderr] warning: openssl-sys-extras@0.7.14: /usr/include/openssl/dh.h:210:27: note: declared here
[INFO] [stderr] warning: openssl-sys-extras@0.7.14:   210 | OSSL_DEPRECATEDIN_3_0 DH *DH_new(void);
[INFO] [stderr] warning: openssl-sys-extras@0.7.14:       |                           ^~~~~~
[INFO] [stderr] warning: openssl-sys-extras@0.7.14: src/openssl_shim.c:132:7: error: invalid use of incomplete typedef 'DH' {aka 'struct dh_st'}
[INFO] [stderr] warning: openssl-sys-extras@0.7.14:   132 |     dh->p = p;
[INFO] [stderr] warning: openssl-sys-extras@0.7.14:       |       ^~
[INFO] [stderr] warning: openssl-sys-extras@0.7.14: src/openssl_shim.c:133:7: error: invalid use of incomplete typedef 'DH' {aka 'struct dh_st'}
[INFO] [stderr] warning: openssl-sys-extras@0.7.14:   133 |     dh->g = g;
[INFO] [stderr] warning: openssl-sys-extras@0.7.14:       |       ^~
[INFO] [stderr] warning: openssl-sys-extras@0.7.14: src/openssl_shim.c:134:7: error: invalid use of incomplete typedef 'DH' {aka 'struct dh_st'}
[INFO] [stderr] warning: openssl-sys-extras@0.7.14:   134 |     dh->q = q;
[INFO] [stderr] warning: openssl-sys-extras@0.7.14:       |       ^~
[INFO] [stderr] warning: openssl-sys-extras@0.7.14: src/openssl_shim.c: In function 'X509_get_extensions_shim':
[INFO] [stderr] warning: openssl-sys-extras@0.7.14: src/openssl_shim.c:143:13: error: invalid use of incomplete typedef 'X509' {aka 'struct x509_st'}
[INFO] [stderr] warning: openssl-sys-extras@0.7.14:   143 |     return x->cert_info ? x->cert_info->extensions : NULL;
[INFO] [stderr] warning: openssl-sys-extras@0.7.14:       |             ^~
[INFO] [stderr] warning: openssl-sys-extras@0.7.14: src/openssl_shim.c:143:28: error: invalid use of incomplete typedef 'X509' {aka 'struct x509_st'}
[INFO] [stderr] warning: openssl-sys-extras@0.7.14:   143 |     return x->cert_info ? x->cert_info->extensions : NULL;
[INFO] [stderr] warning: openssl-sys-extras@0.7.14:       |                            ^~
[INFO] [stderr] error: failed to run custom build command for `openssl-sys-extras v0.7.14`
[INFO] [stderr] note: To improve backtraces for build dependencies, set the CARGO_PROFILE_RELEASE_BUILD_OVERRIDE_DEBUG=true environment variable to enable debug information generation.
[INFO] [stderr] 
[INFO] [stderr] Caused by:
[INFO] [stderr]   process didn't exit successfully: `/opt/rustwide/target/release/build/openssl-sys-extras-22977dcdc3ccd31d/build-script-build` (exit status: 101)
[INFO] [stderr]   --- stdout
[INFO] [stderr]   TARGET = Some("x86_64-unknown-linux-gnu")
[INFO] [stderr]   OPT_LEVEL = Some("3")
[INFO] [stderr]   TARGET = Some("x86_64-unknown-linux-gnu")
[INFO] [stderr]   HOST = Some("x86_64-unknown-linux-gnu")
[INFO] [stderr]   TARGET = Some("x86_64-unknown-linux-gnu")
[INFO] [stderr]   TARGET = Some("x86_64-unknown-linux-gnu")
[INFO] [stderr]   HOST = Some("x86_64-unknown-linux-gnu")
[INFO] [stderr]   CC_x86_64-unknown-linux-gnu = None
[INFO] [stderr]   CC_x86_64_unknown_linux_gnu = None
[INFO] [stderr]   HOST_CC = None
[INFO] [stderr]   CC = None
[INFO] [stderr]   HOST = Some("x86_64-unknown-linux-gnu")
[INFO] [stderr]   TARGET = Some("x86_64-unknown-linux-gnu")
[INFO] [stderr]   HOST = Some("x86_64-unknown-linux-gnu")
[INFO] [stderr]   CFLAGS_x86_64-unknown-linux-gnu = None
[INFO] [stderr]   CFLAGS_x86_64_unknown_linux_gnu = None
[INFO] [stderr]   HOST_CFLAGS = None
[INFO] [stderr]   CFLAGS = None
[INFO] [stderr]   DEBUG = Some("false")
[INFO] [stderr]   running: "cc" "-O3" "-ffunction-sections" "-fdata-sections" "-fPIC" "-m64" "-I" "/usr/include" "-Wall" "-Wextra" "-o" "/opt/rustwide/target/release/build/openssl-sys-extras-02c2158165ebdc3a/out/src/openssl_shim.o" "-c" "src/openssl_shim.c"
[INFO] [stderr]   cargo:warning=src/openssl_shim.c: In function 'HMAC_Init_ex_shim':
[INFO] [stderr]   cargo:warning=src/openssl_shim.c:42:5: warning: 'HMAC_Init_ex' is deprecated: Since OpenSSL 3.0 [-Wdeprecated-declarations]
[INFO] [stderr]   cargo:warning=   42 |     return HMAC_Init_ex(ctx, key, key_len, md, impl);
[INFO] [stderr]   cargo:warning=      |     ^~~~~~
[INFO] [stderr]   cargo:warning=In file included from src/openssl_shim.c:1:
[INFO] [stderr]   cargo:warning=/usr/include/openssl/hmac.h:43:27: note: declared here
[INFO] [stderr]   cargo:warning=   43 | OSSL_DEPRECATEDIN_3_0 int HMAC_Init_ex(HMAC_CTX *ctx, const void *key, int len,
[INFO] [stderr]   cargo:warning=      |                           ^~~~~~~~~~~~
[INFO] [stderr]   cargo:warning=src/openssl_shim.c: In function 'HMAC_Update_shim':
[INFO] [stderr]   cargo:warning=src/openssl_shim.c:46:5: warning: 'HMAC_Update' is deprecated: Since OpenSSL 3.0 [-Wdeprecated-declarations]
[INFO] [stderr]   cargo:warning=   46 |     return HMAC_Update(ctx, data, len);
[INFO] [stderr]   cargo:warning=      |     ^~~~~~
[INFO] [stderr]   cargo:warning=/usr/include/openssl/hmac.h:45:27: note: declared here
[INFO] [stderr]   cargo:warning=   45 | OSSL_DEPRECATEDIN_3_0 int HMAC_Update(HMAC_CTX *ctx, const unsigned char *data,
[INFO] [stderr]   cargo:warning=      |                           ^~~~~~~~~~~
[INFO] [stderr]   cargo:warning=src/openssl_shim.c: In function 'HMAC_Final_shim':
[INFO] [stderr]   cargo:warning=src/openssl_shim.c:50:5: warning: 'HMAC_Final' is deprecated: Since OpenSSL 3.0 [-Wdeprecated-declarations]
[INFO] [stderr]   cargo:warning=   50 |     return HMAC_Final(ctx, md, len);
[INFO] [stderr]   cargo:warning=      |     ^~~~~~
[INFO] [stderr]   cargo:warning=/usr/include/openssl/hmac.h:47:27: note: declared here
[INFO] [stderr]   cargo:warning=   47 | OSSL_DEPRECATEDIN_3_0 int HMAC_Final(HMAC_CTX *ctx, unsigned char *md,
[INFO] [stderr]   cargo:warning=      |                           ^~~~~~~~~~
[INFO] [stderr]   cargo:warning=src/openssl_shim.c: In function 'SSL_CTX_set_ecdh_auto_shim':
[INFO] [stderr]   cargo:warning=src/openssl_shim.c:121:41: warning: unused parameter 'ctx' [-Wunused-parameter]
[INFO] [stderr]   cargo:warning=  121 | int SSL_CTX_set_ecdh_auto_shim(SSL_CTX *ctx, int onoff) {
[INFO] [stderr]   cargo:warning=      |                                ~~~~~~~~~^~~
[INFO] [stderr]   cargo:warning=src/openssl_shim.c: In function 'DH_new_from_params':
[INFO] [stderr]   cargo:warning=src/openssl_shim.c:129:5: warning: 'DH_new' is deprecated: Since OpenSSL 3.0 [-Wdeprecated-declarations]
[INFO] [stderr]   cargo:warning=  129 |     if ((dh = DH_new()) == NULL) {
[INFO] [stderr]   cargo:warning=      |     ^~
[INFO] [stderr]   cargo:warning=In file included from /usr/include/openssl/dsa.h:31,
[INFO] [stderr]   cargo:warning=                 from /usr/include/openssl/x509.h:39,
[INFO] [stderr]   cargo:warning=                 from /usr/include/openssl/ssl.h:34,
[INFO] [stderr]   cargo:warning=                 from src/openssl_shim.c:2:
[INFO] [stderr]   cargo:warning=/usr/include/openssl/dh.h:210:27: note: declared here
[INFO] [stderr]   cargo:warning=  210 | OSSL_DEPRECATEDIN_3_0 DH *DH_new(void);
[INFO] [stderr]   cargo:warning=      |                           ^~~~~~
[INFO] [stderr]   cargo:warning=src/openssl_shim.c:132:7: error: invalid use of incomplete typedef 'DH' {aka 'struct dh_st'}
[INFO] [stderr]   cargo:warning=  132 |     dh->p = p;
[INFO] [stderr]   cargo:warning=      |       ^~
[INFO] [stderr]   cargo:warning=src/openssl_shim.c:133:7: error: invalid use of incomplete typedef 'DH' {aka 'struct dh_st'}
[INFO] [stderr]   cargo:warning=  133 |     dh->g = g;
[INFO] [stderr]   cargo:warning=      |       ^~
[INFO] [stderr]   cargo:warning=src/openssl_shim.c:134:7: error: invalid use of incomplete typedef 'DH' {aka 'struct dh_st'}
[INFO] [stderr]   cargo:warning=  134 |     dh->q = q;
[INFO] [stderr]   cargo:warning=      |       ^~
[INFO] [stderr]   cargo:warning=src/openssl_shim.c: In function 'X509_get_extensions_shim':
[INFO] [stderr]   cargo:warning=src/openssl_shim.c:143:13: error: invalid use of incomplete typedef 'X509' {aka 'struct x509_st'}
[INFO] [stderr]   cargo:warning=  143 |     return x->cert_info ? x->cert_info->extensions : NULL;
[INFO] [stderr]   cargo:warning=      |             ^~
[INFO] [stderr]   cargo:warning=src/openssl_shim.c:143:28: error: invalid use of incomplete typedef 'X509' {aka 'struct x509_st'}
[INFO] [stderr]   cargo:warning=  143 |     return x->cert_info ? x->cert_info->extensions : NULL;
[INFO] [stderr]   cargo:warning=      |                            ^~
[INFO] [stderr]   exit status: 1
[INFO] [stderr] 
[INFO] [stderr]   --- stderr
[INFO] [stderr] 
[INFO] [stderr]   thread 'main' (485) panicked at /opt/rustwide/cargo-home/registry/src/index.crates.io-1949cf8c6b5b557f/gcc-0.3.55/src/lib.rs:1672:5:
[INFO] [stderr] 
[INFO] [stderr] 
[INFO] [stderr]   Internal error occurred: Command "cc" "-O3" "-ffunction-sections" "-fdata-sections" "-fPIC" "-m64" "-I" "/usr/include" "-Wall" "-Wextra" "-o" "/opt/rustwide/target/release/build/openssl-sys-extras-02c2158165ebdc3a/out/src/openssl_shim.o" "-c" "src/openssl_shim.c" with args "cc" did not execute successfully (status code exit status: 1).
[INFO] [stderr] 
[INFO] [stderr] 
[INFO] [stderr]   stack backtrace:
[INFO] [stderr]      0:     0x6112bf7f5ac1 - <<std[70759c8f55707aa4]::sys::backtrace::BacktraceLock>::print::DisplayBacktrace as core[df12db4294e9bfd3]::fmt::Display>::fmt
[INFO] [stderr]      1:     0x6112bf8093aa - core[df12db4294e9bfd3]::fmt::write
[INFO] [stderr]      2:     0x6112bf7fb5bc - <std[70759c8f55707aa4]::sys::stdio::unix::Stderr as core[df12db4294e9bfd3]::io::write::Write>::write_fmt
[INFO] [stderr]      3:     0x6112bf7d3f96 - std[70759c8f55707aa4]::panicking::default_hook::{closure#0}
[INFO] [stderr]      4:     0x6112bf7f02c1 - std[70759c8f55707aa4]::panicking::default_hook
[INFO] [stderr]      5:     0x6112bf7f047b - std[70759c8f55707aa4]::panicking::panic_with_hook
[INFO] [stderr]      6:     0x6112bf7d4042 - std[70759c8f55707aa4]::panicking::panic_handler::{closure#0}
[INFO] [stderr]      7:     0x6112bf7ccd59 - std[70759c8f55707aa4]::sys::backtrace::__rust_end_short_backtrace::<std[70759c8f55707aa4]::panicking::panic_handler::{closure#0}, !>
[INFO] [stderr]      8:     0x6112bf7d492d - __rustc[8fa7c3cbc660c2b3]::rust_begin_unwind
[INFO] [stderr]      9:     0x6112bf809b1c - core[df12db4294e9bfd3]::panicking::panic_fmt
[INFO] [stderr]     10:     0x6112bf79ec67 - gcc[cad2299997bcc4]::fail
[INFO] [stderr]     11:     0x6112bf7a9d4d - <gcc[cad2299997bcc4]::Build>::compile
[INFO] [stderr]     12:     0x6112bf79c434 - build_script_build[8fb516312b6c94f3]::main
[INFO] [stderr]     13:     0x6112bf79cb8b - <fn() as core[df12db4294e9bfd3]::ops::function::FnOnce<()>>::call_once
[INFO] [stderr]     14:     0x6112bf79acbe - std[70759c8f55707aa4]::sys::backtrace::__rust_begin_short_backtrace::<fn(), ()>
[INFO] [stderr]     15:     0x6112bf79acc9 - std[70759c8f55707aa4]::rt::lang_start::<()>::{closure#0}
[INFO] [stderr]     16:     0x6112bf7ef6f9 - std[70759c8f55707aa4]::rt::lang_start_internal
[INFO] [stderr]     17:     0x6112bf79acb1 - std[70759c8f55707aa4]::rt::lang_start::<()>
[INFO] [stderr]     18:     0x6112bf79cbf5 - main
[INFO] [stderr]     19:     0x796e661b8601 - <unknown>
[INFO] [stderr]     20:     0x796e661b8718 - __libc_start_main
[INFO] [stderr]     21:     0x6112bf79a935 - _start
[INFO] [stderr]     22:                0x0 - <unknown>
[INFO] [stderr] warning: build failed, waiting for other jobs to finish...
[INFO] [stdout] error: cannot find derive macro `RustcDecodable` in this scope
[INFO] [stdout]   --> /opt/rustwide/cargo-home/registry/src/index.crates.io-1949cf8c6b5b557f/syntex_syntax-0.28.0/src/diagnostics/metadata.rs:31:21
[INFO] [stdout]    |
[INFO] [stdout] 31 | #[derive(PartialEq, RustcDecodable, RustcEncodable)]
[INFO] [stdout]    |                     ^^^^^^^^^^^^^^
[INFO] [stdout] 
[INFO] [stdout] 
[INFO] [stdout] error: cannot find derive macro `RustcEncodable` in this scope
[INFO] [stdout]   --> /opt/rustwide/cargo-home/registry/src/index.crates.io-1949cf8c6b5b557f/syntex_syntax-0.28.0/src/diagnostics/metadata.rs:31:37
[INFO] [stdout]    |
[INFO] [stdout] 31 | #[derive(PartialEq, RustcDecodable, RustcEncodable)]
[INFO] [stdout]    |                                     ^^^^^^^^^^^^^^
[INFO] [stdout] 
[INFO] [stdout] 
[INFO] [stdout] error: cannot find derive macro `RustcDecodable` in this scope
[INFO] [stdout]   --> /opt/rustwide/cargo-home/registry/src/index.crates.io-1949cf8c6b5b557f/syntex_syntax-0.28.0/src/diagnostics/metadata.rs:41:21
[INFO] [stdout]    |
[INFO] [stdout] 41 | #[derive(PartialEq, RustcDecodable, RustcEncodable)]
[INFO] [stdout]    |                     ^^^^^^^^^^^^^^
[INFO] [stdout] 
[INFO] [stdout] 
[INFO] [stdout] error: cannot find derive macro `RustcEncodable` in this scope
[INFO] [stdout]   --> /opt/rustwide/cargo-home/registry/src/index.crates.io-1949cf8c6b5b557f/syntex_syntax-0.28.0/src/diagnostics/metadata.rs:41:37
[INFO] [stdout]    |
[INFO] [stdout] 41 | #[derive(PartialEq, RustcDecodable, RustcEncodable)]
[INFO] [stdout]    |                                     ^^^^^^^^^^^^^^
[INFO] [stdout] 
[INFO] [stdout] 
[INFO] [stdout] error: cannot find derive macro `RustcEncodable` in this scope
[INFO] [stdout]   --> /opt/rustwide/cargo-home/registry/src/index.crates.io-1949cf8c6b5b557f/syntex_syntax-0.28.0/src/errors/json.rs:79:10
[INFO] [stdout]    |
[INFO] [stdout] 79 | #[derive(RustcEncodable)]
[INFO] [stdout]    |          ^^^^^^^^^^^^^^
[INFO] [stdout] 
[INFO] [stdout] 
[INFO] [stdout] error: cannot find derive macro `RustcEncodable` in this scope
[INFO] [stdout]   --> /opt/rustwide/cargo-home/registry/src/index.crates.io-1949cf8c6b5b557f/syntex_syntax-0.28.0/src/errors/json.rs:91:10
[INFO] [stdout]    |
[INFO] [stdout] 91 | #[derive(RustcEncodable)]
[INFO] [stdout]    |          ^^^^^^^^^^^^^^
[INFO] [stdout] 
[INFO] [stdout] 
[INFO] [stdout] error: cannot find derive macro `RustcEncodable` in this scope
[INFO] [stdout]    --> /opt/rustwide/cargo-home/registry/src/index.crates.io-1949cf8c6b5b557f/syntex_syntax-0.28.0/src/errors/json.rs:104:10
[INFO] [stdout]     |
[INFO] [stdout] 104 | #[derive(RustcEncodable)]
[INFO] [stdout]     |          ^^^^^^^^^^^^^^
[INFO] [stdout] 
[INFO] [stdout] 
[INFO] [stdout] error: cannot find derive macro `RustcEncodable` in this scope
[INFO] [stdout]   --> /opt/rustwide/cargo-home/registry/src/index.crates.io-1949cf8c6b5b557f/syntex_syntax-0.28.0/src/abi.rs:30:31
[INFO] [stdout]    |
[INFO] [stdout] 30 | #[derive(PartialEq, Eq, Hash, RustcEncodable, RustcDecodable, Clone, Copy, Debug)]
[INFO] [stdout]    |                               ^^^^^^^^^^^^^^
[INFO] [stdout] 
[INFO] [stdout] 
[INFO] [stdout] error: cannot find derive macro `RustcDecodable` in this scope
[INFO] [stdout]   --> /opt/rustwide/cargo-home/registry/src/index.crates.io-1949cf8c6b5b557f/syntex_syntax-0.28.0/src/abi.rs:30:47
[INFO] [stdout]    |
[INFO] [stdout] 30 | #[derive(PartialEq, Eq, Hash, RustcEncodable, RustcDecodable, Clone, Copy, Debug)]
[INFO] [stdout]    |                                               ^^^^^^^^^^^^^^
[INFO] [stdout] 
[INFO] [stdout] 
[INFO] [stdout] error: cannot find derive macro `RustcEncodable` in this scope
[INFO] [stdout]   --> /opt/rustwide/cargo-home/registry/src/index.crates.io-1949cf8c6b5b557f/syntex_syntax-0.28.0/src/ast.rs:49:51
[INFO] [stdout]    |
[INFO] [stdout] 49 | #[derive(Clone, Copy, PartialEq, Eq, Hash, Debug, RustcEncodable, RustcDecodable)]
[INFO] [stdout]    |                                                   ^^^^^^^^^^^^^^
[INFO] [stdout] 
[INFO] [stdout] 
[INFO] [stdout] error: cannot find derive macro `RustcDecodable` in this scope
[INFO] [stdout]   --> /opt/rustwide/cargo-home/registry/src/index.crates.io-1949cf8c6b5b557f/syntex_syntax-0.28.0/src/ast.rs:49:67
[INFO] [stdout]    |
[INFO] [stdout] 49 | #[derive(Clone, Copy, PartialEq, Eq, Hash, Debug, RustcEncodable, RustcDecodable)]
[INFO] [stdout]    |                                                                   ^^^^^^^^^^^^^^
[INFO] [stdout] 
[INFO] [stdout] 
[INFO] [stdout] error: cannot find derive macro `RustcEncodable` in this scope
[INFO] [stdout]    --> /opt/rustwide/cargo-home/registry/src/index.crates.io-1949cf8c6b5b557f/syntex_syntax-0.28.0/src/ast.rs:163:32
[INFO] [stdout]     |
[INFO] [stdout] 163 | #[derive(Clone, PartialEq, Eq, RustcEncodable, RustcDecodable, Hash, Copy)]
[INFO] [stdout]     |                                ^^^^^^^^^^^^^^
[INFO] [stdout] 
[INFO] [stdout] 
[INFO] [stdout] error: cannot find derive macro `RustcDecodable` in this scope
[INFO] [stdout]    --> /opt/rustwide/cargo-home/registry/src/index.crates.io-1949cf8c6b5b557f/syntex_syntax-0.28.0/src/ast.rs:163:48
[INFO] [stdout]     |
[INFO] [stdout] 163 | #[derive(Clone, PartialEq, Eq, RustcEncodable, RustcDecodable, Hash, Copy)]
[INFO] [stdout]     |                                                ^^^^^^^^^^^^^^
[INFO] [stdout] 
[INFO] [stdout] 
[INFO] [stdout] error: cannot find derive macro `RustcEncodable` in this scope
[INFO] [stdout]    --> /opt/rustwide/cargo-home/registry/src/index.crates.io-1949cf8c6b5b557f/syntex_syntax-0.28.0/src/ast.rs:177:32
[INFO] [stdout]     |
[INFO] [stdout] 177 | #[derive(Clone, PartialEq, Eq, RustcEncodable, RustcDecodable, Hash, Debug)]
[INFO] [stdout]     |                                ^^^^^^^^^^^^^^
[INFO] [stdout] 
[INFO] [stdout] 
[INFO] [stdout] error: cannot find derive macro `RustcDecodable` in this scope
[INFO] [stdout]    --> /opt/rustwide/cargo-home/registry/src/index.crates.io-1949cf8c6b5b557f/syntex_syntax-0.28.0/src/ast.rs:177:48
[INFO] [stdout]     |
[INFO] [stdout] 177 | #[derive(Clone, PartialEq, Eq, RustcEncodable, RustcDecodable, Hash, Debug)]
[INFO] [stdout]     |                                                ^^^^^^^^^^^^^^
[INFO] [stdout] 
[INFO] [stdout] 
[INFO] [stdout] error: cannot find derive macro `RustcEncodable` in this scope
[INFO] [stdout]    --> /opt/rustwide/cargo-home/registry/src/index.crates.io-1949cf8c6b5b557f/syntex_syntax-0.28.0/src/ast.rs:186:32
[INFO] [stdout]     |
[INFO] [stdout] 186 | #[derive(Clone, PartialEq, Eq, RustcEncodable, RustcDecodable, Hash)]
[INFO] [stdout]     |                                ^^^^^^^^^^^^^^
[INFO] [stdout] 
[INFO] [stdout] 
[INFO] [stdout] error: cannot find derive macro `RustcDecodable` in this scope
[INFO] [stdout]    --> /opt/rustwide/cargo-home/registry/src/index.crates.io-1949cf8c6b5b557f/syntex_syntax-0.28.0/src/ast.rs:186:48
[INFO] [stdout]     |
[INFO] [stdout] 186 | #[derive(Clone, PartialEq, Eq, RustcEncodable, RustcDecodable, Hash)]
[INFO] [stdout]     |                                                ^^^^^^^^^^^^^^
[INFO] [stdout] 
[INFO] [stdout] 
[INFO] [stdout] error: cannot find derive macro `RustcEncodable` in this scope
[INFO] [stdout]    --> /opt/rustwide/cargo-home/registry/src/index.crates.io-1949cf8c6b5b557f/syntex_syntax-0.28.0/src/ast.rs:210:32
[INFO] [stdout]     |
[INFO] [stdout] 210 | #[derive(Clone, PartialEq, Eq, RustcEncodable, RustcDecodable, Hash, Debug)]
[INFO] [stdout]     |                                ^^^^^^^^^^^^^^
[INFO] [stdout] 
[INFO] [stdout] 
[INFO] [stdout] error: cannot find derive macro `RustcDecodable` in this scope
[INFO] [stdout]    --> /opt/rustwide/cargo-home/registry/src/index.crates.io-1949cf8c6b5b557f/syntex_syntax-0.28.0/src/ast.rs:210:48
[INFO] [stdout]     |
[INFO] [stdout] 210 | #[derive(Clone, PartialEq, Eq, RustcEncodable, RustcDecodable, Hash, Debug)]
[INFO] [stdout]     |                                                ^^^^^^^^^^^^^^
[INFO] [stdout] 
[INFO] [stdout] 
[INFO] [stdout] error: cannot find derive macro `RustcEncodable` in this scope
[INFO] [stdout]    --> /opt/rustwide/cargo-home/registry/src/index.crates.io-1949cf8c6b5b557f/syntex_syntax-0.28.0/src/ast.rs:223:32
[INFO] [stdout]     |
[INFO] [stdout] 223 | #[derive(Clone, PartialEq, Eq, RustcEncodable, RustcDecodable, Hash, Debug)]
[INFO] [stdout]     |                                ^^^^^^^^^^^^^^
[INFO] [stdout] 
[INFO] [stdout] 
[INFO] [stdout] error: cannot find derive macro `RustcDecodable` in this scope
[INFO] [stdout]    --> /opt/rustwide/cargo-home/registry/src/index.crates.io-1949cf8c6b5b557f/syntex_syntax-0.28.0/src/ast.rs:223:48
[INFO] [stdout]     |
[INFO] [stdout] 223 | #[derive(Clone, PartialEq, Eq, RustcEncodable, RustcDecodable, Hash, Debug)]
[INFO] [stdout]     |                                                ^^^^^^^^^^^^^^
[INFO] [stdout] 
[INFO] [stdout] 
[INFO] [stdout] error: cannot find derive macro `RustcEncodable` in this scope
[INFO] [stdout]    --> /opt/rustwide/cargo-home/registry/src/index.crates.io-1949cf8c6b5b557f/syntex_syntax-0.28.0/src/ast.rs:303:32
[INFO] [stdout]     |
[INFO] [stdout] 303 | #[derive(Clone, PartialEq, Eq, RustcEncodable, RustcDecodable, Hash, Debug)]
[INFO] [stdout]     |                                ^^^^^^^^^^^^^^
[INFO] [stdout] 
[INFO] [stdout] 
[INFO] [stdout] error: cannot find derive macro `RustcDecodable` in this scope
[INFO] [stdout]    --> /opt/rustwide/cargo-home/registry/src/index.crates.io-1949cf8c6b5b557f/syntex_syntax-0.28.0/src/ast.rs:303:48
[INFO] [stdout]     |
[INFO] [stdout] 303 | #[derive(Clone, PartialEq, Eq, RustcEncodable, RustcDecodable, Hash, Debug)]
[INFO] [stdout]     |                                                ^^^^^^^^^^^^^^
[INFO] [stdout] 
[INFO] [stdout] 
[INFO] [stdout] error: cannot find derive macro `RustcEncodable` in this scope
[INFO] [stdout]    --> /opt/rustwide/cargo-home/registry/src/index.crates.io-1949cf8c6b5b557f/syntex_syntax-0.28.0/src/ast.rs:321:32
[INFO] [stdout]     |
[INFO] [stdout] 321 | #[derive(Clone, PartialEq, Eq, RustcEncodable, RustcDecodable, Hash, Debug)]
[INFO] [stdout]     |                                ^^^^^^^^^^^^^^
[INFO] [stdout] 
[INFO] [stdout] 
[INFO] [stdout] error: cannot find derive macro `RustcDecodable` in this scope
[INFO] [stdout]    --> /opt/rustwide/cargo-home/registry/src/index.crates.io-1949cf8c6b5b557f/syntex_syntax-0.28.0/src/ast.rs:321:48
[INFO] [stdout]     |
[INFO] [stdout] 321 | #[derive(Clone, PartialEq, Eq, RustcEncodable, RustcDecodable, Hash, Debug)]
[INFO] [stdout]     |                                                ^^^^^^^^^^^^^^
[INFO] [stdout] 
[INFO] [stdout] 
[INFO] [stdout] error: cannot find derive macro `RustcEncodable` in this scope
[INFO] [stdout]    --> /opt/rustwide/cargo-home/registry/src/index.crates.io-1949cf8c6b5b557f/syntex_syntax-0.28.0/src/ast.rs:354:32
[INFO] [stdout]     |
[INFO] [stdout] 354 | #[derive(Clone, PartialEq, Eq, RustcEncodable, RustcDecodable, Hash, Debug)]
[INFO] [stdout]     |                                ^^^^^^^^^^^^^^
[INFO] [stdout] 
[INFO] [stdout] 
[INFO] [stdout] error: cannot find derive macro `RustcDecodable` in this scope
[INFO] [stdout]    --> /opt/rustwide/cargo-home/registry/src/index.crates.io-1949cf8c6b5b557f/syntex_syntax-0.28.0/src/ast.rs:354:48
[INFO] [stdout]     |
[INFO] [stdout] 354 | #[derive(Clone, PartialEq, Eq, RustcEncodable, RustcDecodable, Hash, Debug)]
[INFO] [stdout]     |                                                ^^^^^^^^^^^^^^
[INFO] [stdout] 
[INFO] [stdout] 
[INFO] [stdout] error: cannot find derive macro `RustcEncodable` in this scope
[INFO] [stdout]    --> /opt/rustwide/cargo-home/registry/src/index.crates.io-1949cf8c6b5b557f/syntex_syntax-0.28.0/src/ast.rs:362:38
[INFO] [stdout]     |
[INFO] [stdout] 362 | #[derive(Copy, Clone, PartialEq, Eq, RustcEncodable, RustcDecodable, Hash, Debug)]
[INFO] [stdout]     |                                      ^^^^^^^^^^^^^^
[INFO] [stdout] 
[INFO] [stdout] 
[INFO] [stdout] error: cannot find derive macro `RustcDecodable` in this scope
[INFO] [stdout]    --> /opt/rustwide/cargo-home/registry/src/index.crates.io-1949cf8c6b5b557f/syntex_syntax-0.28.0/src/ast.rs:362:54
[INFO] [stdout]     |
[INFO] [stdout] 362 | #[derive(Copy, Clone, PartialEq, Eq, RustcEncodable, RustcDecodable, Hash, Debug)]
[INFO] [stdout]     |                                                      ^^^^^^^^^^^^^^
[INFO] [stdout] 
[INFO] [stdout] 
[INFO] [stdout] error: cannot find derive macro `RustcEncodable` in this scope
[INFO] [stdout]    --> /opt/rustwide/cargo-home/registry/src/index.crates.io-1949cf8c6b5b557f/syntex_syntax-0.28.0/src/ast.rs:370:32
[INFO] [stdout]     |
[INFO] [stdout] 370 | #[derive(Clone, PartialEq, Eq, RustcEncodable, RustcDecodable, Hash, Debug)]
[INFO] [stdout]     |                                ^^^^^^^^^^^^^^
[INFO] [stdout] 
[INFO] [stdout] 
[INFO] [stdout] error: cannot find derive macro `RustcDecodable` in this scope
[INFO] [stdout]    --> /opt/rustwide/cargo-home/registry/src/index.crates.io-1949cf8c6b5b557f/syntex_syntax-0.28.0/src/ast.rs:370:48
[INFO] [stdout]     |
[INFO] [stdout] 370 | #[derive(Clone, PartialEq, Eq, RustcEncodable, RustcDecodable, Hash, Debug)]
[INFO] [stdout]     |                                                ^^^^^^^^^^^^^^
[INFO] [stdout] 
[INFO] [stdout] 
[INFO] [stdout] error: cannot find derive macro `RustcEncodable` in this scope
[INFO] [stdout]    --> /opt/rustwide/cargo-home/registry/src/index.crates.io-1949cf8c6b5b557f/syntex_syntax-0.28.0/src/ast.rs:381:32
[INFO] [stdout]     |
[INFO] [stdout] 381 | #[derive(Clone, PartialEq, Eq, RustcEncodable, RustcDecodable, Hash, Debug)]
[INFO] [stdout]     |                                ^^^^^^^^^^^^^^
[INFO] [stdout] 
[INFO] [stdout] 
[INFO] [stdout] error: cannot find derive macro `RustcDecodable` in this scope
[INFO] [stdout]    --> /opt/rustwide/cargo-home/registry/src/index.crates.io-1949cf8c6b5b557f/syntex_syntax-0.28.0/src/ast.rs:381:48
[INFO] [stdout]     |
[INFO] [stdout] 381 | #[derive(Clone, PartialEq, Eq, RustcEncodable, RustcDecodable, Hash, Debug)]
[INFO] [stdout]     |                                                ^^^^^^^^^^^^^^
[INFO] [stdout] 
[INFO] [stdout] 
[INFO] [stdout] error: cannot find derive macro `RustcEncodable` in this scope
[INFO] [stdout]    --> /opt/rustwide/cargo-home/registry/src/index.crates.io-1949cf8c6b5b557f/syntex_syntax-0.28.0/src/ast.rs:414:32
[INFO] [stdout]     |
[INFO] [stdout] 414 | #[derive(Clone, PartialEq, Eq, RustcEncodable, RustcDecodable, Hash, Debug)]
[INFO] [stdout]     |                                ^^^^^^^^^^^^^^
[INFO] [stdout] 
[INFO] [stdout] 
[INFO] [stdout] error: cannot find derive macro `RustcDecodable` in this scope
[INFO] [stdout]    --> /opt/rustwide/cargo-home/registry/src/index.crates.io-1949cf8c6b5b557f/syntex_syntax-0.28.0/src/ast.rs:414:48
[INFO] [stdout]     |
[INFO] [stdout] 414 | #[derive(Clone, PartialEq, Eq, RustcEncodable, RustcDecodable, Hash, Debug)]
[INFO] [stdout]     |                                                ^^^^^^^^^^^^^^
[INFO] [stdout] 
[INFO] [stdout] 
[INFO] [stdout] error: cannot find derive macro `RustcEncodable` in this scope
[INFO] [stdout]    --> /opt/rustwide/cargo-home/registry/src/index.crates.io-1949cf8c6b5b557f/syntex_syntax-0.28.0/src/ast.rs:421:32
[INFO] [stdout]     |
[INFO] [stdout] 421 | #[derive(Clone, PartialEq, Eq, RustcEncodable, RustcDecodable, Hash, Debug)]
[INFO] [stdout]     |                                ^^^^^^^^^^^^^^
[INFO] [stdout] 
[INFO] [stdout] 
[INFO] [stdout] error: cannot find derive macro `RustcDecodable` in this scope
[INFO] [stdout]    --> /opt/rustwide/cargo-home/registry/src/index.crates.io-1949cf8c6b5b557f/syntex_syntax-0.28.0/src/ast.rs:421:48
[INFO] [stdout]     |
[INFO] [stdout] 421 | #[derive(Clone, PartialEq, Eq, RustcEncodable, RustcDecodable, Hash, Debug)]
[INFO] [stdout]     |                                                ^^^^^^^^^^^^^^
[INFO] [stdout] 
[INFO] [stdout] 
[INFO] [stdout] error: cannot find derive macro `RustcEncodable` in this scope
[INFO] [stdout]    --> /opt/rustwide/cargo-home/registry/src/index.crates.io-1949cf8c6b5b557f/syntex_syntax-0.28.0/src/ast.rs:432:32
[INFO] [stdout]     |
[INFO] [stdout] 432 | #[derive(Clone, PartialEq, Eq, RustcEncodable, RustcDecodable, Hash, Debug)]
[INFO] [stdout]     |                                ^^^^^^^^^^^^^^
[INFO] [stdout] 
[INFO] [stdout] 
[INFO] [stdout] error: cannot find derive macro `RustcDecodable` in this scope
[INFO] [stdout]    --> /opt/rustwide/cargo-home/registry/src/index.crates.io-1949cf8c6b5b557f/syntex_syntax-0.28.0/src/ast.rs:432:48
[INFO] [stdout]     |
[INFO] [stdout] 432 | #[derive(Clone, PartialEq, Eq, RustcEncodable, RustcDecodable, Hash, Debug)]
[INFO] [stdout]     |                                                ^^^^^^^^^^^^^^
[INFO] [stdout] 
[INFO] [stdout] 
[INFO] [stdout] error: cannot find derive macro `RustcEncodable` in this scope
[INFO] [stdout]    --> /opt/rustwide/cargo-home/registry/src/index.crates.io-1949cf8c6b5b557f/syntex_syntax-0.28.0/src/ast.rs:444:32
[INFO] [stdout]     |
[INFO] [stdout] 444 | #[derive(Clone, PartialEq, Eq, RustcEncodable, RustcDecodable, Hash, Debug)]
[INFO] [stdout]     |                                ^^^^^^^^^^^^^^
[INFO] [stdout] 
[INFO] [stdout] 
[INFO] [stdout] error: cannot find derive macro `RustcDecodable` in this scope
[INFO] [stdout]    --> /opt/rustwide/cargo-home/registry/src/index.crates.io-1949cf8c6b5b557f/syntex_syntax-0.28.0/src/ast.rs:444:48
[INFO] [stdout]     |
[INFO] [stdout] 444 | #[derive(Clone, PartialEq, Eq, RustcEncodable, RustcDecodable, Hash, Debug)]
[INFO] [stdout]     |                                                ^^^^^^^^^^^^^^
[INFO] [stdout] 
[INFO] [stdout] 
[INFO] [stdout] error: cannot find derive macro `RustcEncodable` in this scope
[INFO] [stdout]    --> /opt/rustwide/cargo-home/registry/src/index.crates.io-1949cf8c6b5b557f/syntex_syntax-0.28.0/src/ast.rs:452:32
[INFO] [stdout]     |
[INFO] [stdout] 452 | #[derive(Clone, PartialEq, Eq, RustcEncodable, RustcDecodable, Hash, Debug)]
[INFO] [stdout]     |                                ^^^^^^^^^^^^^^
[INFO] [stdout] 
[INFO] [stdout] 
[INFO] [stdout] error: cannot find derive macro `RustcDecodable` in this scope
[INFO] [stdout]    --> /opt/rustwide/cargo-home/registry/src/index.crates.io-1949cf8c6b5b557f/syntex_syntax-0.28.0/src/ast.rs:452:48
[INFO] [stdout]     |
[INFO] [stdout] 452 | #[derive(Clone, PartialEq, Eq, RustcEncodable, RustcDecodable, Hash, Debug)]
[INFO] [stdout]     |                                                ^^^^^^^^^^^^^^
[INFO] [stdout] 
[INFO] [stdout] 
[INFO] [stdout] error: cannot find derive macro `RustcEncodable` in this scope
[INFO] [stdout]    --> /opt/rustwide/cargo-home/registry/src/index.crates.io-1949cf8c6b5b557f/syntex_syntax-0.28.0/src/ast.rs:464:32
[INFO] [stdout]     |
[INFO] [stdout] 464 | #[derive(Clone, PartialEq, Eq, RustcEncodable, RustcDecodable, Hash, Debug)]
[INFO] [stdout]     |                                ^^^^^^^^^^^^^^
[INFO] [stdout] 
[INFO] [stdout] 
[INFO] [stdout] error: cannot find derive macro `RustcDecodable` in this scope
[INFO] [stdout]    --> /opt/rustwide/cargo-home/registry/src/index.crates.io-1949cf8c6b5b557f/syntex_syntax-0.28.0/src/ast.rs:464:48
[INFO] [stdout]     |
[INFO] [stdout] 464 | #[derive(Clone, PartialEq, Eq, RustcEncodable, RustcDecodable, Hash, Debug)]
[INFO] [stdout]     |                                                ^^^^^^^^^^^^^^
[INFO] [stdout] 
[INFO] [stdout] 
[INFO] [stdout] error: cannot find derive macro `RustcEncodable` in this scope
[INFO] [stdout]    --> /opt/rustwide/cargo-home/registry/src/index.crates.io-1949cf8c6b5b557f/syntex_syntax-0.28.0/src/ast.rs:475:21
[INFO] [stdout]     |
[INFO] [stdout] 475 | #[derive(Clone, Eq, RustcEncodable, RustcDecodable, Hash, Debug)]
[INFO] [stdout]     |                     ^^^^^^^^^^^^^^
[INFO] [stdout] 
[INFO] [stdout] 
[INFO] [stdout] error: cannot find derive macro `RustcDecodable` in this scope
[INFO] [stdout]    --> /opt/rustwide/cargo-home/registry/src/index.crates.io-1949cf8c6b5b557f/syntex_syntax-0.28.0/src/ast.rs:475:37
[INFO] [stdout]     |
[INFO] [stdout] 475 | #[derive(Clone, Eq, RustcEncodable, RustcDecodable, Hash, Debug)]
[INFO] [stdout]     |                                     ^^^^^^^^^^^^^^
[INFO] [stdout] 
[INFO] [stdout] 
[INFO] [stdout] error: cannot find derive macro `RustcEncodable` in this scope
[INFO] [stdout]    --> /opt/rustwide/cargo-home/registry/src/index.crates.io-1949cf8c6b5b557f/syntex_syntax-0.28.0/src/ast.rs:508:32
[INFO] [stdout]     |
[INFO] [stdout] 508 | #[derive(Clone, PartialEq, Eq, RustcEncodable, RustcDecodable, Hash, Debug)]
[INFO] [stdout]     |                                ^^^^^^^^^^^^^^
[INFO] [stdout] 
[INFO] [stdout] 
[INFO] [stdout] error: cannot find derive macro `RustcDecodable` in this scope
[INFO] [stdout]    --> /opt/rustwide/cargo-home/registry/src/index.crates.io-1949cf8c6b5b557f/syntex_syntax-0.28.0/src/ast.rs:508:48
[INFO] [stdout]     |
[INFO] [stdout] 508 | #[derive(Clone, PartialEq, Eq, RustcEncodable, RustcDecodable, Hash, Debug)]
[INFO] [stdout]     |                                                ^^^^^^^^^^^^^^
[INFO] [stdout] 
[INFO] [stdout] 
[INFO] [stdout] error: cannot find derive macro `RustcEncodable` in this scope
[INFO] [stdout]    --> /opt/rustwide/cargo-home/registry/src/index.crates.io-1949cf8c6b5b557f/syntex_syntax-0.28.0/src/ast.rs:521:32
[INFO] [stdout]     |
[INFO] [stdout] 521 | #[derive(Clone, PartialEq, Eq, RustcEncodable, RustcDecodable, Hash)]
[INFO] [stdout]     |                                ^^^^^^^^^^^^^^
[INFO] [stdout] 
[INFO] [stdout] 
[INFO] [stdout] error: cannot find derive macro `RustcDecodable` in this scope
[INFO] [stdout]    --> /opt/rustwide/cargo-home/registry/src/index.crates.io-1949cf8c6b5b557f/syntex_syntax-0.28.0/src/ast.rs:521:48
[INFO] [stdout]     |
[INFO] [stdout] 521 | #[derive(Clone, PartialEq, Eq, RustcEncodable, RustcDecodable, Hash)]
[INFO] [stdout]     |                                                ^^^^^^^^^^^^^^
[INFO] [stdout] 
[INFO] [stdout] 
[INFO] [stdout] error: cannot find derive macro `RustcEncodable` in this scope
[INFO] [stdout]    --> /opt/rustwide/cargo-home/registry/src/index.crates.io-1949cf8c6b5b557f/syntex_syntax-0.28.0/src/ast.rs:539:32
[INFO] [stdout]     |
[INFO] [stdout] 539 | #[derive(Clone, PartialEq, Eq, RustcEncodable, RustcDecodable, Hash, Debug)]
[INFO] [stdout]     |                                ^^^^^^^^^^^^^^
[INFO] [stdout] 
[INFO] [stdout] 
[INFO] [stdout] error: cannot find derive macro `RustcDecodable` in this scope
[INFO] [stdout]    --> /opt/rustwide/cargo-home/registry/src/index.crates.io-1949cf8c6b5b557f/syntex_syntax-0.28.0/src/ast.rs:539:48
[INFO] [stdout]     |
[INFO] [stdout] 539 | #[derive(Clone, PartialEq, Eq, RustcEncodable, RustcDecodable, Hash, Debug)]
[INFO] [stdout]     |                                                ^^^^^^^^^^^^^^
[INFO] [stdout] 
[INFO] [stdout] 
[INFO] [stdout] error: cannot find derive macro `RustcEncodable` in this scope
[INFO] [stdout]    --> /opt/rustwide/cargo-home/registry/src/index.crates.io-1949cf8c6b5b557f/syntex_syntax-0.28.0/src/ast.rs:548:32
[INFO] [stdout]     |
[INFO] [stdout] 548 | #[derive(Clone, PartialEq, Eq, RustcEncodable, RustcDecodable, Hash, Debug, Copy)]
[INFO] [stdout]     |                                ^^^^^^^^^^^^^^
[INFO] [stdout] 
[INFO] [stdout] 
[INFO] [stdout] error: cannot find derive macro `RustcDecodable` in this scope
[INFO] [stdout]    --> /opt/rustwide/cargo-home/registry/src/index.crates.io-1949cf8c6b5b557f/syntex_syntax-0.28.0/src/ast.rs:548:48
[INFO] [stdout]     |
[INFO] [stdout] 548 | #[derive(Clone, PartialEq, Eq, RustcEncodable, RustcDecodable, Hash, Debug, Copy)]
[INFO] [stdout]     |                                                ^^^^^^^^^^^^^^
[INFO] [stdout] 
[INFO] [stdout] 
[INFO] [stdout] error: cannot find derive macro `RustcEncodable` in this scope
[INFO] [stdout]    --> /opt/rustwide/cargo-home/registry/src/index.crates.io-1949cf8c6b5b557f/syntex_syntax-0.28.0/src/ast.rs:554:32
[INFO] [stdout]     |
[INFO] [stdout] 554 | #[derive(Clone, PartialEq, Eq, RustcEncodable, RustcDecodable, Hash, Debug)]
[INFO] [stdout]     |                                ^^^^^^^^^^^^^^
[INFO] [stdout] 
[INFO] [stdout] 
[INFO] [stdout] error: cannot find derive macro `RustcDecodable` in this scope
[INFO] [stdout]    --> /opt/rustwide/cargo-home/registry/src/index.crates.io-1949cf8c6b5b557f/syntex_syntax-0.28.0/src/ast.rs:554:48
[INFO] [stdout]     |
[INFO] [stdout] 554 | #[derive(Clone, PartialEq, Eq, RustcEncodable, RustcDecodable, Hash, Debug)]
[INFO] [stdout]     |                                                ^^^^^^^^^^^^^^
[INFO] [stdout] 
[INFO] [stdout] 
[INFO] [stdout] error: cannot find derive macro `RustcEncodable` in this scope
[INFO] [stdout]    --> /opt/rustwide/cargo-home/registry/src/index.crates.io-1949cf8c6b5b557f/syntex_syntax-0.28.0/src/ast.rs:598:32
[INFO] [stdout]     |
[INFO] [stdout] 598 | #[derive(Clone, PartialEq, Eq, RustcEncodable, RustcDecodable, Hash, Debug, Copy)]
[INFO] [stdout]     |                                ^^^^^^^^^^^^^^
[INFO] [stdout] 
[INFO] [stdout] 
[INFO] [stdout] error: cannot find derive macro `RustcDecodable` in this scope
[INFO] [stdout]    --> /opt/rustwide/cargo-home/registry/src/index.crates.io-1949cf8c6b5b557f/syntex_syntax-0.28.0/src/ast.rs:598:48
[INFO] [stdout]     |
[INFO] [stdout] 598 | #[derive(Clone, PartialEq, Eq, RustcEncodable, RustcDecodable, Hash, Debug, Copy)]
[INFO] [stdout]     |                                                ^^^^^^^^^^^^^^
[INFO] [stdout] 
[INFO] [stdout] 
[INFO] [stdout] error: cannot find derive macro `RustcEncodable` in this scope
[INFO] [stdout]    --> /opt/rustwide/cargo-home/registry/src/index.crates.io-1949cf8c6b5b557f/syntex_syntax-0.28.0/src/ast.rs:604:32
[INFO] [stdout]     |
[INFO] [stdout] 604 | #[derive(Clone, PartialEq, Eq, RustcEncodable, RustcDecodable, Hash, Debug, Copy)]
[INFO] [stdout]     |                                ^^^^^^^^^^^^^^
[INFO] [stdout] 
[INFO] [stdout] 
[INFO] [stdout] error: cannot find derive macro `RustcDecodable` in this scope
[INFO] [stdout]    --> /opt/rustwide/cargo-home/registry/src/index.crates.io-1949cf8c6b5b557f/syntex_syntax-0.28.0/src/ast.rs:604:48
[INFO] [stdout]     |
[INFO] [stdout] 604 | #[derive(Clone, PartialEq, Eq, RustcEncodable, RustcDecodable, Hash, Debug, Copy)]
[INFO] [stdout]     |                                                ^^^^^^^^^^^^^^
[INFO] [stdout] 
[INFO] [stdout] 
[INFO] [stdout] error: cannot find derive macro `RustcEncodable` in this scope
[INFO] [stdout]    --> /opt/rustwide/cargo-home/registry/src/index.crates.io-1949cf8c6b5b557f/syntex_syntax-0.28.0/src/ast.rs:699:32
[INFO] [stdout]     |
[INFO] [stdout] 699 | #[derive(Clone, PartialEq, Eq, RustcEncodable, RustcDecodable, Hash, Debug, Copy)]
[INFO] [stdout]     |                                ^^^^^^^^^^^^^^
[INFO] [stdout] 
[INFO] [stdout] 
[INFO] [stdout] error: cannot find derive macro `RustcDecodable` in this scope
[INFO] [stdout]    --> /opt/rustwide/cargo-home/registry/src/index.crates.io-1949cf8c6b5b557f/syntex_syntax-0.28.0/src/ast.rs:699:48
[INFO] [stdout]     |
[INFO] [stdout] 699 | #[derive(Clone, PartialEq, Eq, RustcEncodable, RustcDecodable, Hash, Debug, Copy)]
[INFO] [stdout]     |                                                ^^^^^^^^^^^^^^
[INFO] [stdout] 
[INFO] [stdout] 
[INFO] [stdout] error: cannot find derive macro `RustcEncodable` in this scope
[INFO] [stdout]    --> /opt/rustwide/cargo-home/registry/src/index.crates.io-1949cf8c6b5b557f/syntex_syntax-0.28.0/src/ast.rs:740:32
[INFO] [stdout]     |
[INFO] [stdout] 740 | #[derive(Clone, PartialEq, Eq, RustcEncodable, RustcDecodable, Hash)]
[INFO] [stdout]     |                                ^^^^^^^^^^^^^^
[INFO] [stdout] 
[INFO] [stdout] 
[INFO] [stdout] error: cannot find derive macro `RustcDecodable` in this scope
[INFO] [stdout]    --> /opt/rustwide/cargo-home/registry/src/index.crates.io-1949cf8c6b5b557f/syntex_syntax-0.28.0/src/ast.rs:740:48
[INFO] [stdout]     |
[INFO] [stdout] 740 | #[derive(Clone, PartialEq, Eq, RustcEncodable, RustcDecodable, Hash)]
[INFO] [stdout]     |                                                ^^^^^^^^^^^^^^
[INFO] [stdout] 
[INFO] [stdout] 
[INFO] [stdout] error: cannot find derive macro `RustcEncodable` in this scope
[INFO] [stdout]    --> /opt/rustwide/cargo-home/registry/src/index.crates.io-1949cf8c6b5b557f/syntex_syntax-0.28.0/src/ast.rs:775:38
[INFO] [stdout]     |
[INFO] [stdout] 775 | #[derive(Clone, Copy, PartialEq, Eq, RustcEncodable, RustcDecodable, Hash, Debug)]
[INFO] [stdout]     |                                      ^^^^^^^^^^^^^^
[INFO] [stdout] 
[INFO] [stdout] 
[INFO] [stdout] error: cannot find derive macro `RustcDecodable` in this scope
[INFO] [stdout]    --> /opt/rustwide/cargo-home/registry/src/index.crates.io-1949cf8c6b5b557f/syntex_syntax-0.28.0/src/ast.rs:775:54
[INFO] [stdout]     |
[INFO] [stdout] 775 | #[derive(Clone, Copy, PartialEq, Eq, RustcEncodable, RustcDecodable, Hash, Debug)]
[INFO] [stdout]     |                                                      ^^^^^^^^^^^^^^
[INFO] [stdout] 
[INFO] [stdout] 
[INFO] [stdout] error: cannot find derive macro `RustcEncodable` in this scope
[INFO] [stdout]    --> /opt/rustwide/cargo-home/registry/src/index.crates.io-1949cf8c6b5b557f/syntex_syntax-0.28.0/src/ast.rs:791:32
[INFO] [stdout]     |
[INFO] [stdout] 791 | #[derive(Clone, PartialEq, Eq, RustcEncodable, RustcDecodable, Hash, Debug)]
[INFO] [stdout]     |                                ^^^^^^^^^^^^^^
[INFO] [stdout] 
[INFO] [stdout] 
[INFO] [stdout] error: cannot find derive macro `RustcDecodable` in this scope
[INFO] [stdout]    --> /opt/rustwide/cargo-home/registry/src/index.crates.io-1949cf8c6b5b557f/syntex_syntax-0.28.0/src/ast.rs:791:48
[INFO] [stdout]     |
[INFO] [stdout] 791 | #[derive(Clone, PartialEq, Eq, RustcEncodable, RustcDecodable, Hash, Debug)]
[INFO] [stdout]     |                                                ^^^^^^^^^^^^^^
[INFO] [stdout] 
[INFO] [stdout] 
[INFO] [stdout] error: cannot find derive macro `RustcEncodable` in this scope
[INFO] [stdout]    --> /opt/rustwide/cargo-home/registry/src/index.crates.io-1949cf8c6b5b557f/syntex_syntax-0.28.0/src/ast.rs:813:32
[INFO] [stdout]     |
[INFO] [stdout] 813 | #[derive(Clone, PartialEq, Eq, RustcEncodable, RustcDecodable, Hash, Debug)]
[INFO] [stdout]     |                                ^^^^^^^^^^^^^^
[INFO] [stdout] 
[INFO] [stdout] 
[INFO] [stdout] error: cannot find derive macro `RustcDecodable` in this scope
[INFO] [stdout]    --> /opt/rustwide/cargo-home/registry/src/index.crates.io-1949cf8c6b5b557f/syntex_syntax-0.28.0/src/ast.rs:813:48
[INFO] [stdout]     |
[INFO] [stdout] 813 | #[derive(Clone, PartialEq, Eq, RustcEncodable, RustcDecodable, Hash, Debug)]
[INFO] [stdout]     |                                                ^^^^^^^^^^^^^^
[INFO] [stdout] 
[INFO] [stdout] 
[INFO] [stdout] error: cannot find derive macro `RustcEncodable` in this scope
[INFO] [stdout]    --> /opt/rustwide/cargo-home/registry/src/index.crates.io-1949cf8c6b5b557f/syntex_syntax-0.28.0/src/ast.rs:831:32
[INFO] [stdout]     |
[INFO] [stdout] 831 | #[derive(Clone, PartialEq, Eq, RustcEncodable, RustcDecodable, Hash, Debug)]
[INFO] [stdout]     |                                ^^^^^^^^^^^^^^
[INFO] [stdout] 
[INFO] [stdout] 
[INFO] [stdout] error: cannot find derive macro `RustcDecodable` in this scope
[INFO] [stdout]    --> /opt/rustwide/cargo-home/registry/src/index.crates.io-1949cf8c6b5b557f/syntex_syntax-0.28.0/src/ast.rs:831:48
[INFO] [stdout]     |
[INFO] [stdout] 831 | #[derive(Clone, PartialEq, Eq, RustcEncodable, RustcDecodable, Hash, Debug)]
[INFO] [stdout]     |                                                ^^^^^^^^^^^^^^
[INFO] [stdout] 
[INFO] [stdout] 
[INFO] [stdout] error: cannot find derive macro `RustcEncodable` in this scope
[INFO] [stdout]    --> /opt/rustwide/cargo-home/registry/src/index.crates.io-1949cf8c6b5b557f/syntex_syntax-0.28.0/src/ast.rs:839:32
[INFO] [stdout]     |
[INFO] [stdout] 839 | #[derive(Clone, PartialEq, Eq, RustcEncodable, RustcDecodable, Hash, Debug)]
[INFO] [stdout]     |                                ^^^^^^^^^^^^^^
[INFO] [stdout] 
[INFO] [stdout] 
[INFO] [stdout] error: cannot find derive macro `RustcDecodable` in this scope
[INFO] [stdout]    --> /opt/rustwide/cargo-home/registry/src/index.crates.io-1949cf8c6b5b557f/syntex_syntax-0.28.0/src/ast.rs:839:48
[INFO] [stdout]     |
[INFO] [stdout] 839 | #[derive(Clone, PartialEq, Eq, RustcEncodable, RustcDecodable, Hash, Debug)]
[INFO] [stdout]     |                                                ^^^^^^^^^^^^^^
[INFO] [stdout] 
[INFO] [stdout] 
[INFO] [stdout] error: cannot find derive macro `RustcEncodable` in this scope
[INFO] [stdout]    --> /opt/rustwide/cargo-home/registry/src/index.crates.io-1949cf8c6b5b557f/syntex_syntax-0.28.0/src/ast.rs:848:32
[INFO] [stdout]     |
[INFO] [stdout] 848 | #[derive(Clone, PartialEq, Eq, RustcEncodable, RustcDecodable, Hash, Debug, Copy)]
[INFO] [stdout]     |                                ^^^^^^^^^^^^^^
[INFO] [stdout] 
[INFO] [stdout] 
[INFO] [stdout] error: cannot find derive macro `RustcDecodable` in this scope
[INFO] [stdout]    --> /opt/rustwide/cargo-home/registry/src/index.crates.io-1949cf8c6b5b557f/syntex_syntax-0.28.0/src/ast.rs:848:48
[INFO] [stdout]     |
[INFO] [stdout] 848 | #[derive(Clone, PartialEq, Eq, RustcEncodable, RustcDecodable, Hash, Debug, Copy)]
[INFO] [stdout]     |                                                ^^^^^^^^^^^^^^
[INFO] [stdout] 
[INFO] [stdout] 
[INFO] [stdout] error: cannot find derive macro `RustcEncodable` in this scope
[INFO] [stdout]    --> /opt/rustwide/cargo-home/registry/src/index.crates.io-1949cf8c6b5b557f/syntex_syntax-0.28.0/src/ast.rs:854:32
[INFO] [stdout]     |
[INFO] [stdout] 854 | #[derive(Clone, PartialEq, Eq, RustcEncodable, RustcDecodable, Hash, Debug, Copy)]
[INFO] [stdout]     |                                ^^^^^^^^^^^^^^
[INFO] [stdout] 
[INFO] [stdout] 
[INFO] [stdout] error: cannot find derive macro `RustcDecodable` in this scope
[INFO] [stdout]    --> /opt/rustwide/cargo-home/registry/src/index.crates.io-1949cf8c6b5b557f/syntex_syntax-0.28.0/src/ast.rs:854:48
[INFO] [stdout]     |
[INFO] [stdout] 854 | #[derive(Clone, PartialEq, Eq, RustcEncodable, RustcDecodable, Hash, Debug, Copy)]
[INFO] [stdout]     |                                                ^^^^^^^^^^^^^^
[INFO] [stdout] 
[INFO] [stdout] 
[INFO] [stdout] error: cannot find derive macro `RustcEncodable` in this scope
[INFO] [stdout]    --> /opt/rustwide/cargo-home/registry/src/index.crates.io-1949cf8c6b5b557f/syntex_syntax-0.28.0/src/ast.rs:861:32
[INFO] [stdout]     |
[INFO] [stdout] 861 | #[derive(Clone, PartialEq, Eq, RustcEncodable, RustcDecodable, Hash,)]
[INFO] [stdout]     |                                ^^^^^^^^^^^^^^
[INFO] [stdout] 
[INFO] [stdout] 
[INFO] [stdout] error: cannot find derive macro `RustcDecodable` in this scope
[INFO] [stdout]    --> /opt/rustwide/cargo-home/registry/src/index.crates.io-1949cf8c6b5b557f/syntex_syntax-0.28.0/src/ast.rs:861:48
[INFO] [stdout]     |
[INFO] [stdout] 861 | #[derive(Clone, PartialEq, Eq, RustcEncodable, RustcDecodable, Hash,)]
[INFO] [stdout]     |                                                ^^^^^^^^^^^^^^
[INFO] [stdout] 
[INFO] [stdout] 
[INFO] [stdout] error: cannot find derive macro `RustcEncodable` in this scope
[INFO] [stdout]    --> /opt/rustwide/cargo-home/registry/src/index.crates.io-1949cf8c6b5b557f/syntex_syntax-0.28.0/src/ast.rs:884:32
[INFO] [stdout]     |
[INFO] [stdout] 884 | #[derive(Clone, PartialEq, Eq, RustcEncodable, RustcDecodable, Hash, Debug)]
[INFO] [stdout]     |                                ^^^^^^^^^^^^^^
[INFO] [stdout] 
[INFO] [stdout] 
[INFO] [stdout] error: cannot find derive macro `RustcDecodable` in this scope
[INFO] [stdout]    --> /opt/rustwide/cargo-home/registry/src/index.crates.io-1949cf8c6b5b557f/syntex_syntax-0.28.0/src/ast.rs:884:48
[INFO] [stdout]     |
[INFO] [stdout] 884 | #[derive(Clone, PartialEq, Eq, RustcEncodable, RustcDecodable, Hash, Debug)]
[INFO] [stdout]     |                                                ^^^^^^^^^^^^^^
[INFO] [stdout] 
[INFO] [stdout] 
[INFO] [stdout] error: cannot find derive macro `RustcEncodable` in this scope
[INFO] [stdout]     --> /opt/rustwide/cargo-home/registry/src/index.crates.io-1949cf8c6b5b557f/syntex_syntax-0.28.0/src/ast.rs:1027:32
[INFO] [stdout]      |
[INFO] [stdout] 1027 | #[derive(Clone, PartialEq, Eq, RustcEncodable, RustcDecodable, Hash, Debug)]
[INFO] [stdout]      |                                ^^^^^^^^^^^^^^
[INFO] [stdout] 
[INFO] [stdout] 
[INFO] [stdout] error: cannot find derive macro `RustcDecodable` in this scope
[INFO] [stdout]     --> /opt/rustwide/cargo-home/registry/src/index.crates.io-1949cf8c6b5b557f/syntex_syntax-0.28.0/src/ast.rs:1027:48
[INFO] [stdout]      |
[INFO] [stdout] 1027 | #[derive(Clone, PartialEq, Eq, RustcEncodable, RustcDecodable, Hash, Debug)]
[INFO] [stdout]      |                                                ^^^^^^^^^^^^^^
[INFO] [stdout] 
[INFO] [stdout] 
[INFO] [stdout] error: cannot find derive macro `RustcEncodable` in this scope
[INFO] [stdout]     --> /opt/rustwide/cargo-home/registry/src/index.crates.io-1949cf8c6b5b557f/syntex_syntax-0.28.0/src/ast.rs:1034:32
[INFO] [stdout]      |
[INFO] [stdout] 1034 | #[derive(Clone, PartialEq, Eq, RustcEncodable, RustcDecodable, Hash, Debug, Copy)]
[INFO] [stdout]      |                                ^^^^^^^^^^^^^^
[INFO] [stdout] 
[INFO] [stdout] 
[INFO] [stdout] error: cannot find derive macro `RustcDecodable` in this scope
[INFO] [stdout]     --> /opt/rustwide/cargo-home/registry/src/index.crates.io-1949cf8c6b5b557f/syntex_syntax-0.28.0/src/ast.rs:1034:48
[INFO] [stdout]      |
[INFO] [stdout] 1034 | #[derive(Clone, PartialEq, Eq, RustcEncodable, RustcDecodable, Hash, Debug, Copy)]
[INFO] [stdout]      |                                                ^^^^^^^^^^^^^^
[INFO] [stdout] 
[INFO] [stdout] 
[INFO] [stdout] error: cannot find derive macro `RustcEncodable` in this scope
[INFO] [stdout]     --> /opt/rustwide/cargo-home/registry/src/index.crates.io-1949cf8c6b5b557f/syntex_syntax-0.28.0/src/ast.rs:1041:32
[INFO] [stdout]      |
[INFO] [stdout] 1041 | #[derive(Clone, PartialEq, Eq, RustcEncodable, RustcDecodable, Hash, Debug)]
[INFO] [stdout]      |                                ^^^^^^^^^^^^^^
[INFO] [stdout] 
[INFO] [stdout] 
[INFO] [stdout] error: cannot find derive macro `RustcDecodable` in this scope
[INFO] [stdout]     --> /opt/rustwide/cargo-home/registry/src/index.crates.io-1949cf8c6b5b557f/syntex_syntax-0.28.0/src/ast.rs:1041:48
[INFO] [stdout]      |
[INFO] [stdout] 1041 | #[derive(Clone, PartialEq, Eq, RustcEncodable, RustcDecodable, Hash, Debug)]
[INFO] [stdout]      |                                                ^^^^^^^^^^^^^^
[INFO] [stdout] 
[INFO] [stdout] 
[INFO] [stdout] error: cannot find derive macro `RustcEncodable` in this scope
[INFO] [stdout]     --> /opt/rustwide/cargo-home/registry/src/index.crates.io-1949cf8c6b5b557f/syntex_syntax-0.28.0/src/ast.rs:1076:32
[INFO] [stdout]      |
[INFO] [stdout] 1076 | #[derive(Clone, PartialEq, Eq, RustcEncodable, RustcDecodable, Hash, Debug)]
[INFO] [stdout]      |                                ^^^^^^^^^^^^^^
[INFO] [stdout] 
[INFO] [stdout] 
[INFO] [stdout] error: cannot find derive macro `RustcDecodable` in this scope
[INFO] [stdout]     --> /opt/rustwide/cargo-home/registry/src/index.crates.io-1949cf8c6b5b557f/syntex_syntax-0.28.0/src/ast.rs:1076:48
[INFO] [stdout]      |
[INFO] [stdout] 1076 | #[derive(Clone, PartialEq, Eq, RustcEncodable, RustcDecodable, Hash, Debug)]
[INFO] [stdout]      |                                                ^^^^^^^^^^^^^^
[INFO] [stdout] 
[INFO] [stdout] 
[INFO] [stdout] error: cannot find derive macro `RustcEncodable` in this scope
[INFO] [stdout]     --> /opt/rustwide/cargo-home/registry/src/index.crates.io-1949cf8c6b5b557f/syntex_syntax-0.28.0/src/ast.rs:1090:32
[INFO] [stdout]      |
[INFO] [stdout] 1090 | #[derive(Clone, PartialEq, Eq, RustcEncodable, RustcDecodable, Hash, Debug, Copy)]
[INFO] [stdout]      |                                ^^^^^^^^^^^^^^
[INFO] [stdout] 
[INFO] [stdout] 
[INFO] [stdout] error: cannot find derive macro `RustcDecodable` in this scope
[INFO] [stdout]     --> /opt/rustwide/cargo-home/registry/src/index.crates.io-1949cf8c6b5b557f/syntex_syntax-0.28.0/src/ast.rs:1090:48
[INFO] [stdout]      |
[INFO] [stdout] 1090 | #[derive(Clone, PartialEq, Eq, RustcEncodable, RustcDecodable, Hash, Debug, Copy)]
[INFO] [stdout]      |                                                ^^^^^^^^^^^^^^
[INFO] [stdout] 
[INFO] [stdout] 
[INFO] [stdout] error: cannot find derive macro `RustcEncodable` in this scope
[INFO] [stdout]     --> /opt/rustwide/cargo-home/registry/src/index.crates.io-1949cf8c6b5b557f/syntex_syntax-0.28.0/src/ast.rs:1108:32
[INFO] [stdout]      |
[INFO] [stdout] 1108 | #[derive(Clone, PartialEq, Eq, RustcEncodable, RustcDecodable, Hash, Debug)]
[INFO] [stdout]      |                                ^^^^^^^^^^^^^^
[INFO] [stdout] 
[INFO] [stdout] 
[INFO] [stdout] error: cannot find derive macro `RustcDecodable` in this scope
[INFO] [stdout]     --> /opt/rustwide/cargo-home/registry/src/index.crates.io-1949cf8c6b5b557f/syntex_syntax-0.28.0/src/ast.rs:1108:48
[INFO] [stdout]      |
[INFO] [stdout] 1108 | #[derive(Clone, PartialEq, Eq, RustcEncodable, RustcDecodable, Hash, Debug)]
[INFO] [stdout]      |                                                ^^^^^^^^^^^^^^
[INFO] [stdout] 
[INFO] [stdout] 
[INFO] [stdout] error: cannot find derive macro `RustcEncodable` in this scope
[INFO] [stdout]     --> /opt/rustwide/cargo-home/registry/src/index.crates.io-1949cf8c6b5b557f/syntex_syntax-0.28.0/src/ast.rs:1237:32
[INFO] [stdout]      |
[INFO] [stdout] 1237 | #[derive(Clone, PartialEq, Eq, RustcEncodable, RustcDecodable, Hash, Debug)]
[INFO] [stdout]      |                                ^^^^^^^^^^^^^^
[INFO] [stdout] 
[INFO] [stdout] 
[INFO] [stdout] error: cannot find derive macro `RustcDecodable` in this scope
[INFO] [stdout]     --> /opt/rustwide/cargo-home/registry/src/index.crates.io-1949cf8c6b5b557f/syntex_syntax-0.28.0/src/ast.rs:1237:48
[INFO] [stdout]      |
[INFO] [stdout] 1237 | #[derive(Clone, PartialEq, Eq, RustcEncodable, RustcDecodable, Hash, Debug)]
[INFO] [stdout]      |                                                ^^^^^^^^^^^^^^
[INFO] [stdout] 
[INFO] [stdout] 
[INFO] [stdout] error: cannot find derive macro `RustcEncodable` in this scope
[INFO] [stdout]     --> /opt/rustwide/cargo-home/registry/src/index.crates.io-1949cf8c6b5b557f/syntex_syntax-0.28.0/src/ast.rs:1244:32
[INFO] [stdout]      |
[INFO] [stdout] 1244 | #[derive(Clone, PartialEq, Eq, RustcEncodable, RustcDecodable, Hash, Debug, Copy)]
[INFO] [stdout]      |                                ^^^^^^^^^^^^^^
[INFO] [stdout] 
[INFO] [stdout] 
[INFO] [stdout] error: cannot find derive macro `RustcDecodable` in this scope
[INFO] [stdout]     --> /opt/rustwide/cargo-home/registry/src/index.crates.io-1949cf8c6b5b557f/syntex_syntax-0.28.0/src/ast.rs:1244:48
[INFO] [stdout]      |
[INFO] [stdout] 1244 | #[derive(Clone, PartialEq, Eq, RustcEncodable, RustcDecodable, Hash, Debug, Copy)]
[INFO] [stdout]      |                                                ^^^^^^^^^^^^^^
[INFO] [stdout] 
[INFO] [stdout] 
[INFO] [stdout] error: cannot find derive macro `RustcEncodable` in this scope
[INFO] [stdout]     --> /opt/rustwide/cargo-home/registry/src/index.crates.io-1949cf8c6b5b557f/syntex_syntax-0.28.0/src/ast.rs:1257:32
[INFO] [stdout]      |
[INFO] [stdout] 1257 | #[derive(Clone, PartialEq, Eq, RustcEncodable, RustcDecodable, Hash, Debug, Copy)]
[INFO] [stdout]      |                                ^^^^^^^^^^^^^^
[INFO] [stdout] 
[INFO] [stdout] 
[INFO] [stdout] error: cannot find derive macro `RustcDecodable` in this scope
[INFO] [stdout]     --> /opt/rustwide/cargo-home/registry/src/index.crates.io-1949cf8c6b5b557f/syntex_syntax-0.28.0/src/ast.rs:1257:48
[INFO] [stdout]      |
[INFO] [stdout] 1257 | #[derive(Clone, PartialEq, Eq, RustcEncodable, RustcDecodable, Hash, Debug, Copy)]
[INFO] [stdout]      |                                                ^^^^^^^^^^^^^^
[INFO] [stdout] 
[INFO] [stdout] 
[INFO] [stdout] error: cannot find derive macro `RustcEncodable` in this scope
[INFO] [stdout]     --> /opt/rustwide/cargo-home/registry/src/index.crates.io-1949cf8c6b5b557f/syntex_syntax-0.28.0/src/ast.rs:1264:32
[INFO] [stdout]      |
[INFO] [stdout] 1264 | #[derive(Clone, PartialEq, Eq, RustcEncodable, RustcDecodable, Hash, Debug)]
[INFO] [stdout]      |                                ^^^^^^^^^^^^^^
[INFO] [stdout] 
[INFO] [stdout] 
[INFO] [stdout] error: cannot find derive macro `RustcDecodable` in this scope
[INFO] [stdout]     --> /opt/rustwide/cargo-home/registry/src/index.crates.io-1949cf8c6b5b557f/syntex_syntax-0.28.0/src/ast.rs:1264:48
[INFO] [stdout]      |
[INFO] [stdout] 1264 | #[derive(Clone, PartialEq, Eq, RustcEncodable, RustcDecodable, Hash, Debug)]
[INFO] [stdout]      |                                                ^^^^^^^^^^^^^^
[INFO] [stdout] 
[INFO] [stdout] 
[INFO] [stdout] error: cannot find derive macro `RustcEncodable` in this scope
[INFO] [stdout]     --> /opt/rustwide/cargo-home/registry/src/index.crates.io-1949cf8c6b5b557f/syntex_syntax-0.28.0/src/ast.rs:1296:32
[INFO] [stdout]      |
[INFO] [stdout] 1296 | #[derive(Clone, PartialEq, Eq, RustcEncodable, RustcDecodable, Hash, Debug)]
[INFO] [stdout]      |                                ^^^^^^^^^^^^^^
[INFO] [stdout] 
[INFO] [stdout] 
[INFO] [stdout] error: cannot find derive macro `RustcDecodable` in this scope
[INFO] [stdout]     --> /opt/rustwide/cargo-home/registry/src/index.crates.io-1949cf8c6b5b557f/syntex_syntax-0.28.0/src/ast.rs:1296:48
[INFO] [stdout]      |
[INFO] [stdout] 1296 | #[derive(Clone, PartialEq, Eq, RustcEncodable, RustcDecodable, Hash, Debug)]
[INFO] [stdout]      |                                                ^^^^^^^^^^^^^^
[INFO] [stdout] 
[INFO] [stdout] 
[INFO] [stdout] error: cannot find derive macro `RustcEncodable` in this scope
[INFO] [stdout]     --> /opt/rustwide/cargo-home/registry/src/index.crates.io-1949cf8c6b5b557f/syntex_syntax-0.28.0/src/ast.rs:1304:32
[INFO] [stdout]      |
[INFO] [stdout] 1304 | #[derive(Clone, PartialEq, Eq, RustcEncodable, RustcDecodable, Hash, Debug)]
[INFO] [stdout]      |                                ^^^^^^^^^^^^^^
[INFO] [stdout] 
[INFO] [stdout] 
[INFO] [stdout] error: cannot find derive macro `RustcDecodable` in this scope
[INFO] [stdout]     --> /opt/rustwide/cargo-home/registry/src/index.crates.io-1949cf8c6b5b557f/syntex_syntax-0.28.0/src/ast.rs:1304:48
[INFO] [stdout]      |
[INFO] [stdout] 1304 | #[derive(Clone, PartialEq, Eq, RustcEncodable, RustcDecodable, Hash, Debug)]
[INFO] [stdout]      |                                                ^^^^^^^^^^^^^^
[INFO] [stdout] 
[INFO] [stdout] 
[INFO] [stdout] error: cannot find derive macro `RustcEncodable` in this scope
[INFO] [stdout]     --> /opt/rustwide/cargo-home/registry/src/index.crates.io-1949cf8c6b5b557f/syntex_syntax-0.28.0/src/ast.rs:1318:32
[INFO] [stdout]      |
[INFO] [stdout] 1318 | #[derive(Clone, PartialEq, Eq, RustcEncodable, RustcDecodable, Hash, Debug)]
[INFO] [stdout]      |                                ^^^^^^^^^^^^^^
[INFO] [stdout] 
[INFO] [stdout] 
[INFO] [stdout] error: cannot find derive macro `RustcDecodable` in this scope
[INFO] [stdout]     --> /opt/rustwide/cargo-home/registry/src/index.crates.io-1949cf8c6b5b557f/syntex_syntax-0.28.0/src/ast.rs:1318:48
[INFO] [stdout]      |
[INFO] [stdout] 1318 | #[derive(Clone, PartialEq, Eq, RustcEncodable, RustcDecodable, Hash, Debug)]
[INFO] [stdout]      |                                                ^^^^^^^^^^^^^^
[INFO] [stdout] 
[INFO] [stdout] 
[INFO] [stdout] error: cannot find derive macro `RustcEncodable` in this scope
[INFO] [stdout]     --> /opt/rustwide/cargo-home/registry/src/index.crates.io-1949cf8c6b5b557f/syntex_syntax-0.28.0/src/ast.rs:1327:32
[INFO] [stdout]      |
[INFO] [stdout] 1327 | #[derive(Clone, PartialEq, Eq, RustcEncodable, RustcDecodable, Hash, Debug)]
[INFO] [stdout]      |                                ^^^^^^^^^^^^^^
[INFO] [stdout] 
[INFO] [stdout] 
[INFO] [stdout] error: cannot find derive macro `RustcDecodable` in this scope
[INFO] [stdout]     --> /opt/rustwide/cargo-home/registry/src/index.crates.io-1949cf8c6b5b557f/syntex_syntax-0.28.0/src/ast.rs:1327:48
[INFO] [stdout]      |
[INFO] [stdout] 1327 | #[derive(Clone, PartialEq, Eq, RustcEncodable, RustcDecodable, Hash, Debug)]
[INFO] [stdout]      |                                                ^^^^^^^^^^^^^^
[INFO] [stdout] 
[INFO] [stdout] 
[INFO] [stdout] error: cannot find derive macro `RustcEncodable` in this scope
[INFO] [stdout]     --> /opt/rustwide/cargo-home/registry/src/index.crates.io-1949cf8c6b5b557f/syntex_syntax-0.28.0/src/ast.rs:1334:32
[INFO] [stdout]      |
[INFO] [stdout] 1334 | #[derive(Clone, PartialEq, Eq, RustcEncodable, RustcDecodable, Hash, Debug)]
[INFO] [stdout]      |                                ^^^^^^^^^^^^^^
[INFO] [stdout] 
[INFO] [stdout] 
[INFO] [stdout] error: cannot find derive macro `RustcDecodable` in this scope
[INFO] [stdout]     --> /opt/rustwide/cargo-home/registry/src/index.crates.io-1949cf8c6b5b557f/syntex_syntax-0.28.0/src/ast.rs:1334:48
[INFO] [stdout]      |
[INFO] [stdout] 1334 | #[derive(Clone, PartialEq, Eq, RustcEncodable, RustcDecodable, Hash, Debug)]
[INFO] [stdout]      |                                                ^^^^^^^^^^^^^^
[INFO] [stdout] 
[INFO] [stdout] 
[INFO] [stdout] error: cannot find derive macro `RustcEncodable` in this scope
[INFO] [stdout]     --> /opt/rustwide/cargo-home/registry/src/index.crates.io-1949cf8c6b5b557f/syntex_syntax-0.28.0/src/ast.rs:1344:32
[INFO] [stdout]      |
[INFO] [stdout] 1344 | #[derive(Clone, PartialEq, Eq, RustcEncodable, RustcDecodable, Hash, Debug)]
[INFO] [stdout]      |                                ^^^^^^^^^^^^^^
[INFO] [stdout] 
[INFO] [stdout] 
[INFO] [stdout] error: cannot find derive macro `RustcDecodable` in this scope
[INFO] [stdout]     --> /opt/rustwide/cargo-home/registry/src/index.crates.io-1949cf8c6b5b557f/syntex_syntax-0.28.0/src/ast.rs:1344:48
[INFO] [stdout]      |
[INFO] [stdout] 1344 | #[derive(Clone, PartialEq, Eq, RustcEncodable, RustcDecodable, Hash, Debug)]
[INFO] [stdout]      |                                                ^^^^^^^^^^^^^^
[INFO] [stdout] 
[INFO] [stdout] 
[INFO] [stdout] error: cannot find derive macro `RustcEncodable` in this scope
[INFO] [stdout]     --> /opt/rustwide/cargo-home/registry/src/index.crates.io-1949cf8c6b5b557f/syntex_syntax-0.28.0/src/ast.rs:1352:32
[INFO] [stdout]      |
[INFO] [stdout] 1352 | #[derive(Clone, PartialEq, Eq, RustcEncodable, RustcDecodable, Hash, Copy)]
[INFO] [stdout]      |                                ^^^^^^^^^^^^^^
[INFO] [stdout] 
[INFO] [stdout] 
[INFO] [stdout] error: cannot find derive macro `RustcDecodable` in this scope
[INFO] [stdout]     --> /opt/rustwide/cargo-home/registry/src/index.crates.io-1949cf8c6b5b557f/syntex_syntax-0.28.0/src/ast.rs:1352:48
[INFO] [stdout]      |
[INFO] [stdout] 1352 | #[derive(Clone, PartialEq, Eq, RustcEncodable, RustcDecodable, Hash, Copy)]
[INFO] [stdout]      |                                                ^^^^^^^^^^^^^^
[INFO] [stdout] 
[INFO] [stdout] 
[INFO] [stdout] error: cannot find derive macro `RustcEncodable` in this scope
[INFO] [stdout]     --> /opt/rustwide/cargo-home/registry/src/index.crates.io-1949cf8c6b5b557f/syntex_syntax-0.28.0/src/ast.rs:1411:32
[INFO] [stdout]      |
[INFO] [stdout] 1411 | #[derive(Clone, PartialEq, Eq, RustcEncodable, RustcDecodable, Hash, Copy)]
[INFO] [stdout]      |                                ^^^^^^^^^^^^^^
[INFO] [stdout] 
[INFO] [stdout] 
[INFO] [stdout] error: cannot find derive macro `RustcDecodable` in this scope
[INFO] [stdout]     --> /opt/rustwide/cargo-home/registry/src/index.crates.io-1949cf8c6b5b557f/syntex_syntax-0.28.0/src/ast.rs:1411:48
[INFO] [stdout]      |
[INFO] [stdout] 1411 | #[derive(Clone, PartialEq, Eq, RustcEncodable, RustcDecodable, Hash, Copy)]
[INFO] [stdout]      |                                                ^^^^^^^^^^^^^^
[INFO] [stdout] 
[INFO] [stdout] 
[INFO] [stdout] error: cannot find derive macro `RustcEncodable` in this scope
[INFO] [stdout]     --> /opt/rustwide/cargo-home/registry/src/index.crates.io-1949cf8c6b5b557f/syntex_syntax-0.28.0/src/ast.rs:1467:32
[INFO] [stdout]      |
[INFO] [stdout] 1467 | #[derive(Clone, PartialEq, Eq, RustcEncodable, RustcDecodable, Hash, Copy)]
[INFO] [stdout]      |                                ^^^^^^^^^^^^^^
[INFO] [stdout] 
[INFO] [stdout] 
[INFO] [stdout] error: cannot find derive macro `RustcDecodable` in this scope
[INFO] [stdout]     --> /opt/rustwide/cargo-home/registry/src/index.crates.io-1949cf8c6b5b557f/syntex_syntax-0.28.0/src/ast.rs:1467:48
[INFO] [stdout]      |
[INFO] [stdout] 1467 | #[derive(Clone, PartialEq, Eq, RustcEncodable, RustcDecodable, Hash, Copy)]
[INFO] [stdout]      |                                                ^^^^^^^^^^^^^^
[INFO] [stdout] 
[INFO] [stdout] 
[INFO] [stdout] error: cannot find derive macro `RustcEncodable` in this scope
[INFO] [stdout]     --> /opt/rustwide/cargo-home/registry/src/index.crates.io-1949cf8c6b5b557f/syntex_syntax-0.28.0/src/ast.rs:1502:32
[INFO] [stdout]      |
[INFO] [stdout] 1502 | #[derive(Clone, PartialEq, Eq, RustcEncodable, RustcDecodable, Hash, Debug)]
[INFO] [stdout]      |                                ^^^^^^^^^^^^^^
[INFO] [stdout] 
[INFO] [stdout] 
[INFO] [stdout] error: cannot find derive macro `RustcDecodable` in this scope
[INFO] [stdout]     --> /opt/rustwide/cargo-home/registry/src/index.crates.io-1949cf8c6b5b557f/syntex_syntax-0.28.0/src/ast.rs:1502:48
[INFO] [stdout]      |
[INFO] [stdout] 1502 | #[derive(Clone, PartialEq, Eq, RustcEncodable, RustcDecodable, Hash, Debug)]
[INFO] [stdout]      |                                                ^^^^^^^^^^^^^^
[INFO] [stdout] 
[INFO] [stdout] 
[INFO] [stdout] error: cannot find derive macro `RustcEncodable` in this scope
[INFO] [stdout]     --> /opt/rustwide/cargo-home/registry/src/index.crates.io-1949cf8c6b5b557f/syntex_syntax-0.28.0/src/ast.rs:1510:32
[INFO] [stdout]      |
[INFO] [stdout] 1510 | #[derive(Clone, PartialEq, Eq, RustcEncodable, RustcDecodable, Hash)]
[INFO] [stdout]      |                                ^^^^^^^^^^^^^^
[INFO] [stdout] 
[INFO] [stdout] 
[INFO] [stdout] error: cannot find derive macro `RustcDecodable` in this scope
[INFO] [stdout]     --> /opt/rustwide/cargo-home/registry/src/index.crates.io-1949cf8c6b5b557f/syntex_syntax-0.28.0/src/ast.rs:1510:48
[INFO] [stdout]      |
[INFO] [stdout] 1510 | #[derive(Clone, PartialEq, Eq, RustcEncodable, RustcDecodable, Hash)]
[INFO] [stdout]      |                                                ^^^^^^^^^^^^^^
[INFO] [stdout] 
[INFO] [stdout] 
[INFO] [stdout] error: cannot find derive macro `RustcEncodable` in this scope
[INFO] [stdout]     --> /opt/rustwide/cargo-home/registry/src/index.crates.io-1949cf8c6b5b557f/syntex_syntax-0.28.0/src/ast.rs:1523:32
[INFO] [stdout]      |
[INFO] [stdout] 1523 | #[derive(Clone, PartialEq, Eq, RustcEncodable, RustcDecodable, Hash, Debug)]
[INFO] [stdout]      |                                ^^^^^^^^^^^^^^
[INFO] [stdout] 
[INFO] [stdout] 
[INFO] [stdout] error: cannot find derive macro `RustcDecodable` in this scope
[INFO] [stdout]     --> /opt/rustwide/cargo-home/registry/src/index.crates.io-1949cf8c6b5b557f/syntex_syntax-0.28.0/src/ast.rs:1523:48
[INFO] [stdout]      |
[INFO] [stdout] 1523 | #[derive(Clone, PartialEq, Eq, RustcEncodable, RustcDecodable, Hash, Debug)]
[INFO] [stdout]      |                                                ^^^^^^^^^^^^^^
[INFO] [stdout] 
[INFO] [stdout] 
[INFO] [stdout] error: cannot find derive macro `RustcEncodable` in this scope
[INFO] [stdout]     --> /opt/rustwide/cargo-home/registry/src/index.crates.io-1949cf8c6b5b557f/syntex_syntax-0.28.0/src/ast.rs:1531:32
[INFO] [stdout]      |
[INFO] [stdout] 1531 | #[derive(Clone, PartialEq, Eq, RustcEncodable, RustcDecodable, Hash, Debug)]
[INFO] [stdout]      |                                ^^^^^^^^^^^^^^
[INFO] [stdout] 
[INFO] [stdout] 
[INFO] [stdout] error: cannot find derive macro `RustcDecodable` in this scope
[INFO] [stdout]     --> /opt/rustwide/cargo-home/registry/src/index.crates.io-1949cf8c6b5b557f/syntex_syntax-0.28.0/src/ast.rs:1531:48
[INFO] [stdout]      |
[INFO] [stdout] 1531 | #[derive(Clone, PartialEq, Eq, RustcEncodable, RustcDecodable, Hash, Debug)]
[INFO] [stdout]      |                                                ^^^^^^^^^^^^^^
[INFO] [stdout] 
[INFO] [stdout] 
[INFO] [stdout] error: cannot find derive macro `RustcEncodable` in this scope
[INFO] [stdout]     --> /opt/rustwide/cargo-home/registry/src/index.crates.io-1949cf8c6b5b557f/syntex_syntax-0.28.0/src/ast.rs:1565:32
[INFO] [stdout]      |
[INFO] [stdout] 1565 | #[derive(Clone, PartialEq, Eq, RustcEncodable, RustcDecodable, Hash, Debug, Copy)]
[INFO] [stdout]      |                                ^^^^^^^^^^^^^^
[INFO] [stdout] 
[INFO] [stdout] 
[INFO] [stdout] error: cannot find derive macro `RustcDecodable` in this scope
[INFO] [stdout]     --> /opt/rustwide/cargo-home/registry/src/index.crates.io-1949cf8c6b5b557f/syntex_syntax-0.28.0/src/ast.rs:1565:48
[INFO] [stdout]      |
[INFO] [stdout] 1565 | #[derive(Clone, PartialEq, Eq, RustcEncodable, RustcDecodable, Hash, Debug, Copy)]
[INFO] [stdout]      |                                                ^^^^^^^^^^^^^^
[INFO] [stdout] 
[INFO] [stdout] 
[INFO] [stdout] error: cannot find derive macro `RustcEncodable` in this scope
[INFO] [stdout]     --> /opt/rustwide/cargo-home/registry/src/index.crates.io-1949cf8c6b5b557f/syntex_syntax-0.28.0/src/ast.rs:1571:32
[INFO] [stdout]      |
[INFO] [stdout] 1571 | #[derive(Clone, PartialEq, Eq, RustcEncodable, RustcDecodable, Hash, Debug)]
[INFO] [stdout]      |                                ^^^^^^^^^^^^^^
[INFO] [stdout] 
[INFO] [stdout] 
[INFO] [stdout] error: cannot find derive macro `RustcDecodable` in this scope
[INFO] [stdout]     --> /opt/rustwide/cargo-home/registry/src/index.crates.io-1949cf8c6b5b557f/syntex_syntax-0.28.0/src/ast.rs:1571:48
[INFO] [stdout]      |
[INFO] [stdout] 1571 | #[derive(Clone, PartialEq, Eq, RustcEncodable, RustcDecodable, Hash, Debug)]
[INFO] [stdout]      |                                                ^^^^^^^^^^^^^^
[INFO] [stdout] 
[INFO] [stdout] 
[INFO] [stdout] error: cannot find derive macro `RustcEncodable` in this scope
[INFO] [stdout]     --> /opt/rustwide/cargo-home/registry/src/index.crates.io-1949cf8c6b5b557f/syntex_syntax-0.28.0/src/ast.rs:1579:32
[INFO] [stdout]      |
[INFO] [stdout] 1579 | #[derive(Clone, PartialEq, Eq, RustcEncodable, RustcDecodable, Hash, Debug)]
[INFO] [stdout]      |                                ^^^^^^^^^^^^^^
[INFO] [stdout] 
[INFO] [stdout] 
[INFO] [stdout] error: cannot find derive macro `RustcDecodable` in this scope
[INFO] [stdout]     --> /opt/rustwide/cargo-home/registry/src/index.crates.io-1949cf8c6b5b557f/syntex_syntax-0.28.0/src/ast.rs:1579:48
[INFO] [stdout]      |
[INFO] [stdout] 1579 | #[derive(Clone, PartialEq, Eq, RustcEncodable, RustcDecodable, Hash, Debug)]
[INFO] [stdout]      |                                                ^^^^^^^^^^^^^^
[INFO] [stdout] 
[INFO] [stdout] 
[INFO] [stdout] error: cannot find derive macro `RustcEncodable` in this scope
[INFO] [stdout]     --> /opt/rustwide/cargo-home/registry/src/index.crates.io-1949cf8c6b5b557f/syntex_syntax-0.28.0/src/ast.rs:1593:32
[INFO] [stdout]      |
[INFO] [stdout] 1593 | #[derive(Clone, PartialEq, Eq, RustcEncodable, RustcDecodable, Hash, Debug)]
[INFO] [stdout]      |                                ^^^^^^^^^^^^^^
[INFO] [stdout] 
[INFO] [stdout] 
[INFO] [stdout] error: cannot find derive macro `RustcDecodable` in this scope
[INFO] [stdout]     --> /opt/rustwide/cargo-home/registry/src/index.crates.io-1949cf8c6b5b557f/syntex_syntax-0.28.0/src/ast.rs:1593:48
[INFO] [stdout]      |
[INFO] [stdout] 1593 | #[derive(Clone, PartialEq, Eq, RustcEncodable, RustcDecodable, Hash, Debug)]
[INFO] [stdout]      |                                                ^^^^^^^^^^^^^^
[INFO] [stdout] 
[INFO] [stdout] 
[INFO] [stdout] error: cannot find derive macro `RustcEncodable` in this scope
[INFO] [stdout]     --> /opt/rustwide/cargo-home/registry/src/index.crates.io-1949cf8c6b5b557f/syntex_syntax-0.28.0/src/ast.rs:1621:32
[INFO] [stdout]      |
[INFO] [stdout] 1621 | #[derive(Clone, PartialEq, Eq, RustcEncodable, RustcDecodable, Hash, Debug)]
[INFO] [stdout]      |                                ^^^^^^^^^^^^^^
[INFO] [stdout] 
[INFO] [stdout] 
[INFO] [stdout] error: cannot find derive macro `RustcDecodable` in this scope
[INFO] [stdout]     --> /opt/rustwide/cargo-home/registry/src/index.crates.io-1949cf8c6b5b557f/syntex_syntax-0.28.0/src/ast.rs:1621:48
[INFO] [stdout]      |
[INFO] [stdout] 1621 | #[derive(Clone, PartialEq, Eq, RustcEncodable, RustcDecodable, Hash, Debug)]
[INFO] [stdout]      |                                                ^^^^^^^^^^^^^^
[INFO] [stdout] 
[INFO] [stdout] 
[INFO] [stdout] error: cannot find derive macro `RustcEncodable` in this scope
[INFO] [stdout]     --> /opt/rustwide/cargo-home/registry/src/index.crates.io-1949cf8c6b5b557f/syntex_syntax-0.28.0/src/ast.rs:1628:38
[INFO] [stdout]      |
[INFO] [stdout] 1628 | #[derive(Copy, Clone, PartialEq, Eq, RustcEncodable, RustcDecodable, Hash, Debug)]
[INFO] [stdout]      |                                      ^^^^^^^^^^^^^^
[INFO] [stdout] 
[INFO] [stdout] 
[INFO] [stdout] error: cannot find derive macro `RustcDecodable` in this scope
[INFO] [stdout]     --> /opt/rustwide/cargo-home/registry/src/index.crates.io-1949cf8c6b5b557f/syntex_syntax-0.28.0/src/ast.rs:1628:54
[INFO] [stdout]      |
[INFO] [stdout] 1628 | #[derive(Copy, Clone, PartialEq, Eq, RustcEncodable, RustcDecodable, Hash, Debug)]
[INFO] [stdout]      |                                                      ^^^^^^^^^^^^^^
[INFO] [stdout] 
[INFO] [stdout] 
[INFO] [stdout] error: cannot find derive macro `RustcEncodable` in this scope
[INFO] [stdout]     --> /opt/rustwide/cargo-home/registry/src/index.crates.io-1949cf8c6b5b557f/syntex_syntax-0.28.0/src/ast.rs:1634:38
[INFO] [stdout]      |
[INFO] [stdout] 1634 | #[derive(Copy, Clone, PartialEq, Eq, RustcEncodable, RustcDecodable, Hash, Debug)]
[INFO] [stdout]      |                                      ^^^^^^^^^^^^^^
[INFO] [stdout] 
[INFO] [stdout] 
[INFO] [stdout] error: cannot find derive macro `RustcDecodable` in this scope
[INFO] [stdout]     --> /opt/rustwide/cargo-home/registry/src/index.crates.io-1949cf8c6b5b557f/syntex_syntax-0.28.0/src/ast.rs:1634:54
[INFO] [stdout]      |
[INFO] [stdout] 1634 | #[derive(Copy, Clone, PartialEq, Eq, RustcEncodable, RustcDecodable, Hash, Debug)]
[INFO] [stdout]      |                                                      ^^^^^^^^^^^^^^
[INFO] [stdout] 
[INFO] [stdout] 
[INFO] [stdout] error: cannot find derive macro `RustcEncodable` in this scope
[INFO] [stdout]     --> /opt/rustwide/cargo-home/registry/src/index.crates.io-1949cf8c6b5b557f/syntex_syntax-0.28.0/src/ast.rs:1649:38
[INFO] [stdout]      |
[INFO] [stdout] 1649 | #[derive(Copy, Clone, PartialEq, Eq, RustcEncodable, RustcDecodable, Hash)]
[INFO] [stdout]      |                                      ^^^^^^^^^^^^^^
[INFO] [stdout] 
[INFO] [stdout] 
[INFO] [stdout] error: cannot find derive macro `RustcDecodable` in this scope
[INFO] [stdout]     --> /opt/rustwide/cargo-home/registry/src/index.crates.io-1949cf8c6b5b557f/syntex_syntax-0.28.0/src/ast.rs:1649:54
[INFO] [stdout]      |
[INFO] [stdout] 1649 | #[derive(Copy, Clone, PartialEq, Eq, RustcEncodable, RustcDecodable, Hash)]
[INFO] [stdout]      |                                                      ^^^^^^^^^^^^^^
[INFO] [stdout] 
[INFO] [stdout] 
[INFO] [stdout] error: cannot find derive macro `RustcEncodable` in this scope
[INFO] [stdout]     --> /opt/rustwide/cargo-home/registry/src/index.crates.io-1949cf8c6b5b557f/syntex_syntax-0.28.0/src/ast.rs:1667:32
[INFO] [stdout]      |
[INFO] [stdout] 1667 | #[derive(Clone, PartialEq, Eq, RustcEncodable, RustcDecodable, Hash, Debug)]
[INFO] [stdout]      |                                ^^^^^^^^^^^^^^
[INFO] [stdout] 
[INFO] [stdout] 
[INFO] [stdout] error: cannot find derive macro `RustcDecodable` in this scope
[INFO] [stdout]     --> /opt/rustwide/cargo-home/registry/src/index.crates.io-1949cf8c6b5b557f/syntex_syntax-0.28.0/src/ast.rs:1667:48
[INFO] [stdout]      |
[INFO] [stdout] 1667 | #[derive(Clone, PartialEq, Eq, RustcEncodable, RustcDecodable, Hash, Debug)]
[INFO] [stdout]      |                                                ^^^^^^^^^^^^^^
[INFO] [stdout] 
[INFO] [stdout] 
[INFO] [stdout] error: cannot find derive macro `RustcEncodable` in this scope
[INFO] [stdout]     --> /opt/rustwide/cargo-home/registry/src/index.crates.io-1949cf8c6b5b557f/syntex_syntax-0.28.0/src/ast.rs:1693:32
[INFO] [stdout]      |
[INFO] [stdout] 1693 | #[derive(Clone, PartialEq, Eq, RustcEncodable, RustcDecodable, Hash, Debug)]
[INFO] [stdout]      |                                ^^^^^^^^^^^^^^
[INFO] [stdout] 
[INFO] [stdout] 
[INFO] [stdout] error: cannot find derive macro `RustcDecodable` in this scope
[INFO] [stdout]     --> /opt/rustwide/cargo-home/registry/src/index.crates.io-1949cf8c6b5b557f/syntex_syntax-0.28.0/src/ast.rs:1693:48
[INFO] [stdout]      |
[INFO] [stdout] 1693 | #[derive(Clone, PartialEq, Eq, RustcEncodable, RustcDecodable, Hash, Debug)]
[INFO] [stdout]      |                                                ^^^^^^^^^^^^^^
[INFO] [stdout] 
[INFO] [stdout] 
[INFO] [stdout] error: cannot find derive macro `RustcEncodable` in this scope
[INFO] [stdout]     --> /opt/rustwide/cargo-home/registry/src/index.crates.io-1949cf8c6b5b557f/syntex_syntax-0.28.0/src/ast.rs:1707:32
[INFO] [stdout]      |
[INFO] [stdout] 1707 | #[derive(Clone, PartialEq, Eq, RustcEncodable, RustcDecodable, Hash, Debug)]
[INFO] [stdout]      |                                ^^^^^^^^^^^^^^
[INFO] [stdout] 
[INFO] [stdout] 
[INFO] [stdout] error: cannot find derive macro `RustcDecodable` in this scope
[INFO] [stdout]     --> /opt/rustwide/cargo-home/registry/src/index.crates.io-1949cf8c6b5b557f/syntex_syntax-0.28.0/src/ast.rs:1707:48
[INFO] [stdout]      |
[INFO] [stdout] 1707 | #[derive(Clone, PartialEq, Eq, RustcEncodable, RustcDecodable, Hash, Debug)]
[INFO] [stdout]      |                                                ^^^^^^^^^^^^^^
[INFO] [stdout] 
[INFO] [stdout] 
[INFO] [stdout] error: cannot find derive macro `RustcEncodable` in this scope
[INFO] [stdout]     --> /opt/rustwide/cargo-home/registry/src/index.crates.io-1949cf8c6b5b557f/syntex_syntax-0.28.0/src/ast.rs:1716:32
[INFO] [stdout]      |
[INFO] [stdout] 1716 | #[derive(Clone, PartialEq, Eq, RustcEncodable, RustcDecodable, Hash, Debug)]
[INFO] [stdout]      |                                ^^^^^^^^^^^^^^
[INFO] [stdout] 
[INFO] [stdout] 
[INFO] [stdout] error: cannot find derive macro `RustcDecodable` in this scope
[INFO] [stdout]     --> /opt/rustwide/cargo-home/registry/src/index.crates.io-1949cf8c6b5b557f/syntex_syntax-0.28.0/src/ast.rs:1716:48
[INFO] [stdout]      |
[INFO] [stdout] 1716 | #[derive(Clone, PartialEq, Eq, RustcEncodable, RustcDecodable, Hash, Debug)]
[INFO] [stdout]      |                                                ^^^^^^^^^^^^^^
[INFO] [stdout] 
[INFO] [stdout] 
[INFO] [stdout] error: cannot find derive macro `RustcEncodable` in this scope
[INFO] [stdout]     --> /opt/rustwide/cargo-home/registry/src/index.crates.io-1949cf8c6b5b557f/syntex_syntax-0.28.0/src/ast.rs:1722:32
[INFO] [stdout]      |
[INFO] [stdout] 1722 | #[derive(Clone, PartialEq, Eq, RustcEncodable, RustcDecodable, Hash, Debug)]
[INFO] [stdout]      |                                ^^^^^^^^^^^^^^
[INFO] [stdout] 
[INFO] [stdout] 
[INFO] [stdout] error: cannot find derive macro `RustcDecodable` in this scope
[INFO] [stdout]     --> /opt/rustwide/cargo-home/registry/src/index.crates.io-1949cf8c6b5b557f/syntex_syntax-0.28.0/src/ast.rs:1722:48
[INFO] [stdout]      |
[INFO] [stdout] 1722 | #[derive(Clone, PartialEq, Eq, RustcEncodable, RustcDecodable, Hash, Debug)]
[INFO] [stdout]      |                                                ^^^^^^^^^^^^^^
[INFO] [stdout] 
[INFO] [stdout] 
[INFO] [stdout] error: cannot find derive macro `RustcEncodable` in this scope
[INFO] [stdout]     --> /opt/rustwide/cargo-home/registry/src/index.crates.io-1949cf8c6b5b557f/syntex_syntax-0.28.0/src/ast.rs:1727:32
[INFO] [stdout]      |
[INFO] [stdout] 1727 | #[derive(Clone, PartialEq, Eq, RustcEncodable, RustcDecodable, Hash, Debug)]
[INFO] [stdout]      |                                ^^^^^^^^^^^^^^
[INFO] [stdout] 
[INFO] [stdout] 
[INFO] [stdout] error: cannot find derive macro `RustcDecodable` in this scope
[INFO] [stdout]     --> /opt/rustwide/cargo-home/registry/src/index.crates.io-1949cf8c6b5b557f/syntex_syntax-0.28.0/src/ast.rs:1727:48
[INFO] [stdout]      |
[INFO] [stdout] 1727 | #[derive(Clone, PartialEq, Eq, RustcEncodable, RustcDecodable, Hash, Debug)]
[INFO] [stdout]      |                                                ^^^^^^^^^^^^^^
[INFO] [stdout] 
[INFO] [stdout] 
[INFO] [stdout] error: cannot find derive macro `RustcEncodable` in this scope
[INFO] [stdout]     --> /opt/rustwide/cargo-home/registry/src/index.crates.io-1949cf8c6b5b557f/syntex_syntax-0.28.0/src/ast.rs:1738:32
[INFO] [stdout]      |
[INFO] [stdout] 1738 | #[derive(Clone, PartialEq, Eq, RustcEncodable, RustcDecodable, Hash, Debug, Copy)]
[INFO] [stdout]      |                                ^^^^^^^^^^^^^^
[INFO] [stdout] 
[INFO] [stdout] 
[INFO] [stdout] error: cannot find derive macro `RustcDecodable` in this scope
[INFO] [stdout]     --> /opt/rustwide/cargo-home/registry/src/index.crates.io-1949cf8c6b5b557f/syntex_syntax-0.28.0/src/ast.rs:1738:48
[INFO] [stdout]      |
[INFO] [stdout] 1738 | #[derive(Clone, PartialEq, Eq, RustcEncodable, RustcDecodable, Hash, Debug, Copy)]
[INFO] [stdout]      |                                                ^^^^^^^^^^^^^^
[INFO] [stdout] 
[INFO] [stdout] 
[INFO] [stdout] error: cannot find derive macro `RustcEncodable` in this scope
[INFO] [stdout]     --> /opt/rustwide/cargo-home/registry/src/index.crates.io-1949cf8c6b5b557f/syntex_syntax-0.28.0/src/ast.rs:1778:32
[INFO] [stdout]      |
[INFO] [stdout] 1778 | #[derive(Clone, PartialEq, Eq, RustcEncodable, RustcDecodable, Hash, Debug)]
[INFO] [stdout]      |                                ^^^^^^^^^^^^^^
[INFO] [stdout] 
[INFO] [stdout] 
[INFO] [stdout] error: cannot find derive macro `RustcDecodable` in this scope
[INFO] [stdout]     --> /opt/rustwide/cargo-home/registry/src/index.crates.io-1949cf8c6b5b557f/syntex_syntax-0.28.0/src/ast.rs:1778:48
[INFO] [stdout]      |
[INFO] [stdout] 1778 | #[derive(Clone, PartialEq, Eq, RustcEncodable, RustcDecodable, Hash, Debug)]
[INFO] [stdout]      |                                                ^^^^^^^^^^^^^^
[INFO] [stdout] 
[INFO] [stdout] 
[INFO] [stdout] error: cannot find derive macro `RustcEncodable` in this scope
[INFO] [stdout]     --> /opt/rustwide/cargo-home/registry/src/index.crates.io-1949cf8c6b5b557f/syntex_syntax-0.28.0/src/ast.rs:1801:32
[INFO] [stdout]      |
[INFO] [stdout] 1801 | #[derive(Clone, PartialEq, Eq, RustcEncodable, RustcDecodable, Hash, Debug, Copy)]
[INFO] [stdout]      |                                ^^^^^^^^^^^^^^
[INFO] [stdout] 
[INFO] [stdout] 
[INFO] [stdout] error: cannot find derive macro `RustcDecodable` in this scope
[INFO] [stdout]     --> /opt/rustwide/cargo-home/registry/src/index.crates.io-1949cf8c6b5b557f/syntex_syntax-0.28.0/src/ast.rs:1801:48
[INFO] [stdout]      |
[INFO] [stdout] 1801 | #[derive(Clone, PartialEq, Eq, RustcEncodable, RustcDecodable, Hash, Debug, Copy)]
[INFO] [stdout]      |                                                ^^^^^^^^^^^^^^
[INFO] [stdout] 
[INFO] [stdout] 
[INFO] [stdout] error: cannot find derive macro `RustcEncodable` in this scope
[INFO] [stdout]     --> /opt/rustwide/cargo-home/registry/src/index.crates.io-1949cf8c6b5b557f/syntex_syntax-0.28.0/src/ast.rs:1807:32
[INFO] [stdout]      |
[INFO] [stdout] 1807 | #[derive(Clone, PartialEq, Eq, RustcEncodable, RustcDecodable, Hash, Debug, Copy)]
[INFO] [stdout]      |                                ^^^^^^^^^^^^^^
[INFO] [stdout] 
[INFO] [stdout] 
[INFO] [stdout] error: cannot find derive macro `RustcDecodable` in this scope
[INFO] [stdout]     --> /opt/rustwide/cargo-home/registry/src/index.crates.io-1949cf8c6b5b557f/syntex_syntax-0.28.0/src/ast.rs:1807:48
[INFO] [stdout]      |
[INFO] [stdout] 1807 | #[derive(Clone, PartialEq, Eq, RustcEncodable, RustcDecodable, Hash, Debug, Copy)]
[INFO] [stdout]      |                                                ^^^^^^^^^^^^^^
[INFO] [stdout] 
[INFO] [stdout] 
[INFO] [stdout] error: cannot find derive macro `RustcEncodable` in this scope
[INFO] [stdout]     --> /opt/rustwide/cargo-home/registry/src/index.crates.io-1949cf8c6b5b557f/syntex_syntax-0.28.0/src/ast.rs:1811:32
[INFO] [stdout]      |
[INFO] [stdout] 1811 | #[derive(Clone, PartialEq, Eq, RustcEncodable, RustcDecodable, Hash, Debug)]
[INFO] [stdout]      |                                ^^^^^^^^^^^^^^
[INFO] [stdout] 
[INFO] [stdout] 
[INFO] [stdout] error: cannot find derive macro `RustcDecodable` in this scope
[INFO] [stdout]     --> /opt/rustwide/cargo-home/registry/src/index.crates.io-1949cf8c6b5b557f/syntex_syntax-0.28.0/src/ast.rs:1811:48
[INFO] [stdout]      |
[INFO] [stdout] 1811 | #[derive(Clone, PartialEq, Eq, RustcEncodable, RustcDecodable, Hash, Debug)]
[INFO] [stdout]      |                                                ^^^^^^^^^^^^^^
[INFO] [stdout] 
[INFO] [stdout] 
[INFO] [stdout] error: cannot find derive macro `RustcEncodable` in this scope
[INFO] [stdout]     --> /opt/rustwide/cargo-home/registry/src/index.crates.io-1949cf8c6b5b557f/syntex_syntax-0.28.0/src/ast.rs:1825:32
[INFO] [stdout]      |
[INFO] [stdout] 1825 | #[derive(Clone, PartialEq, Eq, RustcEncodable, RustcDecodable, Hash, Debug)]
[INFO] [stdout]      |                                ^^^^^^^^^^^^^^
[INFO] [stdout] 
[INFO] [stdout] 
[INFO] [stdout] error: cannot find derive macro `RustcDecodable` in this scope
[INFO] [stdout]     --> /opt/rustwide/cargo-home/registry/src/index.crates.io-1949cf8c6b5b557f/syntex_syntax-0.28.0/src/ast.rs:1825:48
[INFO] [stdout]      |
[INFO] [stdout] 1825 | #[derive(Clone, PartialEq, Eq, RustcEncodable, RustcDecodable, Hash, Debug)]
[INFO] [stdout]      |                                                ^^^^^^^^^^^^^^
[INFO] [stdout] 
[INFO] [stdout] 
[INFO] [stdout] error: cannot find derive macro `RustcEncodable` in this scope
[INFO] [stdout]     --> /opt/rustwide/cargo-home/registry/src/index.crates.io-1949cf8c6b5b557f/syntex_syntax-0.28.0/src/ast.rs:1831:32
[INFO] [stdout]      |
[INFO] [stdout] 1831 | #[derive(Clone, PartialEq, Eq, RustcEncodable, RustcDecodable, Hash, Debug)]
[INFO] [stdout]      |                                ^^^^^^^^^^^^^^
[INFO] [stdout] 
[INFO] [stdout] 
[INFO] [stdout] error: cannot find derive macro `RustcDecodable` in this scope
[INFO] [stdout]     --> /opt/rustwide/cargo-home/registry/src/index.crates.io-1949cf8c6b5b557f/syntex_syntax-0.28.0/src/ast.rs:1831:48
[INFO] [stdout]      |
[INFO] [stdout] 1831 | #[derive(Clone, PartialEq, Eq, RustcEncodable, RustcDecodable, Hash, Debug)]
[INFO] [stdout]      |                                                ^^^^^^^^^^^^^^
[INFO] [stdout] 
[INFO] [stdout] 
[INFO] [stdout] error: cannot find derive macro `RustcEncodable` in this scope
[INFO] [stdout]     --> /opt/rustwide/cargo-home/registry/src/index.crates.io-1949cf8c6b5b557f/syntex_syntax-0.28.0/src/ast.rs:1842:32
[INFO] [stdout]      |
[INFO] [stdout] 1842 | #[derive(Clone, PartialEq, Eq, RustcEncodable, RustcDecodable, Hash, Debug, Copy)]
[INFO] [stdout]      |                                ^^^^^^^^^^^^^^
[INFO] [stdout] 
[INFO] [stdout] 
[INFO] [stdout] error: cannot find derive macro `RustcDecodable` in this scope
[INFO] [stdout]     --> /opt/rustwide/cargo-home/registry/src/index.crates.io-1949cf8c6b5b557f/syntex_syntax-0.28.0/src/ast.rs:1842:48
[INFO] [stdout]      |
[INFO] [stdout] 1842 | #[derive(Clone, PartialEq, Eq, RustcEncodable, RustcDecodable, Hash, Debug, Copy)]
[INFO] [stdout]      |                                                ^^^^^^^^^^^^^^
[INFO] [stdout] 
[INFO] [stdout] 
[INFO] [stdout] error: cannot find derive macro `RustcEncodable` in this scope
[INFO] [stdout]     --> /opt/rustwide/cargo-home/registry/src/index.crates.io-1949cf8c6b5b557f/syntex_syntax-0.28.0/src/ast.rs:1857:32
[INFO] [stdout]      |
[INFO] [stdout] 1857 | #[derive(Clone, PartialEq, Eq, RustcEncodable, RustcDecodable, Hash, Debug)]
[INFO] [stdout]      |                                ^^^^^^^^^^^^^^
[INFO] [stdout] 
[INFO] [stdout] 
[INFO] [stdout] error: cannot find derive macro `RustcDecodable` in this scope
[INFO] [stdout]     --> /opt/rustwide/cargo-home/registry/src/index.crates.io-1949cf8c6b5b557f/syntex_syntax-0.28.0/src/ast.rs:1857:48
[INFO] [stdout]      |
[INFO] [stdout] 1857 | #[derive(Clone, PartialEq, Eq, RustcEncodable, RustcDecodable, Hash, Debug)]
[INFO] [stdout]      |                                                ^^^^^^^^^^^^^^
[INFO] [stdout] 
[INFO] [stdout] 
[INFO] [stdout] error: cannot find derive macro `RustcEncodable` in this scope
[INFO] [stdout]     --> /opt/rustwide/cargo-home/registry/src/index.crates.io-1949cf8c6b5b557f/syntex_syntax-0.28.0/src/ast.rs:1876:32
[INFO] [stdout]      |
[INFO] [stdout] 1876 | #[derive(Clone, PartialEq, Eq, RustcEncodable, RustcDecodable, Hash, Debug, Copy)]
[INFO] [stdout]      |                                ^^^^^^^^^^^^^^
[INFO] [stdout] 
[INFO] [stdout] 
[INFO] [stdout] error: cannot find derive macro `RustcDecodable` in this scope
[INFO] [stdout]     --> /opt/rustwide/cargo-home/registry/src/index.crates.io-1949cf8c6b5b557f/syntex_syntax-0.28.0/src/ast.rs:1876:48
[INFO] [stdout]      |
[INFO] [stdout] 1876 | #[derive(Clone, PartialEq, Eq, RustcEncodable, RustcDecodable, Hash, Debug, Copy)]
[INFO] [stdout]      |                                                ^^^^^^^^^^^^^^
[INFO] [stdout] 
[INFO] [stdout] 
[INFO] [stdout] error: cannot find derive macro `RustcEncodable` in this scope
[INFO] [stdout]     --> /opt/rustwide/cargo-home/registry/src/index.crates.io-1949cf8c6b5b557f/syntex_syntax-0.28.0/src/ast.rs:1909:32
[INFO] [stdout]      |
[INFO] [stdout] 1909 | #[derive(Clone, PartialEq, Eq, RustcEncodable, RustcDecodable, Hash, Debug)]
[INFO] [stdout]      |                                ^^^^^^^^^^^^^^
[INFO] [stdout] 
[INFO] [stdout] 
[INFO] [stdout] error: cannot find derive macro `RustcDecodable` in this scope
[INFO] [stdout]     --> /opt/rustwide/cargo-home/registry/src/index.crates.io-1949cf8c6b5b557f/syntex_syntax-0.28.0/src/ast.rs:1909:48
[INFO] [stdout]      |
[INFO] [stdout] 1909 | #[derive(Clone, PartialEq, Eq, RustcEncodable, RustcDecodable, Hash, Debug)]
[INFO] [stdout]      |                                                ^^^^^^^^^^^^^^
[INFO] [stdout] 
[INFO] [stdout] 
[INFO] [stdout] error: cannot find derive macro `RustcEncodable` in this scope
[INFO] [stdout]     --> /opt/rustwide/cargo-home/registry/src/index.crates.io-1949cf8c6b5b557f/syntex_syntax-0.28.0/src/ast.rs:1946:32
[INFO] [stdout]      |
[INFO] [stdout] 1946 | #[derive(Clone, PartialEq, Eq, RustcEncodable, RustcDecodable, Hash, Debug)]
[INFO] [stdout]      |                                ^^^^^^^^^^^^^^
[INFO] [stdout] 
[INFO] [stdout] 
[INFO] [stdout] error: cannot find derive macro `RustcDecodable` in this scope
[INFO] [stdout]     --> /opt/rustwide/cargo-home/registry/src/index.crates.io-1949cf8c6b5b557f/syntex_syntax-0.28.0/src/ast.rs:1946:48
[INFO] [stdout]      |
[INFO] [stdout] 1946 | #[derive(Clone, PartialEq, Eq, RustcEncodable, RustcDecodable, Hash, Debug)]
[INFO] [stdout]      |                                                ^^^^^^^^^^^^^^
[INFO] [stdout] 
[INFO] [stdout] 
[INFO] [stdout] error: cannot find derive macro `RustcEncodable` in this scope
[INFO] [stdout]     --> /opt/rustwide/cargo-home/registry/src/index.crates.io-1949cf8c6b5b557f/syntex_syntax-0.28.0/src/ast.rs:1962:32
[INFO] [stdout]      |
[INFO] [stdout] 1962 | #[derive(Clone, PartialEq, Eq, RustcEncodable, RustcDecodable, Hash, Debug)]
[INFO] [stdout]      |                                ^^^^^^^^^^^^^^
[INFO] [stdout] 
[INFO] [stdout] 
[INFO] [stdout] error: cannot find derive macro `RustcDecodable` in this scope
[INFO] [stdout]     --> /opt/rustwide/cargo-home/registry/src/index.crates.io-1949cf8c6b5b557f/syntex_syntax-0.28.0/src/ast.rs:1962:48
[INFO] [stdout]      |
[INFO] [stdout] 1962 | #[derive(Clone, PartialEq, Eq, RustcEncodable, RustcDecodable, Hash, Debug)]
[INFO] [stdout]      |                                                ^^^^^^^^^^^^^^
[INFO] [stdout] 
[INFO] [stdout] 
[INFO] [stdout] error: cannot find derive macro `RustcEncodable` in this scope
[INFO] [stdout]     --> /opt/rustwide/cargo-home/registry/src/index.crates.io-1949cf8c6b5b557f/syntex_syntax-0.28.0/src/ast.rs:2029:32
[INFO] [stdout]      |
[INFO] [stdout] 2029 | #[derive(Clone, PartialEq, Eq, RustcEncodable, RustcDecodable, Hash, Debug)]
[INFO] [stdout]      |                                ^^^^^^^^^^^^^^
[INFO] [stdout] 
[INFO] [stdout] 
[INFO] [stdout] error: cannot find derive macro `RustcDecodable` in this scope
[INFO] [stdout]     --> /opt/rustwide/cargo-home/registry/src/index.crates.io-1949cf8c6b5b557f/syntex_syntax-0.28.0/src/ast.rs:2029:48
[INFO] [stdout]      |
[INFO] [stdout] 2029 | #[derive(Clone, PartialEq, Eq, RustcEncodable, RustcDecodable, Hash, Debug)]
[INFO] [stdout]      |                                                ^^^^^^^^^^^^^^
[INFO] [stdout] 
[INFO] [stdout] 
[INFO] [stdout] error: cannot find derive macro `RustcEncodable` in this scope
[INFO] [stdout]     --> /opt/rustwide/cargo-home/registry/src/index.crates.io-1949cf8c6b5b557f/syntex_syntax-0.28.0/src/ast.rs:2040:32
[INFO] [stdout]      |
[INFO] [stdout] 2040 | #[derive(Clone, PartialEq, Eq, RustcEncodable, RustcDecodable, Hash, Debug)]
[INFO] [stdout]      |                                ^^^^^^^^^^^^^^
[INFO] [stdout] 
[INFO] [stdout] 
[INFO] [stdout] error: cannot find derive macro `RustcDecodable` in this scope
[INFO] [stdout]     --> /opt/rustwide/cargo-home/registry/src/index.crates.io-1949cf8c6b5b557f/syntex_syntax-0.28.0/src/ast.rs:2040:48
[INFO] [stdout]      |
[INFO] [stdout] 2040 | #[derive(Clone, PartialEq, Eq, RustcEncodable, RustcDecodable, Hash, Debug)]
[INFO] [stdout]      |                                                ^^^^^^^^^^^^^^
[INFO] [stdout] 
[INFO] [stdout] 
[INFO] [stdout] error: cannot find derive macro `RustcEncodable` in this scope
[INFO] [stdout]     --> /opt/rustwide/cargo-home/registry/src/index.crates.io-1949cf8c6b5b557f/syntex_syntax-0.28.0/src/ast.rs:2061:32
[INFO] [stdout]      |
[INFO] [stdout] 2061 | #[derive(Clone, PartialEq, Eq, RustcEncodable, RustcDecodable, Hash, Debug)]
[INFO] [stdout]      |                                ^^^^^^^^^^^^^^
[INFO] [stdout] 
[INFO] [stdout] 
[INFO] [stdout] error: cannot find derive macro `RustcDecodable` in this scope
[INFO] [stdout]     --> /opt/rustwide/cargo-home/registry/src/index.crates.io-1949cf8c6b5b557f/syntex_syntax-0.28.0/src/ast.rs:2061:48
[INFO] [stdout]      |
[INFO] [stdout] 2061 | #[derive(Clone, PartialEq, Eq, RustcEncodable, RustcDecodable, Hash, Debug)]
[INFO] [stdout]      |                                                ^^^^^^^^^^^^^^
[INFO] [stdout] 
[INFO] [stdout] 
[INFO] [stdout] error: cannot find derive macro `RustcEncodable` in this scope
[INFO] [stdout]    --> /opt/rustwide/cargo-home/registry/src/index.crates.io-1949cf8c6b5b557f/syntex_syntax-0.28.0/src/ast_util.rs:107:23
[INFO] [stdout]     |
[INFO] [stdout] 107 | #[derive(Copy, Clone, RustcEncodable, RustcDecodable, Debug)]
[INFO] [stdout]     |                       ^^^^^^^^^^^^^^
[INFO] [stdout] 
[INFO] [stdout] 
[INFO] [stdout] error: cannot find derive macro `RustcDecodable` in this scope
[INFO] [stdout]    --> /opt/rustwide/cargo-home/registry/src/index.crates.io-1949cf8c6b5b557f/syntex_syntax-0.28.0/src/ast_util.rs:107:39
[INFO] [stdout]     |
[INFO] [stdout] 107 | #[derive(Copy, Clone, RustcEncodable, RustcDecodable, Debug)]
[INFO] [stdout]     |                                       ^^^^^^^^^^^^^^
[INFO] [stdout] 
[INFO] [stdout] 
[INFO] [stdout] error: cannot find derive macro `RustcEncodable` in this scope
[INFO] [stdout]    --> /opt/rustwide/cargo-home/registry/src/index.crates.io-1949cf8c6b5b557f/syntex_syntax-0.28.0/src/attr.rs:404:10
[INFO] [stdout]     |
[INFO] [stdout] 404 | #[derive(RustcEncodable, RustcDecodable, Clone, Debug, PartialEq, Eq, Hash)]
[INFO] [stdout]     |          ^^^^^^^^^^^^^^
[INFO] [stdout] 
[INFO] [stdout] 
[INFO] [stdout] error: cannot find derive macro `RustcDecodable` in this scope
[INFO] [stdout]    --> /opt/rustwide/cargo-home/registry/src/index.crates.io-1949cf8c6b5b557f/syntex_syntax-0.28.0/src/attr.rs:404:26
[INFO] [stdout]     |
[INFO] [stdout] 404 | #[derive(RustcEncodable, RustcDecodable, Clone, Debug, PartialEq, Eq, Hash)]
[INFO] [stdout]     |                          ^^^^^^^^^^^^^^
[INFO] [stdout] 
[INFO] [stdout] 
[INFO] [stdout] error: cannot find derive macro `RustcEncodable` in this scope
[INFO] [stdout]    --> /opt/rustwide/cargo-home/registry/src/index.crates.io-1949cf8c6b5b557f/syntex_syntax-0.28.0/src/attr.rs:412:10
[INFO] [stdout]     |
[INFO] [stdout] 412 | #[derive(RustcEncodable, RustcDecodable, PartialEq, PartialOrd, Clone, Debug, Eq, Hash)]
[INFO] [stdout]     |          ^^^^^^^^^^^^^^
[INFO] [stdout] 
[INFO] [stdout] 
[INFO] [stdout] error: cannot find derive macro `RustcDecodable` in this scope
[INFO] [stdout]    --> /opt/rustwide/cargo-home/registry/src/index.crates.io-1949cf8c6b5b557f/syntex_syntax-0.28.0/src/attr.rs:412:26
[INFO] [stdout]     |
[INFO] [stdout] 412 | #[derive(RustcEncodable, RustcDecodable, PartialEq, PartialOrd, Clone, Debug, Eq, Hash)]
[INFO] [stdout]     |                          ^^^^^^^^^^^^^^
[INFO] [stdout] 
[INFO] [stdout] 
[INFO] [stdout] error: cannot find derive macro `RustcEncodable` in this scope
[INFO] [stdout]    --> /opt/rustwide/cargo-home/registry/src/index.crates.io-1949cf8c6b5b557f/syntex_syntax-0.28.0/src/attr.rs:419:10
[INFO] [stdout]     |
[INFO] [stdout] 419 | #[derive(RustcEncodable, RustcDecodable, PartialEq, PartialOrd, Clone, Debug, Eq, Hash)]
[INFO] [stdout]     |          ^^^^^^^^^^^^^^
[INFO] [stdout] 
[INFO] [stdout] 
[INFO] [stdout] error: cannot find derive macro `RustcDecodable` in this scope
[INFO] [stdout]    --> /opt/rustwide/cargo-home/registry/src/index.crates.io-1949cf8c6b5b557f/syntex_syntax-0.28.0/src/attr.rs:419:26
[INFO] [stdout]     |
[INFO] [stdout] 419 | #[derive(RustcEncodable, RustcDecodable, PartialEq, PartialOrd, Clone, Debug, Eq, Hash)]
[INFO] [stdout]     |                          ^^^^^^^^^^^^^^
[INFO] [stdout] 
[INFO] [stdout] 
[INFO] [stdout] error: cannot find derive macro `RustcEncodable` in this scope
[INFO] [stdout]    --> /opt/rustwide/cargo-home/registry/src/index.crates.io-1949cf8c6b5b557f/syntex_syntax-0.28.0/src/attr.rs:425:10
[INFO] [stdout]     |
[INFO] [stdout] 425 | #[derive(RustcEncodable, RustcDecodable, PartialEq, PartialOrd, Clone, Debug, Eq, Hash)]
[INFO] [stdout]     |          ^^^^^^^^^^^^^^
[INFO] [stdout] 
[INFO] [stdout] 
[INFO] [stdout] error: cannot find derive macro `RustcDecodable` in this scope
[INFO] [stdout]    --> /opt/rustwide/cargo-home/registry/src/index.crates.io-1949cf8c6b5b557f/syntex_syntax-0.28.0/src/attr.rs:425:26
[INFO] [stdout]     |
[INFO] [stdout] 425 | #[derive(RustcEncodable, RustcDecodable, PartialEq, PartialOrd, Clone, Debug, Eq, Hash)]
[INFO] [stdout]     |                          ^^^^^^^^^^^^^^
[INFO] [stdout] 
[INFO] [stdout] 
[INFO] [stdout] error: cannot find derive macro `RustcEncodable` in this scope
[INFO] [stdout]    --> /opt/rustwide/cargo-home/registry/src/index.crates.io-1949cf8c6b5b557f/syntex_syntax-0.28.0/src/attr.rs:768:28
[INFO] [stdout]     |
[INFO] [stdout] 768 | #[derive(PartialEq, Debug, RustcEncodable, RustcDecodable, Copy, Clone)]
[INFO] [stdout]     |                            ^^^^^^^^^^^^^^
[INFO] [stdout] 
[INFO] [stdout] 
[INFO] [stdout] error: cannot find derive macro `RustcDecodable` in this scope
[INFO] [stdout]    --> /opt/rustwide/cargo-home/registry/src/index.crates.io-1949cf8c6b5b557f/syntex_syntax-0.28.0/src/attr.rs:768:44
[INFO] [stdout]     |
[INFO] [stdout] 768 | #[derive(PartialEq, Debug, RustcEncodable, RustcDecodable, Copy, Clone)]
[INFO] [stdout]     |                                            ^^^^^^^^^^^^^^
[INFO] [stdout] 
[INFO] [stdout] 
[INFO] [stdout] error: cannot find derive macro `RustcEncodable` in this scope
[INFO] [stdout]    --> /opt/rustwide/cargo-home/registry/src/index.crates.io-1949cf8c6b5b557f/syntex_syntax-0.28.0/src/attr.rs:789:38
[INFO] [stdout]     |
[INFO] [stdout] 789 | #[derive(Eq, Hash, PartialEq, Debug, RustcEncodable, RustcDecodable, Copy, Clone)]
[INFO] [stdout]     |                                      ^^^^^^^^^^^^^^
[INFO] [stdout] 
[INFO] [stdout] 
[INFO] [stdout] error: cannot find derive macro `RustcDecodable` in this scope
[INFO] [stdout]    --> /opt/rustwide/cargo-home/registry/src/index.crates.io-1949cf8c6b5b557f/syntex_syntax-0.28.0/src/attr.rs:789:54
[INFO] [stdout]     |
[INFO] [stdout] 789 | #[derive(Eq, Hash, PartialEq, Debug, RustcEncodable, RustcDecodable, Copy, Clone)]
[INFO] [stdout]     |                                                      ^^^^^^^^^^^^^^
[INFO] [stdout] 
[INFO] [stdout] 
[INFO] [stdout] error: cannot find derive macro `RustcEncodable` in this scope
[INFO] [stdout]    --> /opt/rustwide/cargo-home/registry/src/index.crates.io-1949cf8c6b5b557f/syntex_syntax-0.28.0/src/codemap.rs:197:32
[INFO] [stdout]     |
[INFO] [stdout] 197 | #[derive(Clone, PartialEq, Eq, RustcEncodable, RustcDecodable, Hash, Debug, Copy)]
[INFO] [stdout]     |                                ^^^^^^^^^^^^^^
[INFO] [stdout] 
[INFO] [stdout] 
[INFO] [stdout] error: cannot find derive macro `RustcDecodable` in this scope
[INFO] [stdout]    --> /opt/rustwide/cargo-home/registry/src/index.crates.io-1949cf8c6b5b557f/syntex_syntax-0.28.0/src/codemap.rs:197:48
[INFO] [stdout]     |
[INFO] [stdout] 197 | #[derive(Clone, PartialEq, Eq, RustcEncodable, RustcDecodable, Hash, Debug, Copy)]
[INFO] [stdout]     |                                                ^^^^^^^^^^^^^^
[INFO] [stdout] 
[INFO] [stdout] 
[INFO] [stdout] error: cannot find derive macro `RustcEncodable` in this scope
[INFO] [stdout]    --> /opt/rustwide/cargo-home/registry/src/index.crates.io-1949cf8c6b5b557f/syntex_syntax-0.28.0/src/codemap.rs:459:45
[INFO] [stdout]     |
[INFO] [stdout] 459 | #[derive(PartialEq, Eq, Clone, Debug, Hash, RustcEncodable, RustcDecodable, Copy)]
[INFO] [stdout]     |                                             ^^^^^^^^^^^^^^
[INFO] [stdout] 
[INFO] [stdout] 
[INFO] [stdout] error: cannot find derive macro `RustcDecodable` in this scope
[INFO] [stdout]    --> /opt/rustwide/cargo-home/registry/src/index.crates.io-1949cf8c6b5b557f/syntex_syntax-0.28.0/src/codemap.rs:459:61
[INFO] [stdout]     |
[INFO] [stdout] 459 | #[derive(PartialEq, Eq, Clone, Debug, Hash, RustcEncodable, RustcDecodable, Copy)]
[INFO] [stdout]     |                                                             ^^^^^^^^^^^^^^
[INFO] [stdout] 
[INFO] [stdout] 
[INFO] [stdout] error: cannot find derive macro `RustcEncodable` in this scope
[INFO] [stdout]    --> /opt/rustwide/cargo-home/registry/src/index.crates.io-1949cf8c6b5b557f/syntex_syntax-0.28.0/src/codemap.rs:500:23
[INFO] [stdout]     |
[INFO] [stdout] 500 | #[derive(Copy, Clone, RustcEncodable, RustcDecodable, Eq, PartialEq)]
[INFO] [stdout]     |                       ^^^^^^^^^^^^^^
[INFO] [stdout] 
[INFO] [stdout] 
[INFO] [stdout] error: cannot find derive macro `RustcDecodable` in this scope
[INFO] [stdout]    --> /opt/rustwide/cargo-home/registry/src/index.crates.io-1949cf8c6b5b557f/syntex_syntax-0.28.0/src/codemap.rs:500:39
[INFO] [stdout]     |
[INFO] [stdout] 500 | #[derive(Copy, Clone, RustcEncodable, RustcDecodable, Eq, PartialEq)]
[INFO] [stdout]     |                                       ^^^^^^^^^^^^^^
[INFO] [stdout] 
[INFO] [stdout] 
[INFO] [stdout] error: cannot find derive macro `RustcEncodable` in this scope
[INFO] [stdout]   --> /opt/rustwide/cargo-home/registry/src/index.crates.io-1949cf8c6b5b557f/syntex_syntax-0.28.0/src/parse/token.rs:30:17
[INFO] [stdout]    |
[INFO] [stdout] 30 | #[derive(Clone, RustcEncodable, RustcDecodable, PartialEq, Eq, Hash, Debug, Copy)]
[INFO] [stdout]    |                 ^^^^^^^^^^^^^^
[INFO] [stdout] 
[INFO] [stdout] 
[INFO] [stdout] error: cannot find derive macro `RustcDecodable` in this scope
[INFO] [stdout]   --> /opt/rustwide/cargo-home/registry/src/index.crates.io-1949cf8c6b5b557f/syntex_syntax-0.28.0/src/parse/token.rs:30:33
[INFO] [stdout]    |
[INFO] [stdout] 30 | #[derive(Clone, RustcEncodable, RustcDecodable, PartialEq, Eq, Hash, Debug, Copy)]
[INFO] [stdout]    |                                 ^^^^^^^^^^^^^^
[INFO] [stdout] 
[INFO] [stdout] 
[INFO] [stdout] error: cannot find derive macro `RustcEncodable` in this scope
[INFO] [stdout]   --> /opt/rustwide/cargo-home/registry/src/index.crates.io-1949cf8c6b5b557f/syntex_syntax-0.28.0/src/parse/token.rs:45:17
[INFO] [stdout]    |
[INFO] [stdout] 45 | #[derive(Clone, RustcEncodable, RustcDecodable, PartialEq, Eq, Hash, Debug, Copy)]
[INFO] [stdout]    |                 ^^^^^^^^^^^^^^
[INFO] [stdout] 
[INFO] [stdout] 
[INFO] [stdout] error: cannot find derive macro `RustcDecodable` in this scope
[INFO] [stdout]   --> /opt/rustwide/cargo-home/registry/src/index.crates.io-1949cf8c6b5b557f/syntex_syntax-0.28.0/src/parse/token.rs:45:33
[INFO] [stdout]    |
[INFO] [stdout] 45 | #[derive(Clone, RustcEncodable, RustcDecodable, PartialEq, Eq, Hash, Debug, Copy)]
[INFO] [stdout]    |                                 ^^^^^^^^^^^^^^
[INFO] [stdout] 
[INFO] [stdout] 
[INFO] [stdout] error: cannot find derive macro `RustcEncodable` in this scope
[INFO] [stdout]   --> /opt/rustwide/cargo-home/registry/src/index.crates.io-1949cf8c6b5b557f/syntex_syntax-0.28.0/src/parse/token.rs:55:17
[INFO] [stdout]    |
[INFO] [stdout] 55 | #[derive(Clone, RustcEncodable, RustcDecodable, PartialEq, Eq, Hash, Debug, Copy)]
[INFO] [stdout]    |                 ^^^^^^^^^^^^^^
[INFO] [stdout] 
[INFO] [stdout] 
[INFO] [stdout] error: cannot find derive macro `RustcDecodable` in this scope
[INFO] [stdout]   --> /opt/rustwide/cargo-home/registry/src/index.crates.io-1949cf8c6b5b557f/syntex_syntax-0.28.0/src/parse/token.rs:55:33
[INFO] [stdout]    |
[INFO] [stdout] 55 | #[derive(Clone, RustcEncodable, RustcDecodable, PartialEq, Eq, Hash, Debug, Copy)]
[INFO] [stdout]    |                                 ^^^^^^^^^^^^^^
[INFO] [stdout] 
[INFO] [stdout] 
[INFO] [stdout] error: cannot find derive macro `RustcEncodable` in this scope
[INFO] [stdout]   --> /opt/rustwide/cargo-home/registry/src/index.crates.io-1949cf8c6b5b557f/syntex_syntax-0.28.0/src/parse/token.rs:62:17
[INFO] [stdout]    |
[INFO] [stdout] 62 | #[derive(Clone, RustcEncodable, RustcDecodable, PartialEq, Eq, Hash, Debug, Copy)]
[INFO] [stdout]    |                 ^^^^^^^^^^^^^^
[INFO] [stdout] 
[INFO] [stdout] 
[INFO] [stdout] error: cannot find derive macro `RustcDecodable` in this scope
[INFO] [stdout]   --> /opt/rustwide/cargo-home/registry/src/index.crates.io-1949cf8c6b5b557f/syntex_syntax-0.28.0/src/parse/token.rs:62:33
[INFO] [stdout]    |
[INFO] [stdout] 62 | #[derive(Clone, RustcEncodable, RustcDecodable, PartialEq, Eq, Hash, Debug, Copy)]
[INFO] [stdout]    |                                 ^^^^^^^^^^^^^^
[INFO] [stdout] 
[INFO] [stdout] 
[INFO] [stdout] error: cannot find derive macro `RustcEncodable` in this scope
[INFO] [stdout]   --> /opt/rustwide/cargo-home/registry/src/index.crates.io-1949cf8c6b5b557f/syntex_syntax-0.28.0/src/parse/token.rs:77:17
[INFO] [stdout]    |
[INFO] [stdout] 77 | #[derive(Clone, RustcEncodable, RustcDecodable, PartialEq, Eq, Hash, Debug, Copy)]
[INFO] [stdout]    |                 ^^^^^^^^^^^^^^
[INFO] [stdout] 
[INFO] [stdout] 
[INFO] [stdout] error: cannot find derive macro `RustcDecodable` in this scope
[INFO] [stdout]   --> /opt/rustwide/cargo-home/registry/src/index.crates.io-1949cf8c6b5b557f/syntex_syntax-0.28.0/src/parse/token.rs:77:33
[INFO] [stdout]    |
[INFO] [stdout] 77 | #[derive(Clone, RustcEncodable, RustcDecodable, PartialEq, Eq, Hash, Debug, Copy)]
[INFO] [stdout]    |                                 ^^^^^^^^^^^^^^
[INFO] [stdout] 
[INFO] [stdout] 
[INFO] [stdout] error: cannot find derive macro `RustcEncodable` in this scope
[INFO] [stdout]    --> /opt/rustwide/cargo-home/registry/src/index.crates.io-1949cf8c6b5b557f/syntex_syntax-0.28.0/src/parse/token.rs:103:17
[INFO] [stdout]     |
[INFO] [stdout] 103 | #[derive(Clone, RustcEncodable, RustcDecodable, PartialEq, Eq, Hash, Debug)]
[INFO] [stdout]     |                 ^^^^^^^^^^^^^^
[INFO] [stdout] 
[INFO] [stdout] 
[INFO] [stdout] error: cannot find derive macro `RustcDecodable` in this scope
[INFO] [stdout]    --> /opt/rustwide/cargo-home/registry/src/index.crates.io-1949cf8c6b5b557f/syntex_syntax-0.28.0/src/parse/token.rs:103:33
[INFO] [stdout]     |
[INFO] [stdout] 103 | #[derive(Clone, RustcEncodable, RustcDecodable, PartialEq, Eq, Hash, Debug)]
[INFO] [stdout]     |                                 ^^^^^^^^^^^^^^
[INFO] [stdout] 
[INFO] [stdout] 
[INFO] [stdout] error: cannot find derive macro `RustcEncodable` in this scope
[INFO] [stdout]    --> /opt/rustwide/cargo-home/registry/src/index.crates.io-1949cf8c6b5b557f/syntex_syntax-0.28.0/src/parse/token.rs:379:17
[INFO] [stdout]     |
[INFO] [stdout] 379 | #[derive(Clone, RustcEncodable, RustcDecodable, PartialEq, Eq, Hash)]
[INFO] [stdout]     |                 ^^^^^^^^^^^^^^
[INFO] [stdout] 
[INFO] [stdout] 
[INFO] [stdout] error: cannot find derive macro `RustcDecodable` in this scope
[INFO] [stdout]    --> /opt/rustwide/cargo-home/registry/src/index.crates.io-1949cf8c6b5b557f/syntex_syntax-0.28.0/src/parse/token.rs:379:33
[INFO] [stdout]     |
[INFO] [stdout] 379 | #[derive(Clone, RustcEncodable, RustcDecodable, PartialEq, Eq, Hash)]
[INFO] [stdout]     |                                 ^^^^^^^^^^^^^^
[INFO] [stdout] 
[INFO] [stdout] 
[INFO] [stdout] error: cannot find derive macro `RustcEncodable` in this scope
[INFO] [stdout]   --> /opt/rustwide/cargo-home/registry/src/index.crates.io-1949cf8c6b5b557f/syntex_syntax-0.28.0/src/ext/mtwt.rs:43:21
[INFO] [stdout]    |
[INFO] [stdout] 43 | #[derive(PartialEq, RustcEncodable, RustcDecodable, Hash, Debug, Copy, Clone)]
[INFO] [stdout]    |                     ^^^^^^^^^^^^^^
[INFO] [stdout] 
[INFO] [stdout] 
[INFO] [stdout] error: cannot find derive macro `RustcDecodable` in this scope
[INFO] [stdout]   --> /opt/rustwide/cargo-home/registry/src/index.crates.io-1949cf8c6b5b557f/syntex_syntax-0.28.0/src/ext/mtwt.rs:43:37
[INFO] [stdout]    |
[INFO] [stdout] 43 | #[derive(PartialEq, RustcEncodable, RustcDecodable, Hash, Debug, Copy, Clone)]
[INFO] [stdout]    |                                     ^^^^^^^^^^^^^^
[INFO] [stdout] 
[INFO] [stdout] 
[INFO] [stdout] error[E0277]: the trait bound `ErrorMetadata: Encodable` is not satisfied
[INFO] [stdout]    --> /opt/rustwide/cargo-home/registry/src/index.crates.io-1949cf8c6b5b557f/syntex_syntax-0.28.0/src/diagnostics/metadata.rs:96:59
[INFO] [stdout]     |
[INFO] [stdout]  96 |     let result = write!(&mut metadata_file, "{}", as_json(&json_map));
[INFO] [stdout]     |                                                   ------- ^^^^^^^^^ unsatisfied trait bound
[INFO] [stdout]     |                                                   |
[INFO] [stdout]     |                                                   required by a bound introduced by this call
[INFO] [stdout]     |
[INFO] [stdout] help: the trait `Encodable` is not implemented for `ErrorMetadata`
[INFO] [stdout]    --> /opt/rustwide/cargo-home/registry/src/index.crates.io-1949cf8c6b5b557f/syntex_syntax-0.28.0/src/diagnostics/metadata.rs:32:1
[INFO] [stdout]     |
[INFO] [stdout]  32 | pub struct ErrorMetadata {
[INFO] [stdout]     | ^^^^^^^^^^^^^^^^^^^^^^^^
[INFO] [stdout]     = help: the following other types implement trait `Encodable`:
[INFO] [stdout]               &'a T
[INFO] [stdout]               ()
[INFO] [stdout]               (T0, T1, T2, T3, T4, T5, T6, T7, T8, T9, T10, T11)
[INFO] [stdout]               (T1, T2, T3, T4, T5, T6, T7, T8, T9, T10, T11)
[INFO] [stdout]               (T10, T11)
[INFO] [stdout]               (T11,)
[INFO] [stdout]               (T2, T3, T4, T5, T6, T7, T8, T9, T10, T11)
[INFO] [stdout]               (T3, T4, T5, T6, T7, T8, T9, T10, T11)
[INFO] [stdout]             and 83 others
[INFO] [stdout]     = note: required for `BTreeMap<std::string::String, ErrorMetadata>` to implement `Encodable`
[INFO] [stdout] note: required by a bound in `as_json`
[INFO] [stdout]    --> /opt/rustwide/cargo-home/registry/src/index.crates.io-1949cf8c6b5b557f/rustc-serialize-0.3.25/src/json.rs:947:19
[INFO] [stdout]     |
[INFO] [stdout] 947 | pub fn as_json<T: Encodable>(t: &T) -> AsJson<T> {
[INFO] [stdout]     |                   ^^^^^^^^^ required by this bound in `as_json`
[INFO] [stdout] 
[INFO] [stdout] 
[INFO] [stdout] error[E0277]: the trait bound `ErrorMetadata: Encodable` is not satisfied
[INFO] [stdout]   --> /opt/rustwide/cargo-home/registry/src/index.crates.io-1949cf8c6b5b557f/syntex_syntax-0.28.0/src/diagnostics/metadata.rs:96:51
[INFO] [stdout]    |
[INFO] [stdout] 96 |     let result = write!(&mut metadata_file, "{}", as_json(&json_map));
[INFO] [stdout]    |                                              --   ^^^^^^^^^^^^^^^^^^ unsatisfied trait bound
[INFO] [stdout]    |                                              |
[INFO] [stdout]    |                                              required by this formatting parameter
[INFO] [stdout]    |
[INFO] [stdout] help: the trait `Encodable` is not implemented for `ErrorMetadata`
[INFO] [stdout]   --> /opt/rustwide/cargo-home/registry/src/index.crates.io-1949cf8c6b5b557f/syntex_syntax-0.28.0/src/diagnostics/metadata.rs:32:1
[INFO] [stdout]    |
[INFO] [stdout] 32 | pub struct ErrorMetadata {
[INFO] [stdout]    | ^^^^^^^^^^^^^^^^^^^^^^^^
[INFO] [stdout]    = help: the following other types implement trait `Encodable`:
[INFO] [stdout]              &'a T
[INFO] [stdout]              ()
[INFO] [stdout]              (T0, T1, T2, T3, T4, T5, T6, T7, T8, T9, T10, T11)
[INFO] [stdout]              (T1, T2, T3, T4, T5, T6, T7, T8, T9, T10, T11)
[INFO] [stdout]              (T10, T11)
[INFO] [stdout]              (T11,)
[INFO] [stdout]              (T2, T3, T4, T5, T6, T7, T8, T9, T10, T11)
[INFO] [stdout]              (T3, T4, T5, T6, T7, T8, T9, T10, T11)
[INFO] [stdout]            and 83 others
[INFO] [stdout]    = note: required for `BTreeMap<std::string::String, ErrorMetadata>` to implement `Encodable`
[INFO] [stdout]    = note: required for `AsJson<'_, BTreeMap<std::string::String, ErrorMetadata>>` to implement `std::fmt::Display`
[INFO] [stdout] 
[INFO] [stdout] 
[INFO] [stdout] error[E0277]: the trait bound `Diagnostic<'_>: Encodable` is not satisfied
[INFO] [stdout]    --> /opt/rustwide/cargo-home/registry/src/index.crates.io-1949cf8c6b5b557f/syntex_syntax-0.28.0/src/errors/json.rs:57:63
[INFO] [stdout]     |
[INFO] [stdout]  57 |         if let Err(e) = writeln!(&mut self.dst, "{}", as_json(&data)) {
[INFO] [stdout]     |                                                       ------- ^^^^^ unsatisfied trait bound
[INFO] [stdout]     |                                                       |
[INFO] [stdout]     |                                                       required by a bound introduced by this call
[INFO] [stdout]     |
[INFO] [stdout] help: the trait `Encodable` is not implemented for `Diagnostic<'_>`
[INFO] [stdout]    --> /opt/rustwide/cargo-home/registry/src/index.crates.io-1949cf8c6b5b557f/syntex_syntax-0.28.0/src/errors/json.rs:80:1
[INFO] [stdout]     |
[INFO] [stdout]  80 | struct Diagnostic<'a> {
[INFO] [stdout]     | ^^^^^^^^^^^^^^^^^^^^^
[INFO] [stdout]     = help: the following other types implement trait `Encodable`:
[INFO] [stdout]               &'a T
[INFO] [stdout]               ()
[INFO] [stdout]               (T0, T1, T2, T3, T4, T5, T6, T7, T8, T9, T10, T11)
[INFO] [stdout]               (T1, T2, T3, T4, T5, T6, T7, T8, T9, T10, T11)
[INFO] [stdout]               (T10, T11)
[INFO] [stdout]               (T11,)
[INFO] [stdout]               (T2, T3, T4, T5, T6, T7, T8, T9, T10, T11)
[INFO] [stdout]               (T3, T4, T5, T6, T7, T8, T9, T10, T11)
[INFO] [stdout]             and 83 others
[INFO] [stdout] note: required by a bound in `as_json`
[INFO] [stdout]    --> /opt/rustwide/cargo-home/registry/src/index.crates.io-1949cf8c6b5b557f/rustc-serialize-0.3.25/src/json.rs:947:19
[INFO] [stdout]     |
[INFO] [stdout] 947 | pub fn as_json<T: Encodable>(t: &T) -> AsJson<T> {
[INFO] [stdout]     |                   ^^^^^^^^^ required by this bound in `as_json`
[INFO] [stdout] 
[INFO] [stdout] 
[INFO] [stdout] error[E0277]: the trait bound `Diagnostic<'_>: Encodable` is not satisfied
[INFO] [stdout]   --> /opt/rustwide/cargo-home/registry/src/index.crates.io-1949cf8c6b5b557f/syntex_syntax-0.28.0/src/errors/json.rs:57:55
[INFO] [stdout]    |
[INFO] [stdout] 57 |         if let Err(e) = writeln!(&mut self.dst, "{}", as_json(&data)) {
[INFO] [stdout]    |                                                  --   ^^^^^^^^^^^^^^ unsatisfied trait bound
[INFO] [stdout]    |                                                  |
[INFO] [stdout]    |                                                  required by this formatting parameter
[INFO] [stdout]    |
[INFO] [stdout] help: the trait `Encodable` is not implemented for `Diagnostic<'_>`
[INFO] [stdout]   --> /opt/rustwide/cargo-home/registry/src/index.crates.io-1949cf8c6b5b557f/syntex_syntax-0.28.0/src/errors/json.rs:80:1
[INFO] [stdout]    |
[INFO] [stdout] 80 | struct Diagnostic<'a> {
[INFO] [stdout]    | ^^^^^^^^^^^^^^^^^^^^^
[INFO] [stdout]    = help: the following other types implement trait `Encodable`:
[INFO] [stdout]              &'a T
[INFO] [stdout]              ()
[INFO] [stdout]              (T0, T1, T2, T3, T4, T5, T6, T7, T8, T9, T10, T11)
[INFO] [stdout]              (T1, T2, T3, T4, T5, T6, T7, T8, T9, T10, T11)
[INFO] [stdout]              (T10, T11)
[INFO] [stdout]              (T11,)
[INFO] [stdout]              (T2, T3, T4, T5, T6, T7, T8, T9, T10, T11)
[INFO] [stdout]              (T3, T4, T5, T6, T7, T8, T9, T10, T11)
[INFO] [stdout]            and 83 others
[INFO] [stdout]    = note: required for `AsJson<'_, Diagnostic<'_>>` to implement `std::fmt::Display`
[INFO] [stdout] 
[INFO] [stdout] 
[INFO] [stdout] error[E0277]: the trait bound `Diagnostic<'_>: Encodable` is not satisfied
[INFO] [stdout]    --> /opt/rustwide/cargo-home/registry/src/index.crates.io-1949cf8c6b5b557f/syntex_syntax-0.28.0/src/errors/json.rs:64:63
[INFO] [stdout]     |
[INFO] [stdout]  64 |         if let Err(e) = writeln!(&mut self.dst, "{}", as_json(&data)) {
[INFO] [stdout]     |                                                       ------- ^^^^^ unsatisfied trait bound
[INFO] [stdout]     |                                                       |
[INFO] [stdout]     |                                                       required by a bound introduced by this call
[INFO] [stdout]     |
[INFO] [stdout] help: the trait `Encodable` is not implemented for `Diagnostic<'_>`
[INFO] [stdout]    --> /opt/rustwide/cargo-home/registry/src/index.crates.io-1949cf8c6b5b557f/syntex_syntax-0.28.0/src/errors/json.rs:80:1
[INFO] [stdout]     |
[INFO] [stdout]  80 | struct Diagnostic<'a> {
[INFO] [stdout]     | ^^^^^^^^^^^^^^^^^^^^^
[INFO] [stdout]     = help: the following other types implement trait `Encodable`:
[INFO] [stdout]               &'a T
[INFO] [stdout]               ()
[INFO] [stdout]               (T0, T1, T2, T3, T4, T5, T6, T7, T8, T9, T10, T11)
[INFO] [stdout]               (T1, T2, T3, T4, T5, T6, T7, T8, T9, T10, T11)
[INFO] [stdout]               (T10, T11)
[INFO] [stdout]               (T11,)
[INFO] [stdout]               (T2, T3, T4, T5, T6, T7, T8, T9, T10, T11)
[INFO] [stdout]               (T3, T4, T5, T6, T7, T8, T9, T10, T11)
[INFO] [stdout]             and 83 others
[INFO] [stdout] note: required by a bound in `as_json`
[INFO] [stdout]    --> /opt/rustwide/cargo-home/registry/src/index.crates.io-1949cf8c6b5b557f/rustc-serialize-0.3.25/src/json.rs:947:19
[INFO] [stdout]     |
[INFO] [stdout] 947 | pub fn as_json<T: Encodable>(t: &T) -> AsJson<T> {
[INFO] [stdout]     |                   ^^^^^^^^^ required by this bound in `as_json`
[INFO] [stdout] 
[INFO] [stdout] 
[INFO] [stdout] error[E0277]: the trait bound `Diagnostic<'_>: Encodable` is not satisfied
[INFO] [stdout]   --> /opt/rustwide/cargo-home/registry/src/index.crates.io-1949cf8c6b5b557f/syntex_syntax-0.28.0/src/errors/json.rs:64:55
[INFO] [stdout]    |
[INFO] [stdout] 64 |         if let Err(e) = writeln!(&mut self.dst, "{}", as_json(&data)) {
[INFO] [stdout]    |                                                  --   ^^^^^^^^^^^^^^ unsatisfied trait bound
[INFO] [stdout]    |                                                  |
[INFO] [stdout]    |                                                  required by this formatting parameter
[INFO] [stdout]    |
[INFO] [stdout] help: the trait `Encodable` is not implemented for `Diagnostic<'_>`
[INFO] [stdout]   --> /opt/rustwide/cargo-home/registry/src/index.crates.io-1949cf8c6b5b557f/syntex_syntax-0.28.0/src/errors/json.rs:80:1
[INFO] [stdout]    |
[INFO] [stdout] 80 | struct Diagnostic<'a> {
[INFO] [stdout]    | ^^^^^^^^^^^^^^^^^^^^^
[INFO] [stdout]    = help: the following other types implement trait `Encodable`:
[INFO] [stdout]              &'a T
[INFO] [stdout]              ()
[INFO] [stdout]              (T0, T1, T2, T3, T4, T5, T6, T7, T8, T9, T10, T11)
[INFO] [stdout]              (T1, T2, T3, T4, T5, T6, T7, T8, T9, T10, T11)
[INFO] [stdout]              (T10, T11)
[INFO] [stdout]              (T11,)
[INFO] [stdout]              (T2, T3, T4, T5, T6, T7, T8, T9, T10, T11)
[INFO] [stdout]              (T3, T4, T5, T6, T7, T8, T9, T10, T11)
[INFO] [stdout]            and 83 others
[INFO] [stdout]    = note: required for `AsJson<'_, Diagnostic<'_>>` to implement `std::fmt::Display`
[INFO] [stdout] 
[INFO] [stdout] 
[INFO] [stdout] error[E0277]: the trait bound `Diagnostic<'_>: Encodable` is not satisfied
[INFO] [stdout]    --> /opt/rustwide/cargo-home/registry/src/index.crates.io-1949cf8c6b5b557f/syntex_syntax-0.28.0/src/errors/json.rs:71:63
[INFO] [stdout]     |
[INFO] [stdout]  71 |         if let Err(e) = writeln!(&mut self.dst, "{}", as_json(&data)) {
[INFO] [stdout]     |                                                       ------- ^^^^^ unsatisfied trait bound
[INFO] [stdout]     |                                                       |
[INFO] [stdout]     |                                                       required by a bound introduced by this call
[INFO] [stdout]     |
[INFO] [stdout] help: the trait `Encodable` is not implemented for `Diagnostic<'_>`
[INFO] [stdout]    --> /opt/rustwide/cargo-home/registry/src/index.crates.io-1949cf8c6b5b557f/syntex_syntax-0.28.0/src/errors/json.rs:80:1
[INFO] [stdout]     |
[INFO] [stdout]  80 | struct Diagnostic<'a> {
[INFO] [stdout]     | ^^^^^^^^^^^^^^^^^^^^^
[INFO] [stdout]     = help: the following other types implement trait `Encodable`:
[INFO] [stdout]               &'a T
[INFO] [stdout]               ()
[INFO] [stdout]               (T0, T1, T2, T3, T4, T5, T6, T7, T8, T9, T10, T11)
[INFO] [stdout]               (T1, T2, T3, T4, T5, T6, T7, T8, T9, T10, T11)
[INFO] [stdout]               (T10, T11)
[INFO] [stdout]               (T11,)
[INFO] [stdout]               (T2, T3, T4, T5, T6, T7, T8, T9, T10, T11)
[INFO] [stdout]               (T3, T4, T5, T6, T7, T8, T9, T10, T11)
[INFO] [stdout]             and 83 others
[INFO] [stdout] note: required by a bound in `as_json`
[INFO] [stdout]    --> /opt/rustwide/cargo-home/registry/src/index.crates.io-1949cf8c6b5b557f/rustc-serialize-0.3.25/src/json.rs:947:19
[INFO] [stdout]     |
[INFO] [stdout] 947 | pub fn as_json<T: Encodable>(t: &T) -> AsJson<T> {
[INFO] [stdout]     |                   ^^^^^^^^^ required by this bound in `as_json`
[INFO] [stdout] 
[INFO] [stdout] 
[INFO] [stdout] error[E0277]: the trait bound `Diagnostic<'_>: Encodable` is not satisfied
[INFO] [stdout]   --> /opt/rustwide/cargo-home/registry/src/index.crates.io-1949cf8c6b5b557f/syntex_syntax-0.28.0/src/errors/json.rs:71:55
[INFO] [stdout]    |
[INFO] [stdout] 71 |         if let Err(e) = writeln!(&mut self.dst, "{}", as_json(&data)) {
[INFO] [stdout]    |                                                  --   ^^^^^^^^^^^^^^ unsatisfied trait bound
[INFO] [stdout]    |                                                  |
[INFO] [stdout]    |                                                  required by this formatting parameter
[INFO] [stdout]    |
[INFO] [stdout] help: the trait `Encodable` is not implemented for `Diagnostic<'_>`
[INFO] [stdout]   --> /opt/rustwide/cargo-home/registry/src/index.crates.io-1949cf8c6b5b557f/syntex_syntax-0.28.0/src/errors/json.rs:80:1
[INFO] [stdout]    |
[INFO] [stdout] 80 | struct Diagnostic<'a> {
[INFO] [stdout]    | ^^^^^^^^^^^^^^^^^^^^^
[INFO] [stdout]    = help: the following other types implement trait `Encodable`:
[INFO] [stdout]              &'a T
[INFO] [stdout]              ()
[INFO] [stdout]              (T0, T1, T2, T3, T4, T5, T6, T7, T8, T9, T10, T11)
[INFO] [stdout]              (T1, T2, T3, T4, T5, T6, T7, T8, T9, T10, T11)
[INFO] [stdout]              (T10, T11)
[INFO] [stdout]              (T11,)
[INFO] [stdout]              (T2, T3, T4, T5, T6, T7, T8, T9, T10, T11)
[INFO] [stdout]              (T3, T4, T5, T6, T7, T8, T9, T10, T11)
[INFO] [stdout]            and 83 others
[INFO] [stdout]    = note: required for `AsJson<'_, Diagnostic<'_>>` to implement `std::fmt::Display`
[INFO] [stdout] 
[INFO] [stdout] 
[INFO] [stdout] error[E0599]: the method `encode` exists for struct `Vec<MultiByteChar>`, but its trait bounds were not satisfied
[INFO] [stdout]    --> /opt/rustwide/cargo-home/registry/src/index.crates.io-1949cf8c6b5b557f/syntex_syntax-0.28.0/src/codemap.rs:580:50
[INFO] [stdout]     |
[INFO] [stdout] 501 | pub struct MultiByteChar {
[INFO] [stdout]     | ------------------------ doesn't satisfy `MultiByteChar: Encodable`
[INFO] [stdout] ...
[INFO] [stdout] 580 |                 (*self.multibyte_chars.borrow()).encode(s)
[INFO] [stdout]     |                                                  ^^^^^^ method cannot be called on `Vec<MultiByteChar>` due to unsatisfied trait bounds
[INFO] [stdout]     |
[INFO] [stdout]     = note: the following trait bounds were not satisfied:
[INFO] [stdout]             `MultiByteChar: Encodable`
[INFO] [stdout]             which is required by `Vec<MultiByteChar>: Encodable`
[INFO] [stdout]             `MultiByteChar: Encodable`
[INFO] [stdout]             which is required by `[MultiByteChar]: Encodable`
[INFO] [stdout] note: the trait `Encodable` must be implemented
[INFO] [stdout]    --> /opt/rustwide/cargo-home/registry/src/index.crates.io-1949cf8c6b5b557f/rustc-serialize-0.3.25/src/serialize.rs:851:1
[INFO] [stdout]     |
[INFO] [stdout] 851 | pub trait Encodable {
[INFO] [stdout]     | ^^^^^^^^^^^^^^^^^^^
[INFO] [stdout] 
[INFO] [stdout] 
[INFO] [stdout] error[E0277]: the trait bound `MultiByteChar: Decodable` is not satisfied
[INFO] [stdout]    --> /opt/rustwide/cargo-home/registry/src/index.crates.io-1949cf8c6b5b557f/syntex_syntax-0.28.0/src/codemap.rs:630:63
[INFO] [stdout]     |
[INFO] [stdout] 630 |                 d.read_struct_field("multibyte_chars", 4, |d| Decodable::decode(d))
[INFO] [stdout]     |                                                               ^^^^^^^^^^^^^^^^^^^^ unsatisfied trait bound
[INFO] [stdout]     |
[INFO] [stdout] help: the trait `Decodable` is not implemented for `MultiByteChar`
[INFO] [stdout]    --> /opt/rustwide/cargo-home/registry/src/index.crates.io-1949cf8c6b5b557f/syntex_syntax-0.28.0/src/codemap.rs:501:1
[INFO] [stdout]     |
[INFO] [stdout] 501 | pub struct MultiByteChar {
[INFO] [stdout]     | ^^^^^^^^^^^^^^^^^^^^^^^^
[INFO] [stdout]     = help: the following other types implement trait `Decodable`:
[INFO] [stdout]               ()
[INFO] [stdout]               (T0, T1, T2, T3, T4, T5, T6, T7, T8, T9, T10, T11)
[INFO] [stdout]               (T1, T2, T3, T4, T5, T6, T7, T8, T9, T10, T11)
[INFO] [stdout]               (T10, T11)
[INFO] [stdout]               (T11,)
[INFO] [stdout]               (T2, T3, T4, T5, T6, T7, T8, T9, T10, T11)
[INFO] [stdout]               (T3, T4, T5, T6, T7, T8, T9, T10, T11)
[INFO] [stdout]               (T4, T5, T6, T7, T8, T9, T10, T11)
[INFO] [stdout]             and 79 others
[INFO] [stdout]     = note: required for `Vec<MultiByteChar>` to implement `Decodable`
[INFO] [stdout] 
[INFO] [stdout] 
[INFO] [stdout] error[E0502]: cannot borrow `cx.parse_sess.span_diagnostic` as immutable because it is also borrowed as mutable
[INFO] [stdout]     --> /opt/rustwide/cargo-home/registry/src/index.crates.io-1949cf8c6b5b557f/syntex_syntax-0.28.0/src/ext/expand.rs:1325:25
[INFO] [stdout]      |
[INFO] [stdout] 1315 |         let mut expander = MacroExpander::new(&mut cx);
[INFO] [stdout]      |                                               ------- mutable borrow occurs here
[INFO] [stdout] ...
[INFO] [stdout] 1325 |         let err_count = cx.parse_sess.span_diagnostic.err_count();
[INFO] [stdout]      |                         ^^^^^^^^^^^^^^^^^^^^^^^^^^^^^ immutable borrow occurs here
[INFO] [stdout] 1326 |         let mut ret = expander.fold_crate(c);
[INFO] [stdout]      |                       -------- mutable borrow later used here
[INFO] [stdout] 
[INFO] [stdout] 
[INFO] [stdout] Some errors have detailed explanations: E0277, E0502, E0599.
[INFO] [stdout] 
[INFO] [stdout] For more information about an error, try `rustc --explain E0277`.
[INFO] [stdout] 
[INFO] [stderr] error: could not compile `syntex_syntax` (lib) due to 236 previous errors
[INFO] running `Command { std: "docker" "inspect" "68ecde535087c8de27f7ae726a69f85886c1608f90677cc7676e5bd1357d8f14", kill_on_drop: false }`
[INFO] running `Command { std: "docker" "rm" "-f" "68ecde535087c8de27f7ae726a69f85886c1608f90677cc7676e5bd1357d8f14", kill_on_drop: false }`
[INFO] [stdout] 68ecde535087c8de27f7ae726a69f85886c1608f90677cc7676e5bd1357d8f14
