[INFO] fetching crate google-cloud-lro 1.11.0...
[INFO] testing google-cloud-lro-1.11.0 against 1.100.0-beta.1+cargoflags=--release for beta-release-1.100-2
[INFO] extracting crate google-cloud-lro 1.11.0 into /workspace/builds/worker-6-tc2/source
[INFO] started tweaking crates.io crate google-cloud-lro 1.11.0
[INFO] finished tweaking crates.io crate google-cloud-lro 1.11.0
[INFO] tweaked toml for crates.io crate google-cloud-lro 1.11.0 written to /workspace/builds/worker-6-tc2/source/Cargo.toml
[INFO] validating manifest of crates.io crate google-cloud-lro 1.11.0 on toolchain 1.100.0-beta.1
[INFO] running `Command { std: CARGO_HOME="/workspace/cargo-home" RUSTUP_HOME="/workspace/rustup-home" "/workspace/cargo-home/bin/cargo" "+1.100.0-beta.1" "metadata" "--manifest-path" "Cargo.toml" "--no-deps", kill_on_drop: false }`
[INFO] crate crates.io crate google-cloud-lro 1.11.0 already has a lockfile, it will not be regenerated
[INFO] running `Command { std: CARGO_HOME="/workspace/cargo-home" RUSTUP_HOME="/workspace/rustup-home" "/workspace/cargo-home/bin/cargo" "+1.100.0-beta.1" "fetch" "--manifest-path" "Cargo.toml", kill_on_drop: false }`
[INFO] running `Command { std: "docker" "create" "-v" "/var/lib/crater-agent-workspace/builds/worker-6-tc2/source:/opt/rustwide/workdir:ro,Z" "-v" "/var/lib/crater-agent-workspace/builds/worker-6-tc2/target:/opt/rustwide/target:rw,Z" "-v" "/var/lib/crater-agent-workspace/cargo-home:/opt/rustwide/cargo-home:ro,Z" "-v" "/var/lib/crater-agent-workspace/rustup-home:/opt/rustwide/rustup-home:ro,Z" "-m" "1610612736" "--network" "none" "ghcr.io/rust-lang/crates-build-env/linux@sha256:77db811e55d90add9212f6832c23229e3de5f1c1f9905e8cb07319ea15df73ac" "sleep" "infinity", kill_on_drop: false }`
[INFO] [stdout] a1413930fee26b58d56943fd6dd9c512ed3402dd9d4ee87d21a262552f0e6fb1
[INFO] running `Command { std: "docker" "start" "a1413930fee26b58d56943fd6dd9c512ed3402dd9d4ee87d21a262552f0e6fb1", kill_on_drop: false }`
[INFO] running `Command { std: "docker" "inspect" "a1413930fee26b58d56943fd6dd9c512ed3402dd9d4ee87d21a262552f0e6fb1", kill_on_drop: false }`
[INFO] running `Command { std: "docker" "exec" "-e" "SOURCE_DIR=/opt/rustwide/workdir" "-e" "CARGO_HOME=/opt/rustwide/cargo-home" "-e" "RUSTUP_HOME=/opt/rustwide/rustup-home" "-e" "CARGO_TARGET_DIR=/opt/rustwide/target" "-w" "/opt/rustwide/workdir" "--user" "0:0" "a1413930fee26b58d56943fd6dd9c512ed3402dd9d4ee87d21a262552f0e6fb1" "/opt/rustwide/cargo-home/bin/cargo" "+1.100.0-beta.1" "metadata" "--no-deps" "--format-version=1", kill_on_drop: false }`
[INFO] running `Command { std: "docker" "inspect" "a1413930fee26b58d56943fd6dd9c512ed3402dd9d4ee87d21a262552f0e6fb1", kill_on_drop: false }`
[INFO] running `Command { std: "docker" "exec" "-e" "SOURCE_DIR=/opt/rustwide/workdir" "-e" "CARGO_HOME=/opt/rustwide/cargo-home" "-e" "RUSTUP_HOME=/opt/rustwide/rustup-home" "-e" "CARGO_TARGET_DIR=/opt/rustwide/target" "-e" "CARGO_INCREMENTAL=0" "-e" "RUST_BACKTRACE=full" "-e" "RUSTFLAGS=--cap-lints=warn" "-e" "RUSTDOCFLAGS=--cap-lints=warn" "-w" "/opt/rustwide/workdir" "--user" "0:0" "a1413930fee26b58d56943fd6dd9c512ed3402dd9d4ee87d21a262552f0e6fb1" "/opt/rustwide/cargo-home/bin/cargo" "+1.100.0-beta.1" "build" "--frozen" "--message-format=json" "--release", kill_on_drop: false }`
[INFO] [stderr]    Compiling libc v0.2.189
[INFO] [stderr]    Compiling serde v1.0.229
[INFO] [stderr]    Compiling syn v3.0.5
[INFO] [stderr]    Compiling syn v2.0.119
[INFO] [stderr]    Compiling futures-channel v0.3.34
[INFO] [stderr]    Compiling indexmap v2.14.0
[INFO] [stderr]    Compiling zeroize v1.9.0
[INFO] [stderr]    Compiling thiserror v2.0.20
[INFO] [stderr]    Compiling rustls-pki-types v1.15.1
[INFO] [stderr]    Compiling rustls v0.23.45
[INFO] [stderr]    Compiling ipnet v2.12.1
[INFO] [stderr]    Compiling hybrid-array v0.4.14
[INFO] [stderr]    Compiling zerocopy v0.8.56
[INFO] [stderr]    Compiling rustc_version v0.4.1
[INFO] [stderr]    Compiling rustls-webpki v0.103.15
[INFO] [stderr]    Compiling rustls-native-certs v0.8.4
[INFO] [stderr]    Compiling anyhow v1.0.104
[INFO] [stderr]    Compiling serde_json v1.0.151
[INFO] [stderr]    Compiling deranged v0.5.8
[INFO] [stderr]    Compiling cmov v0.5.4
[INFO] [stderr]    Compiling getrandom v0.4.3
[INFO] [stderr]    Compiling either v1.18.0
[INFO] [stderr]    Compiling errno v0.3.14
[INFO] [stderr]    Compiling signal-hook-registry v1.4.8
[INFO] [stderr]    Compiling socket2 v0.6.5
[INFO] [stderr]    Compiling mio v1.2.2
[INFO] [stderr]    Compiling time v0.3.55
[INFO] [stderr]    Compiling itertools v0.14.0
[INFO] [stderr]    Compiling getrandom v0.3.4
[INFO] [stderr]    Compiling ctutils v0.4.2
[INFO] [stderr]    Compiling synstructure v0.13.2
[INFO] [stderr]    Compiling crypto-common v0.2.2
[INFO] [stderr]    Compiling darling_core v0.24.1
[INFO] [stderr]    Compiling block-buffer v0.12.1
[INFO] [stderr]    Compiling digest v0.11.3
[INFO] [stderr]    Compiling rand_core v0.9.5
[INFO] [stderr]    Compiling chacha20 v0.10.1
[INFO] [stderr]    Compiling bitflags v2.13.1
[INFO] [stderr]    Compiling zerofrom-derive v0.1.7
[INFO] [stderr]    Compiling yoke-derive v0.8.2
[INFO] [stderr]    Compiling tracing-attributes v0.1.31
[INFO] [stderr]    Compiling serde_derive v1.0.229
[INFO] [stderr]    Compiling zerofrom v0.1.8
[INFO] [stderr]    Compiling zerovec-derive v0.11.6
[INFO] [stderr]    Compiling tokio-macros v2.7.2
[INFO] [stderr]    Compiling yoke v0.8.3
[INFO] [stderr]    Compiling displaydoc v0.2.7
[INFO] [stderr]    Compiling zerovec v0.11.8
[INFO] [stderr]    Compiling futures-macro v0.3.34
[INFO] [stderr]    Compiling tracing v0.1.44
[INFO] [stderr]    Compiling zerotrie v0.2.5
[INFO] [stderr]    Compiling thiserror-impl v2.0.20
[INFO] [stderr]    Compiling pin-project-internal v1.1.13
[INFO] [stderr]    Compiling tinystr v0.8.4
[INFO] [stderr]    Compiling futures-util v0.3.34
[INFO] [stderr]    Compiling icu_locale_core v2.3.0
[INFO] [stderr]    Compiling potential_utf v0.1.6
[INFO] [stderr]    Compiling darling_macro v0.24.1
[INFO] [stderr]    Compiling icu_collections v2.3.0
[INFO] [stderr]    Compiling darling v0.24.1
[INFO] [stderr]    Compiling serde_with_macros v3.23.0
[INFO] [stderr]    Compiling pin-project v1.1.13
[INFO] [stderr]    Compiling prost-derive v0.14.4
[INFO] [stderr]    Compiling ppv-lite86 v0.2.21
[INFO] [stderr]    Compiling icu_provider v2.3.1
[INFO] [stderr]    Compiling futures-io v0.3.34
[INFO] [stderr]    Compiling rand_chacha v0.9.0
[INFO] [stderr]    Compiling futures v0.3.34
[INFO] [stderr]    Compiling serde_with v3.23.0
[INFO] [stderr]    Compiling icu_properties v2.3.0
[INFO] [stderr]    Compiling icu_normalizer v2.3.0
[INFO] [stderr]    Compiling opentelemetry v0.32.0
[INFO] [stderr]    Compiling bytes v1.12.1
[INFO] [stderr]    Compiling serde_urlencoded v0.7.1
[INFO] [stderr]    Compiling rand v0.10.2
[INFO] [stderr]    Compiling tokio v1.53.1
[INFO] [stderr]    Compiling http v1.5.0
[INFO] [stderr]    Compiling idna_adapter v1.2.2
[INFO] [stderr]    Compiling idna v1.1.0
[INFO] [stderr]    Compiling prost v0.14.4
[INFO] [stderr]    Compiling rustls-platform-verifier v0.7.0
[INFO] [stderr]    Compiling google-cloud-auth v1.17.0
[INFO] [stderr]    Compiling thread_local v1.1.10
[INFO] [stderr]    Compiling url v2.5.8
[INFO] [stderr]    Compiling jiff-core v0.1.0
[INFO] [stderr]    Compiling tracing-subscriber v0.3.23
[INFO] [stderr]    Compiling http-body v1.1.0
[INFO] [stderr]    Compiling http-body-util v0.1.5
[INFO] [stderr]    Compiling google-cloud-wkt v1.8.0
[INFO] [stderr]    Compiling jiff v0.2.37
[INFO] [stderr]    Compiling rand v0.9.5
[INFO] [stderr]    Compiling futures-executor v0.3.34
[INFO] [stderr]    Compiling async-trait v0.1.92
[INFO] [stderr]    Compiling hmac v0.13.0
[INFO] [stderr]    Compiling sha2 v0.11.0
[INFO] [stderr]    Compiling google-cloud-gax-internal v0.7.19
[INFO] [stderr]    Compiling hex v0.4.3
[INFO] [stderr]    Compiling opentelemetry_sdk v0.32.1
[INFO] [stderr]    Compiling tracing-opentelemetry v0.33.0
[INFO] [stderr]    Compiling prost-types v0.14.4
[INFO] [stderr]    Compiling google-cloud-rpc v1.6.0
[INFO] [stderr]    Compiling opentelemetry-semantic-conventions v0.32.1
[INFO] [stderr]    Compiling tokio-util v0.7.19
[INFO] [stderr]    Compiling h2 v0.4.19
[INFO] [stderr]    Compiling tower v0.5.3
[INFO] [stderr]    Compiling tokio-rustls v0.26.4
[INFO] [stderr]    Compiling tokio-stream v0.1.19
[INFO] [stderr]    Compiling google-cloud-gax v1.15.0
[INFO] [stderr]    Compiling tower-http v0.6.11
[INFO] [stderr]    Compiling hyper v1.11.1
[INFO] [stderr]    Compiling hyper-util v0.1.20
[INFO] [stderr]    Compiling hyper-rustls v0.27.9
[INFO] [stderr]    Compiling hyper-timeout v0.5.2
[INFO] [stderr]    Compiling tonic v0.14.6
[INFO] [stderr]    Compiling reqwest v0.13.5
[INFO] [stderr]    Compiling tonic-prost v0.14.6
[INFO] [stderr]    Compiling google-cloud-longrunning v1.14.0
[INFO] [stderr]    Compiling google-cloud-lro v1.11.0 (/opt/rustwide/workdir)
[INFO] [stderr]     Finished `release` profile [optimized] target(s) in 4m 11s
[INFO] running `Command { std: "docker" "inspect" "a1413930fee26b58d56943fd6dd9c512ed3402dd9d4ee87d21a262552f0e6fb1", kill_on_drop: false }`
[INFO] running `Command { std: "docker" "exec" "-e" "SOURCE_DIR=/opt/rustwide/workdir" "-e" "CARGO_HOME=/opt/rustwide/cargo-home" "-e" "RUSTUP_HOME=/opt/rustwide/rustup-home" "-e" "CARGO_TARGET_DIR=/opt/rustwide/target" "-e" "CARGO_INCREMENTAL=0" "-e" "RUST_BACKTRACE=full" "-e" "RUSTFLAGS=--cap-lints=warn" "-e" "RUSTDOCFLAGS=--cap-lints=warn" "-w" "/opt/rustwide/workdir" "--user" "0:0" "a1413930fee26b58d56943fd6dd9c512ed3402dd9d4ee87d21a262552f0e6fb1" "/opt/rustwide/cargo-home/bin/cargo" "+1.100.0-beta.1" "test" "--frozen" "--no-run" "--message-format=json" "--release", kill_on_drop: false }`
[INFO] [stderr]    Compiling google-cloud-lro v1.11.0 (/opt/rustwide/workdir)
[INFO] [stdout] error[E0433]: cannot find module or crate `google_cloud_test_utils` in this scope
[INFO] [stdout]    --> src/internal/tracing.rs:247:9
[INFO] [stdout]     |
[INFO] [stdout] 247 |     use google_cloud_test_utils::test_layer::TestLayer;
[INFO] [stdout]     |         ^^^^^^^^^^^^^^^^^^^^^^^ use of unresolved module or unlinked crate `google_cloud_test_utils`
[INFO] [stdout]     |
[INFO] [stdout]     = help: if you wanted to use a crate named `google_cloud_test_utils`, use `cargo add google_cloud_test_utils` to add it to your `Cargo.toml`
[INFO] [stdout] 
[INFO] [stdout] 
[INFO] [stdout] error[E0432]: unresolved import `futures`
[INFO] [stdout]    --> src/internal/aip151.rs:441:13
[INFO] [stdout]     |
[INFO] [stdout] 441 |         use futures::StreamExt;
[INFO] [stdout]     |             ^^^^^^^ use of unresolved module or unlinked crate `futures`
[INFO] [stdout]     |
[INFO] [stdout]     = help: if you wanted to use a crate named `futures`, use `cargo add futures` to add it to your `Cargo.toml`
[INFO] [stdout] 
[INFO] [stdout] 
[INFO] [stdout] error[E0432]: unresolved import `futures`
[INFO] [stdout]    --> src/internal/aip151.rs:587:13
[INFO] [stdout]     |
[INFO] [stdout] 587 |         use futures::StreamExt;
[INFO] [stdout]     |             ^^^^^^^ use of unresolved module or unlinked crate `futures`
[INFO] [stdout]     |
[INFO] [stdout]     = help: if you wanted to use a crate named `futures`, use `cargo add futures` to add it to your `Cargo.toml`
[INFO] [stdout] 
[INFO] [stdout] 
[INFO] [stdout] error[E0432]: unresolved import `futures`
[INFO] [stdout]    --> src/internal/aip151.rs:731:13
[INFO] [stdout]     |
[INFO] [stdout] 731 |         use futures::StreamExt;
[INFO] [stdout]     |             ^^^^^^^ use of unresolved module or unlinked crate `futures`
[INFO] [stdout]     |
[INFO] [stdout]     = help: if you wanted to use a crate named `futures`, use `cargo add futures` to add it to your `Cargo.toml`
[INFO] [stdout] 
[INFO] [stdout] 
[INFO] [stdout] error[E0432]: unresolved import `futures`
[INFO] [stdout]    --> src/internal/discovery.rs:385:13
[INFO] [stdout]     |
[INFO] [stdout] 385 |         use futures::StreamExt;
[INFO] [stdout]     |             ^^^^^^^ use of unresolved module or unlinked crate `futures`
[INFO] [stdout]     |
[INFO] [stdout]     = help: if you wanted to use a crate named `futures`, use `cargo add futures` to add it to your `Cargo.toml`
[INFO] [stdout] 
[INFO] [stdout] 
[INFO] [stdout] error[E0432]: unresolved import `mockall`
[INFO] [stdout]   --> src/internal/either.rs:78:9
[INFO] [stdout]    |
[INFO] [stdout] 78 |     use mockall::mock;
[INFO] [stdout]    |         ^^^^^^^ use of unresolved module or unlinked crate `mockall`
[INFO] [stdout]    |
[INFO] [stdout]    = help: if you wanted to use a crate named `mockall`, use `cargo add mockall` to add it to your `Cargo.toml`
[INFO] [stdout] 
[INFO] [stdout] 
[INFO] [stdout] error[E0432]: unresolved import `mockall`
[INFO] [stdout]   --> src/internal/ext.rs:72:9
[INFO] [stdout]    |
[INFO] [stdout] 72 |     use mockall::mock;
[INFO] [stdout]    |         ^^^^^^^ use of unresolved module or unlinked crate `mockall`
[INFO] [stdout]    |
[INFO] [stdout]    = help: if you wanted to use a crate named `mockall`, use `cargo add mockall` to add it to your `Cargo.toml`
[INFO] [stdout] 
[INFO] [stdout] 
[INFO] [stdout] error[E0433]: cannot find module or crate `google_cloud_test_utils` in this scope
[INFO] [stdout]     --> src/internal/aip151.rs:1055:21
[INFO] [stdout]      |
[INFO] [stdout] 1055 |         let guard = google_cloud_test_utils::test_layer::TestLayer::initialize();
[INFO] [stdout]      |                     ^^^^^^^^^^^^^^^^^^^^^^^ use of unresolved module or unlinked crate `google_cloud_test_utils`
[INFO] [stdout]      |
[INFO] [stdout]      = help: if you wanted to use a crate named `google_cloud_test_utils`, use `cargo add google_cloud_test_utils` to add it to your `Cargo.toml`
[INFO] [stdout] 
[INFO] [stdout] 
[INFO] [stdout] error[E0433]: cannot find module or crate `google_cloud_test_utils` in this scope
[INFO] [stdout]     --> src/internal/aip151.rs:1108:28
[INFO] [stdout]      |
[INFO] [stdout] 1108 |             let captured = google_cloud_test_utils::test_layer::TestLayer::capture(&guard);
[INFO] [stdout]      |                            ^^^^^^^^^^^^^^^^^^^^^^^ use of unresolved module or unlinked crate `google_cloud_test_utils`
[INFO] [stdout]      |
[INFO] [stdout]      = help: if you wanted to use a crate named `google_cloud_test_utils`, use `cargo add google_cloud_test_utils` to add it to your `Cargo.toml`
[INFO] [stdout] 
[INFO] [stdout] 
[INFO] [stdout] error[E0433]: cannot find module or crate `google_cloud_test_utils` in this scope
[INFO] [stdout]     --> src/internal/aip151.rs:1129:28
[INFO] [stdout]      |
[INFO] [stdout] 1129 |             let captured = google_cloud_test_utils::test_layer::TestLayer::capture(&guard);
[INFO] [stdout]      |                            ^^^^^^^^^^^^^^^^^^^^^^^ use of unresolved module or unlinked crate `google_cloud_test_utils`
[INFO] [stdout]      |
[INFO] [stdout]      = help: if you wanted to use a crate named `google_cloud_test_utils`, use `cargo add google_cloud_test_utils` to add it to your `Cargo.toml`
[INFO] [stdout] 
[INFO] [stdout] 
[INFO] [stdout] error[E0433]: cannot find module or crate `google_cloud_test_utils` in this scope
[INFO] [stdout]     --> src/internal/aip151.rs:1146:21
[INFO] [stdout]      |
[INFO] [stdout] 1146 |         let guard = google_cloud_test_utils::test_layer::TestLayer::initialize();
[INFO] [stdout]      |                     ^^^^^^^^^^^^^^^^^^^^^^^ use of unresolved module or unlinked crate `google_cloud_test_utils`
[INFO] [stdout]      |
[INFO] [stdout]      = help: if you wanted to use a crate named `google_cloud_test_utils`, use `cargo add google_cloud_test_utils` to add it to your `Cargo.toml`
[INFO] [stdout] 
[INFO] [stdout] 
[INFO] [stdout] error[E0433]: cannot find module or crate `google_cloud_test_utils` in this scope
[INFO] [stdout]     --> src/internal/aip151.rs:1177:28
[INFO] [stdout]      |
[INFO] [stdout] 1177 |             let captured = google_cloud_test_utils::test_layer::TestLayer::capture(&guard);
[INFO] [stdout]      |                            ^^^^^^^^^^^^^^^^^^^^^^^ use of unresolved module or unlinked crate `google_cloud_test_utils`
[INFO] [stdout]      |
[INFO] [stdout]      = help: if you wanted to use a crate named `google_cloud_test_utils`, use `cargo add google_cloud_test_utils` to add it to your `Cargo.toml`
[INFO] [stdout] 
[INFO] [stdout] 
[INFO] [stdout] error[E0433]: cannot find module or crate `google_cloud_test_utils` in this scope
[INFO] [stdout]    --> src/internal/discovery.rs:637:21
[INFO] [stdout]     |
[INFO] [stdout] 637 |         let guard = google_cloud_test_utils::test_layer::TestLayer::initialize();
[INFO] [stdout]     |                     ^^^^^^^^^^^^^^^^^^^^^^^ use of unresolved module or unlinked crate `google_cloud_test_utils`
[INFO] [stdout]     |
[INFO] [stdout]     = help: if you wanted to use a crate named `google_cloud_test_utils`, use `cargo add google_cloud_test_utils` to add it to your `Cargo.toml`
[INFO] [stdout] 
[INFO] [stdout] 
[INFO] [stdout] error[E0433]: cannot find module or crate `google_cloud_test_utils` in this scope
[INFO] [stdout]    --> src/internal/discovery.rs:686:28
[INFO] [stdout]     |
[INFO] [stdout] 686 |             let captured = google_cloud_test_utils::test_layer::TestLayer::capture(&guard);
[INFO] [stdout]     |                            ^^^^^^^^^^^^^^^^^^^^^^^ use of unresolved module or unlinked crate `google_cloud_test_utils`
[INFO] [stdout]     |
[INFO] [stdout]     = help: if you wanted to use a crate named `google_cloud_test_utils`, use `cargo add google_cloud_test_utils` to add it to your `Cargo.toml`
[INFO] [stdout] 
[INFO] [stdout] 
[INFO] [stdout] error[E0433]: cannot find module or crate `google_cloud_test_utils` in this scope
[INFO] [stdout]    --> src/internal/discovery.rs:707:28
[INFO] [stdout]     |
[INFO] [stdout] 707 |             let captured = google_cloud_test_utils::test_layer::TestLayer::capture(&guard);
[INFO] [stdout]     |                            ^^^^^^^^^^^^^^^^^^^^^^^ use of unresolved module or unlinked crate `google_cloud_test_utils`
[INFO] [stdout]     |
[INFO] [stdout]     = help: if you wanted to use a crate named `google_cloud_test_utils`, use `cargo add google_cloud_test_utils` to add it to your `Cargo.toml`
[INFO] [stdout] 
[INFO] [stdout] 
[INFO] [stdout] error[E0433]: cannot find module or crate `google_cloud_test_utils` in this scope
[INFO] [stdout]    --> src/internal/discovery.rs:723:21
[INFO] [stdout]     |
[INFO] [stdout] 723 |         let guard = google_cloud_test_utils::test_layer::TestLayer::initialize();
[INFO] [stdout]     |                     ^^^^^^^^^^^^^^^^^^^^^^^ use of unresolved module or unlinked crate `google_cloud_test_utils`
[INFO] [stdout]     |
[INFO] [stdout]     = help: if you wanted to use a crate named `google_cloud_test_utils`, use `cargo add google_cloud_test_utils` to add it to your `Cargo.toml`
[INFO] [stdout] 
[INFO] [stdout] 
[INFO] [stdout] error[E0433]: cannot find module or crate `google_cloud_test_utils` in this scope
[INFO] [stdout]    --> src/internal/discovery.rs:778:28
[INFO] [stdout]     |
[INFO] [stdout] 778 |             let captured = google_cloud_test_utils::test_layer::TestLayer::capture(&guard);
[INFO] [stdout]     |                            ^^^^^^^^^^^^^^^^^^^^^^^ use of unresolved module or unlinked crate `google_cloud_test_utils`
[INFO] [stdout]     |
[INFO] [stdout]     = help: if you wanted to use a crate named `google_cloud_test_utils`, use `cargo add google_cloud_test_utils` to add it to your `Cargo.toml`
[INFO] [stdout] 
[INFO] [stdout] 
[INFO] [stdout] error[E0433]: cannot find module or crate `google_cloud_test_utils` in this scope
[INFO] [stdout]    --> src/internal/tracing.rs:400:19
[INFO] [stdout]     |
[INFO] [stdout] 400 |             Some(&google_cloud_test_utils::test_layer::AttributeValue::UInt64(42))
[INFO] [stdout]     |                   ^^^^^^^^^^^^^^^^^^^^^^^ use of unresolved module or unlinked crate `google_cloud_test_utils`
[INFO] [stdout]     |
[INFO] [stdout]     = help: if you wanted to use a crate named `google_cloud_test_utils`, use `cargo add google_cloud_test_utils` to add it to your `Cargo.toml`
[INFO] [stdout] 
[INFO] [stdout] 
[INFO] [stdout] error[E0433]: cannot find module or crate `google_cloud_test_utils` in this scope
[INFO] [stdout]    --> src/internal/tracing.rs:405:18
[INFO] [stdout]     |
[INFO] [stdout] 405 |                 &google_cloud_test_utils::test_layer::AttributeValue::String(
[INFO] [stdout]     |                  ^^^^^^^^^^^^^^^^^^^^^^^ use of unresolved module or unlinked crate `google_cloud_test_utils`
[INFO] [stdout]     |
[INFO] [stdout]     = help: if you wanted to use a crate named `google_cloud_test_utils`, use `cargo add google_cloud_test_utils` to add it to your `Cargo.toml`
[INFO] [stdout] 
[INFO] [stdout] 
[INFO] [stdout] error[E0425]: cannot find type `MockPollerA` in this scope
[INFO] [stdout]    --> src/internal/either.rs:118:32
[INFO] [stdout]     |
[INFO] [stdout] 118 |         let mut poller: Either<MockPollerA, MockPollerB> = Either::Left(mock);
[INFO] [stdout]     |                                ^^^^^^^^^^^ not found in this scope
[INFO] [stdout]     |
[INFO] [stdout] help: you might be missing a type parameter
[INFO] [stdout]     |
[INFO] [stdout] 113 |     async fn test_either_poller_left<MockPollerA>() {
[INFO] [stdout]     |                                     +++++++++++++
[INFO] [stdout] 
[INFO] [stdout] 
[INFO] [stdout] error[E0425]: cannot find type `MockPollerB` in this scope
[INFO] [stdout]    --> src/internal/either.rs:118:45
[INFO] [stdout]     |
[INFO] [stdout] 118 |         let mut poller: Either<MockPollerA, MockPollerB> = Either::Left(mock);
[INFO] [stdout]     |                                             ^^^^^^^^^^^ not found in this scope
[INFO] [stdout]     |
[INFO] [stdout] help: you might be missing a type parameter
[INFO] [stdout]     |
[INFO] [stdout] 113 |     async fn test_either_poller_left<MockPollerB>() {
[INFO] [stdout]     |                                     +++++++++++++
[INFO] [stdout] 
[INFO] [stdout] 
[INFO] [stdout] error[E0425]: cannot find type `MockPollerA` in this scope
[INFO] [stdout]    --> src/internal/either.rs:130:32
[INFO] [stdout]     |
[INFO] [stdout] 130 |         let mut poller: Either<MockPollerA, MockPollerB> = Either::Right(mock);
[INFO] [stdout]     |                                ^^^^^^^^^^^ not found in this scope
[INFO] [stdout]     |
[INFO] [stdout] help: you might be missing a type parameter
[INFO] [stdout]     |
[INFO] [stdout] 125 |     async fn test_either_poller_right<MockPollerA>() {
[INFO] [stdout]     |                                      +++++++++++++
[INFO] [stdout] 
[INFO] [stdout] 
[INFO] [stdout] error[E0425]: cannot find type `MockPollerB` in this scope
[INFO] [stdout]    --> src/internal/either.rs:130:45
[INFO] [stdout]     |
[INFO] [stdout] 130 |         let mut poller: Either<MockPollerA, MockPollerB> = Either::Right(mock);
[INFO] [stdout]     |                                             ^^^^^^^^^^^ not found in this scope
[INFO] [stdout]     |
[INFO] [stdout] help: you might be missing a type parameter
[INFO] [stdout]     |
[INFO] [stdout] 125 |     async fn test_either_poller_right<MockPollerB>() {
[INFO] [stdout]     |                                      +++++++++++++
[INFO] [stdout] 
[INFO] [stdout] 
[INFO] [stdout] error[E0425]: cannot find type `MockPollerA` in this scope
[INFO] [stdout]    --> src/internal/either.rs:157:28
[INFO] [stdout]     |
[INFO] [stdout] 157 |         let poller: Either<MockPollerA, MockPollerB> = Either::Left(mock);
[INFO] [stdout]     |                            ^^^^^^^^^^^ not found in this scope
[INFO] [stdout]     |
[INFO] [stdout] help: you might be missing a type parameter
[INFO] [stdout]     |
[INFO] [stdout] 151 |     async fn test_either_until_done_left<MockPollerA>() {
[INFO] [stdout]     |                                         +++++++++++++
[INFO] [stdout] 
[INFO] [stdout] 
[INFO] [stdout] error[E0425]: cannot find type `MockPollerB` in this scope
[INFO] [stdout]    --> src/internal/either.rs:157:41
[INFO] [stdout]     |
[INFO] [stdout] 157 |         let poller: Either<MockPollerA, MockPollerB> = Either::Left(mock);
[INFO] [stdout]     |                                         ^^^^^^^^^^^ not found in this scope
[INFO] [stdout]     |
[INFO] [stdout] help: you might be missing a type parameter
[INFO] [stdout]     |
[INFO] [stdout] 151 |     async fn test_either_until_done_left<MockPollerB>() {
[INFO] [stdout]     |                                         +++++++++++++
[INFO] [stdout] 
[INFO] [stdout] 
[INFO] [stdout] error[E0425]: cannot find type `MockPollerA` in this scope
[INFO] [stdout]    --> src/internal/either.rs:169:28
[INFO] [stdout]     |
[INFO] [stdout] 169 |         let poller: Either<MockPollerA, MockPollerB> = Either::Right(mock);
[INFO] [stdout]     |                            ^^^^^^^^^^^ not found in this scope
[INFO] [stdout]     |
[INFO] [stdout] help: you might be missing a type parameter
[INFO] [stdout]     |
[INFO] [stdout] 163 |     async fn test_either_until_done_right<MockPollerA>() {
[INFO] [stdout]     |                                          +++++++++++++
[INFO] [stdout] 
[INFO] [stdout] 
[INFO] [stdout] error[E0425]: cannot find type `MockPollerB` in this scope
[INFO] [stdout]    --> src/internal/either.rs:169:41
[INFO] [stdout]     |
[INFO] [stdout] 169 |         let poller: Either<MockPollerA, MockPollerB> = Either::Right(mock);
[INFO] [stdout]     |                                         ^^^^^^^^^^^ not found in this scope
[INFO] [stdout]     |
[INFO] [stdout] help: you might be missing a type parameter
[INFO] [stdout]     |
[INFO] [stdout] 163 |     async fn test_either_until_done_right<MockPollerB>() {
[INFO] [stdout]     |                                          +++++++++++++
[INFO] [stdout] 
[INFO] [stdout] 
[INFO] [stdout] warning: unused import: `crate::PollingResult`
[INFO] [stdout]   --> src/internal/either.rs:75:9
[INFO] [stdout]    |
[INFO] [stdout] 75 |     use crate::PollingResult;
[INFO] [stdout]    |         ^^^^^^^^^^^^^^^^^^^^
[INFO] [stdout]    |
[INFO] [stdout]    = note: `#[warn(unused_imports)]` (part of `#[warn(unused)]`) on by default
[INFO] [stdout] 
[INFO] [stdout] 
[INFO] [stdout] warning: unused imports: `PollingResult` and `sealed`
[INFO] [stdout]   --> src/internal/ext.rs:69:17
[INFO] [stdout]    |
[INFO] [stdout] 69 |     use crate::{PollingResult, sealed};
[INFO] [stdout]    |                 ^^^^^^^^^^^^^  ^^^^^^
[INFO] [stdout] 
[INFO] [stdout] 
[INFO] [stdout] warning: unused import: `google_cloud_gax::polling_state::PollingState`
[INFO] [stdout]   --> src/internal/ext.rs:70:9
[INFO] [stdout]    |
[INFO] [stdout] 70 |     use google_cloud_gax::polling_state::PollingState;
[INFO] [stdout]    |         ^^^^^^^^^^^^^^^^^^^^^^^^^^^^^^^^^^^^^^^^^^^^^
[INFO] [stdout] 
[INFO] [stdout] 
[INFO] [stdout] error[E0433]: cannot find type `MockPollerA` in this scope
[INFO] [stdout]    --> src/internal/either.rs:140:30
[INFO] [stdout]     |
[INFO] [stdout] 140 |                 Either::Left(MockPollerA::new())
[INFO] [stdout]     |                              ^^^^^^^^^^^ use of undeclared type `MockPollerA`
[INFO] [stdout] 
[INFO] [stdout] 
[INFO] [stdout] error[E0433]: cannot find type `MockPollerB` in this scope
[INFO] [stdout]    --> src/internal/either.rs:142:31
[INFO] [stdout]     |
[INFO] [stdout] 142 |                 Either::Right(MockPollerB::new())
[INFO] [stdout]     |                               ^^^^^^^^^^^ use of undeclared type `MockPollerB`
[INFO] [stdout] 
[INFO] [stdout] 
[INFO] [stdout] error[E0599]: no method named `into_stream` found for opaque type `impl Poller<google_cloud_wkt::Duration, Timestamp>` in the current scope
[INFO] [stdout]    --> src/internal/aip151.rs:448:10
[INFO] [stdout]     |
[INFO] [stdout] 442 |         let mut stream = new_poller(
[INFO] [stdout] 443 |             Arc::new(AlwaysContinue),
[INFO] [stdout] 444 |             Arc::new(ExponentialBackoff::default()),
[INFO] [stdout] 445 |             start,
[INFO] [stdout] 446 |             query,
[INFO] [stdout] 447 |         )
[INFO] [stdout] 448 |         .into_stream();
[INFO] [stdout]     |          ^^^^^^^^^^^
[INFO] [stdout]     |
[INFO] [stdout] help: there is a method `into_raw` with a similar name
[INFO] [stdout]     |
[INFO] [stdout] 448 -         .into_stream();
[INFO] [stdout] 448 +         .into_raw();
[INFO] [stdout]     |
[INFO] [stdout] 
[INFO] [stdout] 
[INFO] [stdout] error[E0599]: no method named `into_stream` found for opaque type `impl Poller<(), Timestamp>` in the current scope
[INFO] [stdout]    --> src/internal/aip151.rs:594:10
[INFO] [stdout]     |
[INFO] [stdout] 588 |         let mut stream = new_unit_response_poller(
[INFO] [stdout] 589 |             Arc::new(AlwaysContinue),
[INFO] [stdout] 590 |             Arc::new(ExponentialBackoff::default()),
[INFO] [stdout] 591 |             start,
[INFO] [stdout] 592 |             query,
[INFO] [stdout] 593 |         )
[INFO] [stdout] 594 |         .into_stream();
[INFO] [stdout]     |          ^^^^^^^^^^^
[INFO] [stdout]     |
[INFO] [stdout] help: there is a method `into_raw` with a similar name
[INFO] [stdout]     |
[INFO] [stdout] 594 -         .into_stream();
[INFO] [stdout] 594 +         .into_raw();
[INFO] [stdout]     |
[INFO] [stdout] 
[INFO] [stdout] 
[INFO] [stdout] error[E0599]: no method named `into_stream` found for opaque type `impl Poller<google_cloud_wkt::Duration, ()>` in the current scope
[INFO] [stdout]    --> src/internal/aip151.rs:738:10
[INFO] [stdout]     |
[INFO] [stdout] 732 |         let mut stream = new_unit_metadata_poller(
[INFO] [stdout] 733 |             Arc::new(AlwaysContinue),
[INFO] [stdout] 734 |             Arc::new(ExponentialBackoff::default()),
[INFO] [stdout] 735 |             start,
[INFO] [stdout] 736 |             query,
[INFO] [stdout] 737 |         )
[INFO] [stdout] 738 |         .into_stream();
[INFO] [stdout]     |          ^^^^^^^^^^^
[INFO] [stdout]     |
[INFO] [stdout] help: there is a method `into_raw` with a similar name
[INFO] [stdout]     |
[INFO] [stdout] 738 -         .into_stream();
[INFO] [stdout] 738 +         .into_raw();
[INFO] [stdout]     |
[INFO] [stdout] 
[INFO] [stdout] 
[INFO] [stdout] error[E0599]: no method named `into_stream` found for opaque type `impl Poller<discovery::tests::TestOperation, discovery::tests::TestOperation>` in the current scope
[INFO] [stdout]    --> src/internal/discovery.rs:407:10
[INFO] [stdout]     |
[INFO] [stdout] 401 |         let mut stream = new_discovery_poller(
[INFO] [stdout] 402 |             Arc::new(AlwaysContinue),
[INFO] [stdout] 403 |             Arc::new(test_backoff()),
[INFO] [stdout] 404 |             start,
[INFO] [stdout] 405 |             query,
[INFO] [stdout] 406 |         )
[INFO] [stdout] 407 |         .into_stream();
[INFO] [stdout]     |          ^^^^^^^^^^^
[INFO] [stdout]     |
[INFO] [stdout] help: there is a method `into_raw` with a similar name
[INFO] [stdout]     |
[INFO] [stdout] 407 -         .into_stream();
[INFO] [stdout] 407 +         .into_raw();
[INFO] [stdout]     |
[INFO] [stdout] 
[INFO] [stdout] 
[INFO] [stdout] error[E0433]: cannot find type `MockPollerA` in this scope
[INFO] [stdout]    --> src/internal/either.rs:114:24
[INFO] [stdout]     |
[INFO] [stdout] 114 |         let mut mock = MockPollerA::new();
[INFO] [stdout]     |                        ^^^^^^^^^^^ use of undeclared type `MockPollerA`
[INFO] [stdout] 
[INFO] [stdout] 
[INFO] [stdout] error[E0433]: cannot find type `MockPollerB` in this scope
[INFO] [stdout]    --> src/internal/either.rs:126:24
[INFO] [stdout]     |
[INFO] [stdout] 126 |         let mut mock = MockPollerB::new();
[INFO] [stdout]     |                        ^^^^^^^^^^^ use of undeclared type `MockPollerB`
[INFO] [stdout] 
[INFO] [stdout] 
[INFO] [stdout] error[E0433]: cannot find type `MockPollerA` in this scope
[INFO] [stdout]    --> src/internal/either.rs:152:24
[INFO] [stdout]     |
[INFO] [stdout] 152 |         let mut mock = MockPollerA::new();
[INFO] [stdout]     |                        ^^^^^^^^^^^ use of undeclared type `MockPollerA`
[INFO] [stdout] 
[INFO] [stdout] 
[INFO] [stdout] error[E0433]: cannot find type `MockPollerB` in this scope
[INFO] [stdout]    --> src/internal/either.rs:164:24
[INFO] [stdout]     |
[INFO] [stdout] 164 |         let mut mock = MockPollerB::new();
[INFO] [stdout]     |                        ^^^^^^^^^^^ use of undeclared type `MockPollerB`
[INFO] [stdout] 
[INFO] [stdout] 
[INFO] [stdout] error[E0433]: cannot find type `MockPollerA` in this scope
[INFO] [stdout]   --> src/internal/ext.rs:94:20
[INFO] [stdout]    |
[INFO] [stdout] 94 |         let mock = MockPollerA::new();
[INFO] [stdout]    |                    ^^^^^^^^^^^ use of undeclared type `MockPollerA`
[INFO] [stdout] 
[INFO] [stdout] 
[INFO] [stdout] Some errors have detailed explanations: E0425, E0432, E0433, E0599.
[INFO] [stdout] 
[INFO] [stdout] For more information about an error, try `rustc --explain E0425`.
[INFO] [stdout] 
[INFO] [stderr] error: could not compile `google-cloud-lro` (lib test) due to 38 previous errors; 3 warnings emitted
[INFO] running `Command { std: "docker" "inspect" "a1413930fee26b58d56943fd6dd9c512ed3402dd9d4ee87d21a262552f0e6fb1", kill_on_drop: false }`
[INFO] running `Command { std: "docker" "rm" "-f" "a1413930fee26b58d56943fd6dd9c512ed3402dd9d4ee87d21a262552f0e6fb1", kill_on_drop: false }`
[INFO] [stdout] a1413930fee26b58d56943fd6dd9c512ed3402dd9d4ee87d21a262552f0e6fb1
