[INFO] fetching crate google-cloud-gax-internal 0.7.20...
[INFO] testing google-cloud-gax-internal-0.7.20 against 1.100.0-beta.1+cargoflags=--release for beta-release-1.100-2
[INFO] extracting crate google-cloud-gax-internal 0.7.20 into /workspace/builds/worker-2-tc2/source
[INFO] started tweaking crates.io crate google-cloud-gax-internal 0.7.20
[INFO] removed 0 missing tests
[INFO] finished tweaking crates.io crate google-cloud-gax-internal 0.7.20
[INFO] tweaked toml for crates.io crate google-cloud-gax-internal 0.7.20 written to /workspace/builds/worker-2-tc2/source/Cargo.toml
[INFO] validating manifest of crates.io crate google-cloud-gax-internal 0.7.20 on toolchain 1.100.0-beta.1
[INFO] running `Command { std: CARGO_HOME="/workspace/cargo-home" RUSTUP_HOME="/workspace/rustup-home" "/workspace/cargo-home/bin/cargo" "+1.100.0-beta.1" "metadata" "--manifest-path" "Cargo.toml" "--no-deps", kill_on_drop: false }`
[INFO] crate crates.io crate google-cloud-gax-internal 0.7.20 already has a lockfile, it will not be regenerated
[INFO] running `Command { std: CARGO_HOME="/workspace/cargo-home" RUSTUP_HOME="/workspace/rustup-home" "/workspace/cargo-home/bin/cargo" "+1.100.0-beta.1" "fetch" "--manifest-path" "Cargo.toml", kill_on_drop: false }`
[INFO] running `Command { std: "docker" "create" "-v" "/var/lib/crater-agent-workspace/builds/worker-2-tc2/source:/opt/rustwide/workdir:ro,Z" "-v" "/var/lib/crater-agent-workspace/builds/worker-2-tc2/target:/opt/rustwide/target:rw,Z" "-v" "/var/lib/crater-agent-workspace/cargo-home:/opt/rustwide/cargo-home:ro,Z" "-v" "/var/lib/crater-agent-workspace/rustup-home:/opt/rustwide/rustup-home:ro,Z" "-m" "1610612736" "--network" "none" "ghcr.io/rust-lang/crates-build-env/linux@sha256:77db811e55d90add9212f6832c23229e3de5f1c1f9905e8cb07319ea15df73ac" "sleep" "infinity", kill_on_drop: false }`
[INFO] [stdout] 348aa51f46297b5040f745a4939023a40c4fef08d543045ff21ef8b659932c7b
[INFO] running `Command { std: "docker" "start" "348aa51f46297b5040f745a4939023a40c4fef08d543045ff21ef8b659932c7b", kill_on_drop: false }`
[INFO] running `Command { std: "docker" "inspect" "348aa51f46297b5040f745a4939023a40c4fef08d543045ff21ef8b659932c7b", kill_on_drop: false }`
[INFO] running `Command { std: "docker" "exec" "-e" "SOURCE_DIR=/opt/rustwide/workdir" "-e" "CARGO_HOME=/opt/rustwide/cargo-home" "-e" "RUSTUP_HOME=/opt/rustwide/rustup-home" "-e" "CARGO_TARGET_DIR=/opt/rustwide/target" "-w" "/opt/rustwide/workdir" "--user" "0:0" "348aa51f46297b5040f745a4939023a40c4fef08d543045ff21ef8b659932c7b" "/opt/rustwide/cargo-home/bin/cargo" "+1.100.0-beta.1" "metadata" "--no-deps" "--format-version=1", kill_on_drop: false }`
[INFO] running `Command { std: "docker" "inspect" "348aa51f46297b5040f745a4939023a40c4fef08d543045ff21ef8b659932c7b", kill_on_drop: false }`
[INFO] running `Command { std: "docker" "exec" "-e" "SOURCE_DIR=/opt/rustwide/workdir" "-e" "CARGO_HOME=/opt/rustwide/cargo-home" "-e" "RUSTUP_HOME=/opt/rustwide/rustup-home" "-e" "CARGO_TARGET_DIR=/opt/rustwide/target" "-e" "CARGO_INCREMENTAL=0" "-e" "RUST_BACKTRACE=full" "-e" "RUSTFLAGS=--cap-lints=warn" "-e" "RUSTDOCFLAGS=--cap-lints=warn" "-w" "/opt/rustwide/workdir" "--user" "0:0" "348aa51f46297b5040f745a4939023a40c4fef08d543045ff21ef8b659932c7b" "/opt/rustwide/cargo-home/bin/cargo" "+1.100.0-beta.1" "build" "--frozen" "--message-format=json" "--release", kill_on_drop: false }`
[INFO] [stderr]    Compiling google-cloud-gax-internal v0.7.20 (/opt/rustwide/workdir)
[INFO] [stderr]     Finished `release` profile [optimized] target(s) in 0.66s
[INFO] running `Command { std: "docker" "inspect" "348aa51f46297b5040f745a4939023a40c4fef08d543045ff21ef8b659932c7b", kill_on_drop: false }`
[INFO] running `Command { std: "docker" "exec" "-e" "SOURCE_DIR=/opt/rustwide/workdir" "-e" "CARGO_HOME=/opt/rustwide/cargo-home" "-e" "RUSTUP_HOME=/opt/rustwide/rustup-home" "-e" "CARGO_TARGET_DIR=/opt/rustwide/target" "-e" "CARGO_INCREMENTAL=0" "-e" "RUST_BACKTRACE=full" "-e" "RUSTFLAGS=--cap-lints=warn" "-e" "RUSTDOCFLAGS=--cap-lints=warn" "-w" "/opt/rustwide/workdir" "--user" "0:0" "348aa51f46297b5040f745a4939023a40c4fef08d543045ff21ef8b659932c7b" "/opt/rustwide/cargo-home/bin/cargo" "+1.100.0-beta.1" "test" "--frozen" "--no-run" "--message-format=json" "--release", kill_on_drop: false }`
[INFO] [stderr]    Compiling serde v1.0.229
[INFO] [stderr]    Compiling thiserror v2.0.20
[INFO] [stderr]    Compiling zerocopy v0.8.56
[INFO] [stderr]    Compiling smallvec v1.15.2
[INFO] [stderr]    Compiling syn v3.0.6
[INFO] [stderr]    Compiling syn v2.0.119
[INFO] [stderr]    Compiling mio v1.2.2
[INFO] [stderr]    Compiling cc v1.4.4
[INFO] [stderr]    Compiling serde_json v1.0.151
[INFO] [stderr]    Compiling crossbeam-utils v0.8.22
[INFO] [stderr]    Compiling sharded-slab v0.1.7
[INFO] [stderr]    Compiling regex-automata v0.4.18
[INFO] [stderr]    Compiling thread_local v1.1.10
[INFO] [stderr]    Compiling mockall_derive v0.15.0
[INFO] [stderr]    Compiling predicates-core v1.0.10
[INFO] [stderr]    Compiling rustls-pki-types v1.15.1
[INFO] [stderr]    Compiling parking_lot_core v0.9.12
[INFO] [stderr]    Compiling rustls v0.23.45
[INFO] [stderr]    Compiling termtree v0.5.1
[INFO] [stderr]    Compiling mockall v0.15.0
[INFO] [stderr]    Compiling anyhow v1.0.104
[INFO] [stderr]    Compiling predicates-tree v1.0.13
[INFO] [stderr]    Compiling predicates v3.1.4
[INFO] [stderr]    Compiling fragile v2.1.0
[INFO] [stderr]    Compiling downcast v0.11.0
[INFO] [stderr]    Compiling base64 v0.23.1
[INFO] [stderr]    Compiling parking_lot v0.12.5
[INFO] [stderr]    Compiling pretty_assertions v1.4.1
[INFO] [stderr]    Compiling scoped-env v2.1.0
[INFO] [stderr]    Compiling crossbeam-channel v0.5.16
[INFO] [stderr]    Compiling bytes v1.12.1
[INFO] [stderr]    Compiling tracing-serde v0.2.0
[INFO] [stderr]    Compiling serde_urlencoded v0.7.1
[INFO] [stderr]    Compiling tracing-subscriber v0.3.23
[INFO] [stderr]    Compiling cmake v0.1.58
[INFO] [stderr]    Compiling aws-lc-sys v0.45.0
[INFO] [stderr]    Compiling http v1.5.0
[INFO] [stderr]    Compiling http-body v1.1.0
[INFO] [stderr]    Compiling http-body-util v0.1.5
[INFO] [stderr]    Compiling darling_core v0.24.1
[INFO] [stderr]    Compiling test-case-core v3.4.0
[INFO] [stderr]    Compiling bstr v1.13.1
[INFO] [stderr]    Compiling regex v1.13.1
[INFO] [stderr]    Compiling tracing-attributes v0.1.31
[INFO] [stderr]    Compiling tokio-macros v2.7.2
[INFO] [stderr]    Compiling futures-macro v0.3.34
[INFO] [stderr]    Compiling thiserror-impl v2.0.20
[INFO] [stderr]    Compiling test-case-macros v3.4.0
[INFO] [stderr]    Compiling serial_test_derive v3.5.0
[INFO] [stderr]    Compiling test-case v3.4.0
[INFO] [stderr]    Compiling futures-util v0.3.34
[INFO] [stderr]    Compiling tokio v1.53.1
[INFO] [stderr]    Compiling serial_test v3.5.0
[INFO] [stderr]    Compiling ppv-lite86 v0.2.21
[INFO] [stderr]    Compiling rand_chacha v0.9.0
[INFO] [stderr]    Compiling opentelemetry v0.33.0
[INFO] [stderr]    Compiling tracing v0.1.44
[INFO] [stderr]    Compiling rand v0.9.5
[INFO] [stderr]    Compiling darling_macro v0.24.1
[INFO] [stderr]    Compiling darling v0.24.1
[INFO] [stderr]    Compiling serde_with_macros v3.23.0
[INFO] [stderr]    Compiling tracing-opentelemetry v0.34.0
[INFO] [stderr]    Compiling opentelemetry-appender-tracing v0.33.0
[INFO] [stderr]    Compiling serde_with v3.23.0
[INFO] [stderr]    Compiling futures-executor v0.3.34
[INFO] [stderr]    Compiling futures v0.3.34
[INFO] [stderr]    Compiling tokio-util v0.7.19
[INFO] [stderr]    Compiling opentelemetry_sdk v0.33.0
[INFO] [stderr]    Compiling h2 v0.4.19
[INFO] [stderr]    Compiling hyper v1.11.1
[INFO] [stderr]    Compiling hyper-util v0.1.20
[INFO] [stderr]    Compiling httptest v0.16.4
[INFO] [stderr]    Compiling aws-lc-rs v1.18.1
[INFO] [stderr]    Compiling rustls-webpki v0.103.15
[INFO] [stderr]    Compiling google-cloud-gax-internal v0.7.20 (/opt/rustwide/workdir)
[INFO] [stdout] error[E0433]: cannot find module or crate `google_cloud_auth` in this scope
[INFO] [stdout]   --> tests/mock_credentials.rs:15:5
[INFO] [stdout]    |
[INFO] [stdout] 15 | use google_cloud_auth::credentials::{CacheableResource, CredentialsProvider, EntityTag};
[INFO] [stdout]    |     ^^^^^^^^^^^^^^^^^ use of unresolved module or unlinked crate `google_cloud_auth`
[INFO] [stdout]    |
[INFO] [stdout]    = help: if you wanted to use a crate named `google_cloud_auth`, use `cargo add google_cloud_auth` to add it to your `Cargo.toml`
[INFO] [stdout] 
[INFO] [stdout] 
[INFO] [stdout] error[E0433]: cannot find module or crate `google_cloud_gax` in this scope
[INFO] [stdout]   --> tests/mock_credentials.rs:16:5
[INFO] [stdout]    |
[INFO] [stdout] 16 | use google_cloud_gax::error::CredentialsError;
[INFO] [stdout]    |     ^^^^^^^^^^^^^^^^ use of unresolved module or unlinked crate `google_cloud_gax`
[INFO] [stdout]    |
[INFO] [stdout]    = help: if you wanted to use a crate named `google_cloud_gax`, use `cargo add google_cloud_gax` to add it to your `Cargo.toml`
[INFO] [stdout] 
[INFO] [stdout] 
[INFO] [stdout] error[E0433]: cannot find module or crate `google_cloud_auth` in this scope
[INFO] [stdout]   --> tests/mock_credentials.rs:15:5
[INFO] [stdout]    |
[INFO] [stdout] 15 | use google_cloud_auth::credentials::{CacheableResource, CredentialsProvider, EntityTag};
[INFO] [stdout]    |     ^^^^^^^^^^^^^^^^^ use of unresolved module or unlinked crate `google_cloud_auth`
[INFO] [stdout]    |
[INFO] [stdout]    = help: if you wanted to use a crate named `google_cloud_auth`, use `cargo add google_cloud_auth` to add it to your `Cargo.toml`
[INFO] [stdout] 
[INFO] [stdout] 
[INFO] [stdout] error[E0433]: cannot find module or crate `google_cloud_gax` in this scope
[INFO] [stdout]   --> tests/mock_credentials.rs:16:5
[INFO] [stdout]    |
[INFO] [stdout] 16 | use google_cloud_gax::error::CredentialsError;
[INFO] [stdout]    |     ^^^^^^^^^^^^^^^^ use of unresolved module or unlinked crate `google_cloud_gax`
[INFO] [stdout]    |
[INFO] [stdout]    = help: if you wanted to use a crate named `google_cloud_gax`, use `cargo add google_cloud_gax` to add it to your `Cargo.toml`
[INFO] [stdout] 
[INFO] [stdout] 
[INFO] [stdout] error[E0433]: cannot find module or crate `http` in this scope
[INFO] [stdout]   --> tests/mock_credentials.rs:17:5
[INFO] [stdout]    |
[INFO] [stdout] 17 | use http::{
[INFO] [stdout]    |     ^^^^ use of unresolved module or unlinked crate `http`
[INFO] [stdout]    |
[INFO] [stdout]    = help: if you wanted to use a crate named `http`, use `cargo add http` to add it to your `Cargo.toml`
[INFO] [stdout] 
[INFO] [stdout] 
[INFO] [stdout] error[E0433]: cannot find module or crate `http` in this scope
[INFO] [stdout]   --> tests/mock_credentials.rs:17:5
[INFO] [stdout]    |
[INFO] [stdout] 17 | use http::{
[INFO] [stdout]    |     ^^^^ use of unresolved module or unlinked crate `http`
[INFO] [stdout]    |
[INFO] [stdout]    = help: if you wanted to use a crate named `http`, use `cargo add http` to add it to your `Cargo.toml`
[INFO] [stdout] 
[INFO] [stdout] 
[INFO] [stdout] error[E0432]: unresolved import `http`
[INFO] [stdout]   --> tests/mock_credentials.rs:17:5
[INFO] [stdout]    |
[INFO] [stdout] 17 | use http::{
[INFO] [stdout]    |     ^^^^
[INFO] [stdout]    |
[INFO] [stdout] help: a similar path exists
[INFO] [stdout]    |
[INFO] [stdout] 17 | use httptest::http::{
[INFO] [stdout]    |         ++++++++++
[INFO] [stdout] 
[INFO] [stdout] 
[INFO] [stdout] error[E0432]: unresolved import `http`
[INFO] [stdout]   --> tests/mock_credentials.rs:17:5
[INFO] [stdout]    |
[INFO] [stdout] 17 | use http::{
[INFO] [stdout]    |     ^^^^
[INFO] [stdout]    |
[INFO] [stdout] help: a similar path exists
[INFO] [stdout]    |
[INFO] [stdout] 17 | use httptest::http::{
[INFO] [stdout]    |         ++++++++++
[INFO] [stdout] 
[INFO] [stdout] 
[INFO] [stdout] error[E0433]: cannot find module or crate `google_cloud_auth` in this scope
[INFO] [stdout]   --> tests/mock_credentials.rs:15:5
[INFO] [stdout]    |
[INFO] [stdout] 15 | use google_cloud_auth::credentials::{CacheableResource, CredentialsProvider, EntityTag};
[INFO] [stdout]    |     ^^^^^^^^^^^^^^^^^ use of unresolved module or unlinked crate `google_cloud_auth`
[INFO] [stdout]    |
[INFO] [stdout]    = help: if you wanted to use a crate named `google_cloud_auth`, use `cargo add google_cloud_auth` to add it to your `Cargo.toml`
[INFO] [stdout] 
[INFO] [stdout] 
[INFO] [stdout] error[E0433]: cannot find module or crate `google_cloud_gax` in this scope
[INFO] [stdout]   --> tests/mock_credentials.rs:16:5
[INFO] [stdout]    |
[INFO] [stdout] 16 | use google_cloud_gax::error::CredentialsError;
[INFO] [stdout]    |     ^^^^^^^^^^^^^^^^ use of unresolved module or unlinked crate `google_cloud_gax`
[INFO] [stdout]    |
[INFO] [stdout]    = help: if you wanted to use a crate named `google_cloud_gax`, use `cargo add google_cloud_gax` to add it to your `Cargo.toml`
[INFO] [stdout] 
[INFO] [stdout] 
[INFO] [stdout] Some errors have detailed explanations: E0432, E0433.
[INFO] [stdout] 
[INFO] [stdout] For more information about an error, try `rustc --explain E0432`.
[INFO] [stdout] 
[INFO] [stdout] error[E0433]: cannot find module or crate `http` in this scope
[INFO] [stdout]   --> tests/mock_credentials.rs:17:5
[INFO] [stdout]    |
[INFO] [stdout] 17 | use http::{
[INFO] [stdout]    |     ^^^^ use of unresolved module or unlinked crate `http`
[INFO] [stdout]    |
[INFO] [stdout]    = help: if you wanted to use a crate named `http`, use `cargo add http` to add it to your `Cargo.toml`
[INFO] [stdout] 
[INFO] [stdout] 
[INFO] [stdout] error[E0432]: unresolved import `http`
[INFO] [stdout]   --> tests/mock_credentials.rs:17:5
[INFO] [stdout]    |
[INFO] [stdout] 17 | use http::{
[INFO] [stdout]    |     ^^^^
[INFO] [stdout]    |
[INFO] [stdout] help: a similar path exists
[INFO] [stdout]    |
[INFO] [stdout] 17 | use httptest::http::{
[INFO] [stdout]    |         ++++++++++
[INFO] [stdout] 
[INFO] [stdout] 
[INFO] [stderr] error: could not compile `google-cloud-gax-internal` (test "mock_credentials") due to 4 previous errors
[INFO] [stderr] warning: build failed, waiting for other jobs to finish...
[INFO] [stdout] Some errors have detailed explanations: E0432, E0433.
[INFO] [stdout] 
[INFO] [stdout] For more information about an error, try `rustc --explain E0432`.
[INFO] [stdout] 
[INFO] [stderr] error: could not compile `google-cloud-gax-internal` (test "http_user_project") due to 4 previous errors
[INFO] [stdout] Some errors have detailed explanations: E0432, E0433.
[INFO] [stdout] 
[INFO] [stdout] For more information about an error, try `rustc --explain E0432`.
[INFO] [stdout] 
[INFO] [stdout] error[E0433]: cannot find module or crate `google_cloud_auth` in this scope
[INFO] [stdout]   --> tests/mock_credentials.rs:15:5
[INFO] [stdout]    |
[INFO] [stdout] 15 | use google_cloud_auth::credentials::{CacheableResource, CredentialsProvider, EntityTag};
[INFO] [stdout]    |     ^^^^^^^^^^^^^^^^^ use of unresolved module or unlinked crate `google_cloud_auth`
[INFO] [stdout]    |
[INFO] [stdout]    = help: if you wanted to use a crate named `google_cloud_auth`, use `cargo add google_cloud_auth` to add it to your `Cargo.toml`
[INFO] [stdout] 
[INFO] [stdout] 
[INFO] [stdout] error[E0433]: cannot find module or crate `google_cloud_gax` in this scope
[INFO] [stdout]   --> tests/mock_credentials.rs:16:5
[INFO] [stdout]    |
[INFO] [stdout] 16 | use google_cloud_gax::error::CredentialsError;
[INFO] [stdout]    |     ^^^^^^^^^^^^^^^^ use of unresolved module or unlinked crate `google_cloud_gax`
[INFO] [stdout]    |
[INFO] [stdout]    = help: if you wanted to use a crate named `google_cloud_gax`, use `cargo add google_cloud_gax` to add it to your `Cargo.toml`
[INFO] [stdout] 
[INFO] [stdout] 
[INFO] [stderr] error: could not compile `google-cloud-gax-internal` (test "grpc_user_project") due to 4 previous errors
[INFO] [stdout] error[E0433]: cannot find module or crate `http` in this scope
[INFO] [stdout]   --> tests/mock_credentials.rs:17:5
[INFO] [stdout]    |
[INFO] [stdout] 17 | use http::{
[INFO] [stdout]    |     ^^^^ use of unresolved module or unlinked crate `http`
[INFO] [stdout]    |
[INFO] [stdout]    = help: if you wanted to use a crate named `http`, use `cargo add http` to add it to your `Cargo.toml`
[INFO] [stdout] 
[INFO] [stdout] 
[INFO] [stdout] error[E0432]: unresolved import `http`
[INFO] [stdout]   --> tests/mock_credentials.rs:17:5
[INFO] [stdout]    |
[INFO] [stdout] 17 | use http::{
[INFO] [stdout]    |     ^^^^
[INFO] [stdout]    |
[INFO] [stdout] help: a similar path exists
[INFO] [stdout]    |
[INFO] [stdout] 17 | use httptest::http::{
[INFO] [stdout]    |         ++++++++++
[INFO] [stdout] 
[INFO] [stdout] 
[INFO] [stdout] Some errors have detailed explanations: E0432, E0433.
[INFO] [stdout] 
[INFO] [stdout] For more information about an error, try `rustc --explain E0432`.
[INFO] [stdout] 
[INFO] [stderr] error: could not compile `google-cloud-gax-internal` (test "http_auth") due to 4 previous errors
[INFO] running `Command { std: "docker" "inspect" "348aa51f46297b5040f745a4939023a40c4fef08d543045ff21ef8b659932c7b", kill_on_drop: false }`
[INFO] running `Command { std: "docker" "rm" "-f" "348aa51f46297b5040f745a4939023a40c4fef08d543045ff21ef8b659932c7b", kill_on_drop: false }`
[INFO] [stdout] 348aa51f46297b5040f745a4939023a40c4fef08d543045ff21ef8b659932c7b
