[INFO] fetching crate goobits-repos 2.1.0...
[INFO] testing goobits-repos-2.1.0 against 1.100.0-beta.1+cargoflags=--release for beta-release-1.100-2
[INFO] extracting crate goobits-repos 2.1.0 into /workspace/builds/worker-6-tc2/source
[INFO] started tweaking crates.io crate goobits-repos 2.1.0
[INFO] removed 0 missing tests
[INFO] finished tweaking crates.io crate goobits-repos 2.1.0
[INFO] tweaked toml for crates.io crate goobits-repos 2.1.0 written to /workspace/builds/worker-6-tc2/source/Cargo.toml
[INFO] validating manifest of crates.io crate goobits-repos 2.1.0 on toolchain 1.100.0-beta.1
[INFO] running `Command { std: CARGO_HOME="/workspace/cargo-home" RUSTUP_HOME="/workspace/rustup-home" "/workspace/cargo-home/bin/cargo" "+1.100.0-beta.1" "metadata" "--manifest-path" "Cargo.toml" "--no-deps", kill_on_drop: false }`
[INFO] crate crates.io crate goobits-repos 2.1.0 already has a lockfile, it will not be regenerated
[INFO] running `Command { std: CARGO_HOME="/workspace/cargo-home" RUSTUP_HOME="/workspace/rustup-home" "/workspace/cargo-home/bin/cargo" "+1.100.0-beta.1" "fetch" "--manifest-path" "Cargo.toml", kill_on_drop: false }`
[INFO] [stderr] warning: `package.homepage` is redundant with `package.repository`
[INFO] [stderr]   --> Cargo.toml:86:12
[INFO] [stderr]    |
[INFO] [stderr] 86 | homepage = "https://github.com/goobits/repos"
[INFO] [stderr]    |            ^^^^^^^^^^^^^^^^^^^^^^^^^^^^^^^^^^
[INFO] [stderr] ...
[INFO] [stderr] 91 | repository = "https://github.com/goobits/repos"
[INFO] [stderr]    |              ----------------------------------
[INFO] [stderr]    |
[INFO] [stderr]    = note: `cargo::redundant_homepage` is set to `warn` by default
[INFO] [stderr] help: consider removing `package.homepage`
[INFO] [stderr] warning: `goobits-repos` (manifest) generated 1 warning
[INFO] running `Command { std: "docker" "create" "-v" "/var/lib/crater-agent-workspace/builds/worker-6-tc2/source:/opt/rustwide/workdir:ro,Z" "-v" "/var/lib/crater-agent-workspace/builds/worker-6-tc2/target:/opt/rustwide/target:rw,Z" "-v" "/var/lib/crater-agent-workspace/cargo-home:/opt/rustwide/cargo-home:ro,Z" "-v" "/var/lib/crater-agent-workspace/rustup-home:/opt/rustwide/rustup-home:ro,Z" "-m" "1610612736" "--network" "none" "ghcr.io/rust-lang/crates-build-env/linux@sha256:77db811e55d90add9212f6832c23229e3de5f1c1f9905e8cb07319ea15df73ac" "sleep" "infinity", kill_on_drop: false }`
[INFO] [stdout] 1825190ef1eaf516dba28be40f1fa98421678f727a22805214c150cbff4e1169
[INFO] running `Command { std: "docker" "start" "1825190ef1eaf516dba28be40f1fa98421678f727a22805214c150cbff4e1169", kill_on_drop: false }`
[INFO] running `Command { std: "docker" "inspect" "1825190ef1eaf516dba28be40f1fa98421678f727a22805214c150cbff4e1169", kill_on_drop: false }`
[INFO] running `Command { std: "docker" "exec" "-e" "SOURCE_DIR=/opt/rustwide/workdir" "-e" "CARGO_HOME=/opt/rustwide/cargo-home" "-e" "RUSTUP_HOME=/opt/rustwide/rustup-home" "-e" "CARGO_TARGET_DIR=/opt/rustwide/target" "-w" "/opt/rustwide/workdir" "--user" "0:0" "1825190ef1eaf516dba28be40f1fa98421678f727a22805214c150cbff4e1169" "/opt/rustwide/cargo-home/bin/cargo" "+1.100.0-beta.1" "metadata" "--no-deps" "--format-version=1", kill_on_drop: false }`
[INFO] running `Command { std: "docker" "inspect" "1825190ef1eaf516dba28be40f1fa98421678f727a22805214c150cbff4e1169", kill_on_drop: false }`
[INFO] running `Command { std: "docker" "exec" "-e" "SOURCE_DIR=/opt/rustwide/workdir" "-e" "CARGO_HOME=/opt/rustwide/cargo-home" "-e" "RUSTUP_HOME=/opt/rustwide/rustup-home" "-e" "CARGO_TARGET_DIR=/opt/rustwide/target" "-e" "CARGO_INCREMENTAL=0" "-e" "RUST_BACKTRACE=full" "-e" "RUSTFLAGS=--cap-lints=warn" "-e" "RUSTDOCFLAGS=--cap-lints=warn" "-w" "/opt/rustwide/workdir" "--user" "0:0" "1825190ef1eaf516dba28be40f1fa98421678f727a22805214c150cbff4e1169" "/opt/rustwide/cargo-home/bin/cargo" "+1.100.0-beta.1" "build" "--frozen" "--message-format=json" "--release", kill_on_drop: false }`
[INFO] [stderr] warning: `package.homepage` is redundant with `package.repository`
[INFO] [stderr]   --> Cargo.toml:86:12
[INFO] [stderr]    |
[INFO] [stderr] 86 | homepage = "https://github.com/goobits/repos"
[INFO] [stderr]    |            ^^^^^^^^^^^^^^^^^^^^^^^^^^^^^^^^^^
[INFO] [stderr] ...
[INFO] [stderr] 91 | repository = "https://github.com/goobits/repos"
[INFO] [stderr]    |              ----------------------------------
[INFO] [stderr]    |
[INFO] [stderr]    = note: `cargo::redundant_homepage` is set to `warn` by default
[INFO] [stderr] help: consider removing `package.homepage`
[INFO] [stderr] warning: `goobits-repos` (manifest) generated 1 warning
[INFO] [stderr]    Compiling quote v1.0.40
[INFO] [stderr]    Compiling bytes v1.10.1
[INFO] [stderr]    Compiling serde_core v1.0.225
[INFO] [stderr]    Compiling find-msvc-tools v0.1.2
[INFO] [stderr]    Compiling futures-channel v0.3.31
[INFO] [stderr]    Compiling bitflags v2.9.4
[INFO] [stderr]    Compiling parking_lot_core v0.9.11
[INFO] [stderr]    Compiling signal-hook-registry v1.4.6
[INFO] [stderr]    Compiling socket2 v0.6.0
[INFO] [stderr]    Compiling mio v1.0.4
[INFO] [stderr]    Compiling serde v1.0.225
[INFO] [stderr]    Compiling hashbrown v0.16.0
[INFO] [stderr]    Compiling openssl v0.10.73
[INFO] [stderr]    Compiling toml_parser v1.0.3
[INFO] [stderr]    Compiling toml_datetime v0.7.2
[INFO] [stderr]    Compiling native-tls v0.2.14
[INFO] [stderr]    Compiling cc v1.2.38
[INFO] [stderr]    Compiling rustix v1.1.2
[INFO] [stderr]    Compiling aho-corasick v1.1.4
[INFO] [stderr]    Compiling sync_wrapper v1.0.2
[INFO] [stderr]    Compiling parking_lot v0.12.4
[INFO] [stderr]    Compiling syn v2.0.106
[INFO] [stderr]    Compiling regex-syntax v0.8.8
[INFO] [stderr]    Compiling portable-atomic v1.11.1
[INFO] [stderr]    Compiling miniz_oxide v0.8.9
[INFO] [stderr]    Compiling anstream v0.6.20
[INFO] [stderr]    Compiling toml_edit v0.23.6
[INFO] [stderr]    Compiling bstr v1.12.1
[INFO] [stderr]    Compiling indexmap v2.11.4
[INFO] [stderr]    Compiling http v1.3.1
[INFO] [stderr]    Compiling iri-string v0.7.8
[INFO] [stderr]    Compiling zeroize v1.8.1
[INFO] [stderr]    Compiling zip v1.1.4
[INFO] [stderr]    Compiling unicode-width v0.2.1
[INFO] [stderr]    Compiling dirs-sys v0.4.1
[INFO] [stderr]    Compiling rustls-pki-types v1.12.0
[INFO] [stderr]    Compiling console v0.16.1
[INFO] [stderr]    Compiling serde_json v1.0.145
[INFO] [stderr]    Compiling clap_builder v4.5.48
[INFO] [stderr]    Compiling openssl-sys v0.9.109
[INFO] [stderr]    Compiling flate2 v1.1.2
[INFO] [stderr]    Compiling filetime v0.2.26
[INFO] [stderr]    Compiling unit-prefix v0.5.1
[INFO] [stderr]    Compiling chrono v0.4.42
[INFO] [stderr]    Compiling dashmap v6.1.0
[INFO] [stderr]    Compiling http-body v1.0.1
[INFO] [stderr]    Compiling proc-macro-crate v3.4.0
[INFO] [stderr]    Compiling http-body-util v0.1.3
[INFO] [stderr]    Compiling xattr v1.5.1
[INFO] [stderr]    Compiling indicatif v0.18.0
[INFO] [stderr]    Compiling regex-automata v0.4.13
[INFO] [stderr]    Compiling tar v0.4.44
[INFO] [stderr]    Compiling dirs v5.0.1
[INFO] [stderr]    Compiling num_cpus v1.17.0
[INFO] [stderr]    Compiling synstructure v0.13.2
[INFO] [stderr]    Compiling zerofrom-derive v0.1.6
[INFO] [stderr]    Compiling yoke-derive v0.8.0
[INFO] [stderr]    Compiling zerovec-derive v0.11.1
[INFO] [stderr]    Compiling displaydoc v0.2.5
[INFO] [stderr]    Compiling tokio-macros v2.5.0
[INFO] [stderr]    Compiling serde_derive v1.0.225
[INFO] [stderr]    Compiling futures-macro v0.3.31
[INFO] [stderr]    Compiling openssl-macros v0.1.1
[INFO] [stderr]    Compiling thiserror-impl v1.0.69
[INFO] [stderr]    Compiling num_enum_derive v0.7.4
[INFO] [stderr]    Compiling clap_derive v4.5.47
[INFO] [stderr]    Compiling globset v0.4.18
[INFO] [stderr]    Compiling tokio v1.47.1
[INFO] [stderr]    Compiling num_enum v0.7.4
[INFO] [stderr]    Compiling futures-util v0.3.31
[INFO] [stderr]    Compiling zerofrom v0.1.6
[INFO] [stderr]    Compiling yoke v0.8.0
[INFO] [stderr]    Compiling ignore v0.4.25
[INFO] [stderr]    Compiling zerovec v0.11.4
[INFO] [stderr]    Compiling zerotrie v0.2.2
[INFO] [stderr]    Compiling thiserror v1.0.69
[INFO] [stderr]    Compiling clap v4.5.48
[INFO] [stderr]    Compiling tinystr v0.8.1
[INFO] [stderr]    Compiling potential_utf v0.1.3
[INFO] [stderr]    Compiling icu_locale_core v2.0.0
[INFO] [stderr]    Compiling icu_collections v2.0.0
[INFO] [stderr]    Compiling icu_provider v2.0.0
[INFO] [stderr]    Compiling icu_normalizer v2.0.0
[INFO] [stderr]    Compiling icu_properties v2.0.1
[INFO] [stderr]    Compiling serde_spanned v0.6.9
[INFO] [stderr]    Compiling toml_datetime v0.6.11
[INFO] [stderr]    Compiling serde_urlencoded v0.7.1
[INFO] [stderr]    Compiling toml_edit v0.22.27
[INFO] [stderr]    Compiling idna_adapter v1.2.1
[INFO] [stderr]    Compiling idna v1.1.0
[INFO] [stderr]    Compiling futures-executor v0.3.31
[INFO] [stderr]    Compiling futures v0.3.31
[INFO] [stderr]    Compiling url v2.5.7
[INFO] [stderr]    Compiling toml v0.8.23
[INFO] [stderr]    Compiling tokio-util v0.7.16
[INFO] [stderr]    Compiling tokio-native-tls v0.3.1
[INFO] [stderr]    Compiling tower v0.5.2
[INFO] [stderr]    Compiling tower-http v0.6.6
[INFO] [stderr]    Compiling h2 v0.4.12
[INFO] [stderr]    Compiling hyper v1.7.0
[INFO] [stderr]    Compiling hyper-util v0.1.17
[INFO] [stderr]    Compiling hyper-tls v0.6.0
[INFO] [stderr]    Compiling reqwest v0.12.23
[INFO] [stderr]    Compiling goobits-repos v2.1.0 (/opt/rustwide/workdir)
[INFO] [stderr] warning: unused dependency `dirs`
[INFO] [stderr]   --> Cargo.toml:19:15
[INFO] [stderr]    |
[INFO] [stderr] 19 | [dependencies.dirs]
[INFO] [stderr]    |               ^^^^^
[INFO] [stderr]    |
[INFO] [stderr]    = note: `cargo::unused_dependencies` is set to `warn` by default
[INFO] [stderr] help: consider removing the dependency on `dirs`
[INFO] [stderr] warning: unused dependency `reqwest`
[INFO] [stderr]   --> Cargo.toml:42:15
[INFO] [stderr]    |
[INFO] [stderr] 42 | [dependencies.reqwest]
[INFO] [stderr]    |               ^^^^^^^^
[INFO] [stderr]    |
[INFO] [stderr] help: consider removing the dependency on `reqwest`
[INFO] [stderr] warning: unused dependency `tar`
[INFO] [stderr]   --> Cargo.toml:53:15
[INFO] [stderr]    |
[INFO] [stderr] 53 | [dependencies.tar]
[INFO] [stderr]    |               ^^^^
[INFO] [stderr]    |
[INFO] [stderr] help: consider removing the dependency on `tar`
[INFO] [stderr] warning: unused dependency `zip`
[INFO] [stderr]   --> Cargo.toml:63:15
[INFO] [stderr]    |
[INFO] [stderr] 63 | [dependencies.zip]
[INFO] [stderr]    |               ^^^^
[INFO] [stderr]    |
[INFO] [stderr] help: consider removing the dependency on `zip`
[INFO] [stderr] warning: `goobits-repos` (manifest) generated 4 warnings
[INFO] [stderr]     Finished `release` profile [optimized] target(s) in 2m 00s
[INFO] running `Command { std: "docker" "inspect" "1825190ef1eaf516dba28be40f1fa98421678f727a22805214c150cbff4e1169", kill_on_drop: false }`
[INFO] running `Command { std: "docker" "exec" "-e" "SOURCE_DIR=/opt/rustwide/workdir" "-e" "CARGO_HOME=/opt/rustwide/cargo-home" "-e" "RUSTUP_HOME=/opt/rustwide/rustup-home" "-e" "CARGO_TARGET_DIR=/opt/rustwide/target" "-e" "CARGO_INCREMENTAL=0" "-e" "RUST_BACKTRACE=full" "-e" "RUSTFLAGS=--cap-lints=warn" "-e" "RUSTDOCFLAGS=--cap-lints=warn" "-w" "/opt/rustwide/workdir" "--user" "0:0" "1825190ef1eaf516dba28be40f1fa98421678f727a22805214c150cbff4e1169" "/opt/rustwide/cargo-home/bin/cargo" "+1.100.0-beta.1" "test" "--frozen" "--no-run" "--message-format=json" "--release", kill_on_drop: false }`
[INFO] [stderr] warning: `package.homepage` is redundant with `package.repository`
[INFO] [stderr]   --> Cargo.toml:86:12
[INFO] [stderr]    |
[INFO] [stderr] 86 | homepage = "https://github.com/goobits/repos"
[INFO] [stderr]    |            ^^^^^^^^^^^^^^^^^^^^^^^^^^^^^^^^^^
[INFO] [stderr] ...
[INFO] [stderr] 91 | repository = "https://github.com/goobits/repos"
[INFO] [stderr]    |              ----------------------------------
[INFO] [stderr]    |
[INFO] [stderr]    = note: `cargo::redundant_homepage` is set to `warn` by default
[INFO] [stderr] help: consider removing `package.homepage`
[INFO] [stderr] warning: `goobits-repos` (manifest) generated 1 warning
[INFO] [stderr]    Compiling rustix v1.1.2
[INFO] [stderr]    Compiling getrandom v0.3.3
[INFO] [stderr]    Compiling xattr v1.5.1
[INFO] [stderr]    Compiling tempfile v3.22.0
[INFO] [stderr]    Compiling tar v0.4.44
[INFO] [stderr]    Compiling goobits-repos v2.1.0 (/opt/rustwide/workdir)
[INFO] [stdout] warning: unused imports: `create_multiple_repos` and `setup_git_repo`
[INFO] [stdout]  --> tests/common/mod.rs:9:33
[INFO] [stdout]   |
[INFO] [stdout] 9 | pub use git::{is_git_available, setup_git_repo, create_multiple_repos};
[INFO] [stdout]   |                                 ^^^^^^^^^^^^^^  ^^^^^^^^^^^^^^^^^^^^^
[INFO] [stdout]   |
[INFO] [stdout]   = note: `#[warn(unused_imports)]` (part of `#[warn(unused)]`) on by default
[INFO] [stdout] 
[INFO] [stdout] 
[INFO] [stdout] error[E0369]: binary operation `==` cannot be applied to type `Atomic<u64>`
[INFO] [stdout]   --> tests/integration_tests.rs:11:5
[INFO] [stdout]    |
[INFO] [stdout] 11 |     assert_eq!(stats.synced_repos, 0);
[INFO] [stdout]    |     ^^^^^^^^^^^^^^^^^^^^^^^^^^^^^^^^^
[INFO] [stdout]    |     |
[INFO] [stdout]    |     Atomic<u64>
[INFO] [stdout]    |     {integer}
[INFO] [stdout]    |
[INFO] [stdout] note: `Atomic<u64>` does not implement `PartialEq<{integer}>`
[INFO] [stdout]   --> /rustc/e3feeb59cd1bdd011a2bfcc0747b55125d9b8527/library/core/src/sync/atomic.rs:384:0
[INFO] [stdout]    |
[INFO] [stdout]    = note: `Atomic<u64>` is defined in another crate
[INFO] [stdout] 
[INFO] [stdout] 
[INFO] [stdout] error[E0369]: binary operation `==` cannot be applied to type `Atomic<u64>`
[INFO] [stdout]   --> tests/integration_tests.rs:12:5
[INFO] [stdout]    |
[INFO] [stdout] 12 |     assert_eq!(stats.skipped_repos, 0);
[INFO] [stdout]    |     ^^^^^^^^^^^^^^^^^^^^^^^^^^^^^^^^^^
[INFO] [stdout]    |     |
[INFO] [stdout]    |     Atomic<u64>
[INFO] [stdout]    |     {integer}
[INFO] [stdout]    |
[INFO] [stdout] note: `Atomic<u64>` does not implement `PartialEq<{integer}>`
[INFO] [stdout]   --> /rustc/e3feeb59cd1bdd011a2bfcc0747b55125d9b8527/library/core/src/sync/atomic.rs:384:0
[INFO] [stdout]    |
[INFO] [stdout]    = note: `Atomic<u64>` is defined in another crate
[INFO] [stdout] 
[INFO] [stdout] 
[INFO] [stdout] error[E0369]: binary operation `==` cannot be applied to type `Atomic<u64>`
[INFO] [stdout]   --> tests/integration_tests.rs:13:5
[INFO] [stdout]    |
[INFO] [stdout] 13 |     assert_eq!(stats.error_repos, 0);
[INFO] [stdout]    |     ^^^^^^^^^^^^^^^^^^^^^^^^^^^^^^^^
[INFO] [stdout]    |     |
[INFO] [stdout]    |     Atomic<u64>
[INFO] [stdout]    |     {integer}
[INFO] [stdout]    |
[INFO] [stdout] note: `Atomic<u64>` does not implement `PartialEq<{integer}>`
[INFO] [stdout]   --> /rustc/e3feeb59cd1bdd011a2bfcc0747b55125d9b8527/library/core/src/sync/atomic.rs:384:0
[INFO] [stdout]    |
[INFO] [stdout]    = note: `Atomic<u64>` is defined in another crate
[INFO] [stdout] 
[INFO] [stdout] 
[INFO] [stdout] error[E0369]: binary operation `==` cannot be applied to type `Atomic<u64>`
[INFO] [stdout]   --> tests/integration_tests.rs:14:5
[INFO] [stdout]    |
[INFO] [stdout] 14 |     assert_eq!(stats.uncommitted_count, 0);
[INFO] [stdout]    |     ^^^^^^^^^^^^^^^^^^^^^^^^^^^^^^^^^^^^^^
[INFO] [stdout]    |     |
[INFO] [stdout]    |     Atomic<u64>
[INFO] [stdout]    |     {integer}
[INFO] [stdout]    |
[INFO] [stdout] note: `Atomic<u64>` does not implement `PartialEq<{integer}>`
[INFO] [stdout]   --> /rustc/e3feeb59cd1bdd011a2bfcc0747b55125d9b8527/library/core/src/sync/atomic.rs:384:0
[INFO] [stdout]    |
[INFO] [stdout]    = note: `Atomic<u64>` is defined in another crate
[INFO] [stdout] 
[INFO] [stdout] 
[INFO] [stdout] warning: variants `Npm`, `Cargo`, and `PyPI` are never constructed
[INFO] [stdout]    --> tests/common/fixtures.rs:106:5
[INFO] [stdout]     |
[INFO] [stdout] 105 | pub enum PackageType {
[INFO] [stdout]     |          ----------- variants in this enum
[INFO] [stdout] 106 |     Npm { name: String, version: String },
[INFO] [stdout]     |     ^^^
[INFO] [stdout] 107 |     Cargo { name: String, version: String },
[INFO] [stdout]     |     ^^^^^
[INFO] [stdout] 108 |     PyPI { name: String, version: String },
[INFO] [stdout]     |     ^^^^
[INFO] [stdout]     |
[INFO] [stdout]     = note: `PackageType` has a derived impl for the trait `Clone`, but this is intentionally ignored during dead code analysis
[INFO] [stdout]     = note: `#[warn(dead_code)]` (part of `#[warn(unused)]`) on by default
[INFO] [stdout] 
[INFO] [stdout] 
[INFO] [stdout] warning: methods `with_github_remote`, `with_npm_package`, `with_cargo_package`, `with_python_package`, and `with_commits` are never used
[INFO] [stdout]    --> tests/common/fixtures.rs:121:12
[INFO] [stdout]     |
[INFO] [stdout] 111 | impl TestRepoBuilder {
[INFO] [stdout]     | -------------------- methods in this implementation
[INFO] [stdout] ...
[INFO] [stdout] 121 |     pub fn with_github_remote(mut self, url: impl Into<String>) -> Self {
[INFO] [stdout]     |            ^^^^^^^^^^^^^^^^^^
[INFO] [stdout] ...
[INFO] [stdout] 126 |     pub fn with_npm_package(mut self, name: impl Into<String>, version: impl Into<String>) -> Self {
[INFO] [stdout]     |            ^^^^^^^^^^^^^^^^
[INFO] [stdout] ...
[INFO] [stdout] 134 |     pub fn with_cargo_package(mut self, name: impl Into<String>, version: impl Into<String>) -> Self {
[INFO] [stdout]     |            ^^^^^^^^^^^^^^^^^^
[INFO] [stdout] ...
[INFO] [stdout] 142 |     pub fn with_python_package(mut self, name: impl Into<String>, version: impl Into<String>) -> Self {
[INFO] [stdout]     |            ^^^^^^^^^^^^^^^^^^^
[INFO] [stdout] ...
[INFO] [stdout] 150 |     pub fn with_commits(mut self, count: usize) -> Self {
[INFO] [stdout]     |            ^^^^^^^^^^^^
[INFO] [stdout] 
[INFO] [stdout] 
[INFO] [stdout] error[E0369]: binary operation `==` cannot be applied to type `Atomic<u64>`
[INFO] [stdout]    --> tests/integration_tests.rs:270:5
[INFO] [stdout]     |
[INFO] [stdout] 270 |     assert_eq!(stats.synced_repos, 1);
[INFO] [stdout]     |     ^^^^^^^^^^^^^^^^^^^^^^^^^^^^^^^^^
[INFO] [stdout]     |     |
[INFO] [stdout]     |     Atomic<u64>
[INFO] [stdout]     |     {integer}
[INFO] [stdout]     |
[INFO] [stdout] note: `Atomic<u64>` does not implement `PartialEq<{integer}>`
[INFO] [stdout]    --> /rustc/e3feeb59cd1bdd011a2bfcc0747b55125d9b8527/library/core/src/sync/atomic.rs:384:0
[INFO] [stdout]     |
[INFO] [stdout]     = note: `Atomic<u64>` is defined in another crate
[INFO] [stdout] 
[INFO] [stdout] 
[INFO] [stdout] error[E0369]: binary operation `==` cannot be applied to type `Atomic<u64>`
[INFO] [stdout]    --> tests/integration_tests.rs:273:5
[INFO] [stdout]     |
[INFO] [stdout] 273 |     assert_eq!(stats.synced_repos, 2);
[INFO] [stdout]     |     ^^^^^^^^^^^^^^^^^^^^^^^^^^^^^^^^^
[INFO] [stdout]     |     |
[INFO] [stdout]     |     Atomic<u64>
[INFO] [stdout]     |     {integer}
[INFO] [stdout]     |
[INFO] [stdout] note: `Atomic<u64>` does not implement `PartialEq<{integer}>`
[INFO] [stdout]    --> /rustc/e3feeb59cd1bdd011a2bfcc0747b55125d9b8527/library/core/src/sync/atomic.rs:384:0
[INFO] [stdout]     |
[INFO] [stdout]     = note: `Atomic<u64>` is defined in another crate
[INFO] [stdout] 
[INFO] [stdout] 
[INFO] [stdout] error[E0369]: binary operation `==` cannot be applied to type `Atomic<u64>`
[INFO] [stdout]    --> tests/integration_tests.rs:276:5
[INFO] [stdout]     |
[INFO] [stdout] 276 |     assert_eq!(stats.synced_repos, 3);
[INFO] [stdout]     |     ^^^^^^^^^^^^^^^^^^^^^^^^^^^^^^^^^
[INFO] [stdout]     |     |
[INFO] [stdout]     |     Atomic<u64>
[INFO] [stdout]     |     {integer}
[INFO] [stdout]     |
[INFO] [stdout] note: `Atomic<u64>` does not implement `PartialEq<{integer}>`
[INFO] [stdout]    --> /rustc/e3feeb59cd1bdd011a2bfcc0747b55125d9b8527/library/core/src/sync/atomic.rs:384:0
[INFO] [stdout]     |
[INFO] [stdout]     = note: `Atomic<u64>` is defined in another crate
[INFO] [stdout] 
[INFO] [stdout] 
[INFO] [stdout] error[E0369]: binary operation `==` cannot be applied to type `Atomic<u64>`
[INFO] [stdout]    --> tests/integration_tests.rs:280:5
[INFO] [stdout]     |
[INFO] [stdout] 280 |     assert_eq!(stats.skipped_repos, 1);
[INFO] [stdout]     |     ^^^^^^^^^^^^^^^^^^^^^^^^^^^^^^^^^^
[INFO] [stdout]     |     |
[INFO] [stdout]     |     Atomic<u64>
[INFO] [stdout]     |     {integer}
[INFO] [stdout]     |
[INFO] [stdout] note: `Atomic<u64>` does not implement `PartialEq<{integer}>`
[INFO] [stdout]    --> /rustc/e3feeb59cd1bdd011a2bfcc0747b55125d9b8527/library/core/src/sync/atomic.rs:384:0
[INFO] [stdout]     |
[INFO] [stdout]     = note: `Atomic<u64>` is defined in another crate
[INFO] [stdout] 
[INFO] [stdout] 
[INFO] [stdout] error[E0369]: binary operation `==` cannot be applied to type `Atomic<u64>`
[INFO] [stdout]    --> tests/integration_tests.rs:284:5
[INFO] [stdout]     |
[INFO] [stdout] 284 |     assert_eq!(stats.error_repos, 1);
[INFO] [stdout]     |     ^^^^^^^^^^^^^^^^^^^^^^^^^^^^^^^^
[INFO] [stdout]     |     |
[INFO] [stdout]     |     Atomic<u64>
[INFO] [stdout]     |     {integer}
[INFO] [stdout]     |
[INFO] [stdout] note: `Atomic<u64>` does not implement `PartialEq<{integer}>`
[INFO] [stdout]    --> /rustc/e3feeb59cd1bdd011a2bfcc0747b55125d9b8527/library/core/src/sync/atomic.rs:384:0
[INFO] [stdout]     |
[INFO] [stdout]     = note: `Atomic<u64>` is defined in another crate
[INFO] [stdout] 
[INFO] [stdout] 
[INFO] [stdout] error[E0369]: binary operation `==` cannot be applied to type `Atomic<u64>`
[INFO] [stdout]    --> tests/integration_tests.rs:287:5
[INFO] [stdout]     |
[INFO] [stdout] 287 |     assert_eq!(stats.error_repos, 2);
[INFO] [stdout]     |     ^^^^^^^^^^^^^^^^^^^^^^^^^^^^^^^^
[INFO] [stdout]     |     |
[INFO] [stdout]     |     Atomic<u64>
[INFO] [stdout]     |     {integer}
[INFO] [stdout]     |
[INFO] [stdout] note: `Atomic<u64>` does not implement `PartialEq<{integer}>`
[INFO] [stdout]    --> /rustc/e3feeb59cd1bdd011a2bfcc0747b55125d9b8527/library/core/src/sync/atomic.rs:384:0
[INFO] [stdout]     |
[INFO] [stdout]     = note: `Atomic<u64>` is defined in another crate
[INFO] [stdout] 
[INFO] [stdout] 
[INFO] [stdout] For more information about this error, try `rustc --explain E0369`.
[INFO] [stdout] 
[INFO] [stderr] error: could not compile `goobits-repos` (test "integration_tests") due to 10 previous errors; 1 warning emitted
[INFO] [stderr] warning: build failed, waiting for other jobs to finish...
[INFO] [stderr] warning: unused dependency `dirs`
[INFO] [stderr]   --> Cargo.toml:19:15
[INFO] [stderr]    |
[INFO] [stderr] 19 | [dependencies.dirs]
[INFO] [stderr]    |               ^^^^^
[INFO] [stderr]    |
[INFO] [stderr]    = note: `cargo::unused_dependencies` is set to `warn` by default
[INFO] [stderr] help: consider removing the dependency on `dirs`
[INFO] [stderr] warning: unused dependency `reqwest`
[INFO] [stderr]   --> Cargo.toml:42:15
[INFO] [stderr]    |
[INFO] [stderr] 42 | [dependencies.reqwest]
[INFO] [stderr]    |               ^^^^^^^^
[INFO] [stderr]    |
[INFO] [stderr] help: consider removing the dependency on `reqwest`
[INFO] [stderr] warning: unused dependency `tar`
[INFO] [stderr]   --> Cargo.toml:53:15
[INFO] [stderr]    |
[INFO] [stderr] 53 | [dependencies.tar]
[INFO] [stderr]    |               ^^^^
[INFO] [stderr]    |
[INFO] [stderr] help: consider removing the dependency on `tar`
[INFO] [stderr] warning: unused dependency `zip`
[INFO] [stderr]   --> Cargo.toml:63:15
[INFO] [stderr]    |
[INFO] [stderr] 63 | [dependencies.zip]
[INFO] [stderr]    |               ^^^^
[INFO] [stderr]    |
[INFO] [stderr] help: consider removing the dependency on `zip`
[INFO] [stderr] warning: `goobits-repos` (manifest) generated 4 warnings
[INFO] running `Command { std: "docker" "inspect" "1825190ef1eaf516dba28be40f1fa98421678f727a22805214c150cbff4e1169", kill_on_drop: false }`
[INFO] running `Command { std: "docker" "rm" "-f" "1825190ef1eaf516dba28be40f1fa98421678f727a22805214c150cbff4e1169", kill_on_drop: false }`
[INFO] [stdout] 1825190ef1eaf516dba28be40f1fa98421678f727a22805214c150cbff4e1169
