[INFO] fetching crate goo 0.1.1...
[INFO] testing goo-0.1.1 against 1.99.0-beta.8+cargoflags=--release for beta-release-1.100-2
[INFO] extracting crate goo 0.1.1 into /workspace/builds/worker-1-tc1/source
[INFO] started tweaking crates.io crate goo 0.1.1
[INFO] removed 0 missing examples
[INFO] finished tweaking crates.io crate goo 0.1.1
[INFO] tweaked toml for crates.io crate goo 0.1.1 written to /workspace/builds/worker-1-tc1/source/Cargo.toml
[INFO] validating manifest of crates.io crate goo 0.1.1 on toolchain 1.99.0-beta.8
[INFO] running `Command { std: CARGO_HOME="/workspace/cargo-home" RUSTUP_HOME="/workspace/rustup-home" "/workspace/cargo-home/bin/cargo" "+1.99.0-beta.8" "metadata" "--manifest-path" "Cargo.toml" "--no-deps", kill_on_drop: false }`
[INFO] crate crates.io crate goo 0.1.1 already has a lockfile, it will not be regenerated
[INFO] running `Command { std: CARGO_HOME="/workspace/cargo-home" RUSTUP_HOME="/workspace/rustup-home" "/workspace/cargo-home/bin/cargo" "+1.99.0-beta.8" "fetch" "--manifest-path" "Cargo.toml", kill_on_drop: false }`
[INFO] [stderr]  Downloading crates ...
[INFO] [stderr]   Downloaded rgb v0.8.45
[INFO] [stderr]   Downloaded zerocopy v0.6.6
[INFO] [stderr]   Downloaded ravif v0.11.9
[INFO] [stderr]   Downloaded bytemuck v1.16.3
[INFO] [stderr]   Downloaded anstyle-wincon v3.0.4
[INFO] [stderr]   Downloaded anstyle-query v1.1.1
[INFO] [stderr]   Downloaded ppv-lite86 v0.2.18
[INFO] [stderr]   Downloaded colorchoice v1.0.2
[INFO] [stderr]   Downloaded anstream v0.6.15
[INFO] [stderr]   Downloaded anstyle-parse v0.2.5
[INFO] [stderr]   Downloaded clap_derive v4.5.11
[INFO] [stderr]   Downloaded bitstream-io v2.5.0
[INFO] [stderr]   Downloaded clap v4.5.12
[INFO] [stderr]   Downloaded clap_builder v4.5.12
[INFO] [stderr]   Downloaded zerocopy-derive v0.6.6
[INFO] running `Command { std: "docker" "create" "-v" "/var/lib/crater-agent-workspace/builds/worker-1-tc1/source:/opt/rustwide/workdir:ro,Z" "-v" "/var/lib/crater-agent-workspace/builds/worker-1-tc1/target:/opt/rustwide/target:rw,Z" "-v" "/var/lib/crater-agent-workspace/cargo-home:/opt/rustwide/cargo-home:ro,Z" "-v" "/var/lib/crater-agent-workspace/rustup-home:/opt/rustwide/rustup-home:ro,Z" "-m" "1610612736" "--network" "none" "ghcr.io/rust-lang/crates-build-env/linux@sha256:77db811e55d90add9212f6832c23229e3de5f1c1f9905e8cb07319ea15df73ac" "sleep" "infinity", kill_on_drop: false }`
[INFO] [stdout] 20ce16cfad13cd0a1c27271c8a7939db211a0749a3a1b1e9d9c9d1b0ef08e6ef
[INFO] running `Command { std: "docker" "start" "20ce16cfad13cd0a1c27271c8a7939db211a0749a3a1b1e9d9c9d1b0ef08e6ef", kill_on_drop: false }`
[INFO] running `Command { std: "docker" "inspect" "20ce16cfad13cd0a1c27271c8a7939db211a0749a3a1b1e9d9c9d1b0ef08e6ef", kill_on_drop: false }`
[INFO] running `Command { std: "docker" "exec" "-e" "SOURCE_DIR=/opt/rustwide/workdir" "-e" "CARGO_HOME=/opt/rustwide/cargo-home" "-e" "RUSTUP_HOME=/opt/rustwide/rustup-home" "-e" "CARGO_TARGET_DIR=/opt/rustwide/target" "-w" "/opt/rustwide/workdir" "--user" "0:0" "20ce16cfad13cd0a1c27271c8a7939db211a0749a3a1b1e9d9c9d1b0ef08e6ef" "/opt/rustwide/cargo-home/bin/cargo" "+1.99.0-beta.8" "metadata" "--no-deps" "--format-version=1", kill_on_drop: false }`
[INFO] running `Command { std: "docker" "inspect" "20ce16cfad13cd0a1c27271c8a7939db211a0749a3a1b1e9d9c9d1b0ef08e6ef", kill_on_drop: false }`
[INFO] running `Command { std: "docker" "exec" "-e" "SOURCE_DIR=/opt/rustwide/workdir" "-e" "CARGO_HOME=/opt/rustwide/cargo-home" "-e" "RUSTUP_HOME=/opt/rustwide/rustup-home" "-e" "CARGO_TARGET_DIR=/opt/rustwide/target" "-e" "CARGO_INCREMENTAL=0" "-e" "RUST_BACKTRACE=full" "-e" "RUSTFLAGS=--cap-lints=warn" "-e" "RUSTDOCFLAGS=--cap-lints=warn" "-w" "/opt/rustwide/workdir" "--user" "0:0" "20ce16cfad13cd0a1c27271c8a7939db211a0749a3a1b1e9d9c9d1b0ef08e6ef" "/opt/rustwide/cargo-home/bin/cargo" "+1.99.0-beta.8" "build" "--frozen" "--message-format=json" "--release", kill_on_drop: false }`
[INFO] [stderr]    Compiling anyhow v1.0.86
[INFO] [stderr]    Compiling goo v0.1.1 (/opt/rustwide/workdir)
[INFO] [stderr]     Finished `release` profile [optimized] target(s) in 1.39s
[INFO] running `Command { std: "docker" "inspect" "20ce16cfad13cd0a1c27271c8a7939db211a0749a3a1b1e9d9c9d1b0ef08e6ef", kill_on_drop: false }`
[INFO] running `Command { std: "docker" "exec" "-e" "SOURCE_DIR=/opt/rustwide/workdir" "-e" "CARGO_HOME=/opt/rustwide/cargo-home" "-e" "RUSTUP_HOME=/opt/rustwide/rustup-home" "-e" "CARGO_TARGET_DIR=/opt/rustwide/target" "-e" "CARGO_INCREMENTAL=0" "-e" "RUST_BACKTRACE=full" "-e" "RUSTFLAGS=--cap-lints=warn" "-e" "RUSTDOCFLAGS=--cap-lints=warn" "-w" "/opt/rustwide/workdir" "--user" "0:0" "20ce16cfad13cd0a1c27271c8a7939db211a0749a3a1b1e9d9c9d1b0ef08e6ef" "/opt/rustwide/cargo-home/bin/cargo" "+1.99.0-beta.8" "test" "--frozen" "--no-run" "--message-format=json" "--release", kill_on_drop: false }`
[INFO] [stderr]    Compiling proc-macro2 v1.0.86
[INFO] [stderr]    Compiling is_terminal_polyfill v1.70.1
[INFO] [stderr]    Compiling colorchoice v1.0.2
[INFO] [stderr]    Compiling anstyle-query v1.1.1
[INFO] [stderr]    Compiling anstyle v1.0.8
[INFO] [stderr]    Compiling clap_lex v0.7.2
[INFO] [stderr]    Compiling anstyle-parse v0.2.5
[INFO] [stderr]    Compiling anstream v0.6.15
[INFO] [stderr]    Compiling clap_builder v4.5.12
[INFO] [stderr]    Compiling quote v1.0.36
[INFO] [stderr]    Compiling syn v2.0.72
[INFO] [stderr]    Compiling clap_derive v4.5.11
[INFO] [stderr]    Compiling clap v4.5.12
[INFO] [stderr]    Compiling goo v0.1.1 (/opt/rustwide/workdir)
[INFO] [stdout] error[E0432]: unresolved import `image`
[INFO] [stdout]   --> examples/decode.rs:10:5
[INFO] [stdout]    |
[INFO] [stdout] 10 | use image::RgbImage;
[INFO] [stdout]    |     ^^^^^ use of unresolved module or unlinked crate `image`
[INFO] [stdout]    |
[INFO] [stdout]    = help: if you wanted to use a crate named `image`, use `cargo add image` to add it to your `Cargo.toml`
[INFO] [stdout] 
[INFO] [stdout] 
[INFO] [stdout] error[E0433]: cannot find module or crate `image` in this scope
[INFO] [stdout]   --> examples/decode.rs:78:29
[INFO] [stdout]    |
[INFO] [stdout] 78 |                 let color = image::Rgb([value, value, value]);
[INFO] [stdout]    |                             ^^^^^ use of unresolved module or unlinked crate `image`
[INFO] [stdout]    |
[INFO] [stdout]    = help: if you wanted to use a crate named `image`, use `cargo add image` to add it to your `Cargo.toml`
[INFO] [stdout] 
[INFO] [stdout] 
[INFO] [stdout] error[E0433]: cannot find module or crate `image` in this scope
[INFO] [stdout]    --> examples/decode.rs:103:25
[INFO] [stdout]     |
[INFO] [stdout] 103 |             let color = image::Rgb([(r * 255.0) as u8, (g * 255.0) as u8, (b * 255.0) as u8]);
[INFO] [stdout]     |                         ^^^^^ use of unresolved module or unlinked crate `image`
[INFO] [stdout]     |
[INFO] [stdout]     = help: if you wanted to use a crate named `image`, use `cargo add image` to add it to your `Cargo.toml`
[INFO] [stdout] 
[INFO] [stdout] 
[INFO] [stdout] Some errors have detailed explanations: E0432, E0433.
[INFO] [stdout] 
[INFO] [stdout] For more information about an error, try `rustc --explain E0432`.
[INFO] [stdout] 
[INFO] [stderr] error: could not compile `goo` (example "decode") due to 3 previous errors
[INFO] [stderr] warning: build failed, waiting for other jobs to finish...
[INFO] running `Command { std: "docker" "inspect" "20ce16cfad13cd0a1c27271c8a7939db211a0749a3a1b1e9d9c9d1b0ef08e6ef", kill_on_drop: false }`
[INFO] running `Command { std: "docker" "rm" "-f" "20ce16cfad13cd0a1c27271c8a7939db211a0749a3a1b1e9d9c9d1b0ef08e6ef", kill_on_drop: false }`
[INFO] [stdout] 20ce16cfad13cd0a1c27271c8a7939db211a0749a3a1b1e9d9c9d1b0ef08e6ef
