[INFO] fetching crate gollum-kb 0.4.0...
[INFO] testing gollum-kb-0.4.0 against 1.100.0-beta.1+cargoflags=--release for beta-release-1.100-2
[INFO] extracting crate gollum-kb 0.4.0 into /workspace/builds/worker-3-tc2/source
[INFO] started tweaking crates.io crate gollum-kb 0.4.0
[INFO] removed 0 missing examples
[INFO] removed 0 missing tests
[INFO] finished tweaking crates.io crate gollum-kb 0.4.0
[INFO] tweaked toml for crates.io crate gollum-kb 0.4.0 written to /workspace/builds/worker-3-tc2/source/Cargo.toml
[INFO] validating manifest of crates.io crate gollum-kb 0.4.0 on toolchain 1.100.0-beta.1
[INFO] running `Command { std: CARGO_HOME="/workspace/cargo-home" RUSTUP_HOME="/workspace/rustup-home" "/workspace/cargo-home/bin/cargo" "+1.100.0-beta.1" "metadata" "--manifest-path" "Cargo.toml" "--no-deps", kill_on_drop: false }`
[INFO] crate crates.io crate gollum-kb 0.4.0 already has a lockfile, it will not be regenerated
[INFO] running `Command { std: CARGO_HOME="/workspace/cargo-home" RUSTUP_HOME="/workspace/rustup-home" "/workspace/cargo-home/bin/cargo" "+1.100.0-beta.1" "fetch" "--manifest-path" "Cargo.toml", kill_on_drop: false }`
[INFO] running `Command { std: "docker" "create" "-v" "/var/lib/crater-agent-workspace/builds/worker-3-tc2/source:/opt/rustwide/workdir:ro,Z" "-v" "/var/lib/crater-agent-workspace/builds/worker-3-tc2/target:/opt/rustwide/target:rw,Z" "-v" "/var/lib/crater-agent-workspace/cargo-home:/opt/rustwide/cargo-home:ro,Z" "-v" "/var/lib/crater-agent-workspace/rustup-home:/opt/rustwide/rustup-home:ro,Z" "-m" "1610612736" "--network" "none" "ghcr.io/rust-lang/crates-build-env/linux@sha256:77db811e55d90add9212f6832c23229e3de5f1c1f9905e8cb07319ea15df73ac" "sleep" "infinity", kill_on_drop: false }`
[INFO] [stdout] 1ca5ce94f7a9e8b86f7b2931f7468841fba3ca792e8a3d1c82c5d9e075db29fa
[INFO] running `Command { std: "docker" "start" "1ca5ce94f7a9e8b86f7b2931f7468841fba3ca792e8a3d1c82c5d9e075db29fa", kill_on_drop: false }`
[INFO] running `Command { std: "docker" "inspect" "1ca5ce94f7a9e8b86f7b2931f7468841fba3ca792e8a3d1c82c5d9e075db29fa", kill_on_drop: false }`
[INFO] running `Command { std: "docker" "exec" "-e" "SOURCE_DIR=/opt/rustwide/workdir" "-e" "CARGO_HOME=/opt/rustwide/cargo-home" "-e" "RUSTUP_HOME=/opt/rustwide/rustup-home" "-e" "CARGO_TARGET_DIR=/opt/rustwide/target" "-w" "/opt/rustwide/workdir" "--user" "0:0" "1ca5ce94f7a9e8b86f7b2931f7468841fba3ca792e8a3d1c82c5d9e075db29fa" "/opt/rustwide/cargo-home/bin/cargo" "+1.100.0-beta.1" "metadata" "--no-deps" "--format-version=1", kill_on_drop: false }`
[INFO] running `Command { std: "docker" "inspect" "1ca5ce94f7a9e8b86f7b2931f7468841fba3ca792e8a3d1c82c5d9e075db29fa", kill_on_drop: false }`
[INFO] running `Command { std: "docker" "exec" "-e" "SOURCE_DIR=/opt/rustwide/workdir" "-e" "CARGO_HOME=/opt/rustwide/cargo-home" "-e" "RUSTUP_HOME=/opt/rustwide/rustup-home" "-e" "CARGO_TARGET_DIR=/opt/rustwide/target" "-e" "CARGO_INCREMENTAL=0" "-e" "RUST_BACKTRACE=full" "-e" "RUSTFLAGS=--cap-lints=warn" "-e" "RUSTDOCFLAGS=--cap-lints=warn" "-w" "/opt/rustwide/workdir" "--user" "0:0" "1ca5ce94f7a9e8b86f7b2931f7468841fba3ca792e8a3d1c82c5d9e075db29fa" "/opt/rustwide/cargo-home/bin/cargo" "+1.100.0-beta.1" "build" "--frozen" "--message-format=json" "--release", kill_on_drop: false }`
[INFO] [stderr]    Compiling futures-sink v0.3.32
[INFO] [stderr]    Compiling syn v2.0.117
[INFO] [stderr]    Compiling serde_json v1.0.149
[INFO] [stderr]    Compiling futures-channel v0.3.32
[INFO] [stderr]    Compiling serde_derive v1.0.228
[INFO] [stderr]    Compiling futures-macro v0.3.32
[INFO] [stderr]    Compiling thiserror-impl v2.0.18
[INFO] [stderr]    Compiling async-trait v0.1.89
[INFO] [stderr]    Compiling futures-util v0.3.32
[INFO] [stderr]    Compiling thiserror v2.0.18
[INFO] [stderr]    Compiling serde v1.0.228
[INFO] [stderr]    Compiling futures-executor v0.3.32
[INFO] [stderr]    Compiling futures v0.3.32
[INFO] [stderr]    Compiling gollum-ast v0.4.0
[INFO] [stderr]    Compiling chrono v0.4.44
[INFO] [stderr]    Compiling gollum-ir v0.4.0
[INFO] [stderr]    Compiling gollum-kb v0.4.0 (/opt/rustwide/workdir)
[INFO] [stderr] warning: unused dependency `serde_json`
[INFO] [stderr]   --> Cargo.toml:14:15
[INFO] [stderr]    |
[INFO] [stderr] 14 | [dependencies.serde_json]
[INFO] [stderr]    |               ^^^^^^^^^^^
[INFO] [stderr]    |
[INFO] [stderr]    = note: `cargo::unused_dependencies` is set to `warn` by default
[INFO] [stderr] help: consider removing the dependency on `serde_json`
[INFO] [stderr] warning: `gollum-kb` (manifest) generated 1 warning
[INFO] [stderr]     Finished `release` profile [optimized] target(s) in 27.51s
[INFO] running `Command { std: "docker" "inspect" "1ca5ce94f7a9e8b86f7b2931f7468841fba3ca792e8a3d1c82c5d9e075db29fa", kill_on_drop: false }`
[INFO] running `Command { std: "docker" "exec" "-e" "SOURCE_DIR=/opt/rustwide/workdir" "-e" "CARGO_HOME=/opt/rustwide/cargo-home" "-e" "RUSTUP_HOME=/opt/rustwide/rustup-home" "-e" "CARGO_TARGET_DIR=/opt/rustwide/target" "-e" "CARGO_INCREMENTAL=0" "-e" "RUST_BACKTRACE=full" "-e" "RUSTFLAGS=--cap-lints=warn" "-e" "RUSTDOCFLAGS=--cap-lints=warn" "-w" "/opt/rustwide/workdir" "--user" "0:0" "1ca5ce94f7a9e8b86f7b2931f7468841fba3ca792e8a3d1c82c5d9e075db29fa" "/opt/rustwide/cargo-home/bin/cargo" "+1.100.0-beta.1" "test" "--frozen" "--no-run" "--message-format=json" "--release", kill_on_drop: false }`
[INFO] [stderr]    Compiling errno v0.3.14
[INFO] [stderr]    Compiling anyhow v1.0.102
[INFO] [stderr]    Compiling tokio-macros v2.7.0
[INFO] [stderr]    Compiling signal-hook-registry v1.4.8
[INFO] [stderr]    Compiling tokio v1.51.1
[INFO] [stderr]    Compiling gollum-kb v0.4.0 (/opt/rustwide/workdir)
[INFO] [stdout] error[E0432]: unresolved import `gollum_wam`
[INFO] [stdout]  --> tests/kb_integration.rs:9:5
[INFO] [stdout]   |
[INFO] [stdout] 9 | use gollum_wam::{
[INFO] [stdout]   |     ^^^^^^^^^^ use of unresolved module or unlinked crate `gollum_wam`
[INFO] [stdout]   |
[INFO] [stdout] help: there is a crate or module with a similar name
[INFO] [stdout]   |
[INFO] [stdout] 9 - use gollum_wam::{
[INFO] [stdout] 9 + use gollum_ir::{
[INFO] [stdout]   |
[INFO] [stdout] 
[INFO] [stdout] 
[INFO] [stdout] error[E0432]: unresolved import `gollum_parser`
[INFO] [stdout]   --> examples/knowledge_base.rs:14:9
[INFO] [stdout]    |
[INFO] [stdout] 14 |     use gollum_parser::parse;
[INFO] [stdout]    |         ^^^^^^^^^^^^^ use of unresolved module or unlinked crate `gollum_parser`
[INFO] [stdout]    |
[INFO] [stdout]    = help: if you wanted to use a crate named `gollum_parser`, use `cargo add gollum_parser` to add it to your `Cargo.toml`
[INFO] [stdout] 
[INFO] [stdout] 
[INFO] [stdout] For more information about this error, try `rustc --explain E0432`.
[INFO] [stdout] 
[INFO] [stderr] error: could not compile `gollum-kb` (example "knowledge_base") due to 1 previous error
[INFO] [stderr] warning: build failed, waiting for other jobs to finish...
[INFO] [stdout] error[E0433]: cannot find module or crate `gollum_parser` in this scope
[INFO] [stdout]   --> tests/kb_integration.rs:19:17
[INFO] [stdout]    |
[INFO] [stdout] 19 |     let items = gollum_parser::parse(src).expect("parse error");
[INFO] [stdout]    |                 ^^^^^^^^^^^^^ use of unresolved module or unlinked crate `gollum_parser`
[INFO] [stdout]    |
[INFO] [stdout]    = help: if you wanted to use a crate named `gollum_parser`, use `cargo add gollum_parser` to add it to your `Cargo.toml`
[INFO] [stdout] 
[INFO] [stdout] 
[INFO] [stdout] Some errors have detailed explanations: E0432, E0433.
[INFO] [stdout] 
[INFO] [stdout] For more information about an error, try `rustc --explain E0432`.
[INFO] [stdout] 
[INFO] [stderr] error: could not compile `gollum-kb` (test "kb_integration") due to 2 previous errors
[INFO] [stderr] warning: unused dependency `serde_json`
[INFO] [stderr]   --> Cargo.toml:14:15
[INFO] [stderr]    |
[INFO] [stderr] 14 | [dependencies.serde_json]
[INFO] [stderr]    |               ^^^^^^^^^^^
[INFO] [stderr]    |
[INFO] [stderr]    = note: `cargo::unused_dependencies` is set to `warn` by default
[INFO] [stderr] help: consider removing the dependency on `serde_json`
[INFO] [stderr] warning: `gollum-kb` (manifest) generated 1 warning
[INFO] running `Command { std: "docker" "inspect" "1ca5ce94f7a9e8b86f7b2931f7468841fba3ca792e8a3d1c82c5d9e075db29fa", kill_on_drop: false }`
[INFO] running `Command { std: "docker" "rm" "-f" "1ca5ce94f7a9e8b86f7b2931f7468841fba3ca792e8a3d1c82c5d9e075db29fa", kill_on_drop: false }`
[INFO] [stdout] 1ca5ce94f7a9e8b86f7b2931f7468841fba3ca792e8a3d1c82c5d9e075db29fa
