[INFO] fetching crate goliath-match 0.2.6...
[INFO] testing goliath-match-0.2.6 against 1.99.0-beta.8+cargoflags=--release for beta-release-1.100-2
[INFO] extracting crate goliath-match 0.2.6 into /workspace/builds/worker-4-tc1/source
[INFO] started tweaking crates.io crate goliath-match 0.2.6
[INFO] removed 0 missing examples
[INFO] removed 0 missing tests
[INFO] finished tweaking crates.io crate goliath-match 0.2.6
[INFO] tweaked toml for crates.io crate goliath-match 0.2.6 written to /workspace/builds/worker-4-tc1/source/Cargo.toml
[INFO] validating manifest of crates.io crate goliath-match 0.2.6 on toolchain 1.99.0-beta.8
[INFO] running `Command { std: CARGO_HOME="/workspace/cargo-home" RUSTUP_HOME="/workspace/rustup-home" "/workspace/cargo-home/bin/cargo" "+1.99.0-beta.8" "metadata" "--manifest-path" "Cargo.toml" "--no-deps", kill_on_drop: false }`
[INFO] crate crates.io crate goliath-match 0.2.6 already has a lockfile, it will not be regenerated
[INFO] running `Command { std: CARGO_HOME="/workspace/cargo-home" RUSTUP_HOME="/workspace/rustup-home" "/workspace/cargo-home/bin/cargo" "+1.99.0-beta.8" "fetch" "--manifest-path" "Cargo.toml", kill_on_drop: false }`
[INFO] [stderr]     Updating crates.io index
[INFO] [stderr]  Downloading crates ...
[INFO] [stderr]   Downloaded encoding_rs_io v0.1.8
[INFO] [stderr]   Downloaded goliath-sigma v0.1.2
[INFO] [stderr]   Downloaded icu_casemap_data v2.3.0
[INFO] [stderr]   Downloaded allocation-counter v0.8.1
[INFO] [stderr]   Downloaded goliath-rule v0.2.6
[INFO] [stderr]   Downloaded icu_casemap v2.3.0
[INFO] [stderr]   Downloaded goliath-ocsf v0.1.2
[INFO] [stderr]   Downloaded granit-parser v1.3.0
[INFO] [stderr]   Downloaded serde-saphyr v1.3.0
[INFO] running `Command { std: "docker" "create" "-v" "/var/lib/crater-agent-workspace/builds/worker-4-tc1/source:/opt/rustwide/workdir:ro,Z" "-v" "/var/lib/crater-agent-workspace/builds/worker-4-tc1/target:/opt/rustwide/target:rw,Z" "-v" "/var/lib/crater-agent-workspace/cargo-home:/opt/rustwide/cargo-home:ro,Z" "-v" "/var/lib/crater-agent-workspace/rustup-home:/opt/rustwide/rustup-home:ro,Z" "-m" "1610612736" "--network" "none" "ghcr.io/rust-lang/crates-build-env/linux@sha256:77db811e55d90add9212f6832c23229e3de5f1c1f9905e8cb07319ea15df73ac" "sleep" "infinity", kill_on_drop: false }`
[INFO] [stdout] 1a240be91dc20cc69bfb97d42e964fef67f009c5c44a1ca0620258a61559a3dc
[INFO] running `Command { std: "docker" "start" "1a240be91dc20cc69bfb97d42e964fef67f009c5c44a1ca0620258a61559a3dc", kill_on_drop: false }`
[INFO] running `Command { std: "docker" "inspect" "1a240be91dc20cc69bfb97d42e964fef67f009c5c44a1ca0620258a61559a3dc", kill_on_drop: false }`
[INFO] running `Command { std: "docker" "exec" "-e" "SOURCE_DIR=/opt/rustwide/workdir" "-e" "CARGO_HOME=/opt/rustwide/cargo-home" "-e" "RUSTUP_HOME=/opt/rustwide/rustup-home" "-e" "CARGO_TARGET_DIR=/opt/rustwide/target" "-w" "/opt/rustwide/workdir" "--user" "0:0" "1a240be91dc20cc69bfb97d42e964fef67f009c5c44a1ca0620258a61559a3dc" "/opt/rustwide/cargo-home/bin/cargo" "+1.99.0-beta.8" "metadata" "--no-deps" "--format-version=1", kill_on_drop: false }`
[INFO] running `Command { std: "docker" "inspect" "1a240be91dc20cc69bfb97d42e964fef67f009c5c44a1ca0620258a61559a3dc", kill_on_drop: false }`
[INFO] running `Command { std: "docker" "exec" "-e" "SOURCE_DIR=/opt/rustwide/workdir" "-e" "CARGO_HOME=/opt/rustwide/cargo-home" "-e" "RUSTUP_HOME=/opt/rustwide/rustup-home" "-e" "CARGO_TARGET_DIR=/opt/rustwide/target" "-e" "CARGO_INCREMENTAL=0" "-e" "RUST_BACKTRACE=full" "-e" "RUSTFLAGS=--cap-lints=warn" "-e" "RUSTDOCFLAGS=--cap-lints=warn" "-w" "/opt/rustwide/workdir" "--user" "0:0" "1a240be91dc20cc69bfb97d42e964fef67f009c5c44a1ca0620258a61559a3dc" "/opt/rustwide/cargo-home/bin/cargo" "+1.99.0-beta.8" "build" "--frozen" "--message-format=json" "--release", kill_on_drop: false }`
[INFO] [stderr]    Compiling unicode-ident v1.0.26
[INFO] [stderr]    Compiling stable_deref_trait v1.2.1
[INFO] [stderr]    Compiling writeable v0.6.4
[INFO] [stderr]    Compiling litemap v0.8.3
[INFO] [stderr]    Compiling icu_casemap_data v2.3.0
[INFO] [stderr]    Compiling encoding_rs v0.8.35
[INFO] [stderr]    Compiling anstyle v1.0.14
[INFO] [stderr]    Compiling smallvec v1.16.1
[INFO] [stderr]    Compiling arraydeque v0.5.1
[INFO] [stderr]    Compiling aho-corasick v1.1.5
[INFO] [stderr]    Compiling serde_json v1.0.151
[INFO] [stderr]    Compiling proc-macro2 v1.0.107
[INFO] [stderr]    Compiling annotate-snippets v0.12.16
[INFO] [stderr]    Compiling granit-parser v1.3.0
[INFO] [stderr]    Compiling quote v1.0.47
[INFO] [stderr]    Compiling syn v3.0.6
[INFO] [stderr]    Compiling encoding_rs_io v0.1.8
[INFO] [stderr]    Compiling regex-automata v0.4.18
[INFO] [stderr]    Compiling serde-saphyr v1.3.0
[INFO] [stderr]    Compiling synstructure v0.14.0
[INFO] [stderr]    Compiling zerovec-derive v0.11.6
[INFO] [stderr]    Compiling displaydoc v0.2.7
[INFO] [stderr]    Compiling serde_derive v1.0.229
[INFO] [stderr]    Compiling thiserror-impl v2.0.21
[INFO] [stderr]    Compiling zerofrom-derive v0.1.8
[INFO] [stderr]    Compiling yoke-derive v0.8.3
[INFO] [stderr]    Compiling zerofrom v0.1.8
[INFO] [stderr]    Compiling yoke v0.8.3
[INFO] [stderr]    Compiling thiserror v2.0.21
[INFO] [stderr]    Compiling zerotrie v0.2.5
[INFO] [stderr]    Compiling zerovec v0.11.8
[INFO] [stderr]    Compiling regex v1.13.1
[INFO] [stderr]    Compiling serde v1.0.229
[INFO] [stderr]    Compiling tinystr v0.8.4
[INFO] [stderr]    Compiling icu_locale_core v2.3.0
[INFO] [stderr]    Compiling potential_utf v0.1.6
[INFO] [stderr]    Compiling icu_collections v2.3.0
[INFO] [stderr]    Compiling goliath-ocsf v0.1.2
[INFO] [stderr]    Compiling goliath-sigma v0.1.2
[INFO] [stderr]    Compiling icu_provider v2.3.1
[INFO] [stderr]    Compiling icu_properties v2.3.0
[INFO] [stderr]    Compiling icu_casemap v2.3.0
[INFO] [stderr]    Compiling goliath-rule v0.2.6
[INFO] [stderr]    Compiling goliath-match v0.2.6 (/opt/rustwide/workdir)
[INFO] [stderr]     Finished `release` profile [optimized] target(s) in 39.49s
[INFO] running `Command { std: "docker" "inspect" "1a240be91dc20cc69bfb97d42e964fef67f009c5c44a1ca0620258a61559a3dc", kill_on_drop: false }`
[INFO] running `Command { std: "docker" "exec" "-e" "SOURCE_DIR=/opt/rustwide/workdir" "-e" "CARGO_HOME=/opt/rustwide/cargo-home" "-e" "RUSTUP_HOME=/opt/rustwide/rustup-home" "-e" "CARGO_TARGET_DIR=/opt/rustwide/target" "-e" "CARGO_INCREMENTAL=0" "-e" "RUST_BACKTRACE=full" "-e" "RUSTFLAGS=--cap-lints=warn" "-e" "RUSTDOCFLAGS=--cap-lints=warn" "-w" "/opt/rustwide/workdir" "--user" "0:0" "1a240be91dc20cc69bfb97d42e964fef67f009c5c44a1ca0620258a61559a3dc" "/opt/rustwide/cargo-home/bin/cargo" "+1.99.0-beta.8" "test" "--frozen" "--no-run" "--message-format=json" "--release", kill_on_drop: false }`
[INFO] [stderr]    Compiling allocation-counter v0.8.1
[INFO] [stderr]    Compiling goliath-match v0.2.6 (/opt/rustwide/workdir)
[INFO] [stdout] error[E0432]: unresolved import `goliath_normalize`
[INFO] [stdout]   --> examples/sigma_regression.rs:34:5
[INFO] [stdout]    |
[INFO] [stdout] 34 | use goliath_normalize::{Normalizer, Outcome};
[INFO] [stdout]    |     ^^^^^^^^^^^^^^^^^ use of unresolved module or unlinked crate `goliath_normalize`
[INFO] [stdout]    |
[INFO] [stdout]    = help: if you wanted to use a crate named `goliath_normalize`, use `cargo add goliath_normalize` to add it to your `Cargo.toml`
[INFO] [stdout] 
[INFO] [stdout] 
[INFO] [stdout] error: couldn't read `tests/../../goliath-normalize/sources/zeek/logs.input.json`: No such file or directory (os error 2)
[INFO] [stdout]   --> tests/zeek.rs:12:20
[INFO] [stdout]    |
[INFO] [stdout] 12 | const LOGS: &str = include_str!("../../goliath-normalize/sources/zeek/logs.input.json");
[INFO] [stdout]    |                    ^^^^^^^^^^^^^^^^^^^^^^^^^^^^^^^^^^^^^^^^^^^^^^^^^^^^^^^^^^^^^^^^^^^^
[INFO] [stdout] 
[INFO] [stdout] 
[INFO] [stdout] error: couldn't read `tests/../../goliath-normalize/sources/okta/kinds.input.json`: No such file or directory (os error 2)
[INFO] [stdout]   --> tests/okta.rs:12:21
[INFO] [stdout]    |
[INFO] [stdout] 12 | const KINDS: &str = include_str!("../../goliath-normalize/sources/okta/kinds.input.json");
[INFO] [stdout]    |                     ^^^^^^^^^^^^^^^^^^^^^^^^^^^^^^^^^^^^^^^^^^^^^^^^^^^^^^^^^^^^^^^^^^^^^
[INFO] [stdout] 
[INFO] [stdout] 
[INFO] [stdout] error: couldn't read `tests/../../goliath-normalize/sources/okta/stream.input.json`: No such file or directory (os error 2)
[INFO] [stdout]   --> tests/okta.rs:13:22
[INFO] [stdout]    |
[INFO] [stdout] 13 | const STREAM: &str = include_str!("../../goliath-normalize/sources/okta/stream.input.json");
[INFO] [stdout]    |                      ^^^^^^^^^^^^^^^^^^^^^^^^^^^^^^^^^^^^^^^^^^^^^^^^^^^^^^^^^^^^^^^^^^^^^^
[INFO] [stdout] 
[INFO] [stdout] 
[INFO] [stdout] error: couldn't read `tests/../../goliath-normalize/sources/cloudtrail/kinds.input.json`: No such file or directory (os error 2)
[INFO] [stdout]   --> tests/cloudtrail.rs:12:21
[INFO] [stdout]    |
[INFO] [stdout] 12 | const KINDS: &str = include_str!("../../goliath-normalize/sources/cloudtrail/kinds.input.json");
[INFO] [stdout]    |                     ^^^^^^^^^^^^^^^^^^^^^^^^^^^^^^^^^^^^^^^^^^^^^^^^^^^^^^^^^^^^^^^^^^^^^^^^^^^
[INFO] [stdout] 
[INFO] [stdout] 
[INFO] [stdout] error[E0432]: unresolved import `goliath_normalize`
[INFO] [stdout]  --> tests/cloudtrail.rs:8:5
[INFO] [stdout]   |
[INFO] [stdout] 8 | use goliath_normalize::{Normalizer, Outcome};
[INFO] [stdout]   |     ^^^^^^^^^^^^^^^^^ use of unresolved module or unlinked crate `goliath_normalize`
[INFO] [stdout]   |
[INFO] [stdout]   = help: if you wanted to use a crate named `goliath_normalize`, use `cargo add goliath_normalize` to add it to your `Cargo.toml`
[INFO] [stdout] 
[INFO] [stdout] 
[INFO] [stdout] error[E0432]: unresolved import `goliath_normalize`
[INFO] [stdout]  --> tests/okta.rs:8:5
[INFO] [stdout]   |
[INFO] [stdout] 8 | use goliath_normalize::{Normalizer, Outcome};
[INFO] [stdout]   |     ^^^^^^^^^^^^^^^^^ use of unresolved module or unlinked crate `goliath_normalize`
[INFO] [stdout]   |
[INFO] [stdout]   = help: if you wanted to use a crate named `goliath_normalize`, use `cargo add goliath_normalize` to add it to your `Cargo.toml`
[INFO] [stdout] 
[INFO] [stdout] 
[INFO] [stdout] error[E0432]: unresolved import `goliath_normalize`
[INFO] [stdout]  --> tests/zeek.rs:8:5
[INFO] [stdout]   |
[INFO] [stdout] 8 | use goliath_normalize::{Normalizer, Outcome};
[INFO] [stdout]   |     ^^^^^^^^^^^^^^^^^ use of unresolved module or unlinked crate `goliath_normalize`
[INFO] [stdout]   |
[INFO] [stdout]   = help: if you wanted to use a crate named `goliath_normalize`, use `cargo add goliath_normalize` to add it to your `Cargo.toml`
[INFO] [stdout] 
[INFO] [stdout] 
[INFO] [stdout] error: couldn't read `tests/../../goliath-normalize/sources/m365/kinds.input.json`: No such file or directory (os error 2)
[INFO] [stdout]   --> tests/m365.rs:12:21
[INFO] [stdout]    |
[INFO] [stdout] 12 | const KINDS: &str = include_str!("../../goliath-normalize/sources/m365/kinds.input.json");
[INFO] [stdout]    |                     ^^^^^^^^^^^^^^^^^^^^^^^^^^^^^^^^^^^^^^^^^^^^^^^^^^^^^^^^^^^^^^^^^^^^^
[INFO] [stdout] 
[INFO] [stdout] 
[INFO] [stdout] error: couldn't read `tests/../../goliath-normalize/sources/m365/lines.input.json`: No such file or directory (os error 2)
[INFO] [stdout]   --> tests/m365.rs:13:21
[INFO] [stdout]    |
[INFO] [stdout] 13 | const LINES: &str = include_str!("../../goliath-normalize/sources/m365/lines.input.json");
[INFO] [stdout]    |                     ^^^^^^^^^^^^^^^^^^^^^^^^^^^^^^^^^^^^^^^^^^^^^^^^^^^^^^^^^^^^^^^^^^^^^
[INFO] [stdout] 
[INFO] [stdout] 
[INFO] [stdout] error[E0432]: unresolved import `goliath_normalize`
[INFO] [stdout]  --> tests/m365.rs:8:5
[INFO] [stdout]   |
[INFO] [stdout] 8 | use goliath_normalize::{Normalizer, Outcome};
[INFO] [stdout]   |     ^^^^^^^^^^^^^^^^^ use of unresolved module or unlinked crate `goliath_normalize`
[INFO] [stdout]   |
[INFO] [stdout]   = help: if you wanted to use a crate named `goliath_normalize`, use `cargo add goliath_normalize` to add it to your `Cargo.toml`
[INFO] [stdout] 
[INFO] [stdout] 
[INFO] [stdout] error[E0433]: cannot find module or crate `goliath_normalize` in this scope
[INFO] [stdout]   --> examples/sigma_regression.rs:96:31
[INFO] [stdout]    |
[INFO] [stdout] 96 |         Normalizer::from_yaml(goliath_normalize::SYSMON)?,
[INFO] [stdout]    |                               ^^^^^^^^^^^^^^^^^ use of unresolved module or unlinked crate `goliath_normalize`
[INFO] [stdout]    |
[INFO] [stdout]    = help: if you wanted to use a crate named `goliath_normalize`, use `cargo add goliath_normalize` to add it to your `Cargo.toml`
[INFO] [stdout] 
[INFO] [stdout] 
[INFO] [stdout] error[E0433]: cannot find module or crate `goliath_normalize` in this scope
[INFO] [stdout]   --> examples/sigma_regression.rs:97:31
[INFO] [stdout]    |
[INFO] [stdout] 97 |         Normalizer::from_yaml(goliath_normalize::WINDOWS_SECURITY)?,
[INFO] [stdout]    |                               ^^^^^^^^^^^^^^^^^ use of unresolved module or unlinked crate `goliath_normalize`
[INFO] [stdout]    |
[INFO] [stdout]    = help: if you wanted to use a crate named `goliath_normalize`, use `cargo add goliath_normalize` to add it to your `Cargo.toml`
[INFO] [stdout] 
[INFO] [stdout] 
[INFO] [stdout] error[E0433]: cannot find module or crate `goliath_normalize` in this scope
[INFO] [stdout]   --> tests/zeek.rs:15:44
[INFO] [stdout]    |
[INFO] [stdout] 15 |     let normalizer = Normalizer::from_yaml(goliath_normalize::ZEEK).expect("definition loads");
[INFO] [stdout]    |                                            ^^^^^^^^^^^^^^^^^ use of unresolved module or unlinked crate `goliath_normalize`
[INFO] [stdout]    |
[INFO] [stdout]    = help: if you wanted to use a crate named `goliath_normalize`, use `cargo add goliath_normalize` to add it to your `Cargo.toml`
[INFO] [stdout] 
[INFO] [stdout] 
[INFO] [stdout] error[E0433]: cannot find module or crate `goliath_normalize` in this scope
[INFO] [stdout]   --> tests/okta.rs:16:44
[INFO] [stdout]    |
[INFO] [stdout] 16 |     let normalizer = Normalizer::from_yaml(goliath_normalize::OKTA).expect("definition loads");
[INFO] [stdout]    |                                            ^^^^^^^^^^^^^^^^^ use of unresolved module or unlinked crate `goliath_normalize`
[INFO] [stdout]    |
[INFO] [stdout]    = help: if you wanted to use a crate named `goliath_normalize`, use `cargo add goliath_normalize` to add it to your `Cargo.toml`
[INFO] [stdout] 
[INFO] [stdout] 
[INFO] [stdout] error[E0433]: cannot find module or crate `goliath_normalize` in this scope
[INFO] [stdout]   --> tests/m365.rs:16:44
[INFO] [stdout]    |
[INFO] [stdout] 16 |     let normalizer = Normalizer::from_yaml(goliath_normalize::M365).expect("definition loads");
[INFO] [stdout]    |                                            ^^^^^^^^^^^^^^^^^ use of unresolved module or unlinked crate `goliath_normalize`
[INFO] [stdout]    |
[INFO] [stdout]    = help: if you wanted to use a crate named `goliath_normalize`, use `cargo add goliath_normalize` to add it to your `Cargo.toml`
[INFO] [stdout] 
[INFO] [stdout] 
[INFO] [stdout] error: couldn't read `tests/../../goliath-normalize/sources/windows-security/kinds.input.json`: No such file or directory (os error 2)
[INFO] [stdout]   --> tests/windows_security.rs:13:5
[INFO] [stdout]    |
[INFO] [stdout] 13 |     include_str!("../../goliath-normalize/sources/windows-security/kinds.input.json");
[INFO] [stdout]    |     ^^^^^^^^^^^^^^^^^^^^^^^^^^^^^^^^^^^^^^^^^^^^^^^^^^^^^^^^^^^^^^^^^^^^^^^^^^^^^^^^^
[INFO] [stdout] 
[INFO] [stdout] 
[INFO] [stdout] Some errors have detailed explanations: E0432, E0433.
[INFO] [stdout] 
[INFO] [stdout] For more information about an error, try `rustc --explain E0432`.
[INFO] [stdout] 
[INFO] [stderr] error: could not compile `goliath-match` (test "okta") due to 4 previous errors
[INFO] [stderr] warning: build failed, waiting for other jobs to finish...
[INFO] [stdout] error[E0433]: cannot find module or crate `goliath_normalize` in this scope
[INFO] [stdout]   --> tests/cloudtrail.rs:16:31
[INFO] [stdout]    |
[INFO] [stdout] 16 |         Normalizer::from_yaml(goliath_normalize::CLOUDTRAIL).expect("definition loads");
[INFO] [stdout]    |                               ^^^^^^^^^^^^^^^^^ use of unresolved module or unlinked crate `goliath_normalize`
[INFO] [stdout]    |
[INFO] [stdout]    = help: if you wanted to use a crate named `goliath_normalize`, use `cargo add goliath_normalize` to add it to your `Cargo.toml`
[INFO] [stdout] 
[INFO] [stdout] 
[INFO] [stdout] Some errors have detailed explanations: E0432, E0433.
[INFO] [stdout] 
[INFO] [stdout] For more information about an error, try `rustc --explain E0432`.
[INFO] [stdout] 
[INFO] [stdout] error[E0432]: unresolved import `goliath_normalize`
[INFO] [stdout]  --> tests/windows_security.rs:8:5
[INFO] [stdout]   |
[INFO] [stdout] 8 | use goliath_normalize::{Normalizer, Outcome};
[INFO] [stdout]   |     ^^^^^^^^^^^^^^^^^ use of unresolved module or unlinked crate `goliath_normalize`
[INFO] [stdout]   |
[INFO] [stdout]   = help: if you wanted to use a crate named `goliath_normalize`, use `cargo add goliath_normalize` to add it to your `Cargo.toml`
[INFO] [stdout] 
[INFO] [stdout] 
[INFO] [stderr] error: could not compile `goliath-match` (test "zeek") due to 3 previous errors
[INFO] [stdout] Some errors have detailed explanations: E0432, E0433.
[INFO] [stdout] 
[INFO] [stdout] For more information about an error, try `rustc --explain E0432`.
[INFO] [stdout] 
[INFO] [stderr] error: could not compile `goliath-match` (test "m365") due to 4 previous errors
[INFO] [stdout] Some errors have detailed explanations: E0432, E0433.
[INFO] [stdout] 
[INFO] [stdout] For more information about an error, try `rustc --explain E0432`.
[INFO] [stdout] 
[INFO] [stderr] error: could not compile `goliath-match` (example "sigma_regression") due to 3 previous errors
[INFO] [stdout] Some errors have detailed explanations: E0432, E0433.
[INFO] [stdout] 
[INFO] [stdout] For more information about an error, try `rustc --explain E0432`.
[INFO] [stdout] 
[INFO] [stderr] error: could not compile `goliath-match` (test "cloudtrail") due to 3 previous errors
[INFO] [stdout] error[E0433]: cannot find module or crate `goliath_normalize` in this scope
[INFO] [stdout]   --> tests/windows_security.rs:17:31
[INFO] [stdout]    |
[INFO] [stdout] 17 |         Normalizer::from_yaml(goliath_normalize::WINDOWS_SECURITY).expect("definition loads");
[INFO] [stdout]    |                               ^^^^^^^^^^^^^^^^^ use of unresolved module or unlinked crate `goliath_normalize`
[INFO] [stdout]    |
[INFO] [stdout]    = help: if you wanted to use a crate named `goliath_normalize`, use `cargo add goliath_normalize` to add it to your `Cargo.toml`
[INFO] [stdout] 
[INFO] [stdout] 
[INFO] [stdout] Some errors have detailed explanations: E0432, E0433.
[INFO] [stdout] 
[INFO] [stdout] For more information about an error, try `rustc --explain E0432`.
[INFO] [stdout] 
[INFO] [stderr] error: could not compile `goliath-match` (test "windows_security") due to 3 previous errors
[INFO] running `Command { std: "docker" "inspect" "1a240be91dc20cc69bfb97d42e964fef67f009c5c44a1ca0620258a61559a3dc", kill_on_drop: false }`
[INFO] running `Command { std: "docker" "rm" "-f" "1a240be91dc20cc69bfb97d42e964fef67f009c5c44a1ca0620258a61559a3dc", kill_on_drop: false }`
[INFO] [stdout] 1a240be91dc20cc69bfb97d42e964fef67f009c5c44a1ca0620258a61559a3dc
