[INFO] fetching crate gobang 0.1.0-alpha.5...
[INFO] testing gobang-0.1.0-alpha.5 against 1.100.0-beta.1+cargoflags=--release for beta-release-1.100-2
[INFO] extracting crate gobang 0.1.0-alpha.5 into /workspace/builds/worker-7-tc2/source
[INFO] started tweaking crates.io crate gobang 0.1.0-alpha.5
[INFO] finished tweaking crates.io crate gobang 0.1.0-alpha.5
[INFO] tweaked toml for crates.io crate gobang 0.1.0-alpha.5 written to /workspace/builds/worker-7-tc2/source/Cargo.toml
[INFO] validating manifest of crates.io crate gobang 0.1.0-alpha.5 on toolchain 1.100.0-beta.1
[INFO] running `Command { std: CARGO_HOME="/workspace/cargo-home" RUSTUP_HOME="/workspace/rustup-home" "/workspace/cargo-home/bin/cargo" "+1.100.0-beta.1" "metadata" "--manifest-path" "Cargo.toml" "--no-deps", kill_on_drop: false }`
[INFO] crate crates.io crate gobang 0.1.0-alpha.5 already has a lockfile, it will not be regenerated
[INFO] running `Command { std: CARGO_HOME="/workspace/cargo-home" RUSTUP_HOME="/workspace/rustup-home" "/workspace/cargo-home/bin/cargo" "+1.100.0-beta.1" "fetch" "--manifest-path" "Cargo.toml", kill_on_drop: false }`
[INFO] [stderr] warning: `package.homepage` is redundant with `package.repository`
[INFO] [stderr]   --> Cargo.toml:74:12
[INFO] [stderr]    |
[INFO] [stderr] 74 | homepage = "https://github.com/TaKO8Ki/gobang"
[INFO] [stderr]    |            ^^^^^^^^^^^^^^^^^^^^^^^^^^^^^^^^^^^
[INFO] [stderr] ...
[INFO] [stderr] 78 | repository = "https://github.com/TaKO8Ki/gobang"
[INFO] [stderr]    |              -----------------------------------
[INFO] [stderr]    |
[INFO] [stderr]    = note: `cargo::redundant_homepage` is set to `warn` by default
[INFO] [stderr] help: consider removing `package.homepage`
[INFO] [stderr] warning: `gobang` (manifest) generated 1 warning
[INFO] running `Command { std: "docker" "create" "-v" "/var/lib/crater-agent-workspace/builds/worker-7-tc2/source:/opt/rustwide/workdir:ro,Z" "-v" "/var/lib/crater-agent-workspace/builds/worker-7-tc2/target:/opt/rustwide/target:rw,Z" "-v" "/var/lib/crater-agent-workspace/cargo-home:/opt/rustwide/cargo-home:ro,Z" "-v" "/var/lib/crater-agent-workspace/rustup-home:/opt/rustwide/rustup-home:ro,Z" "-m" "1610612736" "--network" "none" "ghcr.io/rust-lang/crates-build-env/linux@sha256:77db811e55d90add9212f6832c23229e3de5f1c1f9905e8cb07319ea15df73ac" "sleep" "infinity", kill_on_drop: false }`
[INFO] [stdout] 7a185346b5d3bf68c4993bce11af905a00878a661aea7c0e57a94088777b5e04
[INFO] running `Command { std: "docker" "start" "7a185346b5d3bf68c4993bce11af905a00878a661aea7c0e57a94088777b5e04", kill_on_drop: false }`
[INFO] running `Command { std: "docker" "inspect" "7a185346b5d3bf68c4993bce11af905a00878a661aea7c0e57a94088777b5e04", kill_on_drop: false }`
[INFO] running `Command { std: "docker" "exec" "-e" "SOURCE_DIR=/opt/rustwide/workdir" "-e" "CARGO_HOME=/opt/rustwide/cargo-home" "-e" "RUSTUP_HOME=/opt/rustwide/rustup-home" "-e" "CARGO_TARGET_DIR=/opt/rustwide/target" "-w" "/opt/rustwide/workdir" "--user" "0:0" "7a185346b5d3bf68c4993bce11af905a00878a661aea7c0e57a94088777b5e04" "/opt/rustwide/cargo-home/bin/cargo" "+1.100.0-beta.1" "metadata" "--no-deps" "--format-version=1", kill_on_drop: false }`
[INFO] running `Command { std: "docker" "inspect" "7a185346b5d3bf68c4993bce11af905a00878a661aea7c0e57a94088777b5e04", kill_on_drop: false }`
[INFO] running `Command { std: "docker" "exec" "-e" "SOURCE_DIR=/opt/rustwide/workdir" "-e" "CARGO_HOME=/opt/rustwide/cargo-home" "-e" "RUSTUP_HOME=/opt/rustwide/rustup-home" "-e" "CARGO_TARGET_DIR=/opt/rustwide/target" "-e" "CARGO_INCREMENTAL=0" "-e" "RUST_BACKTRACE=full" "-e" "RUSTFLAGS=--cap-lints=warn" "-e" "RUSTDOCFLAGS=--cap-lints=warn" "-w" "/opt/rustwide/workdir" "--user" "0:0" "7a185346b5d3bf68c4993bce11af905a00878a661aea7c0e57a94088777b5e04" "/opt/rustwide/cargo-home/bin/cargo" "+1.100.0-beta.1" "build" "--frozen" "--message-format=json" "--release", kill_on_drop: false }`
[INFO] [stderr] warning: `package.homepage` is redundant with `package.repository`
[INFO] [stderr]   --> Cargo.toml:74:12
[INFO] [stderr]    |
[INFO] [stderr] 74 | homepage = "https://github.com/TaKO8Ki/gobang"
[INFO] [stderr]    |            ^^^^^^^^^^^^^^^^^^^^^^^^^^^^^^^^^^^
[INFO] [stderr] ...
[INFO] [stderr] 78 | repository = "https://github.com/TaKO8Ki/gobang"
[INFO] [stderr]    |              -----------------------------------
[INFO] [stderr]    |
[INFO] [stderr]    = note: `cargo::redundant_homepage` is set to `warn` by default
[INFO] [stderr] help: consider removing `package.homepage`
[INFO] [stderr] warning: `gobang` (manifest) generated 1 warning
[INFO] [stderr]    Compiling libc v0.2.97
[INFO] [stderr]    Compiling syn v1.0.73
[INFO] [stderr]    Compiling memchr v2.4.0
[INFO] [stderr]    Compiling libm v0.2.1
[INFO] [stderr]    Compiling typenum v1.13.0
[INFO] [stderr]    Compiling once_cell v1.8.0
[INFO] [stderr]    Compiling num-traits v0.2.14
[INFO] [stderr]    Compiling generic-array v0.14.4
[INFO] [stderr]    Compiling num-integer v0.1.44
[INFO] [stderr]    Compiling ring v0.16.20
[INFO] [stderr]    Compiling spin v0.5.2
[INFO] [stderr]    Compiling ahash v0.7.4
[INFO] [stderr]    Compiling tokio v1.11.0
[INFO] [stderr]    Compiling futures-task v0.3.15
[INFO] [stderr]    Compiling radium v0.5.3
[INFO] [stderr]    Compiling futures-channel v0.3.15
[INFO] [stderr]    Compiling smallvec v1.6.1
[INFO] [stderr]    Compiling serde v1.0.126
[INFO] [stderr]    Compiling futures-macro v0.3.15
[INFO] [stderr]    Compiling instant v0.1.9
[INFO] [stderr]    Compiling futures-util v0.3.15
[INFO] [stderr]    Compiling num-bigint v0.4.2
[INFO] [stderr]    Compiling num-iter v0.1.42
[INFO] [stderr]    Compiling lexical-core v0.7.6
[INFO] [stderr]    Compiling crossbeam-utils v0.8.5
[INFO] [stderr]    Compiling lock_api v0.4.4
[INFO] [stderr]    Compiling lazy_static v1.4.0
[INFO] [stderr]    Compiling autocfg v0.1.7
[INFO] [stderr]    Compiling futures-core v0.3.15
[INFO] [stderr]    Compiling nom v6.1.2
[INFO] [stderr]    Compiling indexmap v1.7.0
[INFO] [stderr]    Compiling log v0.4.14
[INFO] [stderr]    Compiling pin-project-lite v0.2.6
[INFO] [stderr]    Compiling scopeguard v1.1.0
[INFO] [stderr]    Compiling untrusted v0.7.1
[INFO] [stderr]    Compiling getrandom v0.2.3
[INFO] [stderr]    Compiling signal-hook-registry v1.4.0
[INFO] [stderr]    Compiling parking_lot_core v0.8.3
[INFO] [stderr]    Compiling mio v0.7.13
[INFO] [stderr]    Compiling parking_lot v0.11.1
[INFO] [stderr]    Compiling num-bigint-dig v0.7.0
[INFO] [stderr]    Compiling libsqlite3-sys v0.22.2
[INFO] [stderr]    Compiling num-bigint v0.3.2
[INFO] [stderr]    Compiling crossbeam-queue v0.3.2
[INFO] [stderr]    Compiling matches v0.1.8
[INFO] [stderr]    Compiling serde_json v1.0.64
[INFO] [stderr]    Compiling tinyvec_macros v0.1.0
[INFO] [stderr]    Compiling whoami v1.1.2
[INFO] [stderr]    Compiling tinyvec v1.2.0
[INFO] [stderr]    Compiling digest v0.9.0
[INFO] [stderr]    Compiling rand_core v0.6.3
[INFO] [stderr]    Compiling num_cpus v1.13.0
[INFO] [stderr]    Compiling aho-corasick v0.7.18
[INFO] [stderr]    Compiling proc-macro-nested v0.1.7
[INFO] [stderr]    Compiling bitflags v1.2.1
[INFO] [stderr]    Compiling futures-sink v0.3.15
[INFO] [stderr]    Compiling arrayvec v0.5.2
[INFO] [stderr]    Compiling ppv-lite86 v0.2.10
[INFO] [stderr]    Compiling hashbrown v0.11.2
[INFO] [stderr]    Compiling block-buffer v0.9.0
[INFO] [stderr]    Compiling unicode-bidi v0.3.5
[INFO] [stderr]    Compiling time v0.1.43
[INFO] [stderr]    Compiling rand_chacha v0.3.1
[INFO] [stderr]    Compiling unicode-normalization v0.1.19
[INFO] [stderr]    Compiling unicode-segmentation v1.7.1
[INFO] [stderr]    Compiling tap v1.0.1
[INFO] [stderr]    Compiling slab v0.4.3
[INFO] [stderr]    Compiling futures-io v0.3.15
[INFO] [stderr]    Compiling funty v1.1.0
[INFO] [stderr]    Compiling wyz v0.2.0
[INFO] [stderr]    Compiling subtle v2.4.0
[INFO] [stderr]    Compiling chrono v0.4.19
[INFO] [stderr]    Compiling heck v0.3.3
[INFO] [stderr]    Compiling regex v1.5.4
[INFO] [stderr]    Compiling bitvec v0.19.5
[INFO] [stderr]    Compiling rand v0.8.4
[INFO] [stderr]    Compiling proc-macro-error-attr v1.0.4
[INFO] [stderr]    Compiling cpufeatures v0.1.5
[INFO] [stderr]    Compiling byteorder v1.4.3
[INFO] [stderr]    Compiling form_urlencoded v1.0.1
[INFO] [stderr]    Compiling idna v0.2.3
[INFO] [stderr]    Compiling webpki v0.21.4
[INFO] [stderr]    Compiling sct v0.6.1
[INFO] [stderr]    Compiling pem v0.8.3
[INFO] [stderr]    Compiling crypto-mac v0.10.1
[INFO] [stderr]    Compiling dirs-sys v0.3.6
[INFO] [stderr]    Compiling rustls v0.19.1
[INFO] [stderr]    Compiling proc-macro-error v1.0.4
[INFO] [stderr]    Compiling unicode-width v0.1.8
[INFO] [stderr]    Compiling maplit v1.0.2
[INFO] [stderr]    Compiling signal-hook v0.3.10
[INFO] [stderr]    Compiling itoa v0.4.7
[INFO] [stderr]    Compiling unicode_categories v0.1.1
[INFO] [stderr]    Compiling dirs v3.0.2
[INFO] [stderr]    Compiling webpki-roots v0.21.1
[INFO] [stderr]    Compiling hmac v0.10.1
[INFO] [stderr]    Compiling url v2.2.2
[INFO] [stderr]    Compiling sha-1 v0.9.6
[INFO] [stdout] error[E0308]: mismatched types
[INFO] [stdout]   --> /opt/rustwide/cargo-home/registry/src/index.crates.io-1949cf8c6b5b557f/num-bigint-0.3.2/src/biguint/convert.rs:70:19
[INFO] [stdout]    |
[INFO] [stdout] 70 |         .div_ceil(&big_digit::BITS.into())
[INFO] [stdout]    |          -------- ^^^^^^^^^^^^^^^^^^^^^^^ expected `u64`, found `&_`
[INFO] [stdout]    |          |
[INFO] [stdout]    |          arguments to this method are incorrect
[INFO] [stdout]    |
[INFO] [stdout]    = note:   expected type `u64`
[INFO] [stdout]            found reference `&_`
[INFO] [stdout] note: method defined here
[INFO] [stdout]   --> /rustc/e3feeb59cd1bdd011a2bfcc0747b55125d9b8527/library/core/src/num/uint_macros.rs:3817:21
[INFO] [stdout]   --> /rustc/e3feeb59cd1bdd011a2bfcc0747b55125d9b8527/library/core/src/num/mod.rs:1327:4
[INFO] [stdout]   ::: /rustc/e3feeb59cd1bdd011a2bfcc0747b55125d9b8527/library/core/src/num/mod.rs:1351:5
[INFO] [stdout]    |
[INFO] [stdout]    = note: in this macro invocation
[INFO] [stdout] note: the `div_ceil` call is resolved to the method in `core::num::<impl u64>`, shadowing the method of the same name on trait `num_integer::Integer`
[INFO] [stdout]   --> /opt/rustwide/cargo-home/registry/src/index.crates.io-1949cf8c6b5b557f/num-bigint-0.3.2/src/biguint/convert.rs:70:10
[INFO] [stdout]    |
[INFO] [stdout] 70 |         .div_ceil(&big_digit::BITS.into())
[INFO] [stdout]    |          ^^^^^^^^ refers to `core::num::<impl u64>::div_ceil`
[INFO] [stdout]    = note: this error originates in the macro `uint_impl` (in Nightly builds, run with -Z macro-backtrace for more info)
[INFO] [stdout] help: consider removing the borrow
[INFO] [stdout]    |
[INFO] [stdout] 70 -         .div_ceil(&big_digit::BITS.into())
[INFO] [stdout] 70 +         .div_ceil(big_digit::BITS.into())
[INFO] [stdout]    |
[INFO] [stdout] help: you might have meant to call the other method; you can use the fully-qualified path to call it explicitly
[INFO] [stdout]    |
[INFO] [stdout] 68 ~     let big_digits = <_ as num_integer::Integer>::div_ceil(&(v.len() as u64)
[INFO] [stdout] 69 ~         .saturating_mul(bits.into()), &big_digit::BITS.into())
[INFO] [stdout]    |
[INFO] [stdout] 
[INFO] [stdout] 
[INFO] [stdout] error[E0308]: mismatched types
[INFO] [stdout]    --> /opt/rustwide/cargo-home/registry/src/index.crates.io-1949cf8c6b5b557f/num-bigint-0.3.2/src/biguint/convert.rs:585:19
[INFO] [stdout]     |
[INFO] [stdout] 585 |         .div_ceil(&u64::from(bits))
[INFO] [stdout]     |          -------- ^^^^^^^^^^^^^^^^ expected `u64`, found `&u64`
[INFO] [stdout]     |          |
[INFO] [stdout]     |          arguments to this method are incorrect
[INFO] [stdout]     |
[INFO] [stdout] note: method defined here
[INFO] [stdout]    --> /rustc/e3feeb59cd1bdd011a2bfcc0747b55125d9b8527/library/core/src/num/uint_macros.rs:3817:21
[INFO] [stdout]    --> /rustc/e3feeb59cd1bdd011a2bfcc0747b55125d9b8527/library/core/src/num/mod.rs:1327:4
[INFO] [stdout]    ::: /rustc/e3feeb59cd1bdd011a2bfcc0747b55125d9b8527/library/core/src/num/mod.rs:1351:5
[INFO] [stdout]     |
[INFO] [stdout]     = note: in this macro invocation
[INFO] [stdout] note: the `div_ceil` call is resolved to the method in `core::num::<impl u64>`, shadowing the method of the same name on trait `num_integer::Integer`
[INFO] [stdout]    --> /opt/rustwide/cargo-home/registry/src/index.crates.io-1949cf8c6b5b557f/num-bigint-0.3.2/src/biguint/convert.rs:585:10
[INFO] [stdout]     |
[INFO] [stdout] 585 |         .div_ceil(&u64::from(bits))
[INFO] [stdout]     |          ^^^^^^^^ refers to `core::num::<impl u64>::div_ceil`
[INFO] [stdout]     = note: this error originates in the macro `uint_impl` (in Nightly builds, run with -Z macro-backtrace for more info)
[INFO] [stdout] help: consider removing the borrow
[INFO] [stdout]     |
[INFO] [stdout] 585 -         .div_ceil(&u64::from(bits))
[INFO] [stdout] 585 +         .div_ceil(u64::from(bits))
[INFO] [stdout]     |
[INFO] [stdout] help: you might have meant to call the other method; you can use the fully-qualified path to call it explicitly
[INFO] [stdout]     |
[INFO] [stdout] 583 ~     let digits = <_ as num_integer::Integer>::div_ceil(&u
[INFO] [stdout] 584 ~         .bits(), &u64::from(bits))
[INFO] [stdout]     |
[INFO] [stdout] 
[INFO] [stdout] 
[INFO] [stdout] error[E0308]: mismatched types
[INFO] [stdout]    --> /opt/rustwide/cargo-home/registry/src/index.crates.io-1949cf8c6b5b557f/num-bigint-0.3.2/src/biguint/convert.rs:613:19
[INFO] [stdout]     |
[INFO] [stdout] 613 |         .div_ceil(&u64::from(bits))
[INFO] [stdout]     |          -------- ^^^^^^^^^^^^^^^^ expected `u64`, found `&u64`
[INFO] [stdout]     |          |
[INFO] [stdout]     |          arguments to this method are incorrect
[INFO] [stdout]     |
[INFO] [stdout] note: method defined here
[INFO] [stdout]    --> /rustc/e3feeb59cd1bdd011a2bfcc0747b55125d9b8527/library/core/src/num/uint_macros.rs:3817:21
[INFO] [stdout]    --> /rustc/e3feeb59cd1bdd011a2bfcc0747b55125d9b8527/library/core/src/num/mod.rs:1327:4
[INFO] [stdout]    ::: /rustc/e3feeb59cd1bdd011a2bfcc0747b55125d9b8527/library/core/src/num/mod.rs:1351:5
[INFO] [stdout]     |
[INFO] [stdout]     = note: in this macro invocation
[INFO] [stdout] note: the `div_ceil` call is resolved to the method in `core::num::<impl u64>`, shadowing the method of the same name on trait `num_integer::Integer`
[INFO] [stdout]    --> /opt/rustwide/cargo-home/registry/src/index.crates.io-1949cf8c6b5b557f/num-bigint-0.3.2/src/biguint/convert.rs:613:10
[INFO] [stdout]     |
[INFO] [stdout] 613 |         .div_ceil(&u64::from(bits))
[INFO] [stdout]     |          ^^^^^^^^ refers to `core::num::<impl u64>::div_ceil`
[INFO] [stdout]     = note: this error originates in the macro `uint_impl` (in Nightly builds, run with -Z macro-backtrace for more info)
[INFO] [stdout] help: consider removing the borrow
[INFO] [stdout]     |
[INFO] [stdout] 613 -         .div_ceil(&u64::from(bits))
[INFO] [stdout] 613 +         .div_ceil(u64::from(bits))
[INFO] [stdout]     |
[INFO] [stdout] help: you might have meant to call the other method; you can use the fully-qualified path to call it explicitly
[INFO] [stdout]     |
[INFO] [stdout] 611 ~     let digits = <_ as num_integer::Integer>::div_ceil(&u
[INFO] [stdout] 612 ~         .bits(), &u64::from(bits))
[INFO] [stdout]     |
[INFO] [stdout] 
[INFO] [stdout] 
[INFO] [stderr]    Compiling sha2 v0.9.5
[INFO] [stdout] error[E0308]: mismatched types
[INFO] [stdout]    --> /opt/rustwide/cargo-home/registry/src/index.crates.io-1949cf8c6b5b557f/num-bigint-0.3.2/src/biguint.rs:393:54
[INFO] [stdout]     |
[INFO] [stdout] 393 |                 let root_scale = extra_bits.div_ceil(&n64);
[INFO] [stdout]     |                                             -------- ^^^^ expected `u64`, found `&u64`
[INFO] [stdout]     |                                             |
[INFO] [stdout]     |                                             arguments to this method are incorrect
[INFO] [stdout]     |
[INFO] [stdout] note: method defined here
[INFO] [stdout]    --> /rustc/e3feeb59cd1bdd011a2bfcc0747b55125d9b8527/library/core/src/num/uint_macros.rs:3817:21
[INFO] [stdout]    --> /rustc/e3feeb59cd1bdd011a2bfcc0747b55125d9b8527/library/core/src/num/mod.rs:1327:4
[INFO] [stdout]    ::: /rustc/e3feeb59cd1bdd011a2bfcc0747b55125d9b8527/library/core/src/num/mod.rs:1351:5
[INFO] [stdout]     |
[INFO] [stdout]     = note: in this macro invocation
[INFO] [stdout] note: the `div_ceil` call is resolved to the method in `core::num::<impl u64>`, shadowing the method of the same name on trait `num_integer::Integer`
[INFO] [stdout]    --> /opt/rustwide/cargo-home/registry/src/index.crates.io-1949cf8c6b5b557f/num-bigint-0.3.2/src/biguint.rs:393:45
[INFO] [stdout]     |
[INFO] [stdout] 393 |                 let root_scale = extra_bits.div_ceil(&n64);
[INFO] [stdout]     |                                             ^^^^^^^^ refers to `core::num::<impl u64>::div_ceil`
[INFO] [stdout]     = note: this error originates in the macro `uint_impl` (in Nightly builds, run with -Z macro-backtrace for more info)
[INFO] [stdout] help: consider removing the borrow
[INFO] [stdout]     |
[INFO] [stdout] 393 -                 let root_scale = extra_bits.div_ceil(&n64);
[INFO] [stdout] 393 +                 let root_scale = extra_bits.div_ceil(n64);
[INFO] [stdout]     |
[INFO] [stdout] help: you might have meant to call the other method; you can use the fully-qualified path to call it explicitly
[INFO] [stdout]     |
[INFO] [stdout] 393 -                 let root_scale = extra_bits.div_ceil(&n64);
[INFO] [stdout] 393 +                 let root_scale = <_ as num_integer::Integer>::div_ceil(&extra_bits, &n64);
[INFO] [stdout]     |
[INFO] [stdout] 
[INFO] [stdout] 
[INFO] [stderr]    Compiling crossbeam-channel v0.5.1
[INFO] [stderr]    Compiling stringprep v0.1.2
[INFO] [stderr]    Compiling md-5 v0.9.1
[INFO] [stderr]    Compiling hashlink v0.7.0
[INFO] [stderr]    Compiling atoi v0.4.0
[INFO] [stderr]    Compiling futures-intrusive v0.4.0
[INFO] [stdout] For more information about this error, try `rustc --explain E0308`.
[INFO] [stdout] 
[INFO] [stderr] error: could not compile `num-bigint` (lib) due to 4 previous errors
[INFO] [stderr] warning: build failed, waiting for other jobs to finish...
[INFO] running `Command { std: "docker" "inspect" "7a185346b5d3bf68c4993bce11af905a00878a661aea7c0e57a94088777b5e04", kill_on_drop: false }`
[INFO] running `Command { std: "docker" "rm" "-f" "7a185346b5d3bf68c4993bce11af905a00878a661aea7c0e57a94088777b5e04", kill_on_drop: false }`
[INFO] [stdout] 7a185346b5d3bf68c4993bce11af905a00878a661aea7c0e57a94088777b5e04
