[INFO] fetching crate gnitz 0.1.8...
[INFO] testing gnitz-0.1.8 against 1.99.0-beta.8+cargoflags=--release for beta-release-1.100-2
[INFO] extracting crate gnitz 0.1.8 into /workspace/builds/worker-4-tc1/source
[INFO] started tweaking crates.io crate gnitz 0.1.8
[INFO] finished tweaking crates.io crate gnitz 0.1.8
[INFO] tweaked toml for crates.io crate gnitz 0.1.8 written to /workspace/builds/worker-4-tc1/source/Cargo.toml
[INFO] validating manifest of crates.io crate gnitz 0.1.8 on toolchain 1.99.0-beta.8
[INFO] running `Command { std: CARGO_HOME="/workspace/cargo-home" RUSTUP_HOME="/workspace/rustup-home" "/workspace/cargo-home/bin/cargo" "+1.99.0-beta.8" "metadata" "--manifest-path" "Cargo.toml" "--no-deps", kill_on_drop: false }`
[INFO] crate crates.io crate gnitz 0.1.8 already has a lockfile, it will not be regenerated
[INFO] running `Command { std: CARGO_HOME="/workspace/cargo-home" RUSTUP_HOME="/workspace/rustup-home" "/workspace/cargo-home/bin/cargo" "+1.99.0-beta.8" "fetch" "--manifest-path" "Cargo.toml", kill_on_drop: false }`
[INFO] [stderr]     Updating crates.io index
[INFO] [stderr]  Downloading crates ...
[INFO] [stderr]   Downloaded yasna v0.6.0
[INFO] [stderr]   Downloaded rcgen v0.14.8
[INFO] [stderr]   Downloaded xorf v0.13.0
[INFO] [stderr]   Downloaded gnitz-foundation v0.1.8
[INFO] [stderr]   Downloaded gnitz-wire v0.1.8
[INFO] [stderr]   Downloaded gnitz-expr v0.1.8
[INFO] [stderr]   Downloaded gnitz-store v0.1.8
[INFO] [stderr]   Downloaded gnitz-zset v0.1.8
[INFO] [stderr]   Downloaded fearless_simd v1.0.0
[INFO] running `Command { std: "docker" "create" "-v" "/var/lib/crater-agent-workspace/builds/worker-4-tc1/source:/opt/rustwide/workdir:ro,Z" "-v" "/var/lib/crater-agent-workspace/builds/worker-4-tc1/target:/opt/rustwide/target:rw,Z" "-v" "/var/lib/crater-agent-workspace/cargo-home:/opt/rustwide/cargo-home:ro,Z" "-v" "/var/lib/crater-agent-workspace/rustup-home:/opt/rustwide/rustup-home:ro,Z" "-m" "1610612736" "--network" "none" "ghcr.io/rust-lang/crates-build-env/linux@sha256:77db811e55d90add9212f6832c23229e3de5f1c1f9905e8cb07319ea15df73ac" "sleep" "infinity", kill_on_drop: false }`
[INFO] [stdout] 6bab2e5b59969f7ae0c2b6da144b19b17b0c4ea353adfd54a7084b3f0774be06
[INFO] running `Command { std: "docker" "start" "6bab2e5b59969f7ae0c2b6da144b19b17b0c4ea353adfd54a7084b3f0774be06", kill_on_drop: false }`
[INFO] running `Command { std: "docker" "inspect" "6bab2e5b59969f7ae0c2b6da144b19b17b0c4ea353adfd54a7084b3f0774be06", kill_on_drop: false }`
[INFO] running `Command { std: "docker" "exec" "-e" "SOURCE_DIR=/opt/rustwide/workdir" "-e" "CARGO_HOME=/opt/rustwide/cargo-home" "-e" "RUSTUP_HOME=/opt/rustwide/rustup-home" "-e" "CARGO_TARGET_DIR=/opt/rustwide/target" "-w" "/opt/rustwide/workdir" "--user" "0:0" "6bab2e5b59969f7ae0c2b6da144b19b17b0c4ea353adfd54a7084b3f0774be06" "/opt/rustwide/cargo-home/bin/cargo" "+1.99.0-beta.8" "metadata" "--no-deps" "--format-version=1", kill_on_drop: false }`
[INFO] running `Command { std: "docker" "inspect" "6bab2e5b59969f7ae0c2b6da144b19b17b0c4ea353adfd54a7084b3f0774be06", kill_on_drop: false }`
[INFO] running `Command { std: "docker" "exec" "-e" "SOURCE_DIR=/opt/rustwide/workdir" "-e" "CARGO_HOME=/opt/rustwide/cargo-home" "-e" "RUSTUP_HOME=/opt/rustwide/rustup-home" "-e" "CARGO_TARGET_DIR=/opt/rustwide/target" "-e" "CARGO_INCREMENTAL=0" "-e" "RUST_BACKTRACE=full" "-e" "RUSTFLAGS=--cap-lints=warn" "-e" "RUSTDOCFLAGS=--cap-lints=warn" "-w" "/opt/rustwide/workdir" "--user" "0:0" "6bab2e5b59969f7ae0c2b6da144b19b17b0c4ea353adfd54a7084b3f0774be06" "/opt/rustwide/cargo-home/bin/cargo" "+1.99.0-beta.8" "build" "--frozen" "--message-format=json" "--release", kill_on_drop: false }`
[INFO] [stderr]    Compiling cc v1.2.63
[INFO] [stderr]    Compiling getrandom v0.2.17
[INFO] [stderr]    Compiling xxhash-rust v0.8.15
[INFO] [stderr]    Compiling rustls-pki-types v1.15.0
[INFO] [stderr]    Compiling fearless_simd v1.0.0
[INFO] [stderr]    Compiling xorf v0.13.0
[INFO] [stderr]    Compiling time v0.3.53
[INFO] [stderr]    Compiling gnitz-foundation v0.1.8
[INFO] [stderr]    Compiling bitflags v2.13.0
[INFO] [stderr]    Compiling gnitz-wire v0.1.8
[INFO] [stderr]    Compiling simdutf8 v0.1.5
[INFO] [stderr]    Compiling rustc-hash v2.1.2
[INFO] [stderr]    Compiling rustls v0.23.41
[INFO] [stderr]    Compiling yasna v0.6.0
[INFO] [stderr]    Compiling io-uring v0.7.12
[INFO] [stderr]    Compiling ring v0.17.14
[INFO] [stderr]    Compiling gnitz-expr v0.1.8
[INFO] [stderr]    Compiling gnitz-zset v0.1.8
[INFO] [stderr]    Compiling rustls-webpki v0.103.13
[INFO] [stderr]    Compiling rcgen v0.14.8
[INFO] [stderr]    Compiling gnitz-store v0.1.8
[INFO] [stderr]    Compiling gnitz v0.1.8 (/opt/rustwide/workdir)
[INFO] [stderr]     Finished `release` profile [optimized] target(s) in 3m 03s
[INFO] running `Command { std: "docker" "inspect" "6bab2e5b59969f7ae0c2b6da144b19b17b0c4ea353adfd54a7084b3f0774be06", kill_on_drop: false }`
[INFO] running `Command { std: "docker" "exec" "-e" "SOURCE_DIR=/opt/rustwide/workdir" "-e" "CARGO_HOME=/opt/rustwide/cargo-home" "-e" "RUSTUP_HOME=/opt/rustwide/rustup-home" "-e" "CARGO_TARGET_DIR=/opt/rustwide/target" "-e" "CARGO_INCREMENTAL=0" "-e" "RUST_BACKTRACE=full" "-e" "RUSTFLAGS=--cap-lints=warn" "-e" "RUSTDOCFLAGS=--cap-lints=warn" "-w" "/opt/rustwide/workdir" "--user" "0:0" "6bab2e5b59969f7ae0c2b6da144b19b17b0c4ea353adfd54a7084b3f0774be06" "/opt/rustwide/cargo-home/bin/cargo" "+1.99.0-beta.8" "test" "--frozen" "--no-run" "--message-format=json" "--release", kill_on_drop: false }`
[INFO] [stderr]    Compiling getrandom v0.3.4
[INFO] [stderr]    Compiling rustix v1.1.4
[INFO] [stderr]    Compiling num-traits v0.2.19
[INFO] [stderr]    Compiling gnitz-store v0.1.8
[INFO] [stderr]    Compiling rand_core v0.9.5
[INFO] [stderr]    Compiling rand_xorshift v0.4.0
[INFO] [stderr]    Compiling rand_chacha v0.9.0
[INFO] [stderr]    Compiling rand v0.9.4
[INFO] [stderr]    Compiling tempfile v3.27.0
[INFO] [stderr]    Compiling rusty-fork v0.3.1
[INFO] [stderr]    Compiling proptest v1.11.0
[INFO] [stderr]    Compiling gnitz v0.1.8 (/opt/rustwide/workdir)
[INFO] [stdout] error[E0432]: unresolved import `gnitz_zset_testkit`
[INFO] [stdout]  --> src/test_support/mod.rs:6:9
[INFO] [stdout]   |
[INFO] [stdout] 6 | pub use gnitz_zset_testkit::*;
[INFO] [stdout]   |         ^^^^^^^^^^^^^^^^^^ use of unresolved module or unlinked crate `gnitz_zset_testkit`
[INFO] [stdout]   |
[INFO] [stdout]   = help: if you wanted to use a crate named `gnitz_zset_testkit`, use `cargo add gnitz_zset_testkit` to add it to your `Cargo.toml`
[INFO] [stdout] 
[INFO] [stdout] 
[INFO] [stdout] error[E0432]: unresolved import `gnitz_core`
[INFO] [stdout]   --> src/catalog/suites/schema_codec.rs:88:9
[INFO] [stdout]    |
[INFO] [stdout] 88 |     use gnitz_core::sys_schema;
[INFO] [stdout]    |         ^^^^^^^^^^ use of unresolved module or unlinked crate `gnitz_core`
[INFO] [stdout]    |
[INFO] [stdout] help: there is a crate or module with a similar name
[INFO] [stdout]    |
[INFO] [stdout] 88 -     use gnitz_core::sys_schema;
[INFO] [stdout] 88 +     use gnitz_store::sys_schema;
[INFO] [stdout]    |
[INFO] [stdout] 
[INFO] [stdout] 
[INFO] [stdout] error[E0432]: unresolved import `gnitz_core`
[INFO] [stdout]   --> src/catalog/suites/schema_codec.rs:89:9
[INFO] [stdout]    |
[INFO] [stdout] 89 |     use gnitz_core::{BatchAppender, ZSetBatch};
[INFO] [stdout]    |         ^^^^^^^^^^ use of unresolved module or unlinked crate `gnitz_core`
[INFO] [stdout]    |
[INFO] [stdout] help: there is a crate or module with a similar name
[INFO] [stdout]    |
[INFO] [stdout] 89 -     use gnitz_core::{BatchAppender, ZSetBatch};
[INFO] [stdout] 89 +     use gnitz_store::{BatchAppender, ZSetBatch};
[INFO] [stdout]    |
[INFO] [stdout] 
[INFO] [stdout] 
[INFO] [stdout] error[E0432]: unresolved import `crate::test_support::arb_schema`
[INFO] [stdout]  --> src/catalog/suites/schema_codec.rs:9:5
[INFO] [stdout]   |
[INFO] [stdout] 9 | use crate::test_support::arb_schema;
[INFO] [stdout]   |     ^^^^^^^^^^^^^^^^^^^^^----------
[INFO] [stdout]   |                          |
[INFO] [stdout]   |                          no `arb_schema` in `test_support`
[INFO] [stdout] 
[INFO] [stdout] 
[INFO] [stdout] error[E0432]: unresolved imports `crate::test_support::cmp_const`, `crate::test_support::opk_pk`, `crate::test_support::pk_payload_schema`
[INFO] [stdout]   --> src/catalog/suites/mod.rs:61:39
[INFO] [stdout]    |
[INFO] [stdout] 61 |     apply_ddl, bundle, circuit_batch, cmp_const, col_def, col_tab_batch, cols_of, distinct_circuit, equi_join_circuit,
[INFO] [stdout]    |                                       ^^^^^^^^^ no `cmp_const` in `test_support`
[INFO] [stdout] 62 |     fk_def, fk_def_on_delete, idx_tab_batch, left_join_engine, negate_chain, net_weight, nullable_def, opk_pk,
[INFO] [stdout]    |                                                                                                        ^^^^^^ no `opk_pk` in `test_support`
[INFO] [stdout] 63 |     pk_payload_schema, push_sys_row, push_view_tab_row, read_rows, refusal, register_identity_view, scan_all,
[INFO] [stdout]    |     ^^^^^^^^^^^^^^^^^ no `pk_payload_schema` in `test_support`
[INFO] [stdout] 
[INFO] [stdout] 
[INFO] [stdout] error[E0432]: unresolved import `crate::test_support::make_schema_u64_i64`
[INFO] [stdout]  --> src/query/compiler/tests/emit.rs:4:5
[INFO] [stdout]   |
[INFO] [stdout] 4 | use crate::test_support::make_schema_u64_i64;
[INFO] [stdout]   |     ^^^^^^^^^^^^^^^^^^^^^-------------------
[INFO] [stdout]   |                          |
[INFO] [stdout]   |                          no `make_schema_u64_i64` in `test_support`
[INFO] [stdout] 
[INFO] [stdout] 
[INFO] [stdout] error[E0432]: unresolved imports `crate::test_support::make_schema_u64_i64`, `crate::test_support::pk_payload_schema`, `crate::test_support::self_typed_slots`
[INFO] [stdout]  --> src/query/compiler/tests/routing.rs:3:27
[INFO] [stdout]   |
[INFO] [stdout] 3 | use crate::test_support::{make_schema_u64_i64, pk_payload_schema, scan_keyed, scan_routed, self_typed_slots};
[INFO] [stdout]   |                           ^^^^^^^^^^^^^^^^^^^  ^^^^^^^^^^^^^^^^^                           ^^^^^^^^^^^^^^^^ no `self_typed_slots` in `test_support`
[INFO] [stdout]   |                           |                    |
[INFO] [stdout]   |                           |                    no `pk_payload_schema` in `test_support`
[INFO] [stdout]   |                           no `make_schema_u64_i64` in `test_support`
[INFO] [stdout] 
[INFO] [stdout] 
[INFO] [stdout] error[E0432]: unresolved imports `crate::test_support::make_schema_pk_u64_payload_string`, `crate::test_support::make_schema_u64_i64`, `crate::test_support::pk_only_schema`, `crate::test_support::u64_pk_schema`
[INFO] [stdout]  --> src/query/compiler/tests/compiler.rs:4:23
[INFO] [stdout]   |
[INFO] [stdout] 4 |     identity_circuit, make_schema_pk_u64_payload_string, make_schema_u64_i64, pk_only_schema, u64_pk_schema,
[INFO] [stdout]   |                       ^^^^^^^^^^^^^^^^^^^^^^^^^^^^^^^^^  ^^^^^^^^^^^^^^^^^^^  ^^^^^^^^^^^^^^  ^^^^^^^^^^^^^ no `u64_pk_schema` in `test_support`
[INFO] [stdout]   |                       |                                  |                    |
[INFO] [stdout]   |                       |                                  |                    no `pk_only_schema` in `test_support`
[INFO] [stdout]   |                       |                                  no `make_schema_u64_i64` in `test_support`
[INFO] [stdout]   |                       no `make_schema_pk_u64_payload_string` in `test_support`
[INFO] [stdout] 
[INFO] [stdout] 
[INFO] [stdout] error[E0432]: unresolved imports `crate::test_support::make_batch`, `crate::test_support::zset_of`, `crate::test_support::RowKey`
[INFO] [stdout]  --> src/query/dag/tests/exec.rs:6:41
[INFO] [stdout]   |
[INFO] [stdout] 6 |     col_def, cols_of, left_join_engine, make_batch, net_weight, register_identity_view, scan_all, scratch_dir,
[INFO] [stdout]   |                                         ^^^^^^^^^^ no `make_batch` in `test_support`
[INFO] [stdout] 7 |     try_register_view, zset_of, LocalDrive, RowKey,
[INFO] [stdout]   |                        ^^^^^^^              ^^^^^^ no `RowKey` in `test_support`
[INFO] [stdout]   |                        |
[INFO] [stdout]   |                        no `zset_of` in `test_support`
[INFO] [stdout] 
[INFO] [stdout] 
[INFO] [stdout] error[E0432]: unresolved imports `crate::test_support::make_batch`, `crate::test_support::zset_of`, `crate::test_support::RowKey`
[INFO] [stdout]  --> src/query/dag/tests/hydrate.rs:4:14
[INFO] [stdout]   |
[INFO] [stdout] 4 |     col_def, make_batch, scan_all, scratch_dir, try_register_identity_view, try_register_view, two_term_join_circuit,
[INFO] [stdout]   |              ^^^^^^^^^^ no `make_batch` in `test_support`
[INFO] [stdout] 5 |     zset_of, LocalDrive, RowKey,
[INFO] [stdout]   |     ^^^^^^^              ^^^^^^ no `RowKey` in `test_support`
[INFO] [stdout]   |     |
[INFO] [stdout]   |     no `zset_of` in `test_support`
[INFO] [stdout] 
[INFO] [stdout] 
[INFO] [stdout] error[E0432]: unresolved imports `crate::test_support::join_reference`, `crate::test_support::make_batch_u128`, `crate::test_support::make_batch_u128_raw`, `crate::test_support::make_schema_u128_i64`, `crate::test_support::weighted_rows`, `crate::test_support::zset_of`
[INFO] [stdout]  --> src/query/vm/tests/exec.rs:7:5
[INFO] [stdout]   |
[INFO] [stdout] 7 |     join_reference, make_batch_u128, make_batch_u128_raw, make_schema_u128_i64, weighted_rows, zset_of,
[INFO] [stdout]   |     ^^^^^^^^^^^^^^  ^^^^^^^^^^^^^^^  ^^^^^^^^^^^^^^^^^^^  ^^^^^^^^^^^^^^^^^^^^  ^^^^^^^^^^^^^  ^^^^^^^ no `zset_of` in `test_support`
[INFO] [stdout]   |     |               |                |                    |                     |
[INFO] [stdout]   |     |               |                |                    |                     no `weighted_rows` in `test_support`
[INFO] [stdout]   |     |               |                |                    no `make_schema_u128_i64` in `test_support`
[INFO] [stdout]   |     |               |                no `make_batch_u128_raw` in `test_support`
[INFO] [stdout]   |     |               no `make_batch_u128` in `test_support`
[INFO] [stdout]   |     no `join_reference` in `test_support`
[INFO] [stdout] 
[INFO] [stdout] 
[INFO] [stdout] error[E0432]: unresolved imports `crate::test_support::make_batch_u128_raw`, `crate::test_support::weighted_rows`
[INFO] [stdout]    --> src/query/vm/tests/fixtures.rs:174:31
[INFO] [stdout]     |
[INFO] [stdout] 174 |     use crate::test_support::{make_batch_u128_raw, weighted_rows};
[INFO] [stdout]     |                               ^^^^^^^^^^^^^^^^^^^  ^^^^^^^^^^^^^ no `weighted_rows` in `test_support`
[INFO] [stdout]     |                               |
[INFO] [stdout]     |                               no `make_batch_u128_raw` in `test_support`
[INFO] [stdout] 
[INFO] [stdout] 
[INFO] [stdout] error[E0432]: unresolved import `crate::test_support::make_batch`
[INFO] [stdout]  --> src/runtime/tests/bootstrap.rs:7:62
[INFO] [stdout]   |
[INFO] [stdout] 7 |     circuit_batch, col_def, col_tab_batch, identity_circuit, make_batch, push_view_tab_row, sum_weights,
[INFO] [stdout]   |                                                              ^^^^^^^^^^ no `make_batch` in `test_support`
[INFO] [stdout] 
[INFO] [stdout] 
[INFO] [stdout] error[E0432]: unresolved imports `crate::test_support::make_batch_raw`, `crate::test_support::make_schema_u64_i64`
[INFO] [stdout]  --> src/runtime/orchestration/tests/committer.rs:6:27
[INFO] [stdout]   |
[INFO] [stdout] 6 | use crate::test_support::{make_batch_raw, make_schema_u64_i64};
[INFO] [stdout]   |                           ^^^^^^^^^^^^^^  ^^^^^^^^^^^^^^^^^^^ no `make_schema_u64_i64` in `test_support`
[INFO] [stdout]   |                           |
[INFO] [stdout]   |                           no `make_batch_raw` in `test_support`
[INFO] [stdout] 
[INFO] [stdout] 
[INFO] [stdout] error[E0432]: unresolved imports `crate::test_support::make_batch_raw`, `crate::test_support::make_schema_u64_i64`
[INFO] [stdout]  --> src/runtime/orchestration/executor/tests/executor.rs:2:27
[INFO] [stdout]   |
[INFO] [stdout] 2 | use crate::test_support::{make_batch_raw, make_schema_u64_i64};
[INFO] [stdout]   |                           ^^^^^^^^^^^^^^  ^^^^^^^^^^^^^^^^^^^ no `make_schema_u64_i64` in `test_support`
[INFO] [stdout]   |                           |
[INFO] [stdout]   |                           no `make_batch_raw` in `test_support`
[INFO] [stdout] 
[INFO] [stdout] 
[INFO] [stdout] error[E0432]: unresolved imports `crate::test_support::make_batch`, `crate::test_support::make_batch_bytes_raw`, `crate::test_support::make_batch_raw`, `crate::test_support::make_schema_pk_u64_payload_string`, `crate::test_support::make_schema_u64_i64`, `crate::test_support::weighted_rows`, `crate::test_support::zset_of`
[INFO] [stdout]  --> src/runtime/orchestration/master/tests/scatter.rs:5:5
[INFO] [stdout]   |
[INFO] [stdout] 5 |     make_batch, make_batch_bytes_raw, make_batch_raw, make_schema_pk_u64_payload_string, make_schema_u64_i64,
[INFO] [stdout]   |     ^^^^^^^^^^  ^^^^^^^^^^^^^^^^^^^^  ^^^^^^^^^^^^^^  ^^^^^^^^^^^^^^^^^^^^^^^^^^^^^^^^^  ^^^^^^^^^^^^^^^^^^^ no `make_schema_u64_i64` in `test_support`
[INFO] [stdout]   |     |           |                     |               |
[INFO] [stdout]   |     |           |                     |               no `make_schema_pk_u64_payload_string` in `test_support`
[INFO] [stdout]   |     |           |                     no `make_batch_raw` in `test_support`
[INFO] [stdout]   |     |           no `make_batch_bytes_raw` in `test_support`
[INFO] [stdout]   |     no `make_batch` in `test_support`
[INFO] [stdout] 6 |     weighted_rows, zset_of,
[INFO] [stdout]   |     ^^^^^^^^^^^^^  ^^^^^^^ no `zset_of` in `test_support`
[INFO] [stdout]   |     |
[INFO] [stdout]   |     no `weighted_rows` in `test_support`
[INFO] [stdout] 
[INFO] [stdout] 
[INFO] [stdout] error[E0432]: unresolved imports `crate::test_support::make_schema_pk_u64_payload_string`, `crate::test_support::make_schema_u64_i64`
[INFO] [stdout]  --> src/runtime/orchestration/master/benches/scatter.rs:5:27
[INFO] [stdout]   |
[INFO] [stdout] 5 | use crate::test_support::{make_schema_pk_u64_payload_string, make_schema_u64_i64};
[INFO] [stdout]   |                           ^^^^^^^^^^^^^^^^^^^^^^^^^^^^^^^^^  ^^^^^^^^^^^^^^^^^^^ no `make_schema_u64_i64` in `test_support`
[INFO] [stdout]   |                           |
[INFO] [stdout]   |                           no `make_schema_pk_u64_payload_string` in `test_support`
[INFO] [stdout] 
[INFO] [stdout] 
[INFO] [stdout] error[E0432]: unresolved imports `crate::test_support::make_batch_raw`, `crate::test_support::u64_pk_schema`
[INFO] [stdout]  --> src/runtime/orchestration/master/tests/fk_presence.rs:2:27
[INFO] [stdout]   |
[INFO] [stdout] 2 | use crate::test_support::{make_batch_raw, u64_pk_schema};
[INFO] [stdout]   |                           ^^^^^^^^^^^^^^  ^^^^^^^^^^^^^ no `u64_pk_schema` in `test_support`
[INFO] [stdout]   |                           |
[INFO] [stdout]   |                           no `make_batch_raw` in `test_support`
[INFO] [stdout] 
[INFO] [stdout] 
[INFO] [stdout] error[E0432]: unresolved imports `crate::test_support::opk_pk`, `crate::test_support::pk_only_schema`, `crate::test_support::pk_payload_schema`
[INFO] [stdout]  --> src/runtime/orchestration/master/tests/preflight.rs:2:27
[INFO] [stdout]   |
[INFO] [stdout] 2 | use crate::test_support::{opk_pk, pk_only_schema, pk_payload_schema};
[INFO] [stdout]   |                           ^^^^^^  ^^^^^^^^^^^^^^  ^^^^^^^^^^^^^^^^^ no `pk_payload_schema` in `test_support`
[INFO] [stdout]   |                           |       |
[INFO] [stdout]   |                           |       no `pk_only_schema` in `test_support`
[INFO] [stdout]   |                           no `opk_pk` in `test_support`
[INFO] [stdout] 
[INFO] [stdout] 
[INFO] [stdout] error[E0432]: unresolved import `crate::test_support::make_batch_raw`
[INFO] [stdout]  --> src/runtime/orchestration/master/benches/preflight.rs:4:36
[INFO] [stdout]   |
[INFO] [stdout] 4 | use crate::test_support::{col_def, make_batch_raw, scratch_dir};
[INFO] [stdout]   |                                    ^^^^^^^^^^^^^^ no `make_batch_raw` in `test_support`
[INFO] [stdout] 
[INFO] [stdout] 
[INFO] [stdout] error[E0432]: unresolved imports `crate::test_support::make_batch`, `crate::test_support::make_schema_u64_i64`, `crate::test_support::weighted_rows`
[INFO] [stdout]  --> src/runtime/orchestration/master/tests/train.rs:7:27
[INFO] [stdout]   |
[INFO] [stdout] 7 | use crate::test_support::{make_batch, make_schema_u64_i64, weighted_rows};
[INFO] [stdout]   |                           ^^^^^^^^^^  ^^^^^^^^^^^^^^^^^^^  ^^^^^^^^^^^^^ no `weighted_rows` in `test_support`
[INFO] [stdout]   |                           |           |
[INFO] [stdout]   |                           |           no `make_schema_u64_i64` in `test_support`
[INFO] [stdout]   |                           no `make_batch` in `test_support`
[INFO] [stdout] 
[INFO] [stdout] 
[INFO] [stdout] error[E0432]: unresolved import `crate::test_support::u64_pk_schema`
[INFO] [stdout]  --> src/runtime/orchestration/master/tests/unique_filter.rs:3:5
[INFO] [stdout]   |
[INFO] [stdout] 3 | use crate::test_support::u64_pk_schema;
[INFO] [stdout]   |     ^^^^^^^^^^^^^^^^^^^^^-------------
[INFO] [stdout]   |                          |
[INFO] [stdout]   |                          no `u64_pk_schema` in `test_support`
[INFO] [stdout] 
[INFO] [stdout] 
[INFO] [stdout] error[E0432]: unresolved import `crate::test_support::pk_only_schema`
[INFO] [stdout]  --> src/runtime/orchestration/master/tests/unique_preflight.rs:6:5
[INFO] [stdout]   |
[INFO] [stdout] 6 | use crate::test_support::pk_only_schema;
[INFO] [stdout]   |     ^^^^^^^^^^^^^^^^^^^^^--------------
[INFO] [stdout]   |                          |
[INFO] [stdout]   |                          no `pk_only_schema` in `test_support`
[INFO] [stdout] 
[INFO] [stdout] 
[INFO] [stdout] error[E0432]: unresolved import `crate::test_support::pk_only_schema`
[INFO] [stdout]  --> src/runtime/orchestration/master/tests/master.rs:2:5
[INFO] [stdout]   |
[INFO] [stdout] 2 | use crate::test_support::pk_only_schema;
[INFO] [stdout]   |     ^^^^^^^^^^^^^^^^^^^^^--------------
[INFO] [stdout]   |                          |
[INFO] [stdout]   |                          no `pk_only_schema` in `test_support`
[INFO] [stdout] 
[INFO] [stdout] 
[INFO] [stdout] error[E0432]: unresolved imports `crate::test_support::make_batch_bytes_raw`, `crate::test_support::make_batch_raw`, `crate::test_support::make_schema_pk_u64_payload_string`, `crate::test_support::make_schema_u64_i64`, `crate::test_support::pk_only_schema`, `crate::test_support::weighted_rows`
[INFO] [stdout]  --> src/runtime/orchestration/worker/tests/worker.rs:7:14
[INFO] [stdout]   |
[INFO] [stdout] 7 |     col_def, make_batch_bytes_raw, make_batch_raw, make_schema_pk_u64_payload_string, make_schema_u64_i64,
[INFO] [stdout]   |              ^^^^^^^^^^^^^^^^^^^^  ^^^^^^^^^^^^^^  ^^^^^^^^^^^^^^^^^^^^^^^^^^^^^^^^^  ^^^^^^^^^^^^^^^^^^^ no `make_schema_u64_i64` in `test_support`
[INFO] [stdout]   |              |                     |               |
[INFO] [stdout]   |              |                     |               no `make_schema_pk_u64_payload_string` in `test_support`
[INFO] [stdout]   |              |                     no `make_batch_raw` in `test_support`
[INFO] [stdout]   |              no `make_batch_bytes_raw` in `test_support`
[INFO] [stdout] 8 |     pk_only_schema, register_identity_view, scan_all, weighted_rows,
[INFO] [stdout]   |     ^^^^^^^^^^^^^^                                    ^^^^^^^^^^^^^ no `weighted_rows` in `test_support`
[INFO] [stdout]   |     |
[INFO] [stdout]   |     no `pk_only_schema` in `test_support`
[INFO] [stdout] 
[INFO] [stdout] 
[INFO] [stdout] error[E0432]: unresolved imports `crate::test_support::make_batch_raw`, `crate::test_support::make_schema_u64_i64`
[INFO] [stdout]  --> src/runtime/orchestration/worker/benches/worker.rs:4:27
[INFO] [stdout]   |
[INFO] [stdout] 4 | use crate::test_support::{make_batch_raw, make_schema_u64_i64, net_weight, register_identity_view};
[INFO] [stdout]   |                           ^^^^^^^^^^^^^^  ^^^^^^^^^^^^^^^^^^^ no `make_schema_u64_i64` in `test_support`
[INFO] [stdout]   |                           |
[INFO] [stdout]   |                           no `make_batch_raw` in `test_support`
[INFO] [stdout] 
[INFO] [stdout] 
[INFO] [stdout] error[E0432]: unresolved imports `crate::test_support::make_batch`, `crate::test_support::make_batch_bytes_raw`, `crate::test_support::make_schema_pk_u64_payload_string`, `crate::test_support::make_schema_u64_i64`, `crate::test_support::make_string_batch`, `crate::test_support::opk_pk`, `crate::test_support::weighted_rows`
[INFO] [stdout]  --> src/runtime/protocol/tests/mesh.rs:3:5
[INFO] [stdout]   |
[INFO] [stdout] 3 |     make_batch, make_batch_bytes_raw, make_schema_pk_u64_payload_string, make_schema_u64_i64, make_string_batch,
[INFO] [stdout]   |     ^^^^^^^^^^  ^^^^^^^^^^^^^^^^^^^^  ^^^^^^^^^^^^^^^^^^^^^^^^^^^^^^^^^  ^^^^^^^^^^^^^^^^^^^  ^^^^^^^^^^^^^^^^^ no `make_string_batch` in `test_support`
[INFO] [stdout]   |     |           |                     |                                  |
[INFO] [stdout]   |     |           |                     |                                  no `make_schema_u64_i64` in `test_support`
[INFO] [stdout]   |     |           |                     no `make_schema_pk_u64_payload_string` in `test_support`
[INFO] [stdout]   |     |           no `make_batch_bytes_raw` in `test_support`
[INFO] [stdout]   |     no `make_batch` in `test_support`
[INFO] [stdout] 4 |     opk_pk, weighted_rows,
[INFO] [stdout]   |     ^^^^^^  ^^^^^^^^^^^^^ no `weighted_rows` in `test_support`
[INFO] [stdout]   |     |
[INFO] [stdout]   |     no `opk_pk` in `test_support`
[INFO] [stdout] 
[INFO] [stdout] 
[INFO] [stdout] error[E0432]: unresolved import `crate::test_support::make_schema_u64_i64`
[INFO] [stdout]  --> src/runtime/protocol/benches/mesh.rs:4:5
[INFO] [stdout]   |
[INFO] [stdout] 4 | use crate::test_support::make_schema_u64_i64;
[INFO] [stdout]   |     ^^^^^^^^^^^^^^^^^^^^^-------------------
[INFO] [stdout]   |                          |
[INFO] [stdout]   |                          no `make_schema_u64_i64` in `test_support`
[INFO] [stdout] 
[INFO] [stdout] 
[INFO] [stdout] error[E0432]: unresolved imports `crate::test_support::make_batch`, `crate::test_support::make_schema_u64_i64`
[INFO] [stdout]  --> src/runtime/protocol/sal/tests/request.rs:6:27
[INFO] [stdout]   |
[INFO] [stdout] 6 | use crate::test_support::{make_batch, make_schema_u64_i64};
[INFO] [stdout]   |                           ^^^^^^^^^^  ^^^^^^^^^^^^^^^^^^^ no `make_schema_u64_i64` in `test_support`
[INFO] [stdout]   |                           |
[INFO] [stdout]   |                           no `make_batch` in `test_support`
[INFO] [stdout] 
[INFO] [stdout] 
[INFO] [stdout] error[E0432]: unresolved imports `crate::test_support::make_batch`, `crate::test_support::make_schema_u64_i64`, `crate::test_support::sweep_bit_flips`
[INFO] [stdout]  --> src/runtime/protocol/sal/tests/zone.rs:4:27
[INFO] [stdout]   |
[INFO] [stdout] 4 | use crate::test_support::{make_batch, make_schema_u64_i64, sweep_bit_flips};
[INFO] [stdout]   |                           ^^^^^^^^^^  ^^^^^^^^^^^^^^^^^^^  ^^^^^^^^^^^^^^^ no `sweep_bit_flips` in `test_support`
[INFO] [stdout]   |                           |           |
[INFO] [stdout]   |                           |           no `make_schema_u64_i64` in `test_support`
[INFO] [stdout]   |                           no `make_batch` in `test_support`
[INFO] [stdout] 
[INFO] [stdout] 
[INFO] [stdout] error[E0432]: unresolved imports `crate::test_support::make_batch`, `crate::test_support::make_batch_raw`, `crate::test_support::make_schema_u64_i64`, `crate::test_support::make_string_batch`, `crate::test_support::sweep_bit_flips`, `crate::test_support::weighted_rows`
[INFO] [stdout]   --> src/runtime/protocol/sal/tests/sal.rs:12:5
[INFO] [stdout]    |
[INFO] [stdout] 12 |     make_batch, make_batch_raw, make_schema_u64_i64, make_string_batch, sweep_bit_flips, weighted_rows,
[INFO] [stdout]    |     ^^^^^^^^^^  ^^^^^^^^^^^^^^  ^^^^^^^^^^^^^^^^^^^  ^^^^^^^^^^^^^^^^^  ^^^^^^^^^^^^^^^  ^^^^^^^^^^^^^ no `weighted_rows` in `test_support`
[INFO] [stdout]    |     |           |               |                    |                  |
[INFO] [stdout]    |     |           |               |                    |                  no `sweep_bit_flips` in `test_support`
[INFO] [stdout]    |     |           |               |                    no `make_string_batch` in `test_support`
[INFO] [stdout]    |     |           |               no `make_schema_u64_i64` in `test_support`
[INFO] [stdout]    |     |           no `make_batch_raw` in `test_support`
[INFO] [stdout]    |     no `make_batch` in `test_support`
[INFO] [stdout] 
[INFO] [stdout] 
[INFO] [stdout] error[E0432]: unresolved imports `crate::test_support::encode_to_wire_vec`, `crate::test_support::make_batch`, `crate::test_support::make_schema_u64_i64`, `crate::test_support::weighted_rows`
[INFO] [stdout]  --> src/runtime/protocol/tests/wire.rs:2:27
[INFO] [stdout]   |
[INFO] [stdout] 2 | use crate::test_support::{encode_to_wire_vec, make_batch, make_schema_u64_i64, weighted_rows};
[INFO] [stdout]   |                           ^^^^^^^^^^^^^^^^^^  ^^^^^^^^^^  ^^^^^^^^^^^^^^^^^^^  ^^^^^^^^^^^^^ no `weighted_rows` in `test_support`
[INFO] [stdout]   |                           |                   |           |
[INFO] [stdout]   |                           |                   |           no `make_schema_u64_i64` in `test_support`
[INFO] [stdout]   |                           |                   no `make_batch` in `test_support`
[INFO] [stdout]   |                           no `encode_to_wire_vec` in `test_support`
[INFO] [stdout] 
[INFO] [stdout] 
[INFO] [stdout] error[E0432]: unresolved imports `crate::test_support::assert_ladder`, `crate::test_support::rung_files`
[INFO] [stdout]   --> src/tests/rungs.rs:11:27
[INFO] [stdout]    |
[INFO] [stdout] 11 | use crate::test_support::{assert_ladder, rung_files};
[INFO] [stdout]    |                           ^^^^^^^^^^^^^  ^^^^^^^^^^ no `rung_files` in `test_support`
[INFO] [stdout]    |                           |
[INFO] [stdout]    |                           no `assert_ladder` in `test_support`
[INFO] [stdout] 
[INFO] [stdout] 
[INFO] [stdout] error[E0432]: unresolved import `crate::test_support::make_batch`
[INFO] [stdout]     --> src/catalog/suites/ddl_tests.rs:1105:9
[INFO] [stdout]      |
[INFO] [stdout] 1105 |     use crate::test_support::make_batch;
[INFO] [stdout]      |         ^^^^^^^^^^^^^^^^^^^^^----------
[INFO] [stdout]      |                              |
[INFO] [stdout]      |                              no `make_batch` in `test_support`
[INFO] [stdout] 
[INFO] [stdout] 
[INFO] [stdout] error[E0432]: unresolved import `crate::test_support::self_typed_slots`
[INFO] [stdout]    --> src/query/compiler/tests/emit.rs:381:43
[INFO] [stdout]     |
[INFO] [stdout] 381 |     use crate::test_support::{scan_keyed, self_typed_slots};
[INFO] [stdout]     |                                           ^^^^^^^^^^^^^^^^ no `self_typed_slots` in `test_support`
[INFO] [stdout] 
[INFO] [stdout] 
[INFO] [stdout] error[E0432]: unresolved import `crate::test_support::self_typed_slots`
[INFO] [stdout]    --> src/query/compiler/tests/emit.rs:402:43
[INFO] [stdout]     |
[INFO] [stdout] 402 |     use crate::test_support::{scan_keyed, self_typed_slots};
[INFO] [stdout]     |                                           ^^^^^^^^^^^^^^^^ no `self_typed_slots` in `test_support`
[INFO] [stdout] 
[INFO] [stdout] 
[INFO] [stdout] error[E0432]: unresolved import `crate::test_support::make_batch_raw`
[INFO] [stdout]   --> src/runtime/orchestration/master/tests/preflight.rs:52:48
[INFO] [stdout]    |
[INFO] [stdout] 52 |     use crate::test_support::{col_def, fk_def, make_batch_raw};
[INFO] [stdout]    |                                                ^^^^^^^^^^^^^^ no `make_batch_raw` in `test_support`
[INFO] [stdout] 
[INFO] [stdout] 
[INFO] [stdout] error[E0308]: mismatched types
[INFO] [stdout]   --> src/runtime/orchestration/master/tests/scatter.rs:70:40
[INFO] [stdout]    |
[INFO] [stdout] 70 |                 &[(1, 1, b"a"), (2, 3, b"twelve bytes"), (3, 1, b"")],
[INFO] [stdout]    |                                        ^^^^^^^^^^^^^^^ expected an array with a size of 1, found one with a size of 12
[INFO] [stdout] 
[INFO] [stdout] 
[INFO] [stdout] error[E0308]: mismatched types
[INFO] [stdout]   --> src/runtime/orchestration/master/tests/scatter.rs:70:65
[INFO] [stdout]    |
[INFO] [stdout] 70 |                 &[(1, 1, b"a"), (2, 3, b"twelve bytes"), (3, 1, b"")],
[INFO] [stdout]    |                                                                 ^^^ expected an array with a size of 1, found one with a size of 0
[INFO] [stdout] 
[INFO] [stdout] 
[INFO] [stdout] error[E0308]: mismatched types
[INFO] [stdout]    --> src/runtime/orchestration/worker/tests/worker.rs:559:50
[INFO] [stdout]     |
[INFO] [stdout] 559 |         &[(1, 1, b"a long enough value"), (2, 1, b"another long value")],
[INFO] [stdout]     |                                                  ^^^^^^^^^^^^^^^^^^^^^ expected an array with a size of 19, found one with a size of 18
[INFO] [stdout] 
[INFO] [stdout] 
[INFO] [stdout] warning: unused import: `std::io::Write`
[INFO] [stdout]   --> src/runtime/tls/tests/tls.rs:11:5
[INFO] [stdout]    |
[INFO] [stdout] 11 | use std::io::Write as _;
[INFO] [stdout]    |     ^^^^^^^^^^^^^^
[INFO] [stdout]    |
[INFO] [stdout]    = note: `-D unused-imports` implied by `-D warnings`
[INFO] [stdout]    = help: to override `-D warnings` add `#[allow(unused_imports)]`
[INFO] [stdout]    = note: the `unused_imports` lint ignores `-D warnings`
[INFO] [stdout] 
[INFO] [stdout] 
[INFO] [stdout] Some errors have detailed explanations: E0308, E0432.
[INFO] [stdout] 
[INFO] [stdout] For more information about an error, try `rustc --explain E0308`.
[INFO] [stdout] 
[INFO] [stderr] error: could not compile `gnitz` (bin "gnitz-server" test) due to 40 previous errors; 1 warning emitted
[INFO] running `Command { std: "docker" "inspect" "6bab2e5b59969f7ae0c2b6da144b19b17b0c4ea353adfd54a7084b3f0774be06", kill_on_drop: false }`
[INFO] running `Command { std: "docker" "rm" "-f" "6bab2e5b59969f7ae0c2b6da144b19b17b0c4ea353adfd54a7084b3f0774be06", kill_on_drop: false }`
[INFO] [stdout] 6bab2e5b59969f7ae0c2b6da144b19b17b0c4ea353adfd54a7084b3f0774be06
