[INFO] fetching crate gnitz-store 0.1.8...
[INFO] testing gnitz-store-0.1.8 against 1.100.0-beta.1+cargoflags=--release for beta-release-1.100-2
[INFO] extracting crate gnitz-store 0.1.8 into /workspace/builds/worker-3-tc2/source
[INFO] started tweaking crates.io crate gnitz-store 0.1.8
[INFO] finished tweaking crates.io crate gnitz-store 0.1.8
[INFO] tweaked toml for crates.io crate gnitz-store 0.1.8 written to /workspace/builds/worker-3-tc2/source/Cargo.toml
[INFO] validating manifest of crates.io crate gnitz-store 0.1.8 on toolchain 1.100.0-beta.1
[INFO] running `Command { std: CARGO_HOME="/workspace/cargo-home" RUSTUP_HOME="/workspace/rustup-home" "/workspace/cargo-home/bin/cargo" "+1.100.0-beta.1" "metadata" "--manifest-path" "Cargo.toml" "--no-deps", kill_on_drop: false }`
[INFO] crate crates.io crate gnitz-store 0.1.8 already has a lockfile, it will not be regenerated
[INFO] running `Command { std: CARGO_HOME="/workspace/cargo-home" RUSTUP_HOME="/workspace/rustup-home" "/workspace/cargo-home/bin/cargo" "+1.100.0-beta.1" "fetch" "--manifest-path" "Cargo.toml", kill_on_drop: false }`
[INFO] running `Command { std: "docker" "create" "-v" "/var/lib/crater-agent-workspace/builds/worker-3-tc2/source:/opt/rustwide/workdir:ro,Z" "-v" "/var/lib/crater-agent-workspace/builds/worker-3-tc2/target:/opt/rustwide/target:rw,Z" "-v" "/var/lib/crater-agent-workspace/cargo-home:/opt/rustwide/cargo-home:ro,Z" "-v" "/var/lib/crater-agent-workspace/rustup-home:/opt/rustwide/rustup-home:ro,Z" "-m" "1610612736" "--network" "none" "ghcr.io/rust-lang/crates-build-env/linux@sha256:77db811e55d90add9212f6832c23229e3de5f1c1f9905e8cb07319ea15df73ac" "sleep" "infinity", kill_on_drop: false }`
[INFO] [stdout] 5336cf0832139cadea6cb4abee9821719f036f38865cca251d90f213fa6a5b9c
[INFO] running `Command { std: "docker" "start" "5336cf0832139cadea6cb4abee9821719f036f38865cca251d90f213fa6a5b9c", kill_on_drop: false }`
[INFO] running `Command { std: "docker" "inspect" "5336cf0832139cadea6cb4abee9821719f036f38865cca251d90f213fa6a5b9c", kill_on_drop: false }`
[INFO] running `Command { std: "docker" "exec" "-e" "SOURCE_DIR=/opt/rustwide/workdir" "-e" "CARGO_HOME=/opt/rustwide/cargo-home" "-e" "RUSTUP_HOME=/opt/rustwide/rustup-home" "-e" "CARGO_TARGET_DIR=/opt/rustwide/target" "-w" "/opt/rustwide/workdir" "--user" "0:0" "5336cf0832139cadea6cb4abee9821719f036f38865cca251d90f213fa6a5b9c" "/opt/rustwide/cargo-home/bin/cargo" "+1.100.0-beta.1" "metadata" "--no-deps" "--format-version=1", kill_on_drop: false }`
[INFO] running `Command { std: "docker" "inspect" "5336cf0832139cadea6cb4abee9821719f036f38865cca251d90f213fa6a5b9c", kill_on_drop: false }`
[INFO] running `Command { std: "docker" "exec" "-e" "SOURCE_DIR=/opt/rustwide/workdir" "-e" "CARGO_HOME=/opt/rustwide/cargo-home" "-e" "RUSTUP_HOME=/opt/rustwide/rustup-home" "-e" "CARGO_TARGET_DIR=/opt/rustwide/target" "-e" "CARGO_INCREMENTAL=0" "-e" "RUST_BACKTRACE=full" "-e" "RUSTFLAGS=--cap-lints=warn" "-e" "RUSTDOCFLAGS=--cap-lints=warn" "-w" "/opt/rustwide/workdir" "--user" "0:0" "5336cf0832139cadea6cb4abee9821719f036f38865cca251d90f213fa6a5b9c" "/opt/rustwide/cargo-home/bin/cargo" "+1.100.0-beta.1" "build" "--frozen" "--message-format=json" "--release", kill_on_drop: false }`
[INFO] [stderr]    Compiling xxhash-rust v0.8.15
[INFO] [stderr]    Compiling fearless_simd v1.0.0
[INFO] [stderr]    Compiling io-uring v0.7.12
[INFO] [stderr]    Compiling xorf v0.13.0
[INFO] [stderr]    Compiling gnitz-foundation v0.1.8
[INFO] [stderr]    Compiling simdutf8 v0.1.5
[INFO] [stderr]    Compiling rustc-hash v2.1.2
[INFO] [stderr]    Compiling gnitz-wire v0.1.8
[INFO] [stderr]    Compiling gnitz-expr v0.1.8
[INFO] [stderr]    Compiling gnitz-zset v0.1.8
[INFO] [stderr]    Compiling gnitz-store v0.1.8 (/opt/rustwide/workdir)
[INFO] [stderr]     Finished `release` profile [optimized] target(s) in 55.82s
[INFO] running `Command { std: "docker" "inspect" "5336cf0832139cadea6cb4abee9821719f036f38865cca251d90f213fa6a5b9c", kill_on_drop: false }`
[INFO] running `Command { std: "docker" "exec" "-e" "SOURCE_DIR=/opt/rustwide/workdir" "-e" "CARGO_HOME=/opt/rustwide/cargo-home" "-e" "RUSTUP_HOME=/opt/rustwide/rustup-home" "-e" "CARGO_TARGET_DIR=/opt/rustwide/target" "-e" "CARGO_INCREMENTAL=0" "-e" "RUST_BACKTRACE=full" "-e" "RUSTFLAGS=--cap-lints=warn" "-e" "RUSTDOCFLAGS=--cap-lints=warn" "-w" "/opt/rustwide/workdir" "--user" "0:0" "5336cf0832139cadea6cb4abee9821719f036f38865cca251d90f213fa6a5b9c" "/opt/rustwide/cargo-home/bin/cargo" "+1.100.0-beta.1" "test" "--frozen" "--no-run" "--message-format=json" "--release", kill_on_drop: false }`
[INFO] [stderr]    Compiling getrandom v0.4.2
[INFO] [stderr]    Compiling io-uring v0.7.12
[INFO] [stderr]    Compiling ppv-lite86 v0.2.21
[INFO] [stderr]    Compiling tempfile v3.27.0
[INFO] [stderr]    Compiling rusty-fork v0.3.1
[INFO] [stderr]    Compiling rand_chacha v0.9.0
[INFO] [stderr]    Compiling proptest v1.11.0
[INFO] [stderr]    Compiling gnitz-store v0.1.8 (/opt/rustwide/workdir)
[INFO] [stdout] error[E0432]: unresolved import `gnitz_zset_testkit`
[INFO] [stdout]  --> src/test_support/mod.rs:7:9
[INFO] [stdout]   |
[INFO] [stdout] 7 | pub use gnitz_zset_testkit::*;
[INFO] [stdout]   |         ^^^^^^^^^^^^^^^^^^ use of unresolved module or unlinked crate `gnitz_zset_testkit`
[INFO] [stdout]   |
[INFO] [stdout]   = help: if you wanted to use a crate named `gnitz_zset_testkit`, use `cargo add gnitz_zset_testkit` to add it to your `Cargo.toml`
[INFO] [stdout] 
[INFO] [stdout] 
[INFO] [stdout] error[E0432]: unresolved import `gnitz_zset_testkit`
[INFO] [stdout]   --> src/read/tests/delta_read.rs:15:5
[INFO] [stdout]    |
[INFO] [stdout] 15 | use gnitz_zset_testkit::{zset_of, RowKey};
[INFO] [stdout]    |     ^^^^^^^^^^^^^^^^^^ use of unresolved module or unlinked crate `gnitz_zset_testkit`
[INFO] [stdout]    |
[INFO] [stdout]    = help: if you wanted to use a crate named `gnitz_zset_testkit`, use `cargo add gnitz_zset_testkit` to add it to your `Cargo.toml`
[INFO] [stdout] 
[INFO] [stdout] 
[INFO] [stdout] error[E0432]: unresolved import `gnitz_zset_testkit`
[INFO] [stdout]   --> src/relation/tests/feed.rs:61:9
[INFO] [stdout]    |
[INFO] [stdout] 61 |     use gnitz_zset_testkit::Rng;
[INFO] [stdout]    |         ^^^^^^^^^^^^^^^^^^ use of unresolved module or unlinked crate `gnitz_zset_testkit`
[INFO] [stdout]    |
[INFO] [stdout]    = help: if you wanted to use a crate named `gnitz_zset_testkit`, use `cargo add gnitz_zset_testkit` to add it to your `Cargo.toml`
[INFO] [stdout] 
[INFO] [stdout] 
[INFO] [stdout] error[E0432]: unresolved imports `crate::test_support::make_batch_raw`, `crate::test_support::make_schema_u64_i64`, `crate::test_support::payload0_i64`, `crate::test_support::Rng`
[INFO] [stdout]  --> src/read/tests/delta_read.rs:7:29
[INFO] [stdout]   |
[INFO] [stdout] 7 |     between, fed_view, img, make_batch_raw, make_schema_u64_i64, map_of, payload0_i64, relation_fixture,
[INFO] [stdout]   |                             ^^^^^^^^^^^^^^  ^^^^^^^^^^^^^^^^^^^          ^^^^^^^^^^^^ no `payload0_i64` in `test_support`
[INFO] [stdout]   |                             |               |
[INFO] [stdout]   |                             |               no `make_schema_u64_i64` in `test_support`
[INFO] [stdout]   |                             no `make_batch_raw` in `test_support`
[INFO] [stdout] 8 |     relation_fixture_with, RelationFixture, Rng, TID,
[INFO] [stdout]   |                                             ^^^ no `Rng` in `test_support`
[INFO] [stdout] 
[INFO] [stdout] 
[INFO] [stdout] error[E0432]: unresolved import `crate::test_support::cmp_const`
[INFO] [stdout]  --> src/read/benches/delta_read.rs:7:27
[INFO] [stdout]   |
[INFO] [stdout] 7 | use crate::test_support::{cmp_const, fed_view, map_of, relation_fixture, RelationFixture, TID};
[INFO] [stdout]   |                           ^^^^^^^^^ no `cmp_const` in `test_support`
[INFO] [stdout] 
[INFO] [stdout] 
[INFO] [stdout] error[E0432]: unresolved imports `crate::test_support::make_batch_raw`, `crate::test_support::make_schema_u64_i64`, `crate::test_support::opk_pk`, `crate::test_support::payload0_i64`, `crate::test_support::Rng`
[INFO] [stdout]  --> src/read/tests/scan_spec.rs:4:24
[INFO] [stdout]   |
[INFO] [stdout] 4 |     between, cut, img, make_batch_raw, make_schema_u64_i64, map_of, opk_pk, payload0_i64, relation_fixture, rows_spec,
[INFO] [stdout]   |                        ^^^^^^^^^^^^^^  ^^^^^^^^^^^^^^^^^^^          ^^^^^^  ^^^^^^^^^^^^ no `payload0_i64` in `test_support`
[INFO] [stdout]   |                        |               |                            |
[INFO] [stdout]   |                        |               |                            no `opk_pk` in `test_support`
[INFO] [stdout]   |                        |               no `make_schema_u64_i64` in `test_support`
[INFO] [stdout]   |                        no `make_batch_raw` in `test_support`
[INFO] [stdout] 5 |     RelationFixture, Rng, TID,
[INFO] [stdout]   |                      ^^^ no `Rng` in `test_support`
[INFO] [stdout] 
[INFO] [stdout] 
[INFO] [stdout] error[E0432]: unresolved import `crate::test_support::cmp_const`
[INFO] [stdout]   --> src/read/benches/scan_spec.rs:12:27
[INFO] [stdout]    |
[INFO] [stdout] 12 | use crate::test_support::{cmp_const, cut, img, map_of, relation_fixture, rows_spec, RelationFixture, TID};
[INFO] [stdout]    |                           ^^^^^^^^^ no `cmp_const` in `test_support`
[INFO] [stdout] 
[INFO] [stdout] 
[INFO] [stdout] error[E0432]: unresolved imports `crate::test_support::make_batch_raw`, `crate::test_support::make_schema_u64_i64`, `crate::test_support::opk_pk`, `crate::test_support::payload0_i64`, `crate::test_support::pk_only_schema`
[INFO] [stdout]  --> src/read/tests/store_io.rs:4:10
[INFO] [stdout]   |
[INFO] [stdout] 4 |     img, make_batch_raw, make_schema_u64_i64, opk_pk, payload0_i64, pk_only_schema, relation_fixture, RelationFixture,
[INFO] [stdout]   |          ^^^^^^^^^^^^^^  ^^^^^^^^^^^^^^^^^^^  ^^^^^^  ^^^^^^^^^^^^  ^^^^^^^^^^^^^^ no `pk_only_schema` in `test_support`
[INFO] [stdout]   |          |               |                    |       |
[INFO] [stdout]   |          |               |                    |       no `payload0_i64` in `test_support`
[INFO] [stdout]   |          |               |                    no `opk_pk` in `test_support`
[INFO] [stdout]   |          |               no `make_schema_u64_i64` in `test_support`
[INFO] [stdout]   |          no `make_batch_raw` in `test_support`
[INFO] [stdout] 
[INFO] [stdout] 
[INFO] [stdout] error[E0432]: unresolved imports `crate::test_support::make_batch_raw`, `crate::test_support::make_schema_u64_i64`, `crate::test_support::pk_only_schema`
[INFO] [stdout]   --> src/read/benches/store_io.rs:10:5
[INFO] [stdout]    |
[INFO] [stdout] 10 |     make_batch_raw, make_schema_u64_i64, pk_only_schema, relation_fixture, RelationFixture, TID,
[INFO] [stdout]    |     ^^^^^^^^^^^^^^  ^^^^^^^^^^^^^^^^^^^  ^^^^^^^^^^^^^^ no `pk_only_schema` in `test_support`
[INFO] [stdout]    |     |               |
[INFO] [stdout]    |     |               no `make_schema_u64_i64` in `test_support`
[INFO] [stdout]    |     no `make_batch_raw` in `test_support`
[INFO] [stdout] 
[INFO] [stdout] 
[INFO] [stdout] error[E0432]: unresolved import `crate::test_support::make_schema_u64_i64`
[INFO] [stdout]  --> src/relation/tests/dirs.rs:3:27
[INFO] [stdout]   |
[INFO] [stdout] 3 | use crate::test_support::{make_schema_u64_i64, scratch_table};
[INFO] [stdout]   |                           ^^^^^^^^^^^^^^^^^^^ no `make_schema_u64_i64` in `test_support`
[INFO] [stdout] 
[INFO] [stdout] 
[INFO] [stdout] error[E0432]: unresolved imports `crate::test_support::make_batch`, `crate::test_support::make_schema_u64_i64`
[INFO] [stdout]  --> src/relation/tests/disk_usage.rs:4:27
[INFO] [stdout]   |
[INFO] [stdout] 4 | use crate::test_support::{make_batch, make_schema_u64_i64, scratch_table};
[INFO] [stdout]   |                           ^^^^^^^^^^  ^^^^^^^^^^^^^^^^^^^ no `make_schema_u64_i64` in `test_support`
[INFO] [stdout]   |                           |
[INFO] [stdout]   |                           no `make_batch` in `test_support`
[INFO] [stdout] 
[INFO] [stdout] 
[INFO] [stdout] error[E0432]: unresolved imports `crate::test_support::make_batch_raw`, `crate::test_support::make_schema_u64_i64`
[INFO] [stdout]  --> src/relation/tests/feed.rs:2:27
[INFO] [stdout]   |
[INFO] [stdout] 2 | use crate::test_support::{make_batch_raw, make_schema_u64_i64};
[INFO] [stdout]   |                           ^^^^^^^^^^^^^^  ^^^^^^^^^^^^^^^^^^^ no `make_schema_u64_i64` in `test_support`
[INFO] [stdout]   |                           |
[INFO] [stdout]   |                           no `make_batch_raw` in `test_support`
[INFO] [stdout] 
[INFO] [stdout] 
[INFO] [stdout] error[E0432]: unresolved imports `crate::test_support::make_batch_raw`, `crate::test_support::make_schema_u64_i64`, `crate::test_support::zset_of`
[INFO] [stdout]  --> src/relation/tests/repartition.rs:6:27
[INFO] [stdout]   |
[INFO] [stdout] 6 | use crate::test_support::{make_batch_raw, make_schema_u64_i64, new_table, zset_of};
[INFO] [stdout]   |                           ^^^^^^^^^^^^^^  ^^^^^^^^^^^^^^^^^^^             ^^^^^^^ no `zset_of` in `test_support`
[INFO] [stdout]   |                           |               |
[INFO] [stdout]   |                           |               no `make_schema_u64_i64` in `test_support`
[INFO] [stdout]   |                           no `make_batch_raw` in `test_support`
[INFO] [stdout] 
[INFO] [stdout] 
[INFO] [stdout] error[E0432]: unresolved imports `crate::test_support::make_batch_bytes`, `crate::test_support::make_batch_opk`, `crate::test_support::make_schema_pk_u64_payload_string`, `crate::test_support::opk_pk`, `crate::test_support::payload0_i64`, `crate::test_support::pk_payload_schema`, `crate::test_support::zset_of`
[INFO] [stdout]  --> src/relation/tests/unique_pk.rs:3:5
[INFO] [stdout]   |
[INFO] [stdout] 3 |     make_batch_bytes, make_batch_opk, make_schema_pk_u64_payload_string, opk_pk, payload0_i64, pk_payload_schema,
[INFO] [stdout]   |     ^^^^^^^^^^^^^^^^  ^^^^^^^^^^^^^^  ^^^^^^^^^^^^^^^^^^^^^^^^^^^^^^^^^  ^^^^^^  ^^^^^^^^^^^^  ^^^^^^^^^^^^^^^^^ no `pk_payload_schema` in `test_support`
[INFO] [stdout]   |     |                 |               |                                  |       |
[INFO] [stdout]   |     |                 |               |                                  |       no `payload0_i64` in `test_support`
[INFO] [stdout]   |     |                 |               |                                  no `opk_pk` in `test_support`
[INFO] [stdout]   |     |                 |               no `make_schema_pk_u64_payload_string` in `test_support`
[INFO] [stdout]   |     |                 no `make_batch_opk` in `test_support`
[INFO] [stdout]   |     no `make_batch_bytes` in `test_support`
[INFO] [stdout] 4 |     scratch_table, zset_of,
[INFO] [stdout]   |                    ^^^^^^^ no `zset_of` in `test_support`
[INFO] [stdout] 
[INFO] [stdout] 
[INFO] [stdout] error[E0432]: unresolved imports `crate::test_support::make_schema_pk_u64_payload_string`, `crate::test_support::make_schema_u64_i64`
[INFO] [stdout]   --> src/relation/benches/unique_pk.rs:10:27
[INFO] [stdout]    |
[INFO] [stdout] 10 | use crate::test_support::{make_schema_pk_u64_payload_string, make_schema_u64_i64, new_table};
[INFO] [stdout]    |                           ^^^^^^^^^^^^^^^^^^^^^^^^^^^^^^^^^  ^^^^^^^^^^^^^^^^^^^ no `make_schema_u64_i64` in `test_support`
[INFO] [stdout]    |                           |
[INFO] [stdout]    |                           no `make_schema_pk_u64_payload_string` in `test_support`
[INFO] [stdout] 
[INFO] [stdout] 
[INFO] [stdout] error[E0432]: unresolved imports `crate::test_support::make_batch_raw`, `crate::test_support::make_schema_u64_i64`, `crate::test_support::pk_only_schema`, `crate::test_support::pk_u64_two_i64_schema`, `crate::test_support::zset_of`
[INFO] [stdout]  --> src/relation/tests/relation.rs:4:30
[INFO] [stdout]   |
[INFO] [stdout] 4 |     flip_last_byte_in_place, make_batch_raw, make_schema_u64_i64, pk_only_schema, pk_u64_two_i64_schema, zset_of,
[INFO] [stdout]   |                              ^^^^^^^^^^^^^^  ^^^^^^^^^^^^^^^^^^^  ^^^^^^^^^^^^^^  ^^^^^^^^^^^^^^^^^^^^^  ^^^^^^^ no `zset_of` in `test_support`
[INFO] [stdout]   |                              |               |                    |               |
[INFO] [stdout]   |                              |               |                    |               no `pk_u64_two_i64_schema` in `test_support`
[INFO] [stdout]   |                              |               |                    no `pk_only_schema` in `test_support`
[INFO] [stdout]   |                              |               no `make_schema_u64_i64` in `test_support`
[INFO] [stdout]   |                              no `make_batch_raw` in `test_support`
[INFO] [stdout] 
[INFO] [stdout] 
[INFO] [stdout] error[E0432]: unresolved import `crate::test_support::sweep_bit_flips`
[INFO] [stdout]  --> src/storage/tests/manifest.rs:2:5
[INFO] [stdout]   |
[INFO] [stdout] 2 | use crate::test_support::sweep_bit_flips;
[INFO] [stdout]   |     ^^^^^^^^^^^^^^^^^^^^^---------------
[INFO] [stdout]   |                          |
[INFO] [stdout]   |                          no `sweep_bit_flips` in `test_support`
[INFO] [stdout] 
[INFO] [stdout] 
[INFO] [stdout] error[E0432]: unresolved imports `crate::test_support::arb_fold_case`, `crate::test_support::fold_batch`, `crate::test_support::fold_schemas`, `crate::test_support::zset_of`, `crate::test_support::zset_sum`
[INFO] [stdout]  --> src/storage/tests/run_set.rs:2:27
[INFO] [stdout]   |
[INFO] [stdout] 2 | use crate::test_support::{arb_fold_case, fold_batch, fold_schemas, zset_of, zset_sum};
[INFO] [stdout]   |                           ^^^^^^^^^^^^^  ^^^^^^^^^^  ^^^^^^^^^^^^  ^^^^^^^  ^^^^^^^^ no `zset_sum` in `test_support`
[INFO] [stdout]   |                           |              |           |             |
[INFO] [stdout]   |                           |              |           |             no `zset_of` in `test_support`
[INFO] [stdout]   |                           |              |           no `fold_schemas` in `test_support`
[INFO] [stdout]   |                           |              no `fold_batch` in `test_support`
[INFO] [stdout]   |                           no `arb_fold_case` in `test_support`
[INFO] [stdout] 
[INFO] [stdout] 
[INFO] [stdout] error[E0432]: unresolved imports `crate::test_support::make_schema_pk_u64_payload_string`, `crate::test_support::make_schema_u64_i64`
[INFO] [stdout]  --> src/storage/benches/run_set.rs:3:27
[INFO] [stdout]   |
[INFO] [stdout] 3 | use crate::test_support::{make_schema_pk_u64_payload_string, make_schema_u64_i64};
[INFO] [stdout]   |                           ^^^^^^^^^^^^^^^^^^^^^^^^^^^^^^^^^  ^^^^^^^^^^^^^^^^^^^ no `make_schema_u64_i64` in `test_support`
[INFO] [stdout]   |                           |
[INFO] [stdout]   |                           no `make_schema_pk_u64_payload_string` in `test_support`
[INFO] [stdout] 
[INFO] [stdout] 
[INFO] [stdout] error[E0432]: unresolved imports `crate::test_support::make_batch_opk`, `crate::test_support::make_batch_raw`, `crate::test_support::make_schema_pk_u64_payload_string`, `crate::test_support::make_schema_u64_i64`, `crate::test_support::pk_payload_schema`
[INFO] [stdout]  --> src/storage/shard_index/tests/index.rs:5:5
[INFO] [stdout]   |
[INFO] [stdout] 5 |     make_batch_opk, make_batch_raw, make_schema_pk_u64_payload_string, make_schema_u64_i64, pk_payload_schema,
[INFO] [stdout]   |     ^^^^^^^^^^^^^^  ^^^^^^^^^^^^^^  ^^^^^^^^^^^^^^^^^^^^^^^^^^^^^^^^^  ^^^^^^^^^^^^^^^^^^^  ^^^^^^^^^^^^^^^^^ no `pk_payload_schema` in `test_support`
[INFO] [stdout]   |     |               |               |                                  |
[INFO] [stdout]   |     |               |               |                                  no `make_schema_u64_i64` in `test_support`
[INFO] [stdout]   |     |               |               no `make_schema_pk_u64_payload_string` in `test_support`
[INFO] [stdout]   |     |               no `make_batch_raw` in `test_support`
[INFO] [stdout]   |     no `make_batch_opk` in `test_support`
[INFO] [stdout] 
[INFO] [stdout] 
[INFO] [stdout] error[E0432]: unresolved imports `crate::test_support::make_batch_raw`, `crate::test_support::make_schema_u64_i64`, `crate::test_support::Rng`
[INFO] [stdout]  --> src/storage/shard_index/benches/index.rs:7:27
[INFO] [stdout]   |
[INFO] [stdout] 7 | use crate::test_support::{make_batch_raw, make_schema_u64_i64, Rng};
[INFO] [stdout]   |                           ^^^^^^^^^^^^^^  ^^^^^^^^^^^^^^^^^^^  ^^^ no `Rng` in `test_support`
[INFO] [stdout]   |                           |               |
[INFO] [stdout]   |                           |               no `make_schema_u64_i64` in `test_support`
[INFO] [stdout]   |                           no `make_batch_raw` in `test_support`
[INFO] [stdout] 
[INFO] [stdout] 
[INFO] [stdout] error[E0432]: unresolved imports `crate::test_support::arb_fold_case`, `crate::test_support::fold_batch`, `crate::test_support::fold_schemas`, `crate::test_support::make_batch_raw`, `crate::test_support::make_schema_u64_i64`, `crate::test_support::row_key`, `crate::test_support::zset_of`, `crate::test_support::zset_sum`, `crate::test_support::FoldRow`, `crate::test_support::RowKey`
[INFO] [stdout]   --> src/storage/table/tests/table.rs:11:5
[INFO] [stdout]    |
[INFO] [stdout] 11 |     arb_fold_case, fold_batch, fold_schemas, make_batch_raw, make_schema_u64_i64, new_table, row_key, zset_of,
[INFO] [stdout]    |     ^^^^^^^^^^^^^  ^^^^^^^^^^  ^^^^^^^^^^^^  ^^^^^^^^^^^^^^  ^^^^^^^^^^^^^^^^^^^             ^^^^^^^  ^^^^^^^ no `zset_of` in `test_support`
[INFO] [stdout]    |     |              |           |             |               |                               |
[INFO] [stdout]    |     |              |           |             |               |                               no `row_key` in `test_support`
[INFO] [stdout]    |     |              |           |             |               no `make_schema_u64_i64` in `test_support`
[INFO] [stdout]    |     |              |           |             no `make_batch_raw` in `test_support`
[INFO] [stdout]    |     |              |           no `fold_schemas` in `test_support`
[INFO] [stdout]    |     |              no `fold_batch` in `test_support`
[INFO] [stdout]    |     no `arb_fold_case` in `test_support`
[INFO] [stdout] 12 |     zset_sum, FoldRow, RowKey,
[INFO] [stdout]    |     ^^^^^^^^  ^^^^^^^  ^^^^^^ no `RowKey` in `test_support`
[INFO] [stdout]    |     |         |
[INFO] [stdout]    |     |         no `FoldRow` in `test_support`
[INFO] [stdout]    |     no `zset_sum` in `test_support`
[INFO] [stdout] 
[INFO] [stdout] 
[INFO] [stdout] error[E0432]: unresolved imports `crate::test_support::make_batch`, `crate::test_support::make_batch_raw`, `crate::test_support::make_schema_u64_i64`
[INFO] [stdout]  --> src/storage/table/benches/table.rs:2:27
[INFO] [stdout]   |
[INFO] [stdout] 2 | use crate::test_support::{make_batch, make_batch_raw, make_schema_u64_i64, new_table};
[INFO] [stdout]   |                           ^^^^^^^^^^  ^^^^^^^^^^^^^^  ^^^^^^^^^^^^^^^^^^^ no `make_schema_u64_i64` in `test_support`
[INFO] [stdout]   |                           |           |
[INFO] [stdout]   |                           |           no `make_batch_raw` in `test_support`
[INFO] [stdout]   |                           no `make_batch` in `test_support`
[INFO] [stdout] 
[INFO] [stdout] 
[INFO] [stdout] error[E0432]: unresolved imports `crate::test_support::arb_schema`, `crate::test_support::row_key`, `crate::test_support::zset_of`
[INFO] [stdout]   --> src/storage/suites/data_roundtrip_proptest.rs:15:33
[INFO] [stdout]    |
[INFO] [stdout] 15 | use crate::test_support::{self, arb_schema, row_key, zset_of};
[INFO] [stdout]    |                                 ^^^^^^^^^^  ^^^^^^^  ^^^^^^^ no `zset_of` in `test_support`
[INFO] [stdout]    |                                 |           |
[INFO] [stdout]    |                                 |           no `row_key` in `test_support`
[INFO] [stdout]    |                                 no `arb_schema` in `test_support`
[INFO] [stdout] 
[INFO] [stdout] 
[INFO] [stdout] error[E0432]: unresolved imports `crate::test_support::assert_ladder`, `crate::test_support::rung_files`
[INFO] [stdout]   --> src/tests/rungs.rs:13:27
[INFO] [stdout]    |
[INFO] [stdout] 13 | use crate::test_support::{assert_ladder, rung_files};
[INFO] [stdout]    |                           ^^^^^^^^^^^^^  ^^^^^^^^^^ no `rung_files` in `test_support`
[INFO] [stdout]    |                           |
[INFO] [stdout]    |                           no `assert_ladder` in `test_support`
[INFO] [stdout] 
[INFO] [stdout] 
[INFO] [stdout] error[E0432]: unresolved imports `crate::test_support::make_batch_raw`, `crate::test_support::make_schema_u64_i64`, `crate::test_support::opk_pk`
[INFO] [stdout]   --> src/storage/tests/run_set.rs:66:31
[INFO] [stdout]    |
[INFO] [stdout] 66 |     use crate::test_support::{make_batch_raw, make_schema_u64_i64, opk_pk};
[INFO] [stdout]    |                               ^^^^^^^^^^^^^^  ^^^^^^^^^^^^^^^^^^^  ^^^^^^ no `opk_pk` in `test_support`
[INFO] [stdout]    |                               |               |
[INFO] [stdout]    |                               |               no `make_schema_u64_i64` in `test_support`
[INFO] [stdout]    |                               no `make_batch_raw` in `test_support`
[INFO] [stdout] 
[INFO] [stdout] 
[INFO] [stdout] error[E0432]: unresolved imports `crate::test_support::make_batch_raw`, `crate::test_support::make_schema_u64_i64`
[INFO] [stdout]    --> src/storage/tests/run_set.rs:211:31
[INFO] [stdout]     |
[INFO] [stdout] 211 |     use crate::test_support::{make_batch_raw, make_schema_u64_i64};
[INFO] [stdout]     |                               ^^^^^^^^^^^^^^  ^^^^^^^^^^^^^^^^^^^ no `make_schema_u64_i64` in `test_support`
[INFO] [stdout]     |                               |
[INFO] [stdout]     |                               no `make_batch_raw` in `test_support`
[INFO] [stdout] 
[INFO] [stdout] 
[INFO] [stdout] error[E0432]: unresolved import `crate::test_support::Rng`
[INFO] [stdout]     --> src/storage/shard_index/tests/index.rs:1278:9
[INFO] [stdout]      |
[INFO] [stdout] 1278 |     use crate::test_support::Rng;
[INFO] [stdout]      |         ^^^^^^^^^^^^^^^^^^^^^---
[INFO] [stdout]      |                              |
[INFO] [stdout]      |                              no `Rng` in `test_support`
[INFO] [stdout] 
[INFO] [stdout] 
[INFO] [stdout] error[E0432]: unresolved import `crate::test_support::Rng`
[INFO] [stdout]     --> src/storage/shard_index/tests/index.rs:1718:9
[INFO] [stdout]      |
[INFO] [stdout] 1718 |     use crate::test_support::Rng;
[INFO] [stdout]      |         ^^^^^^^^^^^^^^^^^^^^^---
[INFO] [stdout]      |                              |
[INFO] [stdout]      |                              no `Rng` in `test_support`
[INFO] [stdout] 
[INFO] [stdout] 
[INFO] [stdout] For more information about this error, try `rustc --explain E0432`.
[INFO] [stdout] 
[INFO] [stderr] error: could not compile `gnitz-store` (lib test) due to 29 previous errors
[INFO] running `Command { std: "docker" "inspect" "5336cf0832139cadea6cb4abee9821719f036f38865cca251d90f213fa6a5b9c", kill_on_drop: false }`
[INFO] running `Command { std: "docker" "rm" "-f" "5336cf0832139cadea6cb4abee9821719f036f38865cca251d90f213fa6a5b9c", kill_on_drop: false }`
[INFO] [stdout] 5336cf0832139cadea6cb4abee9821719f036f38865cca251d90f213fa6a5b9c
