[INFO] fetching crate gnitz-mirror 0.1.8...
[INFO] testing gnitz-mirror-0.1.8 against 1.99.0-beta.8+cargoflags=--release for beta-release-1.100-2
[INFO] extracting crate gnitz-mirror 0.1.8 into /workspace/builds/worker-6-tc1/source
[INFO] started tweaking crates.io crate gnitz-mirror 0.1.8
[INFO] removed 0 missing tests
[INFO] finished tweaking crates.io crate gnitz-mirror 0.1.8
[INFO] tweaked toml for crates.io crate gnitz-mirror 0.1.8 written to /workspace/builds/worker-6-tc1/source/Cargo.toml
[INFO] validating manifest of crates.io crate gnitz-mirror 0.1.8 on toolchain 1.99.0-beta.8
[INFO] running `Command { std: CARGO_HOME="/workspace/cargo-home" RUSTUP_HOME="/workspace/rustup-home" "/workspace/cargo-home/bin/cargo" "+1.99.0-beta.8" "metadata" "--manifest-path" "Cargo.toml" "--no-deps", kill_on_drop: false }`
[INFO] crate crates.io crate gnitz-mirror 0.1.8 already has a lockfile, it will not be regenerated
[INFO] running `Command { std: CARGO_HOME="/workspace/cargo-home" RUSTUP_HOME="/workspace/rustup-home" "/workspace/cargo-home/bin/cargo" "+1.99.0-beta.8" "fetch" "--manifest-path" "Cargo.toml", kill_on_drop: false }`
[INFO] [stderr]     Updating crates.io index
[INFO] [stderr]  Downloading crates ...
[INFO] [stderr]   Downloaded xorf v0.13.0
[INFO] [stderr]   Downloaded gnitz-foundation v0.1.8
[INFO] [stderr]   Downloaded gnitz-expr v0.1.8
[INFO] [stderr]   Downloaded gnitz-wire v0.1.8
[INFO] [stderr]   Downloaded io-uring v0.7.12
[INFO] [stderr]   Downloaded gnitz-core v0.1.8
[INFO] [stderr]   Downloaded gnitz-store v0.1.8
[INFO] [stderr]   Downloaded gnitz-zset v0.1.8
[INFO] [stderr]   Downloaded fearless_simd v1.0.0
[INFO] running `Command { std: "docker" "create" "-v" "/var/lib/crater-agent-workspace/builds/worker-6-tc1/source:/opt/rustwide/workdir:ro,Z" "-v" "/var/lib/crater-agent-workspace/builds/worker-6-tc1/target:/opt/rustwide/target:rw,Z" "-v" "/var/lib/crater-agent-workspace/cargo-home:/opt/rustwide/cargo-home:ro,Z" "-v" "/var/lib/crater-agent-workspace/rustup-home:/opt/rustwide/rustup-home:ro,Z" "-m" "1610612736" "--network" "none" "ghcr.io/rust-lang/crates-build-env/linux@sha256:77db811e55d90add9212f6832c23229e3de5f1c1f9905e8cb07319ea15df73ac" "sleep" "infinity", kill_on_drop: false }`
[INFO] [stdout] 2525eb8d06607aabc42abf4632b27731820bf22c5f740a02725f196ce656f2e1
[INFO] running `Command { std: "docker" "start" "2525eb8d06607aabc42abf4632b27731820bf22c5f740a02725f196ce656f2e1", kill_on_drop: false }`
[INFO] running `Command { std: "docker" "inspect" "2525eb8d06607aabc42abf4632b27731820bf22c5f740a02725f196ce656f2e1", kill_on_drop: false }`
[INFO] running `Command { std: "docker" "exec" "-e" "SOURCE_DIR=/opt/rustwide/workdir" "-e" "CARGO_HOME=/opt/rustwide/cargo-home" "-e" "RUSTUP_HOME=/opt/rustwide/rustup-home" "-e" "CARGO_TARGET_DIR=/opt/rustwide/target" "-w" "/opt/rustwide/workdir" "--user" "0:0" "2525eb8d06607aabc42abf4632b27731820bf22c5f740a02725f196ce656f2e1" "/opt/rustwide/cargo-home/bin/cargo" "+1.99.0-beta.8" "metadata" "--no-deps" "--format-version=1", kill_on_drop: false }`
[INFO] running `Command { std: "docker" "inspect" "2525eb8d06607aabc42abf4632b27731820bf22c5f740a02725f196ce656f2e1", kill_on_drop: false }`
[INFO] running `Command { std: "docker" "exec" "-e" "SOURCE_DIR=/opt/rustwide/workdir" "-e" "CARGO_HOME=/opt/rustwide/cargo-home" "-e" "RUSTUP_HOME=/opt/rustwide/rustup-home" "-e" "CARGO_TARGET_DIR=/opt/rustwide/target" "-e" "CARGO_INCREMENTAL=0" "-e" "RUST_BACKTRACE=full" "-e" "RUSTFLAGS=--cap-lints=warn" "-e" "RUSTDOCFLAGS=--cap-lints=warn" "-w" "/opt/rustwide/workdir" "--user" "0:0" "2525eb8d06607aabc42abf4632b27731820bf22c5f740a02725f196ce656f2e1" "/opt/rustwide/cargo-home/bin/cargo" "+1.99.0-beta.8" "build" "--frozen" "--message-format=json" "--release", kill_on_drop: false }`
[INFO] [stderr]    Compiling cc v1.2.63
[INFO] [stderr]    Compiling fearless_simd v1.0.0
[INFO] [stderr]    Compiling gnitz-wire v0.1.8
[INFO] [stderr]    Compiling gnitz-foundation v0.1.8
[INFO] [stderr]    Compiling io-uring v0.7.12
[INFO] [stderr]    Compiling rustls v0.23.41
[INFO] [stderr]    Compiling xorf v0.13.0
[INFO] [stderr]    Compiling rustc-hash v2.1.2
[INFO] [stderr]    Compiling simdutf8 v0.1.5
[INFO] [stderr]    Compiling bitflags v2.13.0
[INFO] [stderr]    Compiling ring v0.17.14
[INFO] [stderr]    Compiling gnitz-expr v0.1.8
[INFO] [stderr]    Compiling gnitz-zset v0.1.8
[INFO] [stderr]    Compiling rustls-webpki v0.103.13
[INFO] [stderr]    Compiling gnitz-store v0.1.8
[INFO] [stderr]    Compiling gnitz-core v0.1.8
[INFO] [stderr]    Compiling gnitz-mirror v0.1.8 (/opt/rustwide/workdir)
[INFO] [stderr]     Finished `release` profile [optimized] target(s) in 2m 23s
[INFO] running `Command { std: "docker" "inspect" "2525eb8d06607aabc42abf4632b27731820bf22c5f740a02725f196ce656f2e1", kill_on_drop: false }`
[INFO] running `Command { std: "docker" "exec" "-e" "SOURCE_DIR=/opt/rustwide/workdir" "-e" "CARGO_HOME=/opt/rustwide/cargo-home" "-e" "RUSTUP_HOME=/opt/rustwide/rustup-home" "-e" "CARGO_TARGET_DIR=/opt/rustwide/target" "-e" "CARGO_INCREMENTAL=0" "-e" "RUST_BACKTRACE=full" "-e" "RUSTFLAGS=--cap-lints=warn" "-e" "RUSTDOCFLAGS=--cap-lints=warn" "-w" "/opt/rustwide/workdir" "--user" "0:0" "2525eb8d06607aabc42abf4632b27731820bf22c5f740a02725f196ce656f2e1" "/opt/rustwide/cargo-home/bin/cargo" "+1.99.0-beta.8" "test" "--frozen" "--no-run" "--message-format=json" "--release", kill_on_drop: false }`
[INFO] [stderr]    Compiling io-uring v0.7.12
[INFO] [stderr]    Compiling tempfile v3.27.0
[INFO] [stderr]    Compiling gnitz-store v0.1.8
[INFO] [stderr]    Compiling gnitz-mirror v0.1.8 (/opt/rustwide/workdir)
[INFO] [stdout] error[E0432]: unresolved import `gnitz_zset_testkit`
[INFO] [stdout]   --> src/benches/handle.rs:13:5
[INFO] [stdout]    |
[INFO] [stdout] 13 | use gnitz_zset_testkit::{encode_to_wire_vec, make_batch, make_schema_u64_i64};
[INFO] [stdout]    |     ^^^^^^^^^^^^^^^^^^ use of unresolved module or unlinked crate `gnitz_zset_testkit`
[INFO] [stdout]    |
[INFO] [stdout]    = help: if you wanted to use a crate named `gnitz_zset_testkit`, use `cargo add gnitz_zset_testkit` to add it to your `Cargo.toml`
[INFO] [stdout] 
[INFO] [stdout] 
[INFO] [stdout] error[E0432]: unresolved import `gnitz_zset_testkit`
[INFO] [stdout]  --> src/tests/record.rs:4:5
[INFO] [stdout]   |
[INFO] [stdout] 4 | use gnitz_zset_testkit::make_schema_u64_i64;
[INFO] [stdout]   |     ^^^^^^^^^^^^^^^^^^ use of unresolved module or unlinked crate `gnitz_zset_testkit`
[INFO] [stdout]   |
[INFO] [stdout]   = help: if you wanted to use a crate named `gnitz_zset_testkit`, use `cargo add gnitz_zset_testkit` to add it to your `Cargo.toml`
[INFO] [stdout] 
[INFO] [stdout] 
[INFO] [stdout] error[E0432]: unresolved import `gnitz_zset_testkit`
[INFO] [stdout]   --> tests/store.rs:17:5
[INFO] [stdout]    |
[INFO] [stdout] 17 | use gnitz_zset_testkit::{make_batch, make_schema_u128_i64, make_schema_u64_i64};
[INFO] [stdout]    |     ^^^^^^^^^^^^^^^^^^ use of unresolved module or unlinked crate `gnitz_zset_testkit`
[INFO] [stdout]    |
[INFO] [stdout]    = help: if you wanted to use a crate named `gnitz_zset_testkit`, use `cargo add gnitz_zset_testkit` to add it to your `Cargo.toml`
[INFO] [stdout] 
[INFO] [stdout] 
[INFO] [stdout] error[E0433]: cannot find module or crate `gnitz_zset_testkit` in this scope
[INFO] [stdout]   --> tests/store.rs:76:5
[INFO] [stdout]    |
[INFO] [stdout] 76 |     gnitz_zset_testkit::encode_to_wire_vec(&make_batch(&make_schema_u64_i64(), rows))
[INFO] [stdout]    |     ^^^^^^^^^^^^^^^^^^ use of unresolved module or unlinked crate `gnitz_zset_testkit`
[INFO] [stdout]    |
[INFO] [stdout]    = help: if you wanted to use a crate named `gnitz_zset_testkit`, use `cargo add gnitz_zset_testkit` to add it to your `Cargo.toml`
[INFO] [stdout] 
[INFO] [stdout] 
[INFO] [stdout] error[E0432]: unresolved import `gnitz_sql`
[INFO] [stdout]  --> tests/support/mod.rs:8:5
[INFO] [stdout]   |
[INFO] [stdout] 8 | use gnitz_sql::SqlResult;
[INFO] [stdout]   |     ^^^^^^^^^ use of unresolved module or unlinked crate `gnitz_sql`
[INFO] [stdout]   |
[INFO] [stdout] help: there is a crate or module with a similar name
[INFO] [stdout]   |
[INFO] [stdout] 8 - use gnitz_sql::SqlResult;
[INFO] [stdout] 8 + use gnitz_zset::SqlResult;
[INFO] [stdout]   |
[INFO] [stdout] 
[INFO] [stdout] 
[INFO] [stdout] error[E0432]: unresolved import `gnitz_zset_testkit`
[INFO] [stdout]  --> tests/support/mod.rs:9:5
[INFO] [stdout]   |
[INFO] [stdout] 9 | use gnitz_zset_testkit::{row_key, RowKey};
[INFO] [stdout]   |     ^^^^^^^^^^^^^^^^^^ use of unresolved module or unlinked crate `gnitz_zset_testkit`
[INFO] [stdout]   |
[INFO] [stdout]   = help: if you wanted to use a crate named `gnitz_zset_testkit`, use `cargo add gnitz_zset_testkit` to add it to your `Cargo.toml`
[INFO] [stdout] 
[INFO] [stdout] 
[INFO] [stdout] error[E0432]: unresolved import `gnitz_sql`
[INFO] [stdout]   --> tests/mirror.rs:25:5
[INFO] [stdout]    |
[INFO] [stdout] 25 | use gnitz_sql::GnitzSqlError;
[INFO] [stdout]    |     ^^^^^^^^^ use of unresolved module or unlinked crate `gnitz_sql`
[INFO] [stdout]    |
[INFO] [stdout] help: there is a crate or module with a similar name
[INFO] [stdout]    |
[INFO] [stdout] 25 - use gnitz_sql::GnitzSqlError;
[INFO] [stdout] 25 + use gnitz_zset::GnitzSqlError;
[INFO] [stdout]    |
[INFO] [stdout] 
[INFO] [stdout] 
[INFO] [stdout] error[E0432]: unresolved import `gnitz_test_harness`
[INFO] [stdout]   --> tests/mirror.rs:26:5
[INFO] [stdout]    |
[INFO] [stdout] 26 | use gnitz_test_harness::ServerHandle;
[INFO] [stdout]    |     ^^^^^^^^^^^^^^^^^^ use of unresolved module or unlinked crate `gnitz_test_harness`
[INFO] [stdout]    |
[INFO] [stdout]    = help: if you wanted to use a crate named `gnitz_test_harness`, use `cargo add gnitz_test_harness` to add it to your `Cargo.toml`
[INFO] [stdout] 
[INFO] [stdout] 
[INFO] [stdout] error[E0432]: unresolved import `gnitz_zset_testkit`
[INFO] [stdout]   --> tests/mirror.rs:28:5
[INFO] [stdout]    |
[INFO] [stdout] 28 | use gnitz_zset_testkit::{assert_child_ok, run_test_in_child};
[INFO] [stdout]    |     ^^^^^^^^^^^^^^^^^^ use of unresolved module or unlinked crate `gnitz_zset_testkit`
[INFO] [stdout]    |
[INFO] [stdout]    = help: if you wanted to use a crate named `gnitz_zset_testkit`, use `cargo add gnitz_zset_testkit` to add it to your `Cargo.toml`
[INFO] [stdout] 
[INFO] [stdout] 
[INFO] [stdout] Some errors have detailed explanations: E0432, E0433.
[INFO] [stdout] 
[INFO] [stdout] For more information about an error, try `rustc --explain E0432`.
[INFO] [stdout] 
[INFO] [stderr] error: could not compile `gnitz-mirror` (test "store") due to 2 previous errors
[INFO] [stderr] warning: build failed, waiting for other jobs to finish...
[INFO] [stdout] error[E0433]: cannot find module or crate `gnitz_sql` in this scope
[INFO] [stdout]   --> tests/support/mod.rs:15:14
[INFO] [stdout]    |
[INFO] [stdout] 15 |     block_on(gnitz_sql::execute(client, schema, statements)).unwrap_or_else(|e| panic!("{statements}: {e}"));
[INFO] [stdout]    |              ^^^^^^^^^ use of unresolved module or unlinked crate `gnitz_sql`
[INFO] [stdout]    |
[INFO] [stdout] help: there is a crate or module with a similar name
[INFO] [stdout]    |
[INFO] [stdout] 15 -     block_on(gnitz_sql::execute(client, schema, statements)).unwrap_or_else(|e| panic!("{statements}: {e}"));
[INFO] [stdout] 15 +     block_on(gnitz_zset::execute(client, schema, statements)).unwrap_or_else(|e| panic!("{statements}: {e}"));
[INFO] [stdout]    |
[INFO] [stdout] 
[INFO] [stdout] 
[INFO] [stdout] error[E0433]: cannot find module or crate `gnitz_sql` in this scope
[INFO] [stdout]   --> tests/support/mod.rs:21:32
[INFO] [stdout]    |
[INFO] [stdout] 21 |     let mut results = block_on(gnitz_sql::execute(client, schema, s)).unwrap_or_else(|e| panic!("{s}: {e}"));
[INFO] [stdout]    |                                ^^^^^^^^^ use of unresolved module or unlinked crate `gnitz_sql`
[INFO] [stdout]    |
[INFO] [stdout] help: there is a crate or module with a similar name
[INFO] [stdout]    |
[INFO] [stdout] 21 -     let mut results = block_on(gnitz_sql::execute(client, schema, s)).unwrap_or_else(|e| panic!("{s}: {e}"));
[INFO] [stdout] 21 +     let mut results = block_on(gnitz_zset::execute(client, schema, s)).unwrap_or_else(|e| panic!("{s}: {e}"));
[INFO] [stdout]    |
[INFO] [stdout] 
[INFO] [stdout] 
[INFO] [stdout] For more information about this error, try `rustc --explain E0432`.
[INFO] [stdout] 
[INFO] [stderr] error: could not compile `gnitz-mirror` (lib test) due to 2 previous errors
[INFO] [stdout] error[E0433]: cannot find module or crate `gnitz_sql` in this scope
[INFO] [stdout]     --> tests/mirror.rs:1460:24
[INFO] [stdout]      |
[INFO] [stdout] 1460 |     let sub = block_on(gnitz_sql::plan_subscription(
[INFO] [stdout]      |                        ^^^^^^^^^ use of unresolved module or unlinked crate `gnitz_sql`
[INFO] [stdout]      |
[INFO] [stdout] help: there is a crate or module with a similar name
[INFO] [stdout]      |
[INFO] [stdout] 1460 -     let sub = block_on(gnitz_sql::plan_subscription(
[INFO] [stdout] 1460 +     let sub = block_on(gnitz_zset::plan_subscription(
[INFO] [stdout]      |
[INFO] [stdout] 
[INFO] [stdout] 
[INFO] [stdout] error[E0433]: cannot find module or crate `gnitz_sql` in this scope
[INFO] [stdout]     --> tests/mirror.rs:2139:18
[INFO] [stdout]      |
[INFO] [stdout] 2139 |         block_on(gnitz_sql::execute(fx.mirror(), "s", "SELECT * FROM v_keyed")).is_err(),
[INFO] [stdout]      |                  ^^^^^^^^^ use of unresolved module or unlinked crate `gnitz_sql`
[INFO] [stdout]      |
[INFO] [stdout] help: there is a crate or module with a similar name
[INFO] [stdout]      |
[INFO] [stdout] 2139 -         block_on(gnitz_sql::execute(fx.mirror(), "s", "SELECT * FROM v_keyed")).is_err(),
[INFO] [stdout] 2139 +         block_on(gnitz_zset::execute(fx.mirror(), "s", "SELECT * FROM v_keyed")).is_err(),
[INFO] [stdout]      |
[INFO] [stdout] 
[INFO] [stdout] 
[INFO] [stdout] error[E0433]: cannot find module or crate `gnitz_sql` in this scope
[INFO] [stdout]     --> tests/mirror.rs:2449:24
[INFO] [stdout]      |
[INFO] [stdout] 2449 |     let err = block_on(gnitz_sql::execute(&mut mirror, "s", "SELECT * FROM v_keyed"))
[INFO] [stdout]      |                        ^^^^^^^^^ use of unresolved module or unlinked crate `gnitz_sql`
[INFO] [stdout]      |
[INFO] [stdout] help: there is a crate or module with a similar name
[INFO] [stdout]      |
[INFO] [stdout] 2449 -     let err = block_on(gnitz_sql::execute(&mut mirror, "s", "SELECT * FROM v_keyed"))
[INFO] [stdout] 2449 +     let err = block_on(gnitz_zset::execute(&mut mirror, "s", "SELECT * FROM v_keyed"))
[INFO] [stdout]      |
[INFO] [stdout] 
[INFO] [stdout] 
[INFO] [stdout] error[E0433]: cannot find module or crate `gnitz_sql` in this scope
[INFO] [stdout]     --> tests/mirror.rs:2481:14
[INFO] [stdout]      |
[INFO] [stdout] 2481 |     block_on(gnitz_sql::execute(&mut mirror, "s", "DROP VIEW v_keyed"))
[INFO] [stdout]      |              ^^^^^^^^^ use of unresolved module or unlinked crate `gnitz_sql`
[INFO] [stdout]      |
[INFO] [stdout] help: there is a crate or module with a similar name
[INFO] [stdout]      |
[INFO] [stdout] 2481 -     block_on(gnitz_sql::execute(&mut mirror, "s", "DROP VIEW v_keyed"))
[INFO] [stdout] 2481 +     block_on(gnitz_zset::execute(&mut mirror, "s", "DROP VIEW v_keyed"))
[INFO] [stdout]      |
[INFO] [stdout] 
[INFO] [stdout] 
[INFO] [stdout] error[E0433]: cannot find module or crate `gnitz_zset_testkit` in this scope
[INFO] [stdout]     --> tests/mirror.rs:1137:38
[INFO] [stdout]      |
[INFO] [stdout] 1137 |     copy: std::collections::BTreeMap<gnitz_zset_testkit::RowKey, i64>,
[INFO] [stdout]      |                                      ^^^^^^^^^^^^^^^^^^ use of unresolved module or unlinked crate `gnitz_zset_testkit`
[INFO] [stdout]      |
[INFO] [stdout]      = help: if you wanted to use a crate named `gnitz_zset_testkit`, use `cargo add gnitz_zset_testkit` to add it to your `Cargo.toml`
[INFO] [stdout] 
[INFO] [stdout] 
[INFO] [stdout] Some errors have detailed explanations: E0432, E0433.
[INFO] [stdout] 
[INFO] [stdout] For more information about an error, try `rustc --explain E0432`.
[INFO] [stdout] 
[INFO] [stderr] error: could not compile `gnitz-mirror` (test "mirror") due to 12 previous errors
[INFO] running `Command { std: "docker" "inspect" "2525eb8d06607aabc42abf4632b27731820bf22c5f740a02725f196ce656f2e1", kill_on_drop: false }`
[INFO] running `Command { std: "docker" "rm" "-f" "2525eb8d06607aabc42abf4632b27731820bf22c5f740a02725f196ce656f2e1", kill_on_drop: false }`
[INFO] [stdout] 2525eb8d06607aabc42abf4632b27731820bf22c5f740a02725f196ce656f2e1
