[INFO] fetching crate glyphtrail-analyze 0.1.0...
[INFO] testing glyphtrail-analyze-0.1.0 against 1.100.0-beta.1+cargoflags=--release for beta-release-1.100-2
[INFO] extracting crate glyphtrail-analyze 0.1.0 into /workspace/builds/worker-5-tc2/source
[INFO] started tweaking crates.io crate glyphtrail-analyze 0.1.0
[INFO] finished tweaking crates.io crate glyphtrail-analyze 0.1.0
[INFO] tweaked toml for crates.io crate glyphtrail-analyze 0.1.0 written to /workspace/builds/worker-5-tc2/source/Cargo.toml
[INFO] validating manifest of crates.io crate glyphtrail-analyze 0.1.0 on toolchain 1.100.0-beta.1
[INFO] running `Command { std: CARGO_HOME="/workspace/cargo-home" RUSTUP_HOME="/workspace/rustup-home" "/workspace/cargo-home/bin/cargo" "+1.100.0-beta.1" "metadata" "--manifest-path" "Cargo.toml" "--no-deps", kill_on_drop: false }`
[INFO] crate crates.io crate glyphtrail-analyze 0.1.0 already has a lockfile, it will not be regenerated
[INFO] running `Command { std: CARGO_HOME="/workspace/cargo-home" RUSTUP_HOME="/workspace/rustup-home" "/workspace/cargo-home/bin/cargo" "+1.100.0-beta.1" "fetch" "--manifest-path" "Cargo.toml", kill_on_drop: false }`
[INFO] running `Command { std: "docker" "create" "-v" "/var/lib/crater-agent-workspace/builds/worker-5-tc2/source:/opt/rustwide/workdir:ro,Z" "-v" "/var/lib/crater-agent-workspace/builds/worker-5-tc2/target:/opt/rustwide/target:rw,Z" "-v" "/var/lib/crater-agent-workspace/cargo-home:/opt/rustwide/cargo-home:ro,Z" "-v" "/var/lib/crater-agent-workspace/rustup-home:/opt/rustwide/rustup-home:ro,Z" "-m" "1610612736" "--network" "none" "ghcr.io/rust-lang/crates-build-env/linux@sha256:77db811e55d90add9212f6832c23229e3de5f1c1f9905e8cb07319ea15df73ac" "sleep" "infinity", kill_on_drop: false }`
[INFO] [stdout] 1e240d3836ebaa9b0b158f3c56045c98c218e272a59bbde426cb9523d4b75b6d
[INFO] running `Command { std: "docker" "start" "1e240d3836ebaa9b0b158f3c56045c98c218e272a59bbde426cb9523d4b75b6d", kill_on_drop: false }`
[INFO] running `Command { std: "docker" "inspect" "1e240d3836ebaa9b0b158f3c56045c98c218e272a59bbde426cb9523d4b75b6d", kill_on_drop: false }`
[INFO] running `Command { std: "docker" "exec" "-e" "SOURCE_DIR=/opt/rustwide/workdir" "-e" "CARGO_HOME=/opt/rustwide/cargo-home" "-e" "RUSTUP_HOME=/opt/rustwide/rustup-home" "-e" "CARGO_TARGET_DIR=/opt/rustwide/target" "-w" "/opt/rustwide/workdir" "--user" "0:0" "1e240d3836ebaa9b0b158f3c56045c98c218e272a59bbde426cb9523d4b75b6d" "/opt/rustwide/cargo-home/bin/cargo" "+1.100.0-beta.1" "metadata" "--no-deps" "--format-version=1", kill_on_drop: false }`
[INFO] running `Command { std: "docker" "inspect" "1e240d3836ebaa9b0b158f3c56045c98c218e272a59bbde426cb9523d4b75b6d", kill_on_drop: false }`
[INFO] running `Command { std: "docker" "exec" "-e" "SOURCE_DIR=/opt/rustwide/workdir" "-e" "CARGO_HOME=/opt/rustwide/cargo-home" "-e" "RUSTUP_HOME=/opt/rustwide/rustup-home" "-e" "CARGO_TARGET_DIR=/opt/rustwide/target" "-e" "CARGO_INCREMENTAL=0" "-e" "RUST_BACKTRACE=full" "-e" "RUSTFLAGS=--cap-lints=warn" "-e" "RUSTDOCFLAGS=--cap-lints=warn" "-w" "/opt/rustwide/workdir" "--user" "0:0" "1e240d3836ebaa9b0b158f3c56045c98c218e272a59bbde426cb9523d4b75b6d" "/opt/rustwide/cargo-home/bin/cargo" "+1.100.0-beta.1" "build" "--frozen" "--message-format=json" "--release", kill_on_drop: false }`
[INFO] [stderr]    Compiling tree-sitter-language v0.1.7
[INFO] [stderr]    Compiling log v0.4.30
[INFO] [stderr]    Compiling cc v1.2.63
[INFO] [stderr]    Compiling serde_core v1.0.228
[INFO] [stderr]    Compiling aho-corasick v1.1.4
[INFO] [stderr]    Compiling serde_json v1.0.150
[INFO] [stderr]    Compiling memchr v2.8.1
[INFO] [stderr]    Compiling httparse v1.10.1
[INFO] [stderr]    Compiling syn v2.0.117
[INFO] [stderr]    Compiling scratch v1.0.9
[INFO] [stderr]    Compiling rustls v0.23.40
[INFO] [stderr]    Compiling http v1.4.1
[INFO] [stderr]    Compiling cxxbridge-flags v1.0.138
[INFO] [stderr]    Compiling sha1_smol v1.0.1
[INFO] [stderr]    Compiling unicode-width v0.1.14
[INFO] [stderr]    Compiling winnow v1.0.3
[INFO] [stderr]    Compiling serde_spanned v1.1.1
[INFO] [stderr]    Compiling toml_datetime v1.1.1+spec-1.1.0
[INFO] [stderr]    Compiling uuid v1.23.2
[INFO] [stderr]    Compiling getrandom v0.4.2
[INFO] [stderr]    Compiling streaming-iterator v0.1.9
[INFO] [stderr]    Compiling toml_writer v1.1.1+spec-1.1.0
[INFO] [stderr]    Compiling codespan-reporting v0.11.1
[INFO] [stderr]    Compiling rustix v0.38.44
[INFO] [stderr]    Compiling utf8-zero v0.8.1
[INFO] [stderr]    Compiling rust_decimal v1.42.0
[INFO] [stderr]    Compiling anyhow v1.0.102
[INFO] [stderr]    Compiling rustix v1.1.4
[INFO] [stderr]    Compiling portable-atomic v1.13.1
[INFO] [stderr]    Compiling tree-sitter-loader v0.26.9
[INFO] [stderr]    Compiling find-msvc-tools v0.1.9
[INFO] [stderr]    Compiling shlex v2.0.1
[INFO] [stderr]    Compiling toml_parser v1.1.2+spec-1.1.0
[INFO] [stderr]    Compiling time v0.3.47
[INFO] [stderr]    Compiling ureq-proto v0.6.0
[INFO] [stderr]    Compiling regex-automata v0.4.14
[INFO] [stderr]    Compiling cmake v0.1.58
[INFO] [stderr]    Compiling toml v1.1.2+spec-1.1.0
[INFO] [stderr]    Compiling semver v1.0.28
[INFO] [stderr]    Compiling libloading v0.9.0
[INFO] [stderr]    Compiling bstr v1.12.1
[INFO] [stderr]    Compiling ring v0.17.14
[INFO] [stderr]    Compiling link-cplusplus v1.0.12
[INFO] [stderr]    Compiling blake3 v1.8.5
[INFO] [stderr]    Compiling cxx v1.0.138
[INFO] [stderr]    Compiling tree-sitter-cpp v0.23.4
[INFO] [stderr]    Compiling tree-sitter-elixir v0.3.5
[INFO] [stderr]    Compiling tree-sitter-go v0.25.0
[INFO] [stderr]    Compiling tree-sitter-kotlin-ng v1.1.0
[INFO] [stderr]    Compiling tree-sitter-haskell v0.23.1
[INFO] [stderr]    Compiling tree-sitter-java v0.23.5
[INFO] [stderr]    Compiling tree-sitter-c-sharp v0.23.5
[INFO] [stderr]    Compiling tree-sitter-lua v0.5.0
[INFO] [stderr]    Compiling tree-sitter-ocaml v0.25.0
[INFO] [stderr]    Compiling tree-sitter-php v0.24.2
[INFO] [stderr]    Compiling tree-sitter-python v0.25.0
[INFO] [stderr]    Compiling tree-sitter-bash v0.25.1
[INFO] [stderr]    Compiling tree-sitter-ruby v0.23.1
[INFO] [stderr]    Compiling tree-sitter-c v0.24.2
[INFO] [stderr]    Compiling tree-sitter-rust v0.24.2
[INFO] [stderr]    Compiling tree-sitter-scala v0.26.0
[INFO] [stderr]    Compiling tree-sitter-swift v0.7.2
[INFO] [stderr]    Compiling tree-sitter-typescript v0.23.2
[INFO] [stderr]    Compiling tree-sitter-zig v1.1.2
[INFO] [stderr]    Compiling tree-sitter-javascript v0.25.0
[INFO] [stderr]    Compiling cxx-build v1.0.138
[INFO] [stderr]    Compiling tree-sitter v0.26.9
[INFO] [stderr]    Compiling fs4 v0.12.0
[INFO] [stderr]    Compiling regex v1.12.3
[INFO] [stderr]    Compiling thiserror-impl v2.0.18
[INFO] [stderr]    Compiling serde_derive v1.0.228
[INFO] [stderr]    Compiling thiserror v2.0.18
[INFO] [stderr]    Compiling cxxbridge-macro v1.0.138
[INFO] [stderr]    Compiling lbug v0.17.0
[INFO] [stderr] error: could not compile `regex-automata` (lib)
[INFO] [stderr] 
[INFO] [stderr] Caused by:
[INFO] [stderr]   process didn't exit successfully: `/opt/rustwide/rustup-home/toolchains/1.100.0-beta.1-x86_64-unknown-linux-gnu/bin/rustc --crate-name regex_automata --edition=2021 /opt/rustwide/cargo-home/registry/src/index.crates.io-1949cf8c6b5b557f/regex-automata-0.4.14/src/lib.rs --error-format=json --json=diagnostic-rendered-ansi,artifacts,future-incompat,unused-externs-silent --crate-type lib --emit=dep-info,metadata,link -C opt-level=3 -C embed-bitcode=no --cfg 'feature="alloc"' --cfg 'feature="dfa-onepass"' --cfg 'feature="hybrid"' --cfg 'feature="meta"' --cfg 'feature="nfa"' --cfg 'feature="nfa-backtrack"' --cfg 'feature="nfa-pikevm"' --cfg 'feature="nfa-thompson"' --cfg 'feature="perf"' --cfg 'feature="perf-inline"' --cfg 'feature="perf-literal"' --cfg 'feature="perf-literal-multisubstring"' --cfg 'feature="perf-literal-substring"' --cfg 'feature="std"' --cfg 'feature="syntax"' --cfg 'feature="unicode"' --cfg 'feature="unicode-age"' --cfg 'feature="unicode-bool"' --cfg 'feature="unicode-case"' --cfg 'feature="unicode-gencat"' --cfg 'feature="unicode-perl"' --cfg 'feature="unicode-script"' --cfg 'feature="unicode-segment"' --cfg 'feature="unicode-word-boundary"' --check-cfg 'cfg(docsrs,test)' --check-cfg 'cfg(feature, values("alloc", "default", "dfa", "dfa-build", "dfa-onepass", "dfa-search", "hybrid", "internal-instrument", "internal-instrument-pikevm", "logging", "meta", "nfa", "nfa-backtrack", "nfa-pikevm", "nfa-thompson", "perf", "perf-inline", "perf-literal", "perf-literal-multisubstring", "perf-literal-substring", "std", "syntax", "unicode", "unicode-age", "unicode-bool", "unicode-case", "unicode-gencat", "unicode-perl", "unicode-script", "unicode-segment", "unicode-word-boundary"))' -C metadata=30626384456a7a5c -C extra-filename=-fecc5b2a439b7c3e --out-dir /opt/rustwide/target/release/build/regex-automata/fecc5b2a439b7c3e/out -C strip=debuginfo -L dependency=/opt/rustwide/target/release/build/memchr/74011ed56d44a9b9/out --extern aho_corasick=/opt/rustwide/target/release/build/aho-corasick/bb4a709166f97c8b/out/libaho_corasick-bb4a709166f97c8b.rmeta --extern memchr=/opt/rustwide/target/release/build/memchr/74011ed56d44a9b9/out/libmemchr-74011ed56d44a9b9.rmeta --extern regex_syntax=/opt/rustwide/target/release/build/regex-syntax/e74e29b98e81dab5/out/libregex_syntax-e74e29b98e81dab5.rmeta --cap-lints allow --cap-lints=warn --force-warn=unused_crate_dependencies` (signal: 9, SIGKILL: kill)
[INFO] [stderr] warning: build failed, waiting for other jobs to finish...
[INFO] [stderr] warning: tree-sitter-scala@0.26.0: cc: fatal error: Killed signal terminated program cc1
[INFO] [stderr] warning: tree-sitter-scala@0.26.0: compilation terminated.
[INFO] [stderr] error: failed to run custom build command for `tree-sitter-scala v0.26.0`
[INFO] [stderr] note: To improve backtraces for build dependencies, set the CARGO_PROFILE_RELEASE_BUILD_OVERRIDE_DEBUG=true environment variable to enable debug information generation.
[INFO] [stderr] 
[INFO] [stderr] Caused by:
[INFO] [stderr]   process didn't exit successfully: `/opt/rustwide/target/release/build/tree-sitter-scala/a126e620c6ab3040/out/build_script_build` (exit status: 1)
[INFO] [stderr]   --- stdout
[INFO] [stderr]   cargo:rerun-if-changed=src/parser.c
[INFO] [stderr]   cargo:rerun-if-changed=src/scanner.c
[INFO] [stderr]   cargo:rerun-if-env-changed=CC_FORCE_DISABLE
[INFO] [stderr]   CC_FORCE_DISABLE = None
[INFO] [stderr]   cargo:rerun-if-env-changed=CC_x86_64-unknown-linux-gnu
[INFO] [stderr]   CC_x86_64-unknown-linux-gnu = None
[INFO] [stderr]   cargo:rerun-if-env-changed=CC_x86_64_unknown_linux_gnu
[INFO] [stderr]   CC_x86_64_unknown_linux_gnu = None
[INFO] [stderr]   cargo:rerun-if-env-changed=HOST_CC
[INFO] [stderr]   HOST_CC = None
[INFO] [stderr]   cargo:rerun-if-env-changed=CC
[INFO] [stderr]   CC = None
[INFO] [stderr]   cargo:rerun-if-env-changed=CC_ENABLE_DEBUG_OUTPUT
[INFO] [stderr]   cargo:rerun-if-env-changed=CRATE_CC_NO_DEFAULTS
[INFO] [stderr]   CRATE_CC_NO_DEFAULTS = None
[INFO] [stderr]   cargo:rerun-if-env-changed=CFLAGS
[INFO] [stderr]   CFLAGS = None
[INFO] [stderr]   cargo:rerun-if-env-changed=HOST_CFLAGS
[INFO] [stderr]   HOST_CFLAGS = None
[INFO] [stderr]   cargo:rerun-if-env-changed=CFLAGS_x86_64_unknown_linux_gnu
[INFO] [stderr]   CFLAGS_x86_64_unknown_linux_gnu = None
[INFO] [stderr]   cargo:rerun-if-env-changed=CFLAGS_x86_64-unknown-linux-gnu
[INFO] [stderr]   CFLAGS_x86_64-unknown-linux-gnu = None
[INFO] [stderr]   cargo:rerun-if-env-changed=CC_ENABLE_DEBUG_OUTPUT
[INFO] [stderr]   cargo:rerun-if-env-changed=CRATE_CC_NO_DEFAULTS
[INFO] [stderr]   CRATE_CC_NO_DEFAULTS = None
[INFO] [stderr]   cargo:rerun-if-env-changed=CFLAGS
[INFO] [stderr]   CFLAGS = None
[INFO] [stderr]   cargo:rerun-if-env-changed=HOST_CFLAGS
[INFO] [stderr]   HOST_CFLAGS = None
[INFO] [stderr]   cargo:rerun-if-env-changed=CFLAGS_x86_64_unknown_linux_gnu
[INFO] [stderr]   CFLAGS_x86_64_unknown_linux_gnu = None
[INFO] [stderr]   cargo:rerun-if-env-changed=CFLAGS_x86_64-unknown-linux-gnu
[INFO] [stderr]   CFLAGS_x86_64-unknown-linux-gnu = None
[INFO] [stderr]   cargo:warning=cc: fatal error: Killed signal terminated program cc1
[INFO] [stderr]   cargo:warning=compilation terminated.
[INFO] [stderr] 
[INFO] [stderr]   --- stderr
[INFO] [stderr] 
[INFO] [stderr] 
[INFO] [stderr]   error occurred in cc-rs: command did not execute successfully (status code exit status: 1): LC_ALL="C" "cc" "-O3" "-ffunction-sections" "-fdata-sections" "-fPIC" "-m64" "-std=c11" "-I" "src" "-Wall" "-Wextra" "-Wno-unused" "-o" "/opt/rustwide/target/release/build/tree-sitter-scala/5c949b4f38c06e34/out/ea708c7824d36062-parser.o" "-c" "src/parser.c"
[INFO] [stderr] 
[INFO] [stderr] 
[INFO] [stderr] warning: tree-sitter@0.26.9: cc: fatal error: Killed signal terminated program cc1
[INFO] [stderr] warning: tree-sitter@0.26.9: compilation terminated.
[INFO] [stderr] error: failed to run custom build command for `tree-sitter v0.26.9`
[INFO] [stderr] note: To improve backtraces for build dependencies, set the CARGO_PROFILE_RELEASE_BUILD_OVERRIDE_DEBUG=true environment variable to enable debug information generation.
[INFO] [stderr] 
[INFO] [stderr] Caused by:
[INFO] [stderr]   process didn't exit successfully: `/opt/rustwide/target/release/build/tree-sitter/69baf984734744f3/out/build_script_build` (exit status: 1)
[INFO] [stderr]   --- stdout
[INFO] [stderr]   cargo:rerun-if-env-changed=CARGO_FEATURE_WASM
[INFO] [stderr]   cargo:rerun-if-changed=/opt/rustwide/cargo-home/registry/src/index.crates.io-1949cf8c6b5b557f/tree-sitter-0.26.9/src/ts_assert.h
[INFO] [stderr]   cargo:rerun-if-changed=/opt/rustwide/cargo-home/registry/src/index.crates.io-1949cf8c6b5b557f/tree-sitter-0.26.9/src/unicode
[INFO] [stderr]   cargo:rerun-if-changed=/opt/rustwide/cargo-home/registry/src/index.crates.io-1949cf8c6b5b557f/tree-sitter-0.26.9/src/host.h
[INFO] [stderr]   cargo:rerun-if-changed=/opt/rustwide/cargo-home/registry/src/index.crates.io-1949cf8c6b5b557f/tree-sitter-0.26.9/src/alloc.h
[INFO] [stderr]   cargo:rerun-if-changed=/opt/rustwide/cargo-home/registry/src/index.crates.io-1949cf8c6b5b557f/tree-sitter-0.26.9/src/wasm_store.c
[INFO] [stderr]   cargo:rerun-if-changed=/opt/rustwide/cargo-home/registry/src/index.crates.io-1949cf8c6b5b557f/tree-sitter-0.26.9/src/node.c
[INFO] [stderr]   cargo:rerun-if-changed=/opt/rustwide/cargo-home/registry/src/index.crates.io-1949cf8c6b5b557f/tree-sitter-0.26.9/src/array.h
[INFO] [stderr]   cargo:rerun-if-changed=/opt/rustwide/cargo-home/registry/src/index.crates.io-1949cf8c6b5b557f/tree-sitter-0.26.9/src/length.h
[INFO] [stderr]   cargo:rerun-if-changed=/opt/rustwide/cargo-home/registry/src/index.crates.io-1949cf8c6b5b557f/tree-sitter-0.26.9/src/reusable_node.h
[INFO] [stderr]   cargo:rerun-if-changed=/opt/rustwide/cargo-home/registry/src/index.crates.io-1949cf8c6b5b557f/tree-sitter-0.26.9/src/language.c
[INFO] [stderr]   cargo:rerun-if-changed=/opt/rustwide/cargo-home/registry/src/index.crates.io-1949cf8c6b5b557f/tree-sitter-0.26.9/src/subtree.h
[INFO] [stderr]   cargo:rerun-if-changed=/opt/rustwide/cargo-home/registry/src/index.crates.io-1949cf8c6b5b557f/tree-sitter-0.26.9/src/point.c
[INFO] [stderr]   cargo:rerun-if-changed=/opt/rustwide/cargo-home/registry/src/index.crates.io-1949cf8c6b5b557f/tree-sitter-0.26.9/src/error_costs.h
[INFO] [stderr]   cargo:rerun-if-changed=/opt/rustwide/cargo-home/registry/src/index.crates.io-1949cf8c6b5b557f/tree-sitter-0.26.9/src/get_changed_ranges.h
[INFO] [stderr]   cargo:rerun-if-changed=/opt/rustwide/cargo-home/registry/src/index.crates.io-1949cf8c6b5b557f/tree-sitter-0.26.9/src/tree.c
[INFO] [stderr]   cargo:rerun-if-changed=/opt/rustwide/cargo-home/registry/src/index.crates.io-1949cf8c6b5b557f/tree-sitter-0.26.9/src/wasm_store.h
[INFO] [stderr]   cargo:rerun-if-changed=/opt/rustwide/cargo-home/registry/src/index.crates.io-1949cf8c6b5b557f/tree-sitter-0.26.9/src/reduce_action.h
[INFO] [stderr]   cargo:rerun-if-changed=/opt/rustwide/cargo-home/registry/src/index.crates.io-1949cf8c6b5b557f/tree-sitter-0.26.9/src/alloc.c
[INFO] [stderr]   cargo:rerun-if-changed=/opt/rustwide/cargo-home/registry/src/index.crates.io-1949cf8c6b5b557f/tree-sitter-0.26.9/src/lexer.h
[INFO] [stderr]   cargo:rerun-if-changed=/opt/rustwide/cargo-home/registry/src/index.crates.io-1949cf8c6b5b557f/tree-sitter-0.26.9/src/language.h
[INFO] [stderr]   cargo:rerun-if-changed=/opt/rustwide/cargo-home/registry/src/index.crates.io-1949cf8c6b5b557f/tree-sitter-0.26.9/src/point.h
[INFO] [stderr]   cargo:rerun-if-changed=/opt/rustwide/cargo-home/registry/src/index.crates.io-1949cf8c6b5b557f/tree-sitter-0.26.9/src/unicode.h
[INFO] [stderr]   cargo:rerun-if-changed=/opt/rustwide/cargo-home/registry/src/index.crates.io-1949cf8c6b5b557f/tree-sitter-0.26.9/src/tree.h
[INFO] [stderr]   cargo:rerun-if-changed=/opt/rustwide/cargo-home/registry/src/index.crates.io-1949cf8c6b5b557f/tree-sitter-0.26.9/src/parser.h
[INFO] [stderr]   cargo:rerun-if-changed=/opt/rustwide/cargo-home/registry/src/index.crates.io-1949cf8c6b5b557f/tree-sitter-0.26.9/src/lexer.c
[INFO] [stderr]   cargo:rerun-if-changed=/opt/rustwide/cargo-home/registry/src/index.crates.io-1949cf8c6b5b557f/tree-sitter-0.26.9/src/stack.c
[INFO] [stderr]   cargo:rerun-if-changed=/opt/rustwide/cargo-home/registry/src/index.crates.io-1949cf8c6b5b557f/tree-sitter-0.26.9/src/get_changed_ranges.c
[INFO] [stderr]   cargo:rerun-if-changed=/opt/rustwide/cargo-home/registry/src/index.crates.io-1949cf8c6b5b557f/tree-sitter-0.26.9/src/lib.c
[INFO] [stderr]   cargo:rerun-if-changed=/opt/rustwide/cargo-home/registry/src/index.crates.io-1949cf8c6b5b557f/tree-sitter-0.26.9/src/subtree.c
[INFO] [stderr]   cargo:rerun-if-changed=/opt/rustwide/cargo-home/registry/src/index.crates.io-1949cf8c6b5b557f/tree-sitter-0.26.9/src/portable
[INFO] [stderr]   cargo:rerun-if-changed=/opt/rustwide/cargo-home/registry/src/index.crates.io-1949cf8c6b5b557f/tree-sitter-0.26.9/src/tree_cursor.c
[INFO] [stderr]   cargo:rerun-if-changed=/opt/rustwide/cargo-home/registry/src/index.crates.io-1949cf8c6b5b557f/tree-sitter-0.26.9/src/stack.h
[INFO] [stderr]   cargo:rerun-if-changed=/opt/rustwide/cargo-home/registry/src/index.crates.io-1949cf8c6b5b557f/tree-sitter-0.26.9/src/parser.c
[INFO] [stderr]   cargo:rerun-if-changed=/opt/rustwide/cargo-home/registry/src/index.crates.io-1949cf8c6b5b557f/tree-sitter-0.26.9/src/wasm
[INFO] [stderr]   cargo:rerun-if-changed=/opt/rustwide/cargo-home/registry/src/index.crates.io-1949cf8c6b5b557f/tree-sitter-0.26.9/src/tree_cursor.h
[INFO] [stderr]   cargo:rerun-if-changed=/opt/rustwide/cargo-home/registry/src/index.crates.io-1949cf8c6b5b557f/tree-sitter-0.26.9/src/query.c
[INFO] [stderr]   cargo:rerun-if-changed=/opt/rustwide/cargo-home/registry/src/index.crates.io-1949cf8c6b5b557f/tree-sitter-0.26.9/src/atomic.h
[INFO] [stderr]   cargo:rerun-if-env-changed=CC_FORCE_DISABLE
[INFO] [stderr]   CC_FORCE_DISABLE = None
[INFO] [stderr]   cargo:rerun-if-env-changed=CC_x86_64-unknown-linux-gnu
[INFO] [stderr]   CC_x86_64-unknown-linux-gnu = None
[INFO] [stderr]   cargo:rerun-if-env-changed=CC_x86_64_unknown_linux_gnu
[INFO] [stderr]   CC_x86_64_unknown_linux_gnu = None
[INFO] [stderr]   cargo:rerun-if-env-changed=HOST_CC
[INFO] [stderr]   HOST_CC = None
[INFO] [stderr]   cargo:rerun-if-env-changed=CC
[INFO] [stderr]   CC = None
[INFO] [stderr]   cargo:rerun-if-env-changed=CC_ENABLE_DEBUG_OUTPUT
[INFO] [stderr]   cargo:rerun-if-env-changed=CRATE_CC_NO_DEFAULTS
[INFO] [stderr]   CRATE_CC_NO_DEFAULTS = None
[INFO] [stderr]   cargo:rerun-if-env-changed=CFLAGS
[INFO] [stderr]   CFLAGS = None
[INFO] [stderr]   cargo:rerun-if-env-changed=HOST_CFLAGS
[INFO] [stderr]   HOST_CFLAGS = None
[INFO] [stderr]   cargo:rerun-if-env-changed=CFLAGS_x86_64_unknown_linux_gnu
[INFO] [stderr]   CFLAGS_x86_64_unknown_linux_gnu = None
[INFO] [stderr]   cargo:rerun-if-env-changed=CFLAGS_x86_64-unknown-linux-gnu
[INFO] [stderr]   CFLAGS_x86_64-unknown-linux-gnu = None
[INFO] [stderr]   cargo:rerun-if-env-changed=CC_ENABLE_DEBUG_OUTPUT
[INFO] [stderr]   cargo:rerun-if-env-changed=CRATE_CC_NO_DEFAULTS
[INFO] [stderr]   CRATE_CC_NO_DEFAULTS = None
[INFO] [stderr]   cargo:rerun-if-env-changed=CFLAGS
[INFO] [stderr]   CFLAGS = None
[INFO] [stderr]   cargo:rerun-if-env-changed=HOST_CFLAGS
[INFO] [stderr]   HOST_CFLAGS = None
[INFO] [stderr]   cargo:rerun-if-env-changed=CFLAGS_x86_64_unknown_linux_gnu
[INFO] [stderr]   CFLAGS_x86_64_unknown_linux_gnu = None
[INFO] [stderr]   cargo:rerun-if-env-changed=CFLAGS_x86_64-unknown-linux-gnu
[INFO] [stderr]   CFLAGS_x86_64-unknown-linux-gnu = None
[INFO] [stderr]   cargo:rerun-if-env-changed=CC_ENABLE_DEBUG_OUTPUT
[INFO] [stderr]   cargo:rerun-if-env-changed=CRATE_CC_NO_DEFAULTS
[INFO] [stderr]   CRATE_CC_NO_DEFAULTS = None
[INFO] [stderr]   cargo:rerun-if-env-changed=CFLAGS
[INFO] [stderr]   CFLAGS = None
[INFO] [stderr]   cargo:rerun-if-env-changed=HOST_CFLAGS
[INFO] [stderr]   HOST_CFLAGS = None
[INFO] [stderr]   cargo:rerun-if-env-changed=CFLAGS_x86_64_unknown_linux_gnu
[INFO] [stderr]   CFLAGS_x86_64_unknown_linux_gnu = None
[INFO] [stderr]   cargo:rerun-if-env-changed=CFLAGS_x86_64-unknown-linux-gnu
[INFO] [stderr]   CFLAGS_x86_64-unknown-linux-gnu = None
[INFO] [stderr]   cargo:rerun-if-env-changed=CC_ENABLE_DEBUG_OUTPUT
[INFO] [stderr]   cargo:rerun-if-env-changed=CRATE_CC_NO_DEFAULTS
[INFO] [stderr]   CRATE_CC_NO_DEFAULTS = None
[INFO] [stderr]   cargo:rerun-if-env-changed=CFLAGS
[INFO] [stderr]   CFLAGS = None
[INFO] [stderr]   cargo:rerun-if-env-changed=HOST_CFLAGS
[INFO] [stderr]   HOST_CFLAGS = None
[INFO] [stderr]   cargo:rerun-if-env-changed=CFLAGS_x86_64_unknown_linux_gnu
[INFO] [stderr]   CFLAGS_x86_64_unknown_linux_gnu = None
[INFO] [stderr]   cargo:rerun-if-env-changed=CFLAGS_x86_64-unknown-linux-gnu
[INFO] [stderr]   CFLAGS_x86_64-unknown-linux-gnu = None
[INFO] [stderr]   cargo:rerun-if-env-changed=CC_ENABLE_DEBUG_OUTPUT
[INFO] [stderr]   cargo:rerun-if-env-changed=CRATE_CC_NO_DEFAULTS
[INFO] [stderr]   CRATE_CC_NO_DEFAULTS = None
[INFO] [stderr]   cargo:rerun-if-env-changed=CFLAGS
[INFO] [stderr]   CFLAGS = None
[INFO] [stderr]   cargo:rerun-if-env-changed=HOST_CFLAGS
[INFO] [stderr]   HOST_CFLAGS = None
[INFO] [stderr]   cargo:rerun-if-env-changed=CFLAGS_x86_64_unknown_linux_gnu
[INFO] [stderr]   CFLAGS_x86_64_unknown_linux_gnu = None
[INFO] [stderr]   cargo:rerun-if-env-changed=CFLAGS_x86_64-unknown-linux-gnu
[INFO] [stderr]   CFLAGS_x86_64-unknown-linux-gnu = None
[INFO] [stderr]   cargo:rerun-if-env-changed=CC_ENABLE_DEBUG_OUTPUT
[INFO] [stderr]   cargo:rerun-if-env-changed=CRATE_CC_NO_DEFAULTS
[INFO] [stderr]   CRATE_CC_NO_DEFAULTS = None
[INFO] [stderr]   cargo:rerun-if-env-changed=CFLAGS
[INFO] [stderr]   CFLAGS = None
[INFO] [stderr]   cargo:rerun-if-env-changed=HOST_CFLAGS
[INFO] [stderr]   HOST_CFLAGS = None
[INFO] [stderr]   cargo:rerun-if-env-changed=CFLAGS_x86_64_unknown_linux_gnu
[INFO] [stderr]   CFLAGS_x86_64_unknown_linux_gnu = None
[INFO] [stderr]   cargo:rerun-if-env-changed=CFLAGS_x86_64-unknown-linux-gnu
[INFO] [stderr]   CFLAGS_x86_64-unknown-linux-gnu = None
[INFO] [stderr]   cargo:warning=cc: fatal error: Killed signal terminated program cc1
[INFO] [stderr]   cargo:warning=compilation terminated.
[INFO] [stderr] 
[INFO] [stderr]   --- stderr
[INFO] [stderr] 
[INFO] [stderr] 
[INFO] [stderr]   error occurred in cc-rs: command did not execute successfully (status code exit status: 1): LC_ALL="C" "cc" "-O3" "-ffunction-sections" "-fdata-sections" "-fPIC" "-m64" "-I" "/opt/rustwide/cargo-home/registry/src/index.crates.io-1949cf8c6b5b557f/tree-sitter-0.26.9/src" "-I" "/opt/rustwide/cargo-home/registry/src/index.crates.io-1949cf8c6b5b557f/tree-sitter-0.26.9/src/wasm" "-I" "/opt/rustwide/cargo-home/registry/src/index.crates.io-1949cf8c6b5b557f/tree-sitter-0.26.9/include" "-w" "-std=c11" "-fvisibility=hidden" "-Wshadow" "-Wno-unused-parameter" "-Wno-incompatible-pointer-types" "-D_POSIX_C_SOURCE=200112L" "-D_DEFAULT_SOURCE" "-D_BSD_SOURCE" "-D_DARWIN_C_SOURCE" "-o" "/opt/rustwide/target/release/build/tree-sitter/47c1964acf317c92/out/98490c8781b409d2-lib.o" "-c" "/opt/rustwide/cargo-home/registry/src/index.crates.io-1949cf8c6b5b557f/tree-sitter-0.26.9/src/lib.c"
[INFO] [stderr] 
[INFO] [stderr] 
[INFO] [stderr] warning: lbug@0.17.0: Prebuilt liblbug download failed with status exit status: 1; building from source
[INFO] [stderr] error: failed to run custom build command for `lbug v0.17.0`
[INFO] [stderr] note: To improve backtraces for build dependencies, set the CARGO_PROFILE_RELEASE_BUILD_OVERRIDE_DEBUG=true environment variable to enable debug information generation.
[INFO] [stderr] 
[INFO] [stderr] Caused by:
[INFO] [stderr]   process didn't exit successfully: `/opt/rustwide/target/release/build/lbug/c4601958c2e0e9ab/out/build_script_build` (exit status: 101)
[INFO] [stderr]   --- stdout
[INFO] [stderr]   cargo:rerun-if-env-changed=LBUG_PRECOMPILED_RUN_ID
[INFO] [stderr]   cargo:rerun-if-env-changed=LBUG_VERSION
[INFO] [stderr]   cargo:rerun-if-env-changed=LBUG_GITHUB_REPOSITORY
[INFO] [stderr]   cargo:rerun-if-env-changed=LBUG_LINUX_VARIANT
[INFO] [stderr]   cargo:rerun-if-env-changed=LBUG_LIB_KIND
[INFO] [stderr]   cargo:rerun-if-env-changed=LBUG_BUILD_FROM_SOURCE
[INFO] [stderr]   cargo:rerun-if-env-changed=LBUG_RUST_BUILD_FROM_SOURCE
[INFO] [stderr]   cargo:warning=Prebuilt liblbug download failed with status exit status: 1; building from source
[INFO] [stderr]   CMAKE_TOOLCHAIN_FILE_x86_64-unknown-linux-gnu = None
[INFO] [stderr]   CMAKE_TOOLCHAIN_FILE_x86_64_unknown_linux_gnu = None
[INFO] [stderr]   HOST_CMAKE_TOOLCHAIN_FILE = None
[INFO] [stderr]   CMAKE_TOOLCHAIN_FILE = None
[INFO] [stderr]   CMAKE_GENERATOR_x86_64-unknown-linux-gnu = None
[INFO] [stderr]   CMAKE_GENERATOR_x86_64_unknown_linux_gnu = None
[INFO] [stderr]   HOST_CMAKE_GENERATOR = None
[INFO] [stderr]   CMAKE_GENERATOR = None
[INFO] [stderr]   CMAKE_PREFIX_PATH_x86_64-unknown-linux-gnu = None
[INFO] [stderr]   CMAKE_PREFIX_PATH_x86_64_unknown_linux_gnu = None
[INFO] [stderr]   HOST_CMAKE_PREFIX_PATH = None
[INFO] [stderr]   CMAKE_PREFIX_PATH = None
[INFO] [stderr]   CMAKE_x86_64-unknown-linux-gnu = None
[INFO] [stderr]   CMAKE_x86_64_unknown_linux_gnu = None
[INFO] [stderr]   HOST_CMAKE = None
[INFO] [stderr]   CMAKE = None
[INFO] [stderr]   -- The CXX compiler identification is GNU 15.2.0
[INFO] [stderr]   -- The C compiler identification is GNU 15.2.0
[INFO] [stderr]   -- Detecting CXX compiler ABI info
[INFO] [stderr]   -- Detecting CXX compiler ABI info - done
[INFO] [stderr]   -- Check for working CXX compiler: /usr/bin/c++ - skipped
[INFO] [stderr]   -- Detecting CXX compile features
[INFO] [stderr]   -- Detecting CXX compile features - done
[INFO] [stderr]   -- Detecting C compiler ABI info
[INFO] [stderr]   -- Detecting C compiler ABI info - done
[INFO] [stderr]   -- Check for working C compiler: /usr/bin/cc - skipped
[INFO] [stderr]   -- Detecting C compile features
[INFO] [stderr]   -- Detecting C compile features - done
[INFO] [stderr]   -- Multi-threaded mode is enabled: CMAKE_BUILD_PARALLEL_LEVEL=16
[INFO] [stderr]   -- Performing Test CMAKE_HAVE_LIBC_PTHREAD
[INFO] [stderr]   -- Performing Test CMAKE_HAVE_LIBC_PTHREAD - Success
[INFO] [stderr]   -- Found Threads: TRUE
[INFO] [stderr]   -- 64-bit architecture detected
[INFO] [stderr]   -- LBUG_PAGE_SIZE_LOG2: 12
[INFO] [stderr]   -- LBUG_VECTOR_CAPACITY_LOG2: 11
[INFO] [stderr]   -- LBUG_NODE_GROUP_SIZE_LOG2: 17
[INFO] [stderr]   -- LBUG_MAX_SEGMENT_SIZE_LOG2: 18
[INFO] [stderr]   -- Looking for F_FULLFSYNC
[INFO] [stderr]   -- Looking for F_FULLFSYNC - not found
[INFO] [stderr]   -- Looking for fdatasync
[INFO] [stderr]   -- Looking for fdatasync - found
[INFO] [stderr]   -- ✗ F_FULLFSYNC not available
[INFO] [stderr]   -- ✓ fdatasync will be used on this platform
[INFO] [stderr]   -- Build type is 'Release'
[INFO] [stderr]   -- Performing Test BROTLI_EMSCRIPTEN
[INFO] [stderr]   -- Performing Test BROTLI_EMSCRIPTEN - Failed
[INFO] [stderr]   -- Looking for log2 in m
[INFO] [stderr]   -- Looking for log2 in m - found
[INFO] [stderr]   -- Configuring done (7.1s)
[INFO] [stderr]   -- Generating done (6.1s)
[INFO] [stderr]   -- Build files have been written to: /opt/rustwide/target/release/build/lbug/3e7b55acb49432aa/out/build
[INFO] [stderr]   [  0%] Building C object third_party/brotli/CMakeFiles/brotlicommon.dir/c/common/constants.c.o
[INFO] [stderr]   [  0%] Building C object third_party/brotli/CMakeFiles/brotlicommon.dir/c/common/context.c.o
[INFO] [stderr]   [  0%] Building CXX object third_party/mbedtls/CMakeFiles/mbedtls.dir/library/asn1parse.cpp.o
[INFO] [stderr]   [  0%] Building CXX object third_party/mbedtls/CMakeFiles/mbedtls.dir/library/bignum.cpp.o
[INFO] [stderr]   [  0%] Building C object third_party/brotli/CMakeFiles/brotlicommon.dir/c/common/dictionary.c.o
[INFO] [stderr]   [  0%] Building C object third_party/brotli/CMakeFiles/brotlicommon.dir/c/common/shared_dictionary.c.o
[INFO] [stderr]   [  0%] Building C object third_party/brotli/CMakeFiles/brotlicommon.dir/c/common/platform.c.o
[INFO] [stderr]   [  0%] Building CXX object third_party/mbedtls/CMakeFiles/mbedtls.dir/library/aes.cpp.o
[INFO] [stderr]   [  0%] Building CXX object third_party/lz4/CMakeFiles/lz4.dir/lz4.cpp.o
[INFO] [stderr]   [  1%] Building CXX object third_party/parquet/CMakeFiles/parquet.dir/parquet_constants.cpp.o
[INFO] [stderr]   [  1%] Building CXX object third_party/mbedtls/CMakeFiles/mbedtls.dir/library/aria.cpp.o
[INFO] [stderr]   [  1%] Building CXX object third_party/fastpfor/CMakeFiles/fastpfor.dir/fastpfor/bitpacking.cpp.o
[INFO] [stderr]   [  1%] Building CXX object third_party/mbedtls/CMakeFiles/mbedtls.dir/library/base64.cpp.o
[INFO] [stderr]   [  1%] Building CXX object third_party/re2/CMakeFiles/re2.dir/bitstate.cpp.o
[INFO] [stderr]   [  1%] Building CXX object third_party/miniz/CMakeFiles/miniz.dir/miniz.cpp.o
[INFO] [stderr]   [  1%] Building CXX object third_party/antlr4_runtime/CMakeFiles/antlr4_runtime.dir/src/ANTLRErrorListener.cpp.o
[INFO] [stderr]   [  1%] Building CXX object third_party/antlr4_runtime/CMakeFiles/antlr4_runtime.dir/src/ANTLRErrorStrategy.cpp.o
[INFO] [stderr]   [  1%] Building C object third_party/brotli/CMakeFiles/brotlicommon.dir/c/common/transform.c.o
[INFO] [stderr]   [  1%] Building CXX object third_party/mbedtls/CMakeFiles/mbedtls.dir/library/camellia.cpp.o
[INFO] [stderr]   [  1%] Building CXX object third_party/parquet/CMakeFiles/parquet.dir/parquet_types.cpp.o
[INFO] [stderr]   [  1%] Building C object third_party/roaring_bitmap/CMakeFiles/roaring_bitmap.dir/roaring.c.o
[INFO] [stderr]   [  2%] Building CXX object third_party/mbedtls/CMakeFiles/mbedtls.dir/library/cipher.cpp.o
[INFO] [stderr]   [  2%] Linking C static library libbrotlicommon.a
[INFO] [stderr]   [  2%] Building CXX object third_party/antlr4_runtime/CMakeFiles/antlr4_runtime.dir/src/ANTLRFileStream.cpp.o
[INFO] [stderr]   [  2%] Built target brotlicommon
[INFO] [stderr]   [  2%] Building CXX object third_party/re2/CMakeFiles/re2.dir/compile.cpp.o
[INFO] [stderr]   [  2%] Building C object third_party/simsimd/CMakeFiles/simsimd.dir/lib.c.o
[INFO] [stderr]   [  2%] Building CXX object third_party/antlr4_runtime/CMakeFiles/antlr4_runtime.dir/src/ANTLRInputStream.cpp.o
[INFO] [stderr]   [  2%] Building CXX object third_party/antlr4_runtime/CMakeFiles/antlr4_runtime.dir/src/atn/ActionTransition.cpp.o
[INFO] [stderr]   [  2%] Building CXX object third_party/snappy/CMakeFiles/snappy.dir/snappy.cc.o
[INFO] [stderr]   [  2%] Building CXX object third_party/thrift/CMakeFiles/thrift.dir/protocol/TProtocol.cpp.o
[INFO] [stderr]   [  2%] Building CXX object third_party/thrift/CMakeFiles/thrift.dir/transport/TTransportException.cpp.o
[INFO] [stderr]   [  2%] Building CXX object third_party/mbedtls/CMakeFiles/mbedtls.dir/library/cipher_wrap.cpp.o
[INFO] [stderr]   [  2%] Building CXX object third_party/re2/CMakeFiles/re2.dir/dfa.cpp.o
[INFO] [stderr]   [  2%] Building CXX object third_party/snappy/CMakeFiles/snappy.dir/snappy-sinksource.cc.o
[INFO] [stderr]   [  2%] Building CXX object third_party/thrift/CMakeFiles/thrift.dir/transport/TBufferTransports.cpp.o
[INFO] [stderr]   [  2%] Building CXX object third_party/re2/CMakeFiles/re2.dir/filtered_re2.cpp.o
[INFO] [stderr]   [  2%] Building CXX object third_party/mbedtls/CMakeFiles/mbedtls.dir/library/constant_time.cpp.o
[INFO] [stderr]   [  2%] Building CXX object third_party/mbedtls/CMakeFiles/mbedtls.dir/library/entropy.cpp.o
[INFO] [stderr]   [  2%] Building CXX object third_party/re2/CMakeFiles/re2.dir/mimics_pcre.cpp.o
[INFO] [stderr]   [  2%] Building CXX object third_party/mbedtls/CMakeFiles/mbedtls.dir/library/entropy_poll.cpp.o
[INFO] [stderr]   [  2%] Building CXX object third_party/mbedtls/CMakeFiles/mbedtls.dir/library/gcm.cpp.o
[INFO] [stderr]   [  2%] Building CXX object third_party/re2/CMakeFiles/re2.dir/nfa.cpp.o
[INFO] [stderr]   [  2%] Building CXX object third_party/mbedtls/CMakeFiles/mbedtls.dir/library/md.cpp.o
[INFO] [stderr]   [  2%] Building CXX object third_party/re2/CMakeFiles/re2.dir/onepass.cpp.o
[INFO] [stderr]   [  2%] Building CXX object third_party/mbedtls/CMakeFiles/mbedtls.dir/library/oid.cpp.o
[INFO] [stderr]   [  2%] Building CXX object third_party/mbedtls/CMakeFiles/mbedtls.dir/library/pem.cpp.o
[INFO] [stderr]   [  2%] Building CXX object third_party/re2/CMakeFiles/re2.dir/parse.cpp.o
[INFO] [stderr]   [  3%] Building CXX object third_party/re2/CMakeFiles/re2.dir/perl_groups.cpp.o
[INFO] [stderr]   [  3%] Building CXX object third_party/re2/CMakeFiles/re2.dir/prefilter.cpp.o
[INFO] [stderr]   [  3%] Building CXX object third_party/mbedtls/CMakeFiles/mbedtls.dir/library/pk.cpp.o
[INFO] [stderr]   [  3%] Building CXX object third_party/re2/CMakeFiles/re2.dir/prefilter_tree.cpp.o
[INFO] [stderr]   [  3%] Building CXX object third_party/mbedtls/CMakeFiles/mbedtls.dir/library/pk_wrap.cpp.o
[INFO] [stderr]   [  4%] Building CXX object third_party/mbedtls/CMakeFiles/mbedtls.dir/library/pkparse.cpp.o
[INFO] [stderr]   [  4%] Building CXX object third_party/re2/CMakeFiles/re2.dir/prog.cpp.o
[INFO] [stderr]   [  4%] Building CXX object third_party/mbedtls/CMakeFiles/mbedtls.dir/library/platform_util.cpp.o
[INFO] [stderr]   [  4%] Building CXX object third_party/mbedtls/CMakeFiles/mbedtls.dir/library/rsa.cpp.o
[INFO] [stderr]   [  5%] Linking CXX static library libsnappy.a
[INFO] [stderr]   [  5%] Building CXX object third_party/mbedtls/CMakeFiles/mbedtls.dir/library/rsa_alt_helpers.cpp.o
[INFO] [stderr]   [  5%] Building CXX object third_party/re2/CMakeFiles/re2.dir/re2.cpp.o
[INFO] [stderr]   [  5%] Building CXX object third_party/re2/CMakeFiles/re2.dir/regexp.cpp.o
[INFO] [stderr]   [  5%] Linking CXX static library libthrift.a
[INFO] [stderr]   [  5%] Built target snappy
[INFO] [stderr]   [  5%] Building CXX object third_party/mbedtls/CMakeFiles/mbedtls.dir/library/sha1.cpp.o
[INFO] [stderr]   [  5%] Building CXX object third_party/re2/CMakeFiles/re2.dir/set.cpp.o
[INFO] [stderr]   [  5%] Building CXX object third_party/mbedtls/CMakeFiles/mbedtls.dir/library/sha256.cpp.o
[INFO] [stderr]   [  5%] Built target thrift
[INFO] [stderr]   [  5%] Building CXX object third_party/re2/CMakeFiles/re2.dir/simplify.cpp.o
[INFO] [stderr]   [  5%] Building CXX object third_party/mbedtls/CMakeFiles/mbedtls.dir/library/sha512.cpp.o
[INFO] [stderr]   [  5%] Building CXX object third_party/re2/CMakeFiles/re2.dir/stringpiece.cpp.o
[INFO] [stderr]   [  5%] Linking CXX static library libmbedtls.a
[INFO] [stderr]   [  5%] Building CXX object third_party/re2/CMakeFiles/re2.dir/tostring.cpp.o
[INFO] [stderr]   [  5%] Built target mbedtls
[INFO] [stderr]   [  5%] Linking CXX static library libminiz.a
[INFO] [stderr]   [  5%] Built target miniz
[INFO] [stderr]   [  5%] Linking CXX static library liblz4.a
[INFO] [stderr]   [  5%] Built target lz4
[INFO] [stderr] 
[INFO] [stderr]   --- stderr
[INFO] [stderr]   mkdir: Read-only file system
[INFO] [stderr]   running: cd "/opt/rustwide/target/release/build/lbug/3e7b55acb49432aa/out/build" && CMAKE_PREFIX_PATH="" LC_ALL="C" "cmake" "/opt/rustwide/cargo-home/registry/src/index.crates.io-1949cf8c6b5b557f/lbug-0.17.0/lbug-src" "-B" "/opt/rustwide/target/release/build/lbug/3e7b55acb49432aa/out/build" "-DBUILD_SHELL=OFF" "-DBUILD_SINGLE_FILE_HEADER=OFF" "-DAUTO_UPDATE_GRAMMAR=OFF" "-DCMAKE_INSTALL_PREFIX=/opt/rustwide/target/release/build/lbug/3e7b55acb49432aa/out" "-DCMAKE_C_FLAGS= -ffunction-sections -fdata-sections -fPIC -m64 -w" "-DCMAKE_C_COMPILER=/usr/bin/cc" "-DCMAKE_CXX_FLAGS= -ffunction-sections -fdata-sections -fPIC -m64 -w" "-DCMAKE_CXX_COMPILER=/usr/bin/c++" "-DCMAKE_ASM_FLAGS= -ffunction-sections -fdata-sections -fPIC -m64 -w" "-DCMAKE_ASM_COMPILER=/usr/bin/cc" "-DCMAKE_BUILD_TYPE=Release"
[INFO] [stderr]   -- Compiler is not EMSCRIPTEN
[INFO] [stderr]   CMake Warning:
[INFO] [stderr]     Manually-specified variables were not used by the project:
[INFO] [stderr] 
[INFO] [stderr]       CMAKE_ASM_COMPILER
[INFO] [stderr]       CMAKE_ASM_FLAGS
[INFO] [stderr] 
[INFO] [stderr] 
[INFO] [stderr]   running: cd "/opt/rustwide/target/release/build/lbug/3e7b55acb49432aa/out/build" && LC_ALL="C" MAKEFLAGS="-j --jobserver-fds=4,5 --jobserver-auth=4,5" "cmake" "--build" "/opt/rustwide/target/release/build/lbug/3e7b55acb49432aa/out/build" "--config" "Release"
[INFO] [stderr]   gmake: warning: -j16 forced in submake: resetting jobserver mode.
[INFO] [stderr]   cc: fatal error: Killed signal terminated program cc1
[INFO] [stderr]   compilation terminated.
[INFO] [stderr]   gmake[2]: *** [third_party/roaring_bitmap/CMakeFiles/roaring_bitmap.dir/build.make:79: third_party/roaring_bitmap/CMakeFiles/roaring_bitmap.dir/roaring.c.o] Error 1
[INFO] [stderr]   gmake[1]: *** [CMakeFiles/Makefile2:4134: third_party/roaring_bitmap/CMakeFiles/roaring_bitmap.dir/all] Error 2
[INFO] [stderr]   gmake[1]: *** Waiting for unfinished jobs....
[INFO] [stderr]   c++: fatal error: Killed signal terminated program cc1plus
[INFO] [stderr]   compilation terminated.
[INFO] [stderr]   gmake[2]: *** [third_party/antlr4_runtime/CMakeFiles/antlr4_runtime.dir/build.make:79: third_party/antlr4_runtime/CMakeFiles/antlr4_runtime.dir/src/ANTLRErrorListener.cpp.o] Error 1
[INFO] [stderr]   gmake[2]: *** Waiting for unfinished jobs....
[INFO] [stderr]   c++: fatal error: Killed signal terminated program cc1plus
[INFO] [stderr]   compilation terminated.
[INFO] [stderr]   gmake[2]: *** [third_party/antlr4_runtime/CMakeFiles/antlr4_runtime.dir/build.make:93: third_party/antlr4_runtime/CMakeFiles/antlr4_runtime.dir/src/ANTLRErrorStrategy.cpp.o] Error 1
[INFO] [stderr]   c++: fatal error: Killed signal terminated program cc1plus
[INFO] [stderr]   compilation terminated.
[INFO] [stderr]   gmake[2]: *** [third_party/antlr4_runtime/CMakeFiles/antlr4_runtime.dir/build.make:107: third_party/antlr4_runtime/CMakeFiles/antlr4_runtime.dir/src/ANTLRFileStream.cpp.o] Error 1
[INFO] [stderr]   c++: fatal error: Killed signal terminated program cc1plus
[INFO] [stderr]   compilation terminated.
[INFO] [stderr]   gmake[2]: *** [third_party/fastpfor/CMakeFiles/fastpfor.dir/build.make:79: third_party/fastpfor/CMakeFiles/fastpfor.dir/fastpfor/bitpacking.cpp.o] Error 1
[INFO] [stderr]   gmake[1]: *** [CMakeFiles/Makefile2:3046: third_party/fastpfor/CMakeFiles/fastpfor.dir/all] Error 2
[INFO] [stderr]   c++: fatal error: Killed signal terminated program cc1plus
[INFO] [stderr]   compilation terminated.
[INFO] [stderr]   gmake[2]: *** [third_party/antlr4_runtime/CMakeFiles/antlr4_runtime.dir/build.make:135: third_party/antlr4_runtime/CMakeFiles/antlr4_runtime.dir/src/atn/ActionTransition.cpp.o] Error 1
[INFO] [stderr]   c++: fatal error: Killed signal terminated program cc1plus
[INFO] [stderr]   compilation terminated.
[INFO] [stderr]   gmake[2]: *** [third_party/parquet/CMakeFiles/parquet.dir/build.make:93: third_party/parquet/CMakeFiles/parquet.dir/parquet_types.cpp.o] Error 1
[INFO] [stderr]   gmake[1]: *** [CMakeFiles/Makefile2:3174: third_party/parquet/CMakeFiles/parquet.dir/all] Error 2
[INFO] [stderr]   c++: fatal error: Killed signal terminated program cc1plus
[INFO] [stderr]   compilation terminated.
[INFO] [stderr]   gmake[2]: *** [third_party/antlr4_runtime/CMakeFiles/antlr4_runtime.dir/build.make:121: third_party/antlr4_runtime/CMakeFiles/antlr4_runtime.dir/src/ANTLRInputStream.cpp.o] Error 1
[INFO] [stderr]   gmake[1]: *** [CMakeFiles/Makefile2:2918: third_party/antlr4_runtime/CMakeFiles/antlr4_runtime.dir/all] Error 2
[INFO] [stderr]   c++: fatal error: Killed signal terminated program cc1plus
[INFO] [stderr]   compilation terminated.
[INFO] [stderr]   gmake[2]: *** [third_party/re2/CMakeFiles/re2.dir/build.make:107: third_party/re2/CMakeFiles/re2.dir/dfa.cpp.o] Error 1
[INFO] [stderr]   gmake[2]: *** Waiting for unfinished jobs....
[INFO] [stderr]   cc: fatal error: Killed signal terminated program cc1
[INFO] [stderr]   compilation terminated.
[INFO] [stderr]   gmake[2]: *** [third_party/simsimd/CMakeFiles/simsimd.dir/build.make:79: third_party/simsimd/CMakeFiles/simsimd.dir/lib.c.o] Error 1
[INFO] [stderr]   gmake[1]: *** [CMakeFiles/Makefile2:4166: third_party/simsimd/CMakeFiles/simsimd.dir/all] Error 2
[INFO] [stderr]   gmake[1]: *** [CMakeFiles/Makefile2:4102: third_party/re2/CMakeFiles/re2.dir/all] Error 2
[INFO] [stderr]   gmake: *** [Makefile:136: all] Error 2
[INFO] [stderr] 
[INFO] [stderr]   thread 'main' (1931) panicked at /opt/rustwide/cargo-home/registry/src/index.crates.io-1949cf8c6b5b557f/cmake-0.1.58/src/lib.rs:1132:5:
[INFO] [stderr] 
[INFO] [stderr]   command did not execute successfully, got: exit status: 2
[INFO] [stderr] 
[INFO] [stderr]   build script failed, must exit now
[INFO] [stderr]   stack backtrace:
[INFO] [stderr]      0:     0x556856a455c1 - <<std[617be2ca0a6fd877]::sys::backtrace::BacktraceLock>::print::DisplayBacktrace as core[a373ad73a504971]::fmt::Display>::fmt
[INFO] [stderr]      1:     0x556856a5b32a - core[a373ad73a504971]::fmt::write
[INFO] [stderr]      2:     0x556856a4b87c - <std[617be2ca0a6fd877]::sys::stdio::unix::Stderr as core[a373ad73a504971]::io::write::Write>::write_fmt
[INFO] [stderr]      3:     0x556856a21fa6 - std[617be2ca0a6fd877]::panicking::default_hook::{closure#0}
[INFO] [stderr]      4:     0x556856a3e751 - std[617be2ca0a6fd877]::panicking::default_hook
[INFO] [stderr]      5:     0x556856a3ea7b - std[617be2ca0a6fd877]::panicking::panic_with_hook
[INFO] [stderr]      6:     0x556856a22052 - std[617be2ca0a6fd877]::panicking::panic_handler::{closure#0}
[INFO] [stderr]      7:     0x556856a1a679 - std[617be2ca0a6fd877]::sys::backtrace::__rust_end_short_backtrace::<std[617be2ca0a6fd877]::panicking::panic_handler::{closure#0}, !>
[INFO] [stderr]      8:     0x556856a22b8d - __rustc[ea4f61d10b84890b]::rust_begin_unwind
[INFO] [stderr]      9:     0x556856a5bb4c - core[a373ad73a504971]::panicking::panic_fmt
[INFO] [stderr]     10:     0x5568569a00f7 - cmake[b08df5e046193080]::fail
[INFO] [stderr]     11:     0x55685699fd83 - cmake[b08df5e046193080]::run
[INFO] [stderr]     12:     0x5568569a5d65 - <cmake[b08df5e046193080]::Config>::build
[INFO] [stderr]     13:     0x5568567726db - build_script_build[c04a6279af8bfd07]::build_bundled_cmake
[INFO] [stderr]     14:     0x55685677494b - build_script_build[c04a6279af8bfd07]::main
[INFO] [stderr]     15:     0x556856777533 - <fn() as core[a373ad73a504971]::ops::function::FnOnce<()>>::call_once
[INFO] [stderr]     16:     0x55685676fdee - std[617be2ca0a6fd877]::sys::backtrace::__rust_begin_short_backtrace::<fn(), ()>
[INFO] [stderr]     17:     0x556856770279 - std[617be2ca0a6fd877]::rt::lang_start::<()>::{closure#0}
[INFO] [stderr]     18:     0x556856a3da48 - std[617be2ca0a6fd877]::rt::lang_start_internal
[INFO] [stderr]     19:     0x55685676f6b1 - std[617be2ca0a6fd877]::rt::lang_start::<()>
[INFO] [stderr]     20:     0x556856777675 - main
[INFO] [stderr]     21:     0x791e6f0fe601 - <unknown>
[INFO] [stderr]     22:     0x791e6f0fe718 - __libc_start_main
[INFO] [stderr]     23:     0x55685676d395 - _start
[INFO] [stderr]     24:                0x0 - <unknown>
[INFO] running `Command { std: "docker" "inspect" "1e240d3836ebaa9b0b158f3c56045c98c218e272a59bbde426cb9523d4b75b6d", kill_on_drop: false }`
[INFO] running `Command { std: "docker" "rm" "-f" "1e240d3836ebaa9b0b158f3c56045c98c218e272a59bbde426cb9523d4b75b6d", kill_on_drop: false }`
[INFO] [stdout] 1e240d3836ebaa9b0b158f3c56045c98c218e272a59bbde426cb9523d4b75b6d
