[INFO] fetching crate glycin-external 4.0.2...
[INFO] testing glycin-external-4.0.2 against 1.99.0-beta.8+cargoflags=--release for beta-release-1.100-2
[INFO] extracting crate glycin-external 4.0.2 into /workspace/builds/worker-5-tc1/source
[INFO] started tweaking crates.io crate glycin-external 4.0.2
[INFO] finished tweaking crates.io crate glycin-external 4.0.2
[INFO] tweaked toml for crates.io crate glycin-external 4.0.2 written to /workspace/builds/worker-5-tc1/source/Cargo.toml
[INFO] validating manifest of crates.io crate glycin-external 4.0.2 on toolchain 1.99.0-beta.8
[INFO] running `Command { std: CARGO_HOME="/workspace/cargo-home" RUSTUP_HOME="/workspace/rustup-home" "/workspace/cargo-home/bin/cargo" "+1.99.0-beta.8" "metadata" "--manifest-path" "Cargo.toml" "--no-deps", kill_on_drop: false }`
[INFO] crate crates.io crate glycin-external 4.0.2 already has a lockfile, it will not be regenerated
[INFO] running `Command { std: CARGO_HOME="/workspace/cargo-home" RUSTUP_HOME="/workspace/rustup-home" "/workspace/cargo-home/bin/cargo" "+1.99.0-beta.8" "fetch" "--manifest-path" "Cargo.toml", kill_on_drop: false }`
[INFO] [stderr]     Updating crates.io index
[INFO] [stderr]  Downloading crates ...
[INFO] [stderr]   Downloaded glycin-core v4.0.2
[INFO] [stderr]   Downloaded gufo v0.5.0
[INFO] [stderr]   Downloaded gufo-xmp v0.5.0
[INFO] [stderr]   Downloaded gufo-exif v0.5.0
[INFO] [stderr]   Downloaded gufo-common v2.0.0
[INFO] [stderr]   Downloaded xml v1.3.0
[INFO] [stderr]   Downloaded glycin-common v2.0.0
[INFO] [stderr]   Downloaded gobject-sys v0.22.6
[INFO] [stderr]   Downloaded glycin-utils v5.0.1
[INFO] [stderr]   Downloaded system-deps v7.0.8
[INFO] [stderr]   Downloaded cfg-expr v0.20.8
[INFO] [stderr]   Downloaded glib-sys v0.22.8
[INFO] [stderr]   Downloaded glib-macros v0.22.6
[INFO] [stderr]   Downloaded cairo-sys-rs v0.22.0
[INFO] [stderr]   Downloaded async-global-executor v3.1.0
[INFO] [stderr]   Downloaded glib v0.22.8
[INFO] [stderr]   Downloaded gio-sys v0.22.8
[INFO] [stderr]   Downloaded gio-unix v0.22.8
[INFO] [stderr]   Downloaded gio-unix-sys v0.22.0
[INFO] [stderr]   Downloaded pango-sys v0.22.0
[INFO] [stderr]   Downloaded gdk-pixbuf-sys v0.22.0
[INFO] [stderr]   Downloaded gdk-pixbuf v0.22.0
[INFO] [stderr]   Downloaded pango v0.22.8
[INFO] [stderr]   Downloaded cairo-rs v0.22.0
[INFO] [stderr]   Downloaded gdk4-sys v0.11.4
[INFO] [stderr]   Downloaded gdk4 v0.11.4
[INFO] [stderr]   Downloaded gio v0.22.8
[INFO] running `Command { std: "docker" "create" "-v" "/var/lib/crater-agent-workspace/builds/worker-5-tc1/source:/opt/rustwide/workdir:ro,Z" "-v" "/var/lib/crater-agent-workspace/builds/worker-5-tc1/target:/opt/rustwide/target:rw,Z" "-v" "/var/lib/crater-agent-workspace/cargo-home:/opt/rustwide/cargo-home:ro,Z" "-v" "/var/lib/crater-agent-workspace/rustup-home:/opt/rustwide/rustup-home:ro,Z" "-m" "1610612736" "--network" "none" "ghcr.io/rust-lang/crates-build-env/linux@sha256:77db811e55d90add9212f6832c23229e3de5f1c1f9905e8cb07319ea15df73ac" "sleep" "infinity", kill_on_drop: false }`
[INFO] [stdout] 21b1330bcdf4308feddb68246b89c8b33dacf4b2e31e3624c40b5b937a2c1d98
[INFO] running `Command { std: "docker" "start" "21b1330bcdf4308feddb68246b89c8b33dacf4b2e31e3624c40b5b937a2c1d98", kill_on_drop: false }`
[INFO] running `Command { std: "docker" "inspect" "21b1330bcdf4308feddb68246b89c8b33dacf4b2e31e3624c40b5b937a2c1d98", kill_on_drop: false }`
[INFO] running `Command { std: "docker" "exec" "-e" "SOURCE_DIR=/opt/rustwide/workdir" "-e" "CARGO_HOME=/opt/rustwide/cargo-home" "-e" "RUSTUP_HOME=/opt/rustwide/rustup-home" "-e" "CARGO_TARGET_DIR=/opt/rustwide/target" "-w" "/opt/rustwide/workdir" "--user" "0:0" "21b1330bcdf4308feddb68246b89c8b33dacf4b2e31e3624c40b5b937a2c1d98" "/opt/rustwide/cargo-home/bin/cargo" "+1.99.0-beta.8" "metadata" "--no-deps" "--format-version=1", kill_on_drop: false }`
[INFO] running `Command { std: "docker" "inspect" "21b1330bcdf4308feddb68246b89c8b33dacf4b2e31e3624c40b5b937a2c1d98", kill_on_drop: false }`
[INFO] running `Command { std: "docker" "exec" "-e" "SOURCE_DIR=/opt/rustwide/workdir" "-e" "CARGO_HOME=/opt/rustwide/cargo-home" "-e" "RUSTUP_HOME=/opt/rustwide/rustup-home" "-e" "CARGO_TARGET_DIR=/opt/rustwide/target" "-e" "CARGO_INCREMENTAL=0" "-e" "RUST_BACKTRACE=full" "-e" "RUSTFLAGS=--cap-lints=warn" "-e" "RUSTDOCFLAGS=--cap-lints=warn" "-w" "/opt/rustwide/workdir" "--user" "0:0" "21b1330bcdf4308feddb68246b89c8b33dacf4b2e31e3624c40b5b937a2c1d98" "/opt/rustwide/cargo-home/bin/cargo" "+1.99.0-beta.8" "build" "--frozen" "--message-format=json" "--release", kill_on_drop: false }`
[INFO] [stderr]    Compiling target-lexicon v0.13.5
[INFO] [stderr]    Compiling serde_spanned v1.1.1
[INFO] [stderr]    Compiling smallvec v1.15.2
[INFO] [stderr]    Compiling version-compare v0.2.1
[INFO] [stderr]    Compiling libc v0.2.189
[INFO] [stderr]    Compiling serde_core v1.0.229
[INFO] [stderr]    Compiling serde v1.0.229
[INFO] [stderr]    Compiling proc-macro2 v1.0.107
[INFO] [stderr]    Compiling crossbeam-utils v0.8.22
[INFO] [stderr]    Compiling endi v1.1.1
[INFO] [stderr]    Compiling syn v2.0.119
[INFO] [stderr]    Compiling syn v3.0.3
[INFO] [stderr]    Compiling proc-macro-crate v3.5.0
[INFO] [stderr]    Compiling event-listener v5.4.2
[INFO] [stderr]    Compiling futures-io v0.3.33
[INFO] [stderr]    Compiling proc-macro2-diagnostics v0.10.1
[INFO] [stderr]    Compiling crossbeam-epoch v0.9.20
[INFO] [stderr]    Compiling toml v1.1.4+spec-1.1.0
[INFO] [stderr]    Compiling futures-task v0.3.33
[INFO] [stderr]    Compiling yansi v1.0.1
[INFO] [stderr]    Compiling fastrand v2.5.0
[INFO] [stderr]    Compiling crossbeam-deque v0.8.7
[INFO] [stderr]    Compiling event-listener-strategy v0.5.4
[INFO] [stderr]    Compiling nix v0.31.3
[INFO] [stderr]    Compiling libseccomp-sys v0.3.0
[INFO] [stderr]    Compiling rustix v1.1.4
[INFO] [stderr]    Compiling futures-lite v2.6.1
[INFO] [stderr]    Compiling rmp v0.8.15
[INFO] [stderr]    Compiling libseccomp v0.4.0
[INFO] [stderr]    Compiling concurrent-queue v2.5.0
[INFO] [stderr]    Compiling aliasable v0.1.3
[INFO] [stderr]    Compiling linux-raw-sys v0.12.1
[INFO] [stderr]    Compiling quote v1.0.47
[INFO] [stderr]    Compiling jiff-core v0.1.0
[INFO] [stderr]    Compiling env_filter v2.0.0
[INFO] [stderr]    Compiling async-channel v2.5.0
[INFO] [stderr]    Compiling piper v0.2.5
[INFO] [stderr]    Compiling cfg-expr v0.20.8
[INFO] [stderr]    Compiling async-broadcast v0.7.2
[INFO] [stderr]    Compiling rayon-core v1.13.0
[INFO] [stderr]    Compiling libloading v0.8.9
[INFO] [stderr]    Compiling ordered-stream v0.2.0
[INFO] [stderr]    Compiling yeslogic-fontconfig-sys v6.0.1
[INFO] [stderr]    Compiling async-task v4.7.1
[INFO] [stderr]    Compiling xml v1.3.0
[INFO] [stderr]    Compiling either v1.17.0
[INFO] [stderr]    Compiling dlib v0.5.3
[INFO] [stderr]    Compiling system-deps v7.0.8
[INFO] [stderr]    Compiling async-lock v3.4.2
[INFO] [stderr]    Compiling pxfm v0.1.30
[INFO] [stderr]    Compiling rayon v1.12.0
[INFO] [stderr]    Compiling blocking v1.6.2
[INFO] [stderr]    Compiling bytemuck v1.25.2
[INFO] [stderr]    Compiling jiff v0.2.35
[INFO] [stderr]    Compiling glib-sys v0.22.8
[INFO] [stderr]    Compiling gobject-sys v0.22.6
[INFO] [stderr]    Compiling gio-sys v0.22.8
[INFO] [stderr]    Compiling gio-unix-sys v0.22.0
[INFO] [stderr]    Compiling getrandom v0.4.3
[INFO] [stderr]    Compiling memmap2 v0.9.11
[INFO] [stderr]    Compiling uuid v1.24.0
[INFO] [stderr]    Compiling serde_derive v1.0.229
[INFO] [stderr]    Compiling thiserror-impl v2.0.19
[INFO] [stderr]    Compiling serde_repr v0.1.21
[INFO] [stderr]    Compiling async-trait v0.1.91
[INFO] [stderr]    Compiling thiserror v2.0.19
[INFO] [stderr]    Compiling moxcms v0.8.1
[INFO] [stderr]    Compiling enumflags2_derive v0.7.12
[INFO] [stderr]    Compiling futures-macro v0.3.33
[INFO] [stderr]    Compiling zerocopy-derive v0.8.55
[INFO] [stderr]    Compiling tracing-attributes v0.1.31
[INFO] [stderr]    Compiling glib-macros v0.22.6
[INFO] [stderr]    Compiling ouroboros_macro v0.18.5
[INFO] [stderr]    Compiling async-recursion v1.1.1
[INFO] [stderr]    Compiling futures-util v0.3.33
[INFO] [stderr]    Compiling env_logger v0.11.11
[INFO] [stderr]    Compiling zvariant_utils v3.5.0
[INFO] [stderr]    Compiling zerocopy v0.8.55
[INFO] [stderr]    Compiling enumflags2 v0.7.12
[INFO] [stderr]    Compiling zvariant_derive v5.13.1
[INFO] [stderr]    Compiling tracing v0.1.44
[INFO] [stderr]    Compiling ouroboros v0.18.5
[INFO] [stderr]    Compiling rmp-serde v1.3.1
[INFO] [stderr]    Compiling futures-executor v0.3.33
[INFO] [stderr]    Compiling zvariant v5.13.1
[INFO] [stderr]    Compiling glib v0.22.8
[INFO] [stderr]    Compiling gufo-common v2.0.0
[INFO] [stderr]    Compiling zbus_names v4.3.4
[INFO] [stderr]    Compiling zbus_macros v5.18.0
[INFO] [stderr]    Compiling gufo-xmp v0.5.0
[INFO] [stderr]    Compiling half v2.7.1
[INFO] [stderr]    Compiling gufo-exif v0.5.0
[INFO] [stderr]    Compiling glycin-common v2.0.0
[INFO] [stderr]    Compiling gufo v0.5.0
[INFO] [stderr]    Compiling zbus v5.18.0
[INFO] [stdout] error: Either "async-io" (default) or "tokio" must be enabled.
[INFO] [stdout]   --> /opt/rustwide/cargo-home/registry/src/index.crates.io-1949cf8c6b5b557f/zbus-5.18.0/src/lib.rs:40:5
[INFO] [stdout]    |
[INFO] [stdout] 40 |     compile_error!("Either \"async-io\" (default) or \"tokio\" must be enabled.");
[INFO] [stdout]    |     ^^^^^^^^^^^^^^^^^^^^^^^^^^^^^^^^^^^^^^^^^^^^^^^^^^^^^^^^^^^^^^^^^^^^^^^^^^^^^
[INFO] [stdout] 
[INFO] [stdout] 
[INFO] [stdout] error[E0432]: unresolved import `async_lock`
[INFO] [stdout]  --> /opt/rustwide/cargo-home/registry/src/index.crates.io-1949cf8c6b5b557f/zbus-5.18.0/src/abstractions/async_lock.rs:2:16
[INFO] [stdout]   |
[INFO] [stdout] 2 | pub(crate) use async_lock::{Mutex, RwLock, RwLockReadGuard, RwLockWriteGuard};
[INFO] [stdout]   |                ^^^^^^^^^^
[INFO] [stdout]   |
[INFO] [stdout]   = note: `use` statements changed in Rust 2018; read more at <https://doc.rust-lang.org/edition-guide/rust-2018/module-system/path-clarity.html>
[INFO] [stdout] help: a similar path exists
[INFO] [stdout]   |
[INFO] [stdout] 2 | pub(crate) use crate::async_lock::{Mutex, RwLock, RwLockReadGuard, RwLockWriteGuard};
[INFO] [stdout]   |                +++++++
[INFO] [stdout] 
[INFO] [stdout] 
[INFO] [stdout] error[E0433]: cannot find module or crate `async_process` in this scope
[INFO] [stdout]  --> /opt/rustwide/cargo-home/registry/src/index.crates.io-1949cf8c6b5b557f/zbus-5.18.0/src/abstractions/process.rs:2:5
[INFO] [stdout]   |
[INFO] [stdout] 2 | use async_process::{Child, unix::CommandExt};
[INFO] [stdout]   |     ^^^^^^^^^^^^^ use of unresolved module or unlinked crate `async_process`
[INFO] [stdout]   |
[INFO] [stdout]   = help: if you wanted to use a crate named `async_process`, use `cargo add async_process` to add it to your `Cargo.toml`
[INFO] [stdout] 
[INFO] [stdout] 
[INFO] [stdout] error[E0432]: unresolved import `async_process`
[INFO] [stdout]  --> /opt/rustwide/cargo-home/registry/src/index.crates.io-1949cf8c6b5b557f/zbus-5.18.0/src/abstractions/process.rs:2:5
[INFO] [stdout]   |
[INFO] [stdout] 2 | use async_process::{Child, unix::CommandExt};
[INFO] [stdout]   |     ^^^^^^^^^^^^^ use of unresolved module or unlinked crate `async_process`
[INFO] [stdout]   |
[INFO] [stdout]   = help: if you wanted to use a crate named `async_process`, use `cargo add async_process` to add it to your `Cargo.toml`
[INFO] [stdout] 
[INFO] [stdout] 
[INFO] [stdout] error[E0432]: unresolved import `async_io`
[INFO] [stdout]   --> /opt/rustwide/cargo-home/registry/src/index.crates.io-1949cf8c6b5b557f/zbus-5.18.0/src/address/transport/mod.rs:11:5
[INFO] [stdout]    |
[INFO] [stdout] 11 | use async_io::Async;
[INFO] [stdout]    |     ^^^^^^^^ use of unresolved module or unlinked crate `async_io`
[INFO] [stdout]    |
[INFO] [stdout]    = help: if you wanted to use a crate named `async_io`, use `cargo add async_io` to add it to your `Cargo.toml`
[INFO] [stdout] 
[INFO] [stdout] 
[INFO] [stdout] error[E0432]: unresolved import `async_io`
[INFO] [stdout]  --> /opt/rustwide/cargo-home/registry/src/index.crates.io-1949cf8c6b5b557f/zbus-5.18.0/src/address/transport/tcp.rs:4:5
[INFO] [stdout]   |
[INFO] [stdout] 4 | use async_io::Async;
[INFO] [stdout]   |     ^^^^^^^^ use of unresolved module or unlinked crate `async_io`
[INFO] [stdout]   |
[INFO] [stdout]   = help: if you wanted to use a crate named `async_io`, use `cargo add async_io` to add it to your `Cargo.toml`
[INFO] [stdout] 
[INFO] [stdout] 
[INFO] [stdout] error[E0432]: unresolved import `async_io`
[INFO] [stdout]  --> /opt/rustwide/cargo-home/registry/src/index.crates.io-1949cf8c6b5b557f/zbus-5.18.0/src/connection/builder.rs:3:5
[INFO] [stdout]   |
[INFO] [stdout] 3 | use async_io::Async;
[INFO] [stdout]   |     ^^^^^^^^ use of unresolved module or unlinked crate `async_io`
[INFO] [stdout]   |
[INFO] [stdout]   = help: if you wanted to use a crate named `async_io`, use `cargo add async_io` to add it to your `Cargo.toml`
[INFO] [stdout] 
[INFO] [stdout] 
[INFO] [stdout] error[E0432]: unresolved import `async_process`
[INFO] [stdout]  --> /opt/rustwide/cargo-home/registry/src/index.crates.io-1949cf8c6b5b557f/zbus-5.18.0/src/connection/socket/command.rs:4:5
[INFO] [stdout]   |
[INFO] [stdout] 4 | use async_process::{Child, ChildStdin, ChildStdout};
[INFO] [stdout]   |     ^^^^^^^^^^^^^ use of unresolved module or unlinked crate `async_process`
[INFO] [stdout]   |
[INFO] [stdout]   = help: if you wanted to use a crate named `async_process`, use `cargo add async_process` to add it to your `Cargo.toml`
[INFO] [stdout] 
[INFO] [stdout] 
[INFO] [stdout] error[E0432]: unresolved import `async_io`
[INFO] [stdout]  --> /opt/rustwide/cargo-home/registry/src/index.crates.io-1949cf8c6b5b557f/zbus-5.18.0/src/connection/socket/tcp.rs:2:5
[INFO] [stdout]   |
[INFO] [stdout] 2 | use async_io::Async;
[INFO] [stdout]   |     ^^^^^^^^ use of unresolved module or unlinked crate `async_io`
[INFO] [stdout]   |
[INFO] [stdout]   = help: if you wanted to use a crate named `async_io`, use `cargo add async_io` to add it to your `Cargo.toml`
[INFO] [stdout] 
[INFO] [stdout] 
[INFO] [stdout] error[E0432]: unresolved import `async_io`
[INFO] [stdout]  --> /opt/rustwide/cargo-home/registry/src/index.crates.io-1949cf8c6b5b557f/zbus-5.18.0/src/connection/socket/unix.rs:2:5
[INFO] [stdout]   |
[INFO] [stdout] 2 | use async_io::Async;
[INFO] [stdout]   |     ^^^^^^^^ use of unresolved module or unlinked crate `async_io`
[INFO] [stdout]   |
[INFO] [stdout]   = help: if you wanted to use a crate named `async_io`, use `cargo add async_io` to add it to your `Cargo.toml`
[INFO] [stdout] 
[INFO] [stdout] 
[INFO] [stdout] error[E0432]: unresolved import `async_io`
[INFO] [stdout]   --> /opt/rustwide/cargo-home/registry/src/index.crates.io-1949cf8c6b5b557f/zbus-5.18.0/src/connection/socket/mod.rs:18:5
[INFO] [stdout]    |
[INFO] [stdout] 18 | use async_io::Async;
[INFO] [stdout]    |     ^^^^^^^^ use of unresolved module or unlinked crate `async_io`
[INFO] [stdout]    |
[INFO] [stdout]    = help: if you wanted to use a crate named `async_io`, use `cargo add async_io` to add it to your `Cargo.toml`
[INFO] [stdout] 
[INFO] [stdout] 
[INFO] [stdout] error[E0432]: unresolved import `async_executor`
[INFO] [stdout]  --> /opt/rustwide/cargo-home/registry/src/index.crates.io-1949cf8c6b5b557f/zbus-5.18.0/src/abstractions/executor.rs:2:5
[INFO] [stdout]   |
[INFO] [stdout] 2 | use async_executor::Executor as AsyncExecutor;
[INFO] [stdout]   |     ^^^^^^^^^^^^^^ use of unresolved module or unlinked crate `async_executor`
[INFO] [stdout]   |
[INFO] [stdout]   = help: if you wanted to use a crate named `async_executor`, use `cargo add async_executor` to add it to your `Cargo.toml`
[INFO] [stdout] 
[INFO] [stdout] 
[INFO] [stdout] error[E0432]: unresolved import `async_task`
[INFO] [stdout]  --> /opt/rustwide/cargo-home/registry/src/index.crates.io-1949cf8c6b5b557f/zbus-5.18.0/src/abstractions/executor.rs:4:5
[INFO] [stdout]   |
[INFO] [stdout] 4 | use async_task::Task as AsyncTask;
[INFO] [stdout]   |     ^^^^^^^^^^ use of unresolved module or unlinked crate `async_task`
[INFO] [stdout]   |
[INFO] [stdout] help: there is a crate or module with a similar name
[INFO] [stdout]   |
[INFO] [stdout] 4 - use async_task::Task as AsyncTask;
[INFO] [stdout] 4 + use async_trait::Task as AsyncTask;
[INFO] [stdout]   |
[INFO] [stdout] 
[INFO] [stdout] 
[INFO] [stdout] error[E0433]: cannot find module or crate `async_lock` in this scope
[INFO] [stdout]   --> /opt/rustwide/cargo-home/registry/src/index.crates.io-1949cf8c6b5b557f/zbus-5.18.0/src/abstractions/async_lock.rs:15:25
[INFO] [stdout]    |
[INFO] [stdout] 15 |         let semaphore = async_lock::Semaphore::new(permits);
[INFO] [stdout]    |                         ^^^^^^^^^^ use of unresolved module or unlinked crate `async_lock`
[INFO] [stdout]    |
[INFO] [stdout] help: to make use of source file /opt/rustwide/cargo-home/registry/src/index.crates.io-1949cf8c6b5b557f/zbus-5.18.0/src/abstractions/async_lock.rs, use `mod async_lock` in this file to declare the module
[INFO] [stdout]   --> /opt/rustwide/cargo-home/registry/src/index.crates.io-1949cf8c6b5b557f/zbus-5.18.0/src/lib.rs:14:1
[INFO] [stdout]    |
[INFO] [stdout] 14 + mod async_lock;
[INFO] [stdout]    |
[INFO] [stdout] 
[INFO] [stdout] 
[INFO] [stdout] error[E0433]: cannot find module or crate `async_io` in this scope
[INFO] [stdout]   --> /opt/rustwide/cargo-home/registry/src/index.crates.io-1949cf8c6b5b557f/zbus-5.18.0/src/abstractions/timeout.rs:27:9
[INFO] [stdout]    |
[INFO] [stdout] 27 |         async_io::Timer::after(timeout).await;
[INFO] [stdout]    |         ^^^^^^^^ use of unresolved module or unlinked crate `async_io`
[INFO] [stdout]    |
[INFO] [stdout]    = help: if you wanted to use a crate named `async_io`, use `cargo add async_io` to add it to your `Cargo.toml`
[INFO] [stdout] 
[INFO] [stdout] 
[INFO] [stdout] error[E0433]: cannot find module or crate `async_process` in this scope
[INFO] [stdout]   --> /opt/rustwide/cargo-home/registry/src/index.crates.io-1949cf8c6b5b557f/zbus-5.18.0/src/abstractions/process.rs:24:21
[INFO] [stdout]    |
[INFO] [stdout] 24 |         return Self(async_process::Command::new(program));
[INFO] [stdout]    |                     ^^^^^^^^^^^^^ use of unresolved module or unlinked crate `async_process`
[INFO] [stdout]    |
[INFO] [stdout]    = help: if you wanted to use a crate named `async_process`, use `cargo add async_process` to add it to your `Cargo.toml`
[INFO] [stdout] note: enum `crate::connection::handshake::Command` exists but is inaccessible
[INFO] [stdout]   --> /opt/rustwide/cargo-home/registry/src/index.crates.io-1949cf8c6b5b557f/zbus-5.18.0/src/connection/handshake/command.rs:11:1
[INFO] [stdout]    |
[INFO] [stdout] 11 | pub(super) enum Command {
[INFO] [stdout]    | ^^^^^^^^^^^^^^^^^^^^^^^ not accessible
[INFO] [stdout] help: consider importing one of these structs
[INFO] [stdout]    |
[INFO] [stdout]  1 + use crate::connection::socket::Command;
[INFO] [stdout]    |
[INFO] [stdout]  1 + use std::process::Command;
[INFO] [stdout]    |
[INFO] [stdout] help: if you import `Command`, refer to it directly
[INFO] [stdout]    |
[INFO] [stdout] 24 -         return Self(async_process::Command::new(program));
[INFO] [stdout] 24 +         return Self(Command::new(program));
[INFO] [stdout]    |
[INFO] [stdout] 
[INFO] [stdout] 
[INFO] [stdout] error[E0599]: no method named `iter` found for type `!` in the current scope
[INFO] [stdout]    --> /opt/rustwide/cargo-home/registry/src/index.crates.io-1949cf8c6b5b557f/zbus-5.18.0/src/object_server/mod.rs:184:22
[INFO] [stdout]     |
[INFO] [stdout] 183 |                   let props = owned_props
[INFO] [stdout]     |  _____________________________-
[INFO] [stdout] 184 | |                     .iter()
[INFO] [stdout]     | |                     -^^^^ method not found in `!`
[INFO] [stdout]     | |_____________________|
[INFO] [stdout]     |
[INFO] [stdout] 
[INFO] [stdout] 
[INFO] [stdout] error[E0599]: no method named `write_with` found for type `!` in the current scope
[INFO] [stdout]    --> /opt/rustwide/cargo-home/registry/src/index.crates.io-1949cf8c6b5b557f/zbus-5.18.0/src/address/transport/mod.rs:197:34
[INFO] [stdout]     |
[INFO] [stdout] 196 |   ...                   let len = stream
[INFO] [stdout]     |  _________________________________-
[INFO] [stdout] 197 | | ...                       .write_with(|mut s| std::io::Write::write(&mut s, nonce))
[INFO] [stdout]     | |                           -^^^^^^^^^^ method not found in `!`
[INFO] [stdout]     | |___________________________|
[INFO] [stdout]     |
[INFO] [stdout] 
[INFO] [stdout] 
[INFO] [stdout] error[E0282]: type annotations needed
[INFO] [stdout]     --> /opt/rustwide/cargo-home/registry/src/index.crates.io-1949cf8c6b5b557f/zbus-5.18.0/src/connection/mod.rs:1069:9
[INFO] [stdout]      |
[INFO] [stdout] 1069 |         self.inner.executor.spawn(remove_match, &task_name).detach()
[INFO] [stdout]      |         ^^^^^^^^^^^^^^^^^^^^^^^^^^^^^^^^^^^^^^^^^^^^^^^^^^^ cannot infer type for type parameter `T`
[INFO] [stdout] 
[INFO] [stdout] 
[INFO] [stdout] error[E0433]: cannot find module or crate `blocking` in this scope
[INFO] [stdout]    --> /opt/rustwide/cargo-home/registry/src/index.crates.io-1949cf8c6b5b557f/zbus-5.18.0/src/abstractions/executor.rs:173:23
[INFO] [stdout]     |
[INFO] [stdout] 173 |             Self(Some(blocking::unblock(f)))
[INFO] [stdout]     |                       ^^^^^^^^ use of unresolved module or unlinked crate `blocking`
[INFO] [stdout]     |
[INFO] [stdout]     = help: if you wanted to use a crate named `blocking`, use `cargo add blocking` to add it to your `Cargo.toml`
[INFO] [stdout] 
[INFO] [stdout] 
[INFO] [stdout] error[E0433]: cannot find module or crate `async_io` in this scope
[INFO] [stdout]   --> /opt/rustwide/cargo-home/registry/src/index.crates.io-1949cf8c6b5b557f/zbus-5.18.0/src/utils.rs:34:5
[INFO] [stdout]    |
[INFO] [stdout] 34 |     async_io::block_on(future)
[INFO] [stdout]    |     ^^^^^^^^ use of unresolved module or unlinked crate `async_io`
[INFO] [stdout]    |
[INFO] [stdout]    = help: if you wanted to use a crate named `async_io`, use `cargo add async_io` to add it to your `Cargo.toml`
[INFO] [stdout] 
[INFO] [stdout] 
[INFO] [stdout] error[E0433]: cannot find module or crate `async_process` in this scope
[INFO] [stdout]   --> /opt/rustwide/cargo-home/registry/src/index.crates.io-1949cf8c6b5b557f/zbus-5.18.0/src/abstractions/process.rs:13:36
[INFO] [stdout]    |
[INFO] [stdout] 13 |     #[cfg(not(feature = "tokio"))] async_process::Command,
[INFO] [stdout]    |                                    ^^^^^^^^^^^^^ use of unresolved module or unlinked crate `async_process`
[INFO] [stdout]    |
[INFO] [stdout]    = help: if you wanted to use a crate named `async_process`, use `cargo add async_process` to add it to your `Cargo.toml`
[INFO] [stdout] 
[INFO] [stdout] 
[INFO] [stdout] error[E0433]: cannot find module or crate `async_lock` in this scope
[INFO] [stdout]   --> /opt/rustwide/cargo-home/registry/src/index.crates.io-1949cf8c6b5b557f/zbus-5.18.0/src/abstractions/async_lock.rs:8:29
[INFO] [stdout]    |
[INFO] [stdout]  8 | pub(crate) struct Semaphore(async_lock::Semaphore);
[INFO] [stdout]    |                             ^^^^^^^^^^ use of unresolved module or unlinked crate `async_lock`
[INFO] [stdout]    |
[INFO] [stdout] help: to make use of source file /opt/rustwide/cargo-home/registry/src/index.crates.io-1949cf8c6b5b557f/zbus-5.18.0/src/abstractions/async_lock.rs, use `mod async_lock` in this file to declare the module
[INFO] [stdout]   --> /opt/rustwide/cargo-home/registry/src/index.crates.io-1949cf8c6b5b557f/zbus-5.18.0/src/lib.rs:14:1
[INFO] [stdout]    |
[INFO] [stdout] 14 + mod async_lock;
[INFO] [stdout]    |
[INFO] [stdout] 
[INFO] [stdout] 
[INFO] [stdout] error[E0433]: cannot find module or crate `async_lock` in this scope
[INFO] [stdout]   --> /opt/rustwide/cargo-home/registry/src/index.crates.io-1949cf8c6b5b557f/zbus-5.18.0/src/abstractions/async_lock.rs:36:39
[INFO] [stdout]    |
[INFO] [stdout] 36 | pub(crate) type SemaphorePermit<'a> = async_lock::SemaphoreGuard<'a>;
[INFO] [stdout]    |                                       ^^^^^^^^^^ use of unresolved module or unlinked crate `async_lock`
[INFO] [stdout]    |
[INFO] [stdout] help: to make use of source file /opt/rustwide/cargo-home/registry/src/index.crates.io-1949cf8c6b5b557f/zbus-5.18.0/src/abstractions/async_lock.rs, use `mod async_lock` in this file to declare the module
[INFO] [stdout]   --> /opt/rustwide/cargo-home/registry/src/index.crates.io-1949cf8c6b5b557f/zbus-5.18.0/src/lib.rs:14:1
[INFO] [stdout]    |
[INFO] [stdout] 14 + mod async_lock;
[INFO] [stdout]    |
[INFO] [stdout] 
[INFO] [stdout] 
[INFO] [stdout] Some errors have detailed explanations: E0282, E0432, E0433, E0599.
[INFO] [stdout] 
[INFO] [stdout] For more information about an error, try `rustc --explain E0282`.
[INFO] [stdout] 
[INFO] [stderr] error: could not compile `zbus` (lib) due to 24 previous errors; 2 warnings emitted
[INFO] [stderr] warning: build failed, waiting for other jobs to finish...
[INFO] running `Command { std: "docker" "inspect" "21b1330bcdf4308feddb68246b89c8b33dacf4b2e31e3624c40b5b937a2c1d98", kill_on_drop: false }`
[INFO] running `Command { std: "docker" "rm" "-f" "21b1330bcdf4308feddb68246b89c8b33dacf4b2e31e3624c40b5b937a2c1d98", kill_on_drop: false }`
[INFO] [stdout] 21b1330bcdf4308feddb68246b89c8b33dacf4b2e31e3624c40b5b937a2c1d98
