[INFO] fetching crate global-secrets-manager 0.1.3...
[INFO] testing global-secrets-manager-0.1.3 against 1.99.0-beta.8+cargoflags=--release for beta-release-1.100-2
[INFO] extracting crate global-secrets-manager 0.1.3 into /workspace/builds/worker-2-tc1/source
[INFO] started tweaking crates.io crate global-secrets-manager 0.1.3
[INFO] finished tweaking crates.io crate global-secrets-manager 0.1.3
[INFO] tweaked toml for crates.io crate global-secrets-manager 0.1.3 written to /workspace/builds/worker-2-tc1/source/Cargo.toml
[INFO] validating manifest of crates.io crate global-secrets-manager 0.1.3 on toolchain 1.99.0-beta.8
[INFO] running `Command { std: CARGO_HOME="/workspace/cargo-home" RUSTUP_HOME="/workspace/rustup-home" "/workspace/cargo-home/bin/cargo" "+1.99.0-beta.8" "metadata" "--manifest-path" "Cargo.toml" "--no-deps", kill_on_drop: false }`
[INFO] crate crates.io crate global-secrets-manager 0.1.3 already has a lockfile, it will not be regenerated
[INFO] running `Command { std: CARGO_HOME="/workspace/cargo-home" RUSTUP_HOME="/workspace/rustup-home" "/workspace/cargo-home/bin/cargo" "+1.99.0-beta.8" "fetch" "--manifest-path" "Cargo.toml", kill_on_drop: false }`
[INFO] [stderr]  Downloading crates ...
[INFO] [stderr]   Downloaded proc-macro2 v1.0.51
[INFO] running `Command { std: "docker" "create" "-v" "/var/lib/crater-agent-workspace/builds/worker-2-tc1/source:/opt/rustwide/workdir:ro,Z" "-v" "/var/lib/crater-agent-workspace/builds/worker-2-tc1/target:/opt/rustwide/target:rw,Z" "-v" "/var/lib/crater-agent-workspace/cargo-home:/opt/rustwide/cargo-home:ro,Z" "-v" "/var/lib/crater-agent-workspace/rustup-home:/opt/rustwide/rustup-home:ro,Z" "-m" "1610612736" "--network" "none" "ghcr.io/rust-lang/crates-build-env/linux@sha256:77db811e55d90add9212f6832c23229e3de5f1c1f9905e8cb07319ea15df73ac" "sleep" "infinity", kill_on_drop: false }`
[INFO] [stdout] d0b9458ec53ce605fc25acc08fc03c1dd5355cde1c1d5aa75ba1204c0741ebd1
[INFO] running `Command { std: "docker" "start" "d0b9458ec53ce605fc25acc08fc03c1dd5355cde1c1d5aa75ba1204c0741ebd1", kill_on_drop: false }`
[INFO] running `Command { std: "docker" "inspect" "d0b9458ec53ce605fc25acc08fc03c1dd5355cde1c1d5aa75ba1204c0741ebd1", kill_on_drop: false }`
[INFO] running `Command { std: "docker" "exec" "-e" "SOURCE_DIR=/opt/rustwide/workdir" "-e" "CARGO_HOME=/opt/rustwide/cargo-home" "-e" "RUSTUP_HOME=/opt/rustwide/rustup-home" "-e" "CARGO_TARGET_DIR=/opt/rustwide/target" "-w" "/opt/rustwide/workdir" "--user" "0:0" "d0b9458ec53ce605fc25acc08fc03c1dd5355cde1c1d5aa75ba1204c0741ebd1" "/opt/rustwide/cargo-home/bin/cargo" "+1.99.0-beta.8" "metadata" "--no-deps" "--format-version=1", kill_on_drop: false }`
[INFO] running `Command { std: "docker" "inspect" "d0b9458ec53ce605fc25acc08fc03c1dd5355cde1c1d5aa75ba1204c0741ebd1", kill_on_drop: false }`
[INFO] running `Command { std: "docker" "exec" "-e" "SOURCE_DIR=/opt/rustwide/workdir" "-e" "CARGO_HOME=/opt/rustwide/cargo-home" "-e" "RUSTUP_HOME=/opt/rustwide/rustup-home" "-e" "CARGO_TARGET_DIR=/opt/rustwide/target" "-e" "CARGO_INCREMENTAL=0" "-e" "RUST_BACKTRACE=full" "-e" "RUSTFLAGS=--cap-lints=warn" "-e" "RUSTDOCFLAGS=--cap-lints=warn" "-w" "/opt/rustwide/workdir" "--user" "0:0" "d0b9458ec53ce605fc25acc08fc03c1dd5355cde1c1d5aa75ba1204c0741ebd1" "/opt/rustwide/cargo-home/bin/cargo" "+1.99.0-beta.8" "build" "--frozen" "--message-format=json" "--release", kill_on_drop: false }`
[INFO] [stderr]    Compiling proc-macro2 v1.0.51
[INFO] [stderr]    Compiling quote v1.0.23
[INFO] [stderr]    Compiling syn v1.0.107
[INFO] [stderr]    Compiling global-secrets-manager v0.1.3 (/opt/rustwide/workdir)
[INFO] [stdout] warning: unused variable: `field_names`
[INFO] [stdout]    --> src/lib.rs:130:9
[INFO] [stdout]     |
[INFO] [stdout] 130 |     let field_names: Vec<_> = fields
[INFO] [stdout]     |         ^^^^^^^^^^^ help: if this is intentional, prefix it with an underscore: `_field_names`
[INFO] [stdout]     |
[INFO] [stdout]     = note: `#[warn(unused_variables)]` (part of `#[warn(unused)]`) on by default
[INFO] [stdout] 
[INFO] [stdout] 
[INFO] [stdout] warning: unused variable: `field_types`
[INFO] [stdout]    --> src/lib.rs:134:9
[INFO] [stdout]     |
[INFO] [stdout] 134 |     let field_types: Vec<_> = fields.iter().map(|f| &f.ty).collect();
[INFO] [stdout]     |         ^^^^^^^^^^^ help: if this is intentional, prefix it with an underscore: `_field_types`
[INFO] [stdout] 
[INFO] [stdout] 
[INFO] [stdout] warning: function `GlobalSecretsManager_derive` should have a snake case name
[INFO] [stdout]    --> src/lib.rs:123:8
[INFO] [stdout]     |
[INFO] [stdout] 123 | pub fn GlobalSecretsManager_derive(input: TokenStream) -> TokenStream {
[INFO] [stdout]     |        ^^^^^^^^^^^^^^^^^^^^^^^^^^^ help: convert the identifier to snake case: `global_secrets_manager_derive`
[INFO] [stdout]     |
[INFO] [stdout]     = note: `#[warn(non_snake_case)]` (part of `#[warn(nonstandard_style)]`) on by default
[INFO] [stdout] 
[INFO] [stdout] 
[INFO] [stderr]     Finished `release` profile [optimized] target(s) in 4.47s
[INFO] running `Command { std: "docker" "inspect" "d0b9458ec53ce605fc25acc08fc03c1dd5355cde1c1d5aa75ba1204c0741ebd1", kill_on_drop: false }`
[INFO] running `Command { std: "docker" "exec" "-e" "SOURCE_DIR=/opt/rustwide/workdir" "-e" "CARGO_HOME=/opt/rustwide/cargo-home" "-e" "RUSTUP_HOME=/opt/rustwide/rustup-home" "-e" "CARGO_TARGET_DIR=/opt/rustwide/target" "-e" "CARGO_INCREMENTAL=0" "-e" "RUST_BACKTRACE=full" "-e" "RUSTFLAGS=--cap-lints=warn" "-e" "RUSTDOCFLAGS=--cap-lints=warn" "-w" "/opt/rustwide/workdir" "--user" "0:0" "d0b9458ec53ce605fc25acc08fc03c1dd5355cde1c1d5aa75ba1204c0741ebd1" "/opt/rustwide/cargo-home/bin/cargo" "+1.99.0-beta.8" "test" "--frozen" "--no-run" "--message-format=json" "--release", kill_on_drop: false }`
[INFO] [stderr]    Compiling proc-macro2 v1.0.51
[INFO] [stderr]    Compiling unicode-ident v1.0.6
[INFO] [stderr]    Compiling quote v1.0.23
[INFO] [stderr]    Compiling global-secrets-manager v0.1.3 (/opt/rustwide/workdir)
[INFO] [stderr]    Compiling syn v1.0.107
[INFO] [stdout] warning: unused variable: `field_names`
[INFO] [stdout]    --> src/lib.rs:130:9
[INFO] [stdout]     |
[INFO] [stdout] 130 |     let field_names: Vec<_> = fields
[INFO] [stdout]     |         ^^^^^^^^^^^ help: if this is intentional, prefix it with an underscore: `_field_names`
[INFO] [stdout]     |
[INFO] [stdout]     = note: `#[warn(unused_variables)]` (part of `#[warn(unused)]`) on by default
[INFO] [stdout] 
[INFO] [stdout] 
[INFO] [stdout] warning: unused variable: `field_types`
[INFO] [stdout]    --> src/lib.rs:134:9
[INFO] [stdout]     |
[INFO] [stdout] 134 |     let field_types: Vec<_> = fields.iter().map(|f| &f.ty).collect();
[INFO] [stdout]     |         ^^^^^^^^^^^ help: if this is intentional, prefix it with an underscore: `_field_types`
[INFO] [stdout] 
[INFO] [stdout] 
[INFO] [stdout] warning: function `GlobalSecretsManager_derive` should have a snake case name
[INFO] [stdout]    --> src/lib.rs:123:8
[INFO] [stdout]     |
[INFO] [stdout] 123 | pub fn GlobalSecretsManager_derive(input: TokenStream) -> TokenStream {
[INFO] [stdout]     |        ^^^^^^^^^^^^^^^^^^^^^^^^^^^ help: convert the identifier to snake case: `global_secrets_manager_derive`
[INFO] [stdout]     |
[INFO] [stdout]     = note: `#[warn(non_snake_case)]` (part of `#[warn(nonstandard_style)]`) on by default
[INFO] [stdout] 
[INFO] [stdout] 
[INFO] [stdout] warning: unused variable: `field_names`
[INFO] [stdout]    --> src/lib.rs:130:9
[INFO] [stdout]     |
[INFO] [stdout] 130 |     let field_names: Vec<_> = fields
[INFO] [stdout]     |         ^^^^^^^^^^^ help: if this is intentional, prefix it with an underscore: `_field_names`
[INFO] [stdout]     |
[INFO] [stdout]     = note: `#[warn(unused_variables)]` (part of `#[warn(unused)]`) on by default
[INFO] [stdout] 
[INFO] [stdout] 
[INFO] [stdout] warning: unused variable: `field_types`
[INFO] [stdout]    --> src/lib.rs:134:9
[INFO] [stdout]     |
[INFO] [stdout] 134 |     let field_types: Vec<_> = fields.iter().map(|f| &f.ty).collect();
[INFO] [stdout]     |         ^^^^^^^^^^^ help: if this is intentional, prefix it with an underscore: `_field_types`
[INFO] [stdout] 
[INFO] [stdout] 
[INFO] [stdout] warning: function `GlobalSecretsManager_derive` should have a snake case name
[INFO] [stdout]    --> src/lib.rs:123:8
[INFO] [stdout]     |
[INFO] [stdout] 123 | pub fn GlobalSecretsManager_derive(input: TokenStream) -> TokenStream {
[INFO] [stdout]     |        ^^^^^^^^^^^^^^^^^^^^^^^^^^^ help: convert the identifier to snake case: `global_secrets_manager_derive`
[INFO] [stdout]     |
[INFO] [stdout]     = note: `#[warn(non_snake_case)]` (part of `#[warn(nonstandard_style)]`) on by default
[INFO] [stdout] 
[INFO] [stdout] 
[INFO] [stdout] error[E0433]: cannot find module or crate `serde` in this scope
[INFO] [stdout]  --> examples/eg1.rs:4:17
[INFO] [stdout]   |
[INFO] [stdout] 4 | #[derive(Debug, serde::Deserialize)]
[INFO] [stdout]   |                 ^^^^^ use of unresolved module or unlinked crate `serde`
[INFO] [stdout] 
[INFO] [stdout] 
[INFO] [stdout] error[E0433]: cannot find module or crate `once_cell` in this scope
[INFO] [stdout]  --> examples/eg1.rs:3:10
[INFO] [stdout]   |
[INFO] [stdout] 3 | #[derive(GlobalSecretsManager)]
[INFO] [stdout]   |          ^^^^^^^^^^^^^^^^^^^^ use of unresolved module or unlinked crate `once_cell`
[INFO] [stdout]   |
[INFO] [stdout]   = help: if you wanted to use a crate named `once_cell`, use `cargo add once_cell` to add it to your `Cargo.toml`
[INFO] [stdout]   = note: this error originates in the derive macro `GlobalSecretsManager` (in Nightly builds, run with -Z macro-backtrace for more info)
[INFO] [stdout] 
[INFO] [stdout] 
[INFO] [stdout] error[E0433]: cannot find module or crate `aws_sdk_secretsmanager` in this scope
[INFO] [stdout]  --> examples/eg1.rs:3:10
[INFO] [stdout]   |
[INFO] [stdout] 3 | #[derive(GlobalSecretsManager)]
[INFO] [stdout]   |          ^^^^^^^^^^^^^^^^^^^^ use of unresolved module or unlinked crate `aws_sdk_secretsmanager`
[INFO] [stdout]   |
[INFO] [stdout]   = help: if you wanted to use a crate named `aws_sdk_secretsmanager`, use `cargo add aws_sdk_secretsmanager` to add it to your `Cargo.toml`
[INFO] [stdout]   = note: this error originates in the derive macro `GlobalSecretsManager` (in Nightly builds, run with -Z macro-backtrace for more info)
[INFO] [stdout] 
[INFO] [stdout] 
[INFO] [stdout] error[E0433]: cannot find module or crate `tokio` in this scope
[INFO] [stdout]  --> examples/eg1.rs:3:10
[INFO] [stdout]   |
[INFO] [stdout] 3 | #[derive(GlobalSecretsManager)]
[INFO] [stdout]   |          ^^^^^^^^^^^^^^^^^^^^ use of unresolved module or unlinked crate `tokio`
[INFO] [stdout]   |
[INFO] [stdout]   = help: if you wanted to use a crate named `tokio`, use `cargo add tokio` to add it to your `Cargo.toml`
[INFO] [stdout]   = note: this error originates in the derive macro `GlobalSecretsManager` (in Nightly builds, run with -Z macro-backtrace for more info)
[INFO] [stdout] 
[INFO] [stdout] 
[INFO] [stdout] warning: type `my_secrets` should have an upper camel case name
[INFO] [stdout]  --> examples/eg1.rs:5:12
[INFO] [stdout]   |
[INFO] [stdout] 5 | pub struct my_secrets{
[INFO] [stdout]   |            ^^^^^^^^^^ help: convert the identifier to upper camel case: `MySecrets`
[INFO] [stdout]   |
[INFO] [stdout]   = note: `#[warn(non_camel_case_types)]` (part of `#[warn(nonstandard_style)]`) on by default
[INFO] [stdout] 
[INFO] [stdout] 
[INFO] [stdout] error[E0433]: cannot find module or crate `serde_json` in this scope
[INFO] [stdout]  --> examples/eg1.rs:3:10
[INFO] [stdout]   |
[INFO] [stdout] 3 | #[derive(GlobalSecretsManager)]
[INFO] [stdout]   |          ^^^^^^^^^^^^^^^^^^^^ use of unresolved module or unlinked crate `serde_json`
[INFO] [stdout]   |
[INFO] [stdout]   = help: if you wanted to use a crate named `serde_json`, use `cargo add serde_json` to add it to your `Cargo.toml`
[INFO] [stdout]   = note: this error originates in the derive macro `GlobalSecretsManager` (in Nightly builds, run with -Z macro-backtrace for more info)
[INFO] [stdout] 
[INFO] [stdout] 
[INFO] [stdout] For more information about this error, try `rustc --explain E0433`.
[INFO] [stdout] 
[INFO] [stderr] error: could not compile `global-secrets-manager` (example "eg1") due to 5 previous errors; 1 warning emitted
[INFO] running `Command { std: "docker" "inspect" "d0b9458ec53ce605fc25acc08fc03c1dd5355cde1c1d5aa75ba1204c0741ebd1", kill_on_drop: false }`
[INFO] running `Command { std: "docker" "rm" "-f" "d0b9458ec53ce605fc25acc08fc03c1dd5355cde1c1d5aa75ba1204c0741ebd1", kill_on_drop: false }`
[INFO] [stdout] d0b9458ec53ce605fc25acc08fc03c1dd5355cde1c1d5aa75ba1204c0741ebd1
